[INFO] cloning repository https://github.com/jtran/liquid-lox
[INFO] running `Command { std: "git" "-c" "credential.helper=" "-c" "credential.helper=/workspace/cargo-home/bin/git-credential-null" "clone" "--bare" "https://github.com/jtran/liquid-lox" "/workspace/cache/git-repos/https%3A%2F%2Fgithub.com%2Fjtran%2Fliquid-lox", kill_on_drop: false }`
[INFO] [stderr] Cloning into bare repository '/workspace/cache/git-repos/https%3A%2F%2Fgithub.com%2Fjtran%2Fliquid-lox'...
[INFO] running `Command { std: "git" "rev-parse" "HEAD", kill_on_drop: false }`
[INFO] [stdout] 3c700da2c39f26f6aa33d85dca84afdf966ac316
[INFO] testing jtran/liquid-lox against 1.75.0 for beta-1.76-1
[INFO] running `Command { std: "git" "clone" "/workspace/cache/git-repos/https%3A%2F%2Fgithub.com%2Fjtran%2Fliquid-lox" "/workspace/builds/worker-1-tc1/source", kill_on_drop: false }`
[INFO] [stderr] Cloning into '/workspace/builds/worker-1-tc1/source'...
[INFO] [stderr] done.
[INFO] validating manifest of git repo https://github.com/jtran/liquid-lox on toolchain 1.75.0
[INFO] running `Command { std: CARGO_HOME="/workspace/cargo-home" RUSTUP_HOME="/workspace/rustup-home" "/workspace/cargo-home/bin/cargo" "+1.75.0" "metadata" "--manifest-path" "Cargo.toml" "--no-deps", kill_on_drop: false }`
[INFO] started tweaking git repo https://github.com/jtran/liquid-lox
[INFO] finished tweaking git repo https://github.com/jtran/liquid-lox
[INFO] tweaked toml for git repo https://github.com/jtran/liquid-lox written to /workspace/builds/worker-1-tc1/source/Cargo.toml
[INFO] crate git repo https://github.com/jtran/liquid-lox already has a lockfile, it will not be regenerated
[INFO] running `Command { std: CARGO_HOME="/workspace/cargo-home" RUSTUP_HOME="/workspace/rustup-home" "/workspace/cargo-home/bin/cargo" "+1.75.0" "fetch" "--manifest-path" "Cargo.toml", kill_on_drop: false }`
[INFO] running `Command { std: "docker" "create" "-v" "/var/lib/crater-agent-workspace/builds/worker-1-tc1/target:/opt/rustwide/target:rw,Z" "-v" "/var/lib/crater-agent-workspace/builds/worker-1-tc1/source:/opt/rustwide/workdir:ro,Z" "-v" "/var/lib/crater-agent-workspace/cargo-home:/opt/rustwide/cargo-home:ro,Z" "-v" "/var/lib/crater-agent-workspace/rustup-home:/opt/rustwide/rustup-home:ro,Z" "-e" "SOURCE_DIR=/opt/rustwide/workdir" "-e" "CARGO_TARGET_DIR=/opt/rustwide/target" "-e" "CARGO_HOME=/opt/rustwide/cargo-home" "-e" "RUSTUP_HOME=/opt/rustwide/rustup-home" "-w" "/opt/rustwide/workdir" "-m" "1610612736" "--user" "0:0" "--network" "none" "ghcr.io/rust-lang/crates-build-env/linux@sha256:2788e3201cd34a07e3172128adcd8b3090168a8e3bcc40d7c032b9dda1df7d1c" "/opt/rustwide/cargo-home/bin/cargo" "+1.75.0" "metadata" "--no-deps" "--format-version=1", kill_on_drop: false }`
[INFO] [stdout] 86199a917d86703d96cb9ba4e8d72d2336476ce0ee2ee5968ba5f4e177485c1d
[INFO] running `Command { std: "docker" "start" "-a" "86199a917d86703d96cb9ba4e8d72d2336476ce0ee2ee5968ba5f4e177485c1d", kill_on_drop: false }`
[INFO] running `Command { std: "docker" "inspect" "86199a917d86703d96cb9ba4e8d72d2336476ce0ee2ee5968ba5f4e177485c1d", kill_on_drop: false }`
[INFO] running `Command { std: "docker" "rm" "-f" "86199a917d86703d96cb9ba4e8d72d2336476ce0ee2ee5968ba5f4e177485c1d", kill_on_drop: false }`
[INFO] [stdout] 86199a917d86703d96cb9ba4e8d72d2336476ce0ee2ee5968ba5f4e177485c1d
[INFO] running `Command { std: "docker" "create" "-v" "/var/lib/crater-agent-workspace/builds/worker-1-tc1/target:/opt/rustwide/target:rw,Z" "-v" "/var/lib/crater-agent-workspace/builds/worker-1-tc1/source:/opt/rustwide/workdir:ro,Z" "-v" "/var/lib/crater-agent-workspace/cargo-home:/opt/rustwide/cargo-home:ro,Z" "-v" "/var/lib/crater-agent-workspace/rustup-home:/opt/rustwide/rustup-home:ro,Z" "-e" "SOURCE_DIR=/opt/rustwide/workdir" "-e" "CARGO_TARGET_DIR=/opt/rustwide/target" "-e" "CARGO_INCREMENTAL=0" "-e" "RUST_BACKTRACE=full" "-e" "RUSTFLAGS=--cap-lints=warn" "-e" "RUSTDOCFLAGS=--cap-lints=warn" "-e" "CARGO_HOME=/opt/rustwide/cargo-home" "-e" "RUSTUP_HOME=/opt/rustwide/rustup-home" "-w" "/opt/rustwide/workdir" "-m" "1610612736" "--user" "0:0" "--network" "none" "ghcr.io/rust-lang/crates-build-env/linux@sha256:2788e3201cd34a07e3172128adcd8b3090168a8e3bcc40d7c032b9dda1df7d1c" "/opt/rustwide/cargo-home/bin/cargo" "+1.75.0" "build" "--frozen" "--message-format=json", kill_on_drop: false }`
[INFO] [stdout] c48af6fef6e5ea8252f38400c8a0a0a01d8f0f430d779132323906b76ece7704
[INFO] running `Command { std: "docker" "start" "-a" "c48af6fef6e5ea8252f38400c8a0a0a01d8f0f430d779132323906b76ece7704", kill_on_drop: false }`
[INFO] [stderr]    Compiling proc-macro2 v1.0.26
[INFO] [stderr]    Compiling unicode-xid v0.2.2
[INFO] [stderr]    Compiling autocfg v1.0.1
[INFO] [stderr]    Compiling syn v1.0.71
[INFO] [stderr]    Compiling unicode-segmentation v1.3.0
[INFO] [stderr]    Compiling lazy_static v1.4.0
[INFO] [stderr]    Compiling fnv v1.0.6
[INFO] [stderr]    Compiling argparse v0.2.2
[INFO] [stderr]    Compiling num-traits v0.2.14
[INFO] [stderr]    Compiling quote v1.0.9
[INFO] [stderr]    Compiling num-derive v0.3.3
[INFO] [stderr]    Compiling lox v0.2.0 (/opt/rustwide/workdir)
[INFO] [stdout] warning: variable does not need to be mutable
[INFO] [stdout]    --> src/resolver.rs:485:26
[INFO] [stdout]     |
[INFO] [stdout] 485 |             .and_modify(|mut state| {
[INFO] [stdout]     |                          ----^^^^^
[INFO] [stdout]     |                          |
[INFO] [stdout]     |                          help: remove this `mut`
[INFO] [stdout]     |
[INFO] [stdout]     = note: `#[warn(unused_mut)]` on by default
[INFO] [stdout] 
[INFO] [stdout] 
[INFO] [stdout] warning: variable does not need to be mutable
[INFO] [stdout]    --> src/resolver.rs:523:26
[INFO] [stdout]     |
[INFO] [stdout] 523 |             .and_modify(|mut state| {
[INFO] [stdout]     |                          ----^^^^^
[INFO] [stdout]     |                          |
[INFO] [stdout]     |                          help: remove this `mut`
[INFO] [stdout] 
[INFO] [stdout] 
[INFO] [stdout] warning: variable does not need to be mutable
[INFO] [stdout]    --> src/vm.rs:129:13
[INFO] [stdout]     |
[INFO] [stdout] 129 |         let mut frame = &mut self.frames[frames_len - 1];
[INFO] [stdout]     |             ----^^^^^
[INFO] [stdout]     |             |
[INFO] [stdout]     |             help: remove this `mut`
[INFO] [stdout] 
[INFO] [stdout] 
[INFO] [stdout] warning: field `slots` is never read
[INFO] [stdout]   --> src/vm.rs:31:5
[INFO] [stdout]    |
[INFO] [stdout] 28 | pub struct CallFrame {
[INFO] [stdout]    |            --------- field in this struct
[INFO] [stdout] ...
[INFO] [stdout] 31 |     slots: Vec<Value>,
[INFO] [stdout]    |     ^^^^^
[INFO] [stdout]    |
[INFO] [stdout]    = note: `CallFrame` has a derived impl for the trait `Debug`, but this is intentionally ignored during dead code analysis
[INFO] [stdout]    = note: `#[warn(dead_code)]` on by default
[INFO] [stdout] 
[INFO] [stdout] 
[INFO] [stdout] warning: 4 warnings emitted
[INFO] [stdout] 
[INFO] [stdout] 
[INFO] [stderr]     Finished dev [unoptimized + debuginfo] target(s) in 4.34s
[INFO] running `Command { std: "docker" "inspect" "c48af6fef6e5ea8252f38400c8a0a0a01d8f0f430d779132323906b76ece7704", kill_on_drop: false }`
[INFO] running `Command { std: "docker" "rm" "-f" "c48af6fef6e5ea8252f38400c8a0a0a01d8f0f430d779132323906b76ece7704", kill_on_drop: false }`
[INFO] [stdout] c48af6fef6e5ea8252f38400c8a0a0a01d8f0f430d779132323906b76ece7704
[INFO] running `Command { std: "docker" "create" "-v" "/var/lib/crater-agent-workspace/builds/worker-1-tc1/target:/opt/rustwide/target:rw,Z" "-v" "/var/lib/crater-agent-workspace/builds/worker-1-tc1/source:/opt/rustwide/workdir:ro,Z" "-v" "/var/lib/crater-agent-workspace/cargo-home:/opt/rustwide/cargo-home:ro,Z" "-v" "/var/lib/crater-agent-workspace/rustup-home:/opt/rustwide/rustup-home:ro,Z" "-e" "SOURCE_DIR=/opt/rustwide/workdir" "-e" "CARGO_TARGET_DIR=/opt/rustwide/target" "-e" "CARGO_INCREMENTAL=0" "-e" "RUST_BACKTRACE=full" "-e" "RUSTFLAGS=--cap-lints=warn" "-e" "RUSTDOCFLAGS=--cap-lints=warn" "-e" "CARGO_HOME=/opt/rustwide/cargo-home" "-e" "RUSTUP_HOME=/opt/rustwide/rustup-home" "-w" "/opt/rustwide/workdir" "-m" "1610612736" "--user" "0:0" "--network" "none" "ghcr.io/rust-lang/crates-build-env/linux@sha256:2788e3201cd34a07e3172128adcd8b3090168a8e3bcc40d7c032b9dda1df7d1c" "/opt/rustwide/cargo-home/bin/cargo" "+1.75.0" "test" "--frozen" "--no-run" "--message-format=json", kill_on_drop: false }`
[INFO] [stdout] f29994c54894ee6450880cfdfa7bf03915ce2656df9751900d484f4800c3700d
[INFO] running `Command { std: "docker" "start" "-a" "f29994c54894ee6450880cfdfa7bf03915ce2656df9751900d484f4800c3700d", kill_on_drop: false }`
[INFO] [stderr]    Compiling lox v0.2.0 (/opt/rustwide/workdir)
[INFO] [stdout] warning: variable does not need to be mutable
[INFO] [stdout]    --> src/resolver.rs:485:26
[INFO] [stdout]     |
[INFO] [stdout] 485 |             .and_modify(|mut state| {
[INFO] [stdout]     |                          ----^^^^^
[INFO] [stdout]     |                          |
[INFO] [stdout]     |                          help: remove this `mut`
[INFO] [stdout]     |
[INFO] [stdout]     = note: `#[warn(unused_mut)]` on by default
[INFO] [stdout] 
[INFO] [stdout] 
[INFO] [stdout] warning: variable does not need to be mutable
[INFO] [stdout]    --> src/resolver.rs:523:26
[INFO] [stdout]     |
[INFO] [stdout] 523 |             .and_modify(|mut state| {
[INFO] [stdout]     |                          ----^^^^^
[INFO] [stdout]     |                          |
[INFO] [stdout]     |                          help: remove this `mut`
[INFO] [stdout] 
[INFO] [stdout] 
[INFO] [stdout] warning: variable does not need to be mutable
[INFO] [stdout]    --> src/vm.rs:129:13
[INFO] [stdout]     |
[INFO] [stdout] 129 |         let mut frame = &mut self.frames[frames_len - 1];
[INFO] [stdout]     |             ----^^^^^
[INFO] [stdout]     |             |
[INFO] [stdout]     |             help: remove this `mut`
[INFO] [stdout] 
[INFO] [stdout] 
[INFO] [stdout] warning: field `slots` is never read
[INFO] [stdout]   --> src/vm.rs:31:5
[INFO] [stdout]    |
[INFO] [stdout] 28 | pub struct CallFrame {
[INFO] [stdout]    |            --------- field in this struct
[INFO] [stdout] ...
[INFO] [stdout] 31 |     slots: Vec<Value>,
[INFO] [stdout]    |     ^^^^^
[INFO] [stdout]    |
[INFO] [stdout]    = note: `CallFrame` has a derived impl for the trait `Debug`, but this is intentionally ignored during dead code analysis
[INFO] [stdout]    = note: `#[warn(dead_code)]` on by default
[INFO] [stdout] 
[INFO] [stdout] 
[INFO] [stdout] warning: 4 warnings emitted
[INFO] [stdout] 
[INFO] [stdout] 
[INFO] [stderr]     Finished test [unoptimized + debuginfo] target(s) in 1.39s
[INFO] running `Command { std: "docker" "inspect" "f29994c54894ee6450880cfdfa7bf03915ce2656df9751900d484f4800c3700d", kill_on_drop: false }`
[INFO] running `Command { std: "docker" "rm" "-f" "f29994c54894ee6450880cfdfa7bf03915ce2656df9751900d484f4800c3700d", kill_on_drop: false }`
[INFO] [stdout] f29994c54894ee6450880cfdfa7bf03915ce2656df9751900d484f4800c3700d
[INFO] running `Command { std: "docker" "create" "-v" "/var/lib/crater-agent-workspace/builds/worker-1-tc1/target:/opt/rustwide/target:rw,Z" "-v" "/var/lib/crater-agent-workspace/builds/worker-1-tc1/source:/opt/rustwide/workdir:ro,Z" "-v" "/var/lib/crater-agent-workspace/cargo-home:/opt/rustwide/cargo-home:ro,Z" "-v" "/var/lib/crater-agent-workspace/rustup-home:/opt/rustwide/rustup-home:ro,Z" "-e" "SOURCE_DIR=/opt/rustwide/workdir" "-e" "CARGO_TARGET_DIR=/opt/rustwide/target" "-e" "CARGO_INCREMENTAL=0" "-e" "RUST_BACKTRACE=full" "-e" "RUSTFLAGS=--cap-lints=warn" "-e" "RUSTDOCFLAGS=--cap-lints=warn" "-e" "CARGO_HOME=/opt/rustwide/cargo-home" "-e" "RUSTUP_HOME=/opt/rustwide/rustup-home" "-w" "/opt/rustwide/workdir" "-m" "1610612736" "--user" "0:0" "--network" "none" "ghcr.io/rust-lang/crates-build-env/linux@sha256:2788e3201cd34a07e3172128adcd8b3090168a8e3bcc40d7c032b9dda1df7d1c" "/opt/rustwide/cargo-home/bin/cargo" "+1.75.0" "test" "--frozen", kill_on_drop: false }`
[INFO] [stdout] 5097e27bcf8fe2b7213e8f78f1bce739d9b2b187fa8205b3ef56d0f4a540d446
[INFO] running `Command { std: "docker" "start" "-a" "5097e27bcf8fe2b7213e8f78f1bce739d9b2b187fa8205b3ef56d0f4a540d446", kill_on_drop: false }`
[INFO] [stderr] warning: variable does not need to be mutable
[INFO] [stderr]    --> src/resolver.rs:485:26
[INFO] [stderr]     |
[INFO] [stderr] 485 |             .and_modify(|mut state| {
[INFO] [stderr]     |                          ----^^^^^
[INFO] [stderr]     |                          |
[INFO] [stderr]     |                          help: remove this `mut`
[INFO] [stderr]     |
[INFO] [stderr]     = note: `#[warn(unused_mut)]` on by default
[INFO] [stderr] 
[INFO] [stderr] warning: variable does not need to be mutable
[INFO] [stderr]    --> src/resolver.rs:523:26
[INFO] [stderr]     |
[INFO] [stderr] 523 |             .and_modify(|mut state| {
[INFO] [stderr]     |                          ----^^^^^
[INFO] [stderr]     |                          |
[INFO] [stderr]     |                          help: remove this `mut`
[INFO] [stderr] 
[INFO] [stderr] warning: variable does not need to be mutable
[INFO] [stderr]    --> src/vm.rs:129:13
[INFO] [stderr]     |
[INFO] [stderr] 129 |         let mut frame = &mut self.frames[frames_len - 1];
[INFO] [stderr]     |             ----^^^^^
[INFO] [stderr]     |             |
[INFO] [stderr]     |             help: remove this `mut`
[INFO] [stderr] 
[INFO] [stderr] warning: field `slots` is never read
[INFO] [stderr]   --> src/vm.rs:31:5
[INFO] [stderr]    |
[INFO] [stderr] 28 | pub struct CallFrame {
[INFO] [stderr]    |            --------- field in this struct
[INFO] [stderr] ...
[INFO] [stderr] 31 |     slots: Vec<Value>,
[INFO] [stderr]    |     ^^^^^
[INFO] [stderr]    |
[INFO] [stderr]    = note: `CallFrame` has a derived impl for the trait `Debug`, but this is intentionally ignored during dead code analysis
[INFO] [stderr]    = note: `#[warn(dead_code)]` on by default
[INFO] [stderr] 
[INFO] [stderr] warning: `lox` (bin "lox" test) generated 4 warnings (run `cargo fix --bin "lox" --tests` to apply 3 suggestions)
[INFO] [stderr]     Finished test [unoptimized + debuginfo] target(s) in 0.01s
[INFO] [stderr]      Running unittests src/main.rs (/opt/rustwide/target/debug/deps/lox-31f6d54266dc962d)
[INFO] [stdout] 
[INFO] [stdout] running 137 tests
[INFO] [stdout] test ast::tests::test_size_of_class_definition ... ok
[INFO] [stdout] test ast::tests::test_size_of_expr ... ok
[INFO] [stdout] test ast::tests::test_size_of_stmt ... ok
[INFO] [stdout] test ast::tests::test_size_of_function_definition ... ok
[INFO] [stdout] test compiler::tests::test_precedence_order ... ok
[INFO] [stdout] test tests::interpreter_test::test_calling_initializer_returns_this ... ok
[INFO] [stdout] test tests::interpreter_test::test_can_use_this_in_function_nested_in_method ... ok
[INFO] [stdout] test tests::interpreter_test::test_can_return_value_from_function_nested_in_class_initializer ... ok
[INFO] [stdout] test tests::interpreter_test::test_class_constructor_checks_zero_arity_when_no_init_defined ... ok
[INFO] [stdout] test tests::interpreter_test::test_class_constructor_allows_return_with_no_expression ... ok
[INFO] [stdout] test tests::interpreter_test::test_class_constructor_disallows_return_with_expression ... ok
[INFO] [stdout] test tests::interpreter_test::test_class_constructor_checks_non_zero_arity ... ok
[INFO] [stdout] test tests::interpreter_test::test_class_inheriting_from_itself ... ok
[INFO] [stdout] test tests::interpreter_test::test_class_inheriting_from_non_class ... ok
[INFO] [stdout] test tests::interpreter_test::test_class_constructor ... ok
[INFO] [stdout] test tests::interpreter_test::test_class_inheriting_from_non_identifier ... ok
[INFO] [stdout] test tests::interpreter_test::test_class_constructor_with_parameters ... ok
[INFO] [stdout] test tests::interpreter_test::test_class_constructor_with_one_parameter ... ok
[INFO] [stdout] test tests::interpreter_test::test_eval_binary_ops ... ok
[INFO] [stdout] test tests::interpreter_test::test_eval_comparison ... ok
[INFO] [stdout] test tests::interpreter_test::test_eval_divide_by_zero ... ok
[INFO] [stdout] test tests::interpreter_test::test_class_calling_super_from_subclass_method ... ok
[INFO] [stdout] test tests::interpreter_test::test_class_with_superclass_can_call_super_methods ... ok
[INFO] [stdout] test tests::interpreter_test::test_eval_literals ... ok
[INFO] [stdout] test tests::interpreter_test::test_instance_fields_set_get ... ok
[INFO] [stdout] test tests::interpreter_test::test_instance_get_undefined_field ... ok
[INFO] [stdout] test tests::interpreter_test::test_instance_set_evaluation_order ... ok
[INFO] [stdout] test tests::interpreter_test::test_eval_unary_ops ... ok
[INFO] [stdout] test tests::interpreter_test::test_instance_access_field_with_this ... ok
[INFO] [stdout] test tests::interpreter_test::test_early_return_in_initializer_still_returns_this ... ok
[INFO] [stdout] test tests::interpreter_test::test_interpret_and_or ... ok
[INFO] [stdout] test tests::interpreter_test::test_instance_method_call ... ok
[INFO] [stdout] test tests::interpreter_test::test_interpret_array_create ... ok
[INFO] [stdout] test tests::interpreter_test::test_interpret_array_length ... ok
[INFO] [stdout] test tests::interpreter_test::test_interpret_array_get_index ... ok
[INFO] [stdout] test tests::interpreter_test::test_interpret_array_literals ... ok
[INFO] [stdout] test tests::interpreter_test::test_interpret_array_pop ... ok
[INFO] [stdout] test tests::interpreter_test::test_interpret_array_set_index ... ok
[INFO] [stdout] test tests::interpreter_test::test_interpret_array_push ... ok
[INFO] [stdout] test tests::interpreter_test::test_interpret_array_sum ... ok
[INFO] [stdout] test tests::interpreter_test::test_interpret_assign_other_global_variable_when_not_resolvable_is_forward_declared ... ok
[INFO] [stdout] test tests::interpreter_test::test_interpret_assign_to_global_variable_when_not_resolvable ... ok
[INFO] [stdout] test tests::interpreter_test::test_interpret_backtrace_from_native_function_error ... ok
[INFO] [stdout] test tests::interpreter_test::test_interpret_assign_to_global_variable_when_not_resolvable_and_not_defined ... ok
[INFO] [stdout] test tests::interpreter_test::test_interpret_assign_to_this ... ok
[INFO] [stdout] test tests::interpreter_test::test_interpret_declaration_in_for_body ... ok
[INFO] [stdout] test tests::interpreter_test::test_interpret_declaration_in_if_then_body ... ok
[INFO] [stdout] test tests::interpreter_test::test_interpret_declaration_in_while_body ... ok
[INFO] [stdout] test tests::interpreter_test::test_interpret_blocks ... ok
[INFO] [stdout] test tests::interpreter_test::test_interpret_duplicate_function_parameters ... ok
[INFO] [stdout] test tests::interpreter_test::test_interpret_declaration_in_if_else_body ... ok
[INFO] [stdout] test tests::interpreter_test::test_interpret_duplicate_variable_names ... ok
[INFO] [stdout] test tests::interpreter_test::test_interpret_for_loop ... ok
[INFO] [stdout] test tests::interpreter_test::test_interpret_for_loop_break ... ok
[INFO] [stdout] test tests::interpreter_test::test_interpret_function_call ... ok
[INFO] [stdout] test tests::interpreter_test::test_interpret_literals ... ok
[INFO] [stdout] test tests::interpreter_test::test_interpret_if ... ok
[INFO] [stdout] test tests::interpreter_test::test_interpret_function_expression ... ok
[INFO] [stdout] test tests::interpreter_test::test_interpret_native_function_call ... ok
[INFO] [stdout] test tests::interpreter_test::test_interpret_literals_negative_zero ... ok
[INFO] [stdout] test tests::interpreter_test::test_interpret_for_loop_continue_still_increments ... ok
[INFO] [stdout] test tests::interpreter_test::test_interpret_print ... ok
[INFO] [stdout] test tests::interpreter_test::test_interpret_no_implicit_return_value ... ok
[INFO] [stdout] test tests::interpreter_test::test_interpret_operators ... ok
[INFO] [stdout] test tests::interpreter_test::test_interpret_for_loop_continue ... ok
[INFO] [stdout] test tests::interpreter_test::test_interpret_property_set_on_class ... ok
[INFO] [stdout] test tests::interpreter_test::test_interpret_redefine_global_variable ... ok
[INFO] [stdout] test tests::interpreter_test::test_interpret_repl_line ... ok
[INFO] [stdout] test tests::interpreter_test::test_interpret_max_call_arguments ... ok
[INFO] [stdout] test tests::interpreter_test::test_interpret_top_level_break ... ok
[INFO] [stdout] test tests::interpreter_test::test_interpret_top_level_continue ... ok
[INFO] [stdout] test tests::interpreter_test::test_interpret_max_function_parameters ... ok
[INFO] [stdout] test tests::interpreter_test::test_interpret_runtime_error_backtrace ... ok
[INFO] [stdout] test tests::interpreter_test::test_interpret_scope_resolved ... ok
[INFO] [stdout] test tests::interpreter_test::test_interpret_string_plus_number_coerces ... ok
[INFO] [stdout] test tests::interpreter_test::test_interpret_top_level_return ... ok
[INFO] [stdout] test tests::interpreter_test::test_interpret_unicode_var_name ... ok
[INFO] [stdout] test tests::interpreter_test::test_interpret_var_assign ... ok
[INFO] [stdout] test tests::interpreter_test::test_interpret_unterminated_string_literal ... ok
[INFO] [stdout] test tests::interpreter_test::test_interpret_use_global_variable_when_not_resolvable_and_not_defined ... ok
[INFO] [stdout] test tests::interpreter_test::test_interpreter_size_of_call_frame ... ok
[INFO] [stdout] test tests::interpreter_test::test_interpret_while ... ok
[INFO] [stdout] test tests::interpreter_test::test_interpret_var ... ok
[INFO] [stdout] test tests::interpreter_test::test_interpret_use_global_variable_when_not_resolvable ... ok
[INFO] [stdout] test tests::interpreter_test::test_interpret_max_local_variables ... ok
[INFO] [stdout] test tests::interpreter_test::test_interpret_while_break ... ok
[INFO] [stdout] test tests::interpreter_test::test_interpret_var_use ... ok
[INFO] [stdout] test tests::interpreter_test::test_interpret_while_continue ... ok
[INFO] [stdout] test tests::interpreter_test::test_static_class_method_is_not_accessible_from_instance ... ok
[INFO] [stdout] test tests::interpreter_test::test_static_class_method_can_access_super ... ok
[INFO] [stdout] test tests::interpreter_test::test_static_class_method ... ok
[INFO] [stdout] test tests::parser_test::test_parse_assign ... ok
[INFO] [stdout] test tests::interpreter_test::test_this_outside_method_body ... ok
[INFO] [stdout] test tests::interpreter_test::test_super_outside_subclass_method ... ok
[INFO] [stdout] test tests::parser_test::test_parse_invalid ... ok
[INFO] [stdout] test tests::parser_test::test_parse_binary_op ... ok
[INFO] [stdout] test tests::interpreter_test::test_super_outside_method_body ... ok
[INFO] [stdout] test tests::parser_test::test_parse_grouping ... ok
[INFO] [stdout] test tests::parser_test::test_parse_literal ... ok
[INFO] [stdout] test tests::parser_test::test_parse_comparison ... ok
[INFO] [stdout] test tests::interpreter_test::test_static_class_method_can_access_this ... ok
[INFO] [stdout] test tests::parser_test::test_parse_unary_op ... ok
[INFO] [stdout] test tests::scanner_test::test_scan_double_tokens ... ok
[INFO] [stdout] test tests::parser_test::test_parse_statements ... ok
[INFO] [stdout] test tests::parser_test::test_parse_super_property ... ok
[INFO] [stdout] test tests::scanner_test::test_scan_identifier ... ok
[INFO] [stdout] test tests::scanner_test::test_scan_keywords ... ok
[INFO] [stdout] test tests::scanner_test::test_scan_multiline_string ... ok
[INFO] [stdout] test tests::scanner_test::test_scan_string ... ok
[INFO] [stdout] test tests::parser_test::test_parse_while_loop_break ... ok
[INFO] [stdout] test tests::scanner_test::test_scan_number ... ok
[INFO] [stdout] test tests::scanner_test::test_scan_single_tokens ... ok
[INFO] [stdout] test tests::vm_test::test_blocks ... ok
[INFO] [stdout] test tests::vm_test::test_eval_literals ... ok
[INFO] [stdout] test tests::vm_test::test_eval_binary_ops ... ok
[INFO] [stdout] test tests::vm_test::test_eval_binary_ops_byte_code ... ok
[INFO] [stdout] test tests::vm_test::test_declaration_in_if_then_body ... ok
[INFO] [stdout] test tests::vm_test::test_for_loop_break ... ok
[INFO] [stdout] test tests::vm_test::test_eval_unary_ops ... ok
[INFO] [stdout] test tests::vm_test::test_eval_comparison ... ok
[INFO] [stdout] test tests::vm_test::test_global_var_assign ... ok
[INFO] [stdout] test tests::vm_test::test_for_loop ... ok
[INFO] [stdout] test tests::vm_test::test_global_var_define ... ok
[INFO] [stdout] test tests::vm_test::test_print ... ok
[INFO] [stdout] test tests::vm_test::test_if_else ... ok
[INFO] [stdout] test tests::vm_test::test_for_loop_continue ... ok
[INFO] [stdout] test tests::vm_test::test_local_var ... ok
[INFO] [stdout] test tests::vm_test::test_global_var_use ... ok
[INFO] [stdout] test tests::vm_test::test_top_level_continue ... ok
[INFO] [stdout] test tests::vm_test::test_top_level_break ... ok
[INFO] [stdout] test tests::vm_test::test_vm_size_of_call_frame ... ok
[INFO] [stdout] test tests::vm_test::test_while_break ... ok
[INFO] [stdout] test tests::vm_test::test_while_continue ... ok
[INFO] [stdout] test value::tests::test_size_of_value ... ok
[INFO] [stdout] test tests::vm_test::test_while ... ok
[INFO] [stdout] test tests::interpreter_test::test_interpreter_size_of_internal_result ... FAILED
[INFO] [stdout] test tests::vm_test::test_vm_size_of_internal_result ... FAILED
[INFO] [stdout] 
[INFO] [stdout] failures:
[INFO] [stdout] 
[INFO] [stdout] ---- tests::interpreter_test::test_interpreter_size_of_internal_result stdout ----
[INFO] [stdout] thread 'tests::interpreter_test::test_interpreter_size_of_internal_result' panicked at src/tests/interpreter_test.rs:63:5:
[INFO] [stdout] assertion `left == right` failed
[INFO] [stdout]   left: 24
[INFO] [stdout]  right: 32
[INFO] [stdout] stack backtrace:
[INFO] [stdout]    0:     0x560edfe2d70c - std::backtrace_rs::backtrace::libunwind::trace::ha637c64ce894333a
[INFO] [stdout]                                at /rustc/82e1608dfa6e0b5569232559e3d385fea5a93112/library/std/src/../../backtrace/src/backtrace/libunwind.rs:104:5
[INFO] [stdout]    1:     0x560edfe2d70c - std::backtrace_rs::backtrace::trace_unsynchronized::h47f62dea28e0c88d
[INFO] [stdout]                                at /rustc/82e1608dfa6e0b5569232559e3d385fea5a93112/library/std/src/../../backtrace/src/backtrace/mod.rs:66:5
[INFO] [stdout]    2:     0x560edfe2d70c - std::sys_common::backtrace::_print_fmt::h9eef0abe20ede486
[INFO] [stdout]                                at /rustc/82e1608dfa6e0b5569232559e3d385fea5a93112/library/std/src/sys_common/backtrace.rs:67:5
[INFO] [stdout]    3:     0x560edfe2d70c - <std::sys_common::backtrace::_print::DisplayBacktrace as core::fmt::Display>::fmt::hed7f999df88cc644
[INFO] [stdout]                                at /rustc/82e1608dfa6e0b5569232559e3d385fea5a93112/library/std/src/sys_common/backtrace.rs:44:22
[INFO] [stdout]    4:     0x560edfe58840 - core::fmt::rt::Argument::fmt::h1539a9308b8d058d
[INFO] [stdout]                                at /rustc/82e1608dfa6e0b5569232559e3d385fea5a93112/library/core/src/fmt/rt.rs:142:9
[INFO] [stdout]    5:     0x560edfe58840 - core::fmt::write::h3a39390d8560d9c9
[INFO] [stdout]                                at /rustc/82e1608dfa6e0b5569232559e3d385fea5a93112/library/core/src/fmt/mod.rs:1120:17
[INFO] [stdout]    6:     0x560edfe2b0bf - std::io::Write::write_fmt::h040b369f3a0f9cbc
[INFO] [stdout]                                at /rustc/82e1608dfa6e0b5569232559e3d385fea5a93112/library/std/src/io/mod.rs:1762:15
[INFO] [stdout]    7:     0x560edfe2d4f4 - std::sys_common::backtrace::_print::h894006fb5c6f3d45
[INFO] [stdout]                                at /rustc/82e1608dfa6e0b5569232559e3d385fea5a93112/library/std/src/sys_common/backtrace.rs:47:5
[INFO] [stdout]    8:     0x560edfe2d4f4 - std::sys_common::backtrace::print::h23a2d212c6fff936
[INFO] [stdout]                                at /rustc/82e1608dfa6e0b5569232559e3d385fea5a93112/library/std/src/sys_common/backtrace.rs:34:9
[INFO] [stdout]    9:     0x560edfe2f1b7 - std::panicking::default_hook::{{closure}}::h8a1d2ee00185001a
[INFO] [stdout]   10:     0x560edfe2eea3 - std::panicking::default_hook::h6038f2eba384e475
[INFO] [stdout]                                at /rustc/82e1608dfa6e0b5569232559e3d385fea5a93112/library/std/src/panicking.rs:289:9
[INFO] [stdout]   11:     0x560edfdf4937 - <alloc::boxed::Box<F,A> as core::ops::function::Fn<Args>>::call::h0ad024c9bdc6d768
[INFO] [stdout]                                at /rustc/82e1608dfa6e0b5569232559e3d385fea5a93112/library/alloc/src/boxed.rs:2021:9
[INFO] [stdout]   12:     0x560edfdf4937 - test::test_main::{{closure}}::h7500b54257359db6
[INFO] [stdout]                                at /rustc/82e1608dfa6e0b5569232559e3d385fea5a93112/library/test/src/lib.rs:138:21
[INFO] [stdout]   13:     0x560edfe2f7c8 - <alloc::boxed::Box<F,A> as core::ops::function::Fn<Args>>::call::h1f8f335eaa9cfaee
[INFO] [stdout]                                at /rustc/82e1608dfa6e0b5569232559e3d385fea5a93112/library/alloc/src/boxed.rs:2021:9
[INFO] [stdout]   14:     0x560edfe2f7c8 - std::panicking::rust_panic_with_hook::h2b5517d590cab22e
[INFO] [stdout]                                at /rustc/82e1608dfa6e0b5569232559e3d385fea5a93112/library/std/src/panicking.rs:783:13
[INFO] [stdout]   15:     0x560edfe2f51e - std::panicking::begin_panic_handler::{{closure}}::h233112c06e0ef43e
[INFO] [stdout]                                at /rustc/82e1608dfa6e0b5569232559e3d385fea5a93112/library/std/src/panicking.rs:657:13
[INFO] [stdout]   16:     0x560edfe2dbd6 - std::sys_common::backtrace::__rust_end_short_backtrace::h6e893f24d7ebbff8
[INFO] [stdout]                                at /rustc/82e1608dfa6e0b5569232559e3d385fea5a93112/library/std/src/sys_common/backtrace.rs:170:18
[INFO] [stdout]   17:     0x560edfe2f282 - rust_begin_unwind
[INFO] [stdout]                                at /rustc/82e1608dfa6e0b5569232559e3d385fea5a93112/library/std/src/panicking.rs:645:5
[INFO] [stdout]   18:     0x560edfd29d55 - core::panicking::panic_fmt::hbf0e066aabfa482c
[INFO] [stdout]                                at /rustc/82e1608dfa6e0b5569232559e3d385fea5a93112/library/core/src/panicking.rs:72:14
[INFO] [stdout]   19:     0x560edfd2a1ab - core::panicking::assert_failed_inner::h0bba8b7c26ee4492
[INFO] [stdout]   20:     0x560edfd89b1e - core::panicking::assert_failed::h8759b37b35ae99d0
[INFO] [stdout]                                at /rustc/82e1608dfa6e0b5569232559e3d385fea5a93112/library/core/src/panicking.rs:279:5
[INFO] [stdout]   21:     0x560edfd5c819 - lox::tests::interpreter_test::test_interpreter_size_of_internal_result::hc654d538fec93911
[INFO] [stdout]                                at /opt/rustwide/workdir/src/tests/interpreter_test.rs:63:5
[INFO] [stdout]   22:     0x560edfd5c787 - lox::tests::interpreter_test::test_interpreter_size_of_internal_result::{{closure}}::h88fd3690ef2f7a3a
[INFO] [stdout]                                at /opt/rustwide/workdir/src/tests/interpreter_test.rs:62:46
[INFO] [stdout]   23:     0x560edfdad596 - core::ops::function::FnOnce::call_once::hd49c0e0d9a5ba750
[INFO] [stdout]                                at /rustc/82e1608dfa6e0b5569232559e3d385fea5a93112/library/core/src/ops/function.rs:250:5
[INFO] [stdout]   24:     0x560edfdf9f8f - core::ops::function::FnOnce::call_once::h2b5d431d5046312d
[INFO] [stdout]                                at /rustc/82e1608dfa6e0b5569232559e3d385fea5a93112/library/core/src/ops/function.rs:250:5
[INFO] [stdout]   25:     0x560edfdf9f8f - test::__rust_begin_short_backtrace::h7714669af176e207
[INFO] [stdout]                                at /rustc/82e1608dfa6e0b5569232559e3d385fea5a93112/library/test/src/lib.rs:628:18
[INFO] [stdout]   26:     0x560edfdf8fa5 - test::run_test_in_process::{{closure}}::h85218797dcbcec12
[INFO] [stdout]                                at /rustc/82e1608dfa6e0b5569232559e3d385fea5a93112/library/test/src/lib.rs:651:60
[INFO] [stdout]   27:     0x560edfdf8fa5 - <core::panic::unwind_safe::AssertUnwindSafe<F> as core::ops::function::FnOnce<()>>::call_once::h76c106ea31c14d7b
[INFO] [stdout]                                at /rustc/82e1608dfa6e0b5569232559e3d385fea5a93112/library/core/src/panic/unwind_safe.rs:272:9
[INFO] [stdout]   28:     0x560edfdf8fa5 - std::panicking::try::do_call::h3bd5d0f6620ee946
[INFO] [stdout]                                at /rustc/82e1608dfa6e0b5569232559e3d385fea5a93112/library/std/src/panicking.rs:552:40
[INFO] [stdout]   29:     0x560edfdf8fa5 - std::panicking::try::h232e535e4744fe31
[INFO] [stdout]                                at /rustc/82e1608dfa6e0b5569232559e3d385fea5a93112/library/std/src/panicking.rs:516:19
[INFO] [stdout]   30:     0x560edfdf8fa5 - std::panic::catch_unwind::h3ce3bd6ca8dbac68
[INFO] [stdout]                                at /rustc/82e1608dfa6e0b5569232559e3d385fea5a93112/library/std/src/panic.rs:142:14
[INFO] [stdout]   31:     0x560edfdf8fa5 - test::run_test_in_process::hc97b257c9621286a
[INFO] [stdout]                                at /rustc/82e1608dfa6e0b5569232559e3d385fea5a93112/library/test/src/lib.rs:651:27
[INFO] [stdout]   32:     0x560edfdf8fa5 - test::run_test::{{closure}}::h2aa798823a438d38
[INFO] [stdout]                                at /rustc/82e1608dfa6e0b5569232559e3d385fea5a93112/library/test/src/lib.rs:574:43
[INFO] [stdout]   33:     0x560edfdc1266 - test::run_test::{{closure}}::h87d231c78fb59832
[INFO] [stdout]                                at /rustc/82e1608dfa6e0b5569232559e3d385fea5a93112/library/test/src/lib.rs:602:41
[INFO] [stdout]   34:     0x560edfdc1266 - std::sys_common::backtrace::__rust_begin_short_backtrace::he6df152596625789
[INFO] [stdout]                                at /rustc/82e1608dfa6e0b5569232559e3d385fea5a93112/library/std/src/sys_common/backtrace.rs:154:18
[INFO] [stdout]   35:     0x560edfdc6317 - std::thread::Builder::spawn_unchecked_::{{closure}}::{{closure}}::ha94be15d1e0acf36
[INFO] [stdout]                                at /rustc/82e1608dfa6e0b5569232559e3d385fea5a93112/library/std/src/thread/mod.rs:529:17
[INFO] [stdout]   36:     0x560edfdc6317 - <core::panic::unwind_safe::AssertUnwindSafe<F> as core::ops::function::FnOnce<()>>::call_once::h9dc6bd6372f16606
[INFO] [stdout]                                at /rustc/82e1608dfa6e0b5569232559e3d385fea5a93112/library/core/src/panic/unwind_safe.rs:272:9
[INFO] [stdout]   37:     0x560edfdc6317 - std::panicking::try::do_call::h9057517f80303cd4
[INFO] [stdout]                                at /rustc/82e1608dfa6e0b5569232559e3d385fea5a93112/library/std/src/panicking.rs:552:40
[INFO] [stdout]   38:     0x560edfdc6317 - std::panicking::try::he3a30b11ee45340c
[INFO] [stdout]                                at /rustc/82e1608dfa6e0b5569232559e3d385fea5a93112/library/std/src/panicking.rs:516:19
[INFO] [stdout]   39:     0x560edfdc6317 - std::panic::catch_unwind::h410458cfd3528b8b
[INFO] [stdout]                                at /rustc/82e1608dfa6e0b5569232559e3d385fea5a93112/library/std/src/panic.rs:142:14
[INFO] [stdout]   40:     0x560edfdc6317 - std::thread::Builder::spawn_unchecked_::{{closure}}::h72ac3bdb567b737b
[INFO] [stdout]                                at /rustc/82e1608dfa6e0b5569232559e3d385fea5a93112/library/std/src/thread/mod.rs:528:30
[INFO] [stdout]   41:     0x560edfdc6317 - core::ops::function::FnOnce::call_once{{vtable.shim}}::h38f34da3654a8344
[INFO] [stdout]                                at /rustc/82e1608dfa6e0b5569232559e3d385fea5a93112/library/core/src/ops/function.rs:250:5
[INFO] [stdout]   42:     0x560edfe34255 - <alloc::boxed::Box<F,A> as core::ops::function::FnOnce<Args>>::call_once::hc7eafaff61e32df9
[INFO] [stdout]                                at /rustc/82e1608dfa6e0b5569232559e3d385fea5a93112/library/alloc/src/boxed.rs:2007:9
[INFO] [stdout]   43:     0x560edfe34255 - <alloc::boxed::Box<F,A> as core::ops::function::FnOnce<Args>>::call_once::h6ba4a5de48dd2304
[INFO] [stdout]                                at /rustc/82e1608dfa6e0b5569232559e3d385fea5a93112/library/alloc/src/boxed.rs:2007:9
[INFO] [stdout]   44:     0x560edfe34255 - std::sys::unix::thread::Thread::new::thread_start::he469335aef763e45
[INFO] [stdout]                                at /rustc/82e1608dfa6e0b5569232559e3d385fea5a93112/library/std/src/sys/unix/thread.rs:108:17
[INFO] [stdout]   45:     0x7fd992ce3ac3 - <unknown>
[INFO] [stdout]   46:     0x7fd992d74bf4 - __clone
[INFO] [stdout]   47:                0x0 - <unknown>
[INFO] [stdout] 
[INFO] [stdout] ---- tests::vm_test::test_vm_size_of_internal_result stdout ----
[INFO] [stdout] thread 'tests::vm_test::test_vm_size_of_internal_result' panicked at src/tests/vm_test.rs:50:5:
[INFO] [stdout] assertion `left == right` failed
[INFO] [stdout]   left: 24
[INFO] [stdout]  right: 32
[INFO] [stdout] stack backtrace:
[INFO] [stdout]    0:     0x560edfe2d70c - std::backtrace_rs::backtrace::libunwind::trace::ha637c64ce894333a
[INFO] [stdout]                                at /rustc/82e1608dfa6e0b5569232559e3d385fea5a93112/library/std/src/../../backtrace/src/backtrace/libunwind.rs:104:5
[INFO] [stdout]    1:     0x560edfe2d70c - std::backtrace_rs::backtrace::trace_unsynchronized::h47f62dea28e0c88d
[INFO] [stdout]                                at /rustc/82e1608dfa6e0b5569232559e3d385fea5a93112/library/std/src/../../backtrace/src/backtrace/mod.rs:66:5
[INFO] [stdout]    2:     0x560edfe2d70c - std::sys_common::backtrace::_print_fmt::h9eef0abe20ede486
[INFO] [stdout]                                at /rustc/82e1608dfa6e0b5569232559e3d385fea5a93112/library/std/src/sys_common/backtrace.rs:67:5
[INFO] [stdout]    3:     0x560edfe2d70c - <std::sys_common::backtrace::_print::DisplayBacktrace as core::fmt::Display>::fmt::hed7f999df88cc644
[INFO] [stdout]                                at /rustc/82e1608dfa6e0b5569232559e3d385fea5a93112/library/std/src/sys_common/backtrace.rs:44:22
[INFO] [stdout]    4:     0x560edfe58840 - core::fmt::rt::Argument::fmt::h1539a9308b8d058d
[INFO] [stdout]                                at /rustc/82e1608dfa6e0b5569232559e3d385fea5a93112/library/core/src/fmt/rt.rs:142:9
[INFO] [stdout]    5:     0x560edfe58840 - core::fmt::write::h3a39390d8560d9c9
[INFO] [stdout]                                at /rustc/82e1608dfa6e0b5569232559e3d385fea5a93112/library/core/src/fmt/mod.rs:1120:17
[INFO] [stdout]    6:     0x560edfe2b0bf - std::io::Write::write_fmt::h040b369f3a0f9cbc
[INFO] [stdout]                                at /rustc/82e1608dfa6e0b5569232559e3d385fea5a93112/library/std/src/io/mod.rs:1762:15
[INFO] [stdout]    7:     0x560edfe2d4f4 - std::sys_common::backtrace::_print::h894006fb5c6f3d45
[INFO] [stdout]                                at /rustc/82e1608dfa6e0b5569232559e3d385fea5a93112/library/std/src/sys_common/backtrace.rs:47:5
[INFO] [stdout]    8:     0x560edfe2d4f4 - std::sys_common::backtrace::print::h23a2d212c6fff936
[INFO] [stdout]                                at /rustc/82e1608dfa6e0b5569232559e3d385fea5a93112/library/std/src/sys_common/backtrace.rs:34:9
[INFO] [stdout]    9:     0x560edfe2f1b7 - std::panicking::default_hook::{{closure}}::h8a1d2ee00185001a
[INFO] [stdout]   10:     0x560edfe2eea3 - std::panicking::default_hook::h6038f2eba384e475
[INFO] [stdout]                                at /rustc/82e1608dfa6e0b5569232559e3d385fea5a93112/library/std/src/panicking.rs:289:9
[INFO] [stdout]   11:     0x560edfdf4937 - <alloc::boxed::Box<F,A> as core::ops::function::Fn<Args>>::call::h0ad024c9bdc6d768
[INFO] [stdout]                                at /rustc/82e1608dfa6e0b5569232559e3d385fea5a93112/library/alloc/src/boxed.rs:2021:9
[INFO] [stdout]   12:     0x560edfdf4937 - test::test_main::{{closure}}::h7500b54257359db6
[INFO] [stdout]                                at /rustc/82e1608dfa6e0b5569232559e3d385fea5a93112/library/test/src/lib.rs:138:21
[INFO] [stdout]   13:     0x560edfe2f7c8 - <alloc::boxed::Box<F,A> as core::ops::function::Fn<Args>>::call::h1f8f335eaa9cfaee
[INFO] [stdout]                                at /rustc/82e1608dfa6e0b5569232559e3d385fea5a93112/library/alloc/src/boxed.rs:2021:9
[INFO] [stdout]   14:     0x560edfe2f7c8 - std::panicking::rust_panic_with_hook::h2b5517d590cab22e
[INFO] [stdout]                                at /rustc/82e1608dfa6e0b5569232559e3d385fea5a93112/library/std/src/panicking.rs:783:13
[INFO] [stdout]   15:     0x560edfe2f51e - std::panicking::begin_panic_handler::{{closure}}::h233112c06e0ef43e
[INFO] [stdout]                                at /rustc/82e1608dfa6e0b5569232559e3d385fea5a93112/library/std/src/panicking.rs:657:13
[INFO] [stdout]   16:     0x560edfe2dbd6 - std::sys_common::backtrace::__rust_end_short_backtrace::h6e893f24d7ebbff8
[INFO] [stdout]                                at /rustc/82e1608dfa6e0b5569232559e3d385fea5a93112/library/std/src/sys_common/backtrace.rs:170:18
[INFO] [stdout]   17:     0x560edfe2f282 - rust_begin_unwind
[INFO] [stdout]                                at /rustc/82e1608dfa6e0b5569232559e3d385fea5a93112/library/std/src/panicking.rs:645:5
[INFO] [stdout]   18:     0x560edfd29d55 - core::panicking::panic_fmt::hbf0e066aabfa482c
[INFO] [stdout]                                at /rustc/82e1608dfa6e0b5569232559e3d385fea5a93112/library/core/src/panicking.rs:72:14
[INFO] [stdout]   19:     0x560edfd2a1ab - core::panicking::assert_failed_inner::h0bba8b7c26ee4492
[INFO] [stdout]   20:     0x560edfd89b1e - core::panicking::assert_failed::h8759b37b35ae99d0
[INFO] [stdout]                                at /rustc/82e1608dfa6e0b5569232559e3d385fea5a93112/library/core/src/panicking.rs:279:5
[INFO] [stdout]   21:     0x560edfd92a79 - lox::tests::vm_test::test_vm_size_of_internal_result::h2025ef23b369ba2c
[INFO] [stdout]                                at /opt/rustwide/workdir/src/tests/vm_test.rs:50:5
[INFO] [stdout]   22:     0x560edfd929e7 - lox::tests::vm_test::test_vm_size_of_internal_result::{{closure}}::h9d95dab30deb61f6
[INFO] [stdout]                                at /opt/rustwide/workdir/src/tests/vm_test.rs:49:37
[INFO] [stdout]   23:     0x560edfdab296 - core::ops::function::FnOnce::call_once::h05006dc2d6014809
[INFO] [stdout]                                at /rustc/82e1608dfa6e0b5569232559e3d385fea5a93112/library/core/src/ops/function.rs:250:5
[INFO] [stdout]   24:     0x560edfdf9f8f - core::ops::function::FnOnce::call_once::h2b5d431d5046312d
[INFO] [stdout]                                at /rustc/82e1608dfa6e0b5569232559e3d385fea5a93112/library/core/src/ops/function.rs:250:5
[INFO] [stdout]   25:     0x560edfdf9f8f - test::__rust_begin_short_backtrace::h7714669af176e207
[INFO] [stdout]                                at /rustc/82e1608dfa6e0b5569232559e3d385fea5a93112/library/test/src/lib.rs:628:18
[INFO] [stdout]   26:     0x560edfdf8fa5 - test::run_test_in_process::{{closure}}::h85218797dcbcec12
[INFO] [stdout]                                at /rustc/82e1608dfa6e0b5569232559e3d385fea5a93112/library/test/src/lib.rs:651:60
[INFO] [stdout]   27:     0x560edfdf8fa5 - <core::panic::unwind_safe::AssertUnwindSafe<F> as core::ops::function::FnOnce<()>>::call_once::h76c106ea31c14d7b
[INFO] [stdout]                                at /rustc/82e1608dfa6e0b5569232559e3d385fea5a93112/library/core/src/panic/unwind_safe.rs:272:9
[INFO] [stdout]   28:     0x560edfdf8fa5 - std::panicking::try::do_call::h3bd5d0f6620ee946
[INFO] [stdout]                                at /rustc/82e1608dfa6e0b5569232559e3d385fea5a93112/library/std/src/panicking.rs:552:40
[INFO] [stdout]   29:     0x560edfdf8fa5 - std::panicking::try::h232e535e4744fe31
[INFO] [stdout]                                at /rustc/82e1608dfa6e0b5569232559e3d385fea5a93112/library/std/src/panicking.rs:516:19
[INFO] [stdout]   30:     0x560edfdf8fa5 - std::panic::catch_unwind::h3ce3bd6ca8dbac68
[INFO] [stdout]                                at /rustc/82e1608dfa6e0b5569232559e3d385fea5a93112/library/std/src/panic.rs:142:14
[INFO] [stdout]   31:     0x560edfdf8fa5 - test::run_test_in_process::hc97b257c9621286a
[INFO] [stdout]                                at /rustc/82e1608dfa6e0b5569232559e3d385fea5a93112/library/test/src/lib.rs:651:27
[INFO] [stdout]   32:     0x560edfdf8fa5 - test::run_test::{{closure}}::h2aa798823a438d38
[INFO] [stdout]                                at /rustc/82e1608dfa6e0b5569232559e3d385fea5a93112/library/test/src/lib.rs:574:43
[INFO] [stdout]   33:     0x560edfdc1266 - test::run_test::{{closure}}::h87d231c78fb59832
[INFO] [stdout]                                at /rustc/82e1608dfa6e0b5569232559e3d385fea5a93112/library/test/src/lib.rs:602:41
[INFO] [stdout]   34:     0x560edfdc1266 - std::sys_common::backtrace::__rust_begin_short_backtrace::he6df152596625789
[INFO] [stdout]                                at /rustc/82e1608dfa6e0b5569232559e3d385fea5a93112/library/std/src/sys_common/backtrace.rs:154:18
[INFO] [stdout]   35:     0x560edfdc6317 - std::thread::Builder::spawn_unchecked_::{{closure}}::{{closure}}::ha94be15d1e0acf36
[INFO] [stdout]                                at /rustc/82e1608dfa6e0b5569232559e3d385fea5a93112/library/std/src/thread/mod.rs:529:17
[INFO] [stdout]   36:     0x560edfdc6317 - <core::panic::unwind_safe::AssertUnwindSafe<F> as core::ops::function::FnOnce<()>>::call_once::h9dc6bd6372f16606
[INFO] [stdout]                                at /rustc/82e1608dfa6e0b5569232559e3d385fea5a93112/library/core/src/panic/unwind_safe.rs:272:9
[INFO] [stdout]   37:     0x560edfdc6317 - std::panicking::try::do_call::h9057517f80303cd4
[INFO] [stdout]                                at /rustc/82e1608dfa6e0b5569232559e3d385fea5a93112/library/std/src/panicking.rs:552:40
[INFO] [stdout]   38:     0x560edfdc6317 - std::panicking::try::he3a30b11ee45340c
[INFO] [stdout]                                at /rustc/82e1608dfa6e0b5569232559e3d385fea5a93112/library/std/src/panicking.rs:516:19
[INFO] [stdout]   39:     0x560edfdc6317 - std::panic::catch_unwind::h410458cfd3528b8b
[INFO] [stdout]                                at /rustc/82e1608dfa6e0b5569232559e3d385fea5a93112/library/std/src/panic.rs:142:14
[INFO] [stdout]   40:     0x560edfdc6317 - std::thread::Builder::spawn_unchecked_::{{closure}}::h72ac3bdb567b737b
[INFO] [stdout]                                at /rustc/82e1608dfa6e0b5569232559e3d385fea5a93112/library/std/src/thread/mod.rs:528:30
[INFO] [stdout]   41:     0x560edfdc6317 - core::ops::function::FnOnce::call_once{{vtable.shim}}::h38f34da3654a8344
[INFO] [stdout]                                at /rustc/82e1608dfa6e0b5569232559e3d385fea5a93112/library/core/src/ops/function.rs:250:5
[INFO] [stdout]   42:     0x560edfe34255 - <alloc::boxed::Box<F,A> as core::ops::function::FnOnce<Args>>::call_once::hc7eafaff61e32df9
[INFO] [stdout]                                at /rustc/82e1608dfa6e0b5569232559e3d385fea5a93112/library/alloc/src/boxed.rs:2007:9
[INFO] [stdout]   43:     0x560edfe34255 - <alloc::boxed::Box<F,A> as core::ops::function::FnOnce<Args>>::call_once::h6ba4a5de48dd2304
[INFO] [stdout]                                at /rustc/82e1608dfa6e0b5569232559e3d385fea5a93112/library/alloc/src/boxed.rs:2007:9
[INFO] [stdout]   44:     0x560edfe34255 - std::sys::unix::thread::Thread::new::thread_start::he469335aef763e45
[INFO] [stdout]                                at /rustc/82e1608dfa6e0b5569232559e3d385fea5a93112/library/std/src/sys/unix/thread.rs:108:17
[INFO] [stdout]   45:     0x7fd992ce3ac3 - <unknown>
[INFO] [stdout]   46:     0x7fd992d74bf4 - __clone
[INFO] [stdout]   47:                0x0 - <unknown>
[INFO] [stdout] 
[INFO] [stdout] 
[INFO] [stdout] failures:
[INFO] [stdout]     tests::interpreter_test::test_interpreter_size_of_internal_result
[INFO] [stdout]     tests::vm_test::test_vm_size_of_internal_result
[INFO] [stdout] 
[INFO] [stdout] test result: FAILED. 135 passed; 2 failed; 0 ignored; 0 measured; 0 filtered out; finished in 0.03s
[INFO] [stdout] 
[INFO] [stderr] error: test failed, to rerun pass `--bin lox`
[INFO] running `Command { std: "docker" "inspect" "5097e27bcf8fe2b7213e8f78f1bce739d9b2b187fa8205b3ef56d0f4a540d446", kill_on_drop: false }`
[INFO] running `Command { std: "docker" "rm" "-f" "5097e27bcf8fe2b7213e8f78f1bce739d9b2b187fa8205b3ef56d0f4a540d446", kill_on_drop: false }`
[INFO] [stdout] 5097e27bcf8fe2b7213e8f78f1bce739d9b2b187fa8205b3ef56d0f4a540d446
