[INFO] cloning repository https://github.com/jsorrell/star-adventurer-alpaca
[INFO] running `Command { std: "git" "-c" "credential.helper=" "-c" "credential.helper=/workspace/cargo-home/bin/git-credential-null" "clone" "--bare" "https://github.com/jsorrell/star-adventurer-alpaca" "/workspace/cache/git-repos/https%3A%2F%2Fgithub.com%2Fjsorrell%2Fstar-adventurer-alpaca", kill_on_drop: false }`
[INFO] [stderr] Cloning into bare repository '/workspace/cache/git-repos/https%3A%2F%2Fgithub.com%2Fjsorrell%2Fstar-adventurer-alpaca'...
[INFO] running `Command { std: "git" "rev-parse" "HEAD", kill_on_drop: false }`
[INFO] [stdout] c023683c304412294980ce8435365c4f0fcc6eaa
[INFO] testing jsorrell/star-adventurer-alpaca against 1.75.0 for beta-1.76-1
[INFO] running `Command { std: "git" "clone" "/workspace/cache/git-repos/https%3A%2F%2Fgithub.com%2Fjsorrell%2Fstar-adventurer-alpaca" "/workspace/builds/worker-4-tc1/source", kill_on_drop: false }`
[INFO] [stderr] Cloning into '/workspace/builds/worker-4-tc1/source'...
[INFO] [stderr] done.
[INFO] validating manifest of git repo https://github.com/jsorrell/star-adventurer-alpaca on toolchain 1.75.0
[INFO] running `Command { std: CARGO_HOME="/workspace/cargo-home" RUSTUP_HOME="/workspace/rustup-home" "/workspace/cargo-home/bin/cargo" "+1.75.0" "metadata" "--manifest-path" "Cargo.toml" "--no-deps", kill_on_drop: false }`
[INFO] started tweaking git repo https://github.com/jsorrell/star-adventurer-alpaca
[INFO] finished tweaking git repo https://github.com/jsorrell/star-adventurer-alpaca
[INFO] tweaked toml for git repo https://github.com/jsorrell/star-adventurer-alpaca written to /workspace/builds/worker-4-tc1/source/Cargo.toml
[INFO] crate git repo https://github.com/jsorrell/star-adventurer-alpaca already has a lockfile, it will not be regenerated
[INFO] running `Command { std: CARGO_HOME="/workspace/cargo-home" RUSTUP_HOME="/workspace/rustup-home" "/workspace/cargo-home/bin/cargo" "+1.75.0" "fetch" "--manifest-path" "Cargo.toml", kill_on_drop: false }`
[INFO] [stderr]     Updating crates.io index
[INFO] [stderr]     Updating git repository `https://github.com/jsorrell/rust-synscan`
[INFO] [stderr]  Downloading crates ...
[INFO] [stderr]   Downloaded retry v1.3.1
[INFO] [stderr]   Downloaded sailfish-macros v0.6.1
[INFO] [stderr]   Downloaded sailfish-compiler v0.6.1
[INFO] [stderr]   Downloaded serialport v4.2.1
[INFO] [stderr]   Downloaded ascom-alpaca v1.0.0-beta.1
[INFO] [stderr]   Downloaded async-fn-stream v0.2.0
[INFO] [stderr]   Downloaded net-literals v0.2.0
[INFO] [stderr]   Downloaded sailfish v0.6.1
[INFO] running `Command { std: "docker" "create" "-v" "/var/lib/crater-agent-workspace/builds/worker-4-tc1/target:/opt/rustwide/target:rw,Z" "-v" "/var/lib/crater-agent-workspace/builds/worker-4-tc1/source:/opt/rustwide/workdir:ro,Z" "-v" "/var/lib/crater-agent-workspace/cargo-home:/opt/rustwide/cargo-home:ro,Z" "-v" "/var/lib/crater-agent-workspace/rustup-home:/opt/rustwide/rustup-home:ro,Z" "-e" "SOURCE_DIR=/opt/rustwide/workdir" "-e" "CARGO_TARGET_DIR=/opt/rustwide/target" "-e" "CARGO_HOME=/opt/rustwide/cargo-home" "-e" "RUSTUP_HOME=/opt/rustwide/rustup-home" "-w" "/opt/rustwide/workdir" "-m" "1610612736" "--user" "0:0" "--network" "none" "ghcr.io/rust-lang/crates-build-env/linux@sha256:2788e3201cd34a07e3172128adcd8b3090168a8e3bcc40d7c032b9dda1df7d1c" "/opt/rustwide/cargo-home/bin/cargo" "+1.75.0" "metadata" "--no-deps" "--format-version=1", kill_on_drop: false }`
[INFO] [stdout] 695f7183ad3e3efc86dd30c5c3d930e71081348a546b0392d8251e7a6287f5c8
[INFO] running `Command { std: "docker" "start" "-a" "695f7183ad3e3efc86dd30c5c3d930e71081348a546b0392d8251e7a6287f5c8", kill_on_drop: false }`
[INFO] running `Command { std: "docker" "inspect" "695f7183ad3e3efc86dd30c5c3d930e71081348a546b0392d8251e7a6287f5c8", kill_on_drop: false }`
[INFO] running `Command { std: "docker" "rm" "-f" "695f7183ad3e3efc86dd30c5c3d930e71081348a546b0392d8251e7a6287f5c8", kill_on_drop: false }`
[INFO] [stdout] 695f7183ad3e3efc86dd30c5c3d930e71081348a546b0392d8251e7a6287f5c8
[INFO] running `Command { std: "docker" "create" "-v" "/var/lib/crater-agent-workspace/builds/worker-4-tc1/target:/opt/rustwide/target:rw,Z" "-v" "/var/lib/crater-agent-workspace/builds/worker-4-tc1/source:/opt/rustwide/workdir:ro,Z" "-v" "/var/lib/crater-agent-workspace/cargo-home:/opt/rustwide/cargo-home:ro,Z" "-v" "/var/lib/crater-agent-workspace/rustup-home:/opt/rustwide/rustup-home:ro,Z" "-e" "SOURCE_DIR=/opt/rustwide/workdir" "-e" "CARGO_TARGET_DIR=/opt/rustwide/target" "-e" "CARGO_INCREMENTAL=0" "-e" "RUST_BACKTRACE=full" "-e" "RUSTFLAGS=--cap-lints=warn" "-e" "RUSTDOCFLAGS=--cap-lints=warn" "-e" "CARGO_HOME=/opt/rustwide/cargo-home" "-e" "RUSTUP_HOME=/opt/rustwide/rustup-home" "-w" "/opt/rustwide/workdir" "-m" "1610612736" "--user" "0:0" "--network" "none" "ghcr.io/rust-lang/crates-build-env/linux@sha256:2788e3201cd34a07e3172128adcd8b3090168a8e3bcc40d7c032b9dda1df7d1c" "/opt/rustwide/cargo-home/bin/cargo" "+1.75.0" "build" "--frozen" "--message-format=json", kill_on_drop: false }`
[INFO] [stdout] 1ed1f9bceb6465ecee7e6f4a356b5a281bf6cc84795795fc5c5c2726d9557329
[INFO] running `Command { std: "docker" "start" "-a" "1ed1f9bceb6465ecee7e6f4a356b5a281bf6cc84795795fc5c5c2726d9557329", kill_on_drop: false }`
[INFO] [stderr]    Compiling proc-macro2 v1.0.59
[INFO] [stderr]    Compiling quote v1.0.28
[INFO] [stderr]    Compiling unicode-ident v1.0.9
[INFO] [stderr]    Compiling autocfg v1.1.0
[INFO] [stderr]    Compiling libc v0.2.144
[INFO] [stderr]    Compiling cfg-if v1.0.0
[INFO] [stderr]    Compiling version_check v0.9.4
[INFO] [stderr]    Compiling memchr v2.5.0
[INFO] [stderr]    Compiling once_cell v1.17.1
[INFO] [stderr]    Compiling serde v1.0.163
[INFO] [stderr]    Compiling futures-core v0.3.28
[INFO] [stderr]    Compiling log v0.4.17
[INFO] [stderr]    Compiling pin-project-lite v0.2.9
[INFO] [stderr]    Compiling slab v0.4.8
[INFO] [stderr]    Compiling futures-channel v0.3.28
[INFO] [stderr]    Compiling futures-task v0.3.28
[INFO] [stderr]    Compiling indexmap v1.9.3
[INFO] [stderr]    Compiling hashbrown v0.12.3
[INFO] [stderr]    Compiling itoa v1.0.6
[INFO] [stderr]    Compiling futures-util v0.3.28
[INFO] [stderr]    Compiling futures-sink v0.3.28
[INFO] [stderr]    Compiling bytes v1.4.0
[INFO] [stderr]    Compiling syn v2.0.18
[INFO] [stderr]    Compiling pin-utils v0.1.0
[INFO] [stderr]    Compiling futures-io v0.3.28
[INFO] [stderr]    Compiling typenum v1.16.0
[INFO] [stderr]    Compiling generic-array v0.14.7
[INFO] [stderr]    Compiling rustversion v1.0.12
[INFO] [stderr]    Compiling scopeguard v1.1.0
[INFO] [stderr]    Compiling winnow v0.4.6
[INFO] [stderr]    Compiling lock_api v0.4.9
[INFO] [stderr]    Compiling tracing-core v0.1.31
[INFO] [stderr]    Compiling syn v1.0.109
[INFO] [stderr]    Compiling fnv v1.0.7
[INFO] [stderr]    Compiling smallvec v1.10.0
[INFO] [stderr]    Compiling parking_lot_core v0.9.7
[INFO] [stderr]    Compiling http v0.2.9
[INFO] [stderr]    Compiling tokio v1.28.1
[INFO] [stderr]    Compiling bitflags v1.3.2
[INFO] [stderr]    Compiling pkg-config v0.3.27
[INFO] [stderr]    Compiling parking_lot v0.12.1
[INFO] [stderr]    Compiling num_cpus v1.15.0
[INFO] [stderr]    Compiling libudev-sys v0.1.4
[INFO] [stderr]    Compiling crypto-common v0.1.6
[INFO] [stderr]    Compiling block-buffer v0.10.4
[INFO] [stderr]    Compiling signal-hook-registry v1.4.1
[INFO] [stderr]    Compiling mio v0.8.6
[INFO] [stderr]    Compiling socket2 v0.4.9
[INFO] [stderr]    Compiling proc-macro-error-attr v1.0.4
[INFO] [stderr]    Compiling tower-service v0.3.2
[INFO] [stderr]    Compiling async-trait v0.1.68
[INFO] [stderr]    Compiling sailfish-compiler v0.6.1
[INFO] [stderr]    Compiling httparse v1.8.0
[INFO] [stderr]    Compiling ryu v1.0.13
[INFO] [stderr]    Compiling digest v0.10.7
[INFO] [stderr]    Compiling filetime v0.2.21
[INFO] [stderr]    Compiling axum-core v0.3.4
[INFO] [stderr]    Compiling http-body v0.4.5
[INFO] [stderr]    Compiling getrandom v0.2.9
[INFO] [stderr]    Compiling num-traits v0.2.15
[INFO] [stderr]    Compiling proc-macro-error v1.0.4
[INFO] [stderr]    Compiling home v0.5.5
[INFO] [stderr]    Compiling serde_json v1.0.96
[INFO] [stderr]    Compiling tower-layer v0.3.2
[INFO] [stderr]    Compiling try-lock v0.2.4
[INFO] [stderr]    Compiling thiserror v1.0.40
[INFO] [stderr]    Compiling percent-encoding v2.2.0
[INFO] [stderr]    Compiling cpufeatures v0.2.7
[INFO] [stderr]    Compiling unicode-xid v0.2.4
[INFO] [stderr]    Compiling paste v1.0.12
[INFO] [stderr]    Compiling httpdate v1.0.2
[INFO] [stderr]    Compiling mime v0.3.17
[INFO] [stderr]    Compiling form_urlencoded v1.1.0
[INFO] [stderr]    Compiling sha1 v0.10.5
[INFO] [stderr]    Compiling want v0.3.0
[INFO] [stderr]    Compiling rand_core v0.6.4
[INFO] [stderr]    Compiling axum v0.6.18
[INFO] [stderr]    Compiling headers-core v0.2.0
[INFO] [stderr]    Compiling num-integer v0.1.45
[INFO] [stderr]    Compiling sailfish v0.6.1
[INFO] [stderr]    Compiling ppv-lite86 v0.2.17
[INFO] [stderr]    Compiling eyre v0.6.8
[INFO] [stderr]    Compiling time-core v0.1.1
[INFO] [stderr]    Compiling base64 v0.13.1
[INFO] [stderr]    Compiling lazy_static v1.4.0
[INFO] [stderr]    Compiling static_assertions v1.1.0
[INFO] [stderr]    Compiling nix v0.26.2
[INFO] [stderr]    Compiling time-macros v0.2.9
[INFO] [stderr]    Compiling rand_chacha v0.3.1
[INFO] [stderr]    Compiling headers v0.3.8
[INFO] [stderr]    Compiling libudev v0.3.0
[INFO] [stderr]    Compiling synstructure v0.12.6
[INFO] [stderr]    Compiling dirs-sys v0.3.7
[INFO] [stderr]    Compiling macro_rules_attribute-proc_macro v0.2.0
[INFO] [stderr]    Compiling matchit v0.7.0
[INFO] [stderr]    Compiling overload v0.1.1
[INFO] [stderr]    Compiling sync_wrapper v0.1.2
[INFO] [stderr]    Compiling itoap v1.0.1
[INFO] [stderr]    Compiling indenter v0.3.3
[INFO] [stderr]    Compiling bitflags v2.0.2
[INFO] [stderr]    Compiling serialport v4.2.1
[INFO] [stderr]    Compiling nu-ansi-term v0.46.0
[INFO] [stderr]    Compiling directories v4.0.1
[INFO] [stderr]    Compiling time v0.3.21
[INFO] [stderr]    Compiling macro_rules_attribute v0.2.0
[INFO] [stderr]    Compiling rand v0.8.5
[INFO] [stderr]    Compiling sharded-slab v0.1.4
[INFO] [stderr]    Compiling serde_derive v1.0.163
[INFO] [stderr]    Compiling futures-macro v0.3.28
[INFO] [stderr]    Compiling tracing-attributes v0.1.24
[INFO] [stderr]    Compiling tokio-macros v2.1.0
[INFO] [stderr]    Compiling pin-project-internal v1.1.0
[INFO] [stderr]    Compiling thiserror-impl v1.0.40
[INFO] [stderr]    Compiling tracing v0.1.37
[INFO] [stderr]    Compiling pin-project v1.1.0
[INFO] [stderr]    Compiling custom_debug_derive v0.5.1
[INFO] [stderr]    Compiling net-literals v0.2.0
[INFO] [stderr]    Compiling serde_repr v0.1.12
[INFO] [stderr]    Compiling tracing-log v0.1.3
[INFO] [stderr]    Compiling time v0.1.45
[INFO] [stderr]    Compiling socket2 v0.5.3
[INFO] [stderr]    Compiling custom_debug v0.5.1
[INFO] [stderr]    Compiling default-net v0.14.1
[INFO] [stderr]    Compiling thread_local v1.1.7
[INFO] [stderr]    Compiling iana-time-zone v0.1.56
[INFO] [stderr]    Compiling tracing-subscriber v0.3.17
[INFO] [stderr]    Compiling chrono v0.4.24
[INFO] [stderr]    Compiling retry v1.3.1
[INFO] [stderr]    Compiling synscan v0.1.0 (https://github.com/jsorrell/rust-synscan?branch=main#33538916)
[INFO] [stderr]    Compiling assert_float_eq v1.1.3
[INFO] [stderr]    Compiling spin_sleep v1.1.1
[INFO] [stderr]    Compiling futures-executor v0.3.28
[INFO] [stderr]    Compiling futures v0.3.28
[INFO] [stderr]    Compiling async-fn-stream v0.2.0
[INFO] [stderr]    Compiling tracing-futures v0.2.5
[INFO] [stderr]    Compiling hyper v0.14.26
[INFO] [stderr]    Compiling tower v0.4.13
[INFO] [stderr]    Compiling serde_path_to_error v0.1.11
[INFO] [stderr]    Compiling serde_urlencoded v0.7.1
[INFO] [stderr]    Compiling serde_spanned v0.6.2
[INFO] [stderr]    Compiling toml_datetime v0.6.2
[INFO] [stderr]    Compiling serde_plain v1.0.1
[INFO] [stderr]    Compiling toml v0.5.11
[INFO] [stderr]    Compiling polynomials v0.2.4
[INFO] [stderr]    Compiling toml_edit v0.19.10
[INFO] [stderr]    Compiling confy v0.5.1
[INFO] [stderr]    Compiling toml v0.7.4
[INFO] [stderr]    Compiling proc-macro-crate v1.3.1
[INFO] [stderr]    Compiling num_enum_derive v0.6.1
[INFO] [stderr]    Compiling sailfish-macros v0.6.1
[INFO] [stderr]    Compiling num_enum v0.6.1
[INFO] [stderr]    Compiling ascom-alpaca v1.0.0-beta.1
[INFO] [stderr]    Compiling star_adventurer_alpaca v0.1.0 (/opt/rustwide/workdir)
[INFO] [stdout] warning: unused import: `motor_accessor_types::open`
[INFO] [stdout]  --> src/telescope_control/connection/motor/mod.rs:7:9
[INFO] [stdout]   |
[INFO] [stdout] 7 | pub use motor_accessor_types::open;
[INFO] [stdout]   |         ^^^^^^^^^^^^^^^^^^^^^^^^^^
[INFO] [stdout]   |
[INFO] [stdout]   = note: `#[warn(unused_imports)]` on by default
[INFO] [stdout] 
[INFO] [stdout] 
[INFO] [stdout] warning: associated function `calc_ha` is never used
[INFO] [stdout]   --> src/telescope_control/commands/pointing_pos.rs:40:12
[INFO] [stdout]    |
[INFO] [stdout] 10 | impl StarAdventurer {
[INFO] [stdout]    | ------------------- associated function in this implementation
[INFO] [stdout] ...
[INFO] [stdout] 40 |     pub fn calc_ha(
[INFO] [stdout]    |            ^^^^^^^
[INFO] [stdout]    |
[INFO] [stdout]    = note: `#[warn(dead_code)]` on by default
[INFO] [stdout] 
[INFO] [stdout] 
[INFO] [stdout] warning: 2 warnings emitted
[INFO] [stdout] 
[INFO] [stdout] 
[INFO] [stderr]     Finished dev [unoptimized + debuginfo] target(s) in 22.68s
[INFO] running `Command { std: "docker" "inspect" "1ed1f9bceb6465ecee7e6f4a356b5a281bf6cc84795795fc5c5c2726d9557329", kill_on_drop: false }`
[INFO] running `Command { std: "docker" "rm" "-f" "1ed1f9bceb6465ecee7e6f4a356b5a281bf6cc84795795fc5c5c2726d9557329", kill_on_drop: false }`
[INFO] [stdout] 1ed1f9bceb6465ecee7e6f4a356b5a281bf6cc84795795fc5c5c2726d9557329
[INFO] running `Command { std: "docker" "create" "-v" "/var/lib/crater-agent-workspace/builds/worker-4-tc1/target:/opt/rustwide/target:rw,Z" "-v" "/var/lib/crater-agent-workspace/builds/worker-4-tc1/source:/opt/rustwide/workdir:ro,Z" "-v" "/var/lib/crater-agent-workspace/cargo-home:/opt/rustwide/cargo-home:ro,Z" "-v" "/var/lib/crater-agent-workspace/rustup-home:/opt/rustwide/rustup-home:ro,Z" "-e" "SOURCE_DIR=/opt/rustwide/workdir" "-e" "CARGO_TARGET_DIR=/opt/rustwide/target" "-e" "CARGO_INCREMENTAL=0" "-e" "RUST_BACKTRACE=full" "-e" "RUSTFLAGS=--cap-lints=warn" "-e" "RUSTDOCFLAGS=--cap-lints=warn" "-e" "CARGO_HOME=/opt/rustwide/cargo-home" "-e" "RUSTUP_HOME=/opt/rustwide/rustup-home" "-w" "/opt/rustwide/workdir" "-m" "1610612736" "--user" "0:0" "--network" "none" "ghcr.io/rust-lang/crates-build-env/linux@sha256:2788e3201cd34a07e3172128adcd8b3090168a8e3bcc40d7c032b9dda1df7d1c" "/opt/rustwide/cargo-home/bin/cargo" "+1.75.0" "test" "--frozen" "--no-run" "--message-format=json", kill_on_drop: false }`
[INFO] [stdout] cdbb81f74278b56369245b619e1a0f26d1f0dea6207cb505a1674b5d2282becf
[INFO] running `Command { std: "docker" "start" "-a" "cdbb81f74278b56369245b619e1a0f26d1f0dea6207cb505a1674b5d2282becf", kill_on_drop: false }`
[INFO] [stderr]    Compiling star_adventurer_alpaca v0.1.0 (/opt/rustwide/workdir)
[INFO] [stdout] warning: unused import: `motor_accessor_types::open`
[INFO] [stdout]  --> src/telescope_control/connection/motor/mod.rs:7:9
[INFO] [stdout]   |
[INFO] [stdout] 7 | pub use motor_accessor_types::open;
[INFO] [stdout]   |         ^^^^^^^^^^^^^^^^^^^^^^^^^^
[INFO] [stdout]   |
[INFO] [stdout]   = note: `#[warn(unused_imports)]` on by default
[INFO] [stdout] 
[INFO] [stdout] 
[INFO] [stdout] warning: use of deprecated method `chrono::TimeZone::ymd`: use `with_ymd_and_hms()` instead
[INFO] [stdout]    --> src/astro_math/mod.rs:251:51
[INFO] [stdout]     |
[INFO] [stdout] 251 |             calculate_greenwich_sidereal_time(Utc.ymd(1969, 1, 6).and_hms(1, 5, 0)),
[INFO] [stdout]     |                                                   ^^^
[INFO] [stdout]     |
[INFO] [stdout]     = note: `#[warn(deprecated)]` on by default
[INFO] [stdout] 
[INFO] [stdout] 
[INFO] [stdout] warning: use of deprecated method `chrono::Date::<Tz>::and_hms`: Use and_hms_opt() instead
[INFO] [stdout]    --> src/astro_math/mod.rs:251:67
[INFO] [stdout]     |
[INFO] [stdout] 251 |             calculate_greenwich_sidereal_time(Utc.ymd(1969, 1, 6).and_hms(1, 5, 0)),
[INFO] [stdout]     |                                                                   ^^^^^^^
[INFO] [stdout] 
[INFO] [stdout] 
[INFO] [stdout] warning: use of deprecated method `chrono::TimeZone::ymd`: use `with_ymd_and_hms()` instead
[INFO] [stdout]    --> src/astro_math/mod.rs:256:51
[INFO] [stdout]     |
[INFO] [stdout] 256 |             calculate_greenwich_sidereal_time(Utc.ymd(2021, 1, 30).and_hms(21, 20, 0)),
[INFO] [stdout]     |                                                   ^^^
[INFO] [stdout] 
[INFO] [stdout] 
[INFO] [stdout] warning: use of deprecated method `chrono::Date::<Tz>::and_hms`: Use and_hms_opt() instead
[INFO] [stdout]    --> src/astro_math/mod.rs:256:68
[INFO] [stdout]     |
[INFO] [stdout] 256 |             calculate_greenwich_sidereal_time(Utc.ymd(2021, 1, 30).and_hms(21, 20, 0)),
[INFO] [stdout]     |                                                                    ^^^^^^^
[INFO] [stdout] 
[INFO] [stdout] 
[INFO] [stdout] warning: use of deprecated method `chrono::TimeZone::ymd`: use `with_ymd_and_hms()` instead
[INFO] [stdout]    --> src/astro_math/mod.rs:265:47
[INFO] [stdout]     |
[INFO] [stdout] 265 |             calculate_local_sidereal_time(Utc.ymd(1969, 1, 6).and_hms(1, 5, 0), -55.5),
[INFO] [stdout]     |                                               ^^^
[INFO] [stdout] 
[INFO] [stdout] 
[INFO] [stdout] warning: use of deprecated method `chrono::Date::<Tz>::and_hms`: Use and_hms_opt() instead
[INFO] [stdout]    --> src/astro_math/mod.rs:265:63
[INFO] [stdout]     |
[INFO] [stdout] 265 |             calculate_local_sidereal_time(Utc.ymd(1969, 1, 6).and_hms(1, 5, 0), -55.5),
[INFO] [stdout]     |                                                               ^^^^^^^
[INFO] [stdout] 
[INFO] [stdout] 
[INFO] [stdout] warning: use of deprecated method `chrono::TimeZone::ymd`: use `with_ymd_and_hms()` instead
[INFO] [stdout]    --> src/astro_math/mod.rs:270:47
[INFO] [stdout]     |
[INFO] [stdout] 270 |             calculate_local_sidereal_time(Utc.ymd(2021, 1, 30).and_hms(21, 20, 0), 90.),
[INFO] [stdout]     |                                               ^^^
[INFO] [stdout] 
[INFO] [stdout] 
[INFO] [stdout] warning: use of deprecated method `chrono::Date::<Tz>::and_hms`: Use and_hms_opt() instead
[INFO] [stdout]    --> src/astro_math/mod.rs:270:64
[INFO] [stdout]     |
[INFO] [stdout] 270 |             calculate_local_sidereal_time(Utc.ymd(2021, 1, 30).and_hms(21, 20, 0), 90.),
[INFO] [stdout]     |                                                                ^^^^^^^
[INFO] [stdout] 
[INFO] [stdout] 
[INFO] [stdout] warning: use of deprecated method `chrono::TimeZone::ymd`: use `with_ymd_and_hms()` instead
[INFO] [stdout]    --> src/astro_math/mod.rs:279:38
[INFO] [stdout]     |
[INFO] [stdout] 279 |             calculate_hour_angle(Utc.ymd(1969, 1, 6).and_hms(1, 5, 0), -55.5, -4.4),
[INFO] [stdout]     |                                      ^^^
[INFO] [stdout] 
[INFO] [stdout] 
[INFO] [stdout] warning: use of deprecated method `chrono::Date::<Tz>::and_hms`: Use and_hms_opt() instead
[INFO] [stdout]    --> src/astro_math/mod.rs:279:54
[INFO] [stdout]     |
[INFO] [stdout] 279 |             calculate_hour_angle(Utc.ymd(1969, 1, 6).and_hms(1, 5, 0), -55.5, -4.4),
[INFO] [stdout]     |                                                      ^^^^^^^
[INFO] [stdout] 
[INFO] [stdout] 
[INFO] [stdout] warning: use of deprecated method `chrono::TimeZone::ymd`: use `with_ymd_and_hms()` instead
[INFO] [stdout]    --> src/astro_math/mod.rs:284:38
[INFO] [stdout]     |
[INFO] [stdout] 284 |             calculate_hour_angle(Utc.ymd(2021, 1, 30).and_hms(21, 20, 0), 90., 12.),
[INFO] [stdout]     |                                      ^^^
[INFO] [stdout] 
[INFO] [stdout] 
[INFO] [stdout] warning: use of deprecated method `chrono::Date::<Tz>::and_hms`: Use and_hms_opt() instead
[INFO] [stdout]    --> src/astro_math/mod.rs:284:55
[INFO] [stdout]     |
[INFO] [stdout] 284 |             calculate_hour_angle(Utc.ymd(2021, 1, 30).and_hms(21, 20, 0), 90., 12.),
[INFO] [stdout]     |                                                       ^^^^^^^
[INFO] [stdout] 
[INFO] [stdout] 
[INFO] [stdout] warning: use of deprecated method `chrono::TimeZone::ymd`: use `with_ymd_and_hms()` instead
[INFO] [stdout]    --> src/telescope_control/commands/observing_pos.rs:109:29
[INFO] [stdout]     |
[INFO] [stdout] 109 |         let test_date = Utc.ymd(2222, 01, 01).and_hms(10, 00, 00);
[INFO] [stdout]     |                             ^^^
[INFO] [stdout] 
[INFO] [stdout] 
[INFO] [stdout] warning: use of deprecated method `chrono::Date::<Tz>::and_hms`: Use and_hms_opt() instead
[INFO] [stdout]    --> src/telescope_control/commands/observing_pos.rs:109:47
[INFO] [stdout]     |
[INFO] [stdout] 109 |         let test_date = Utc.ymd(2222, 01, 01).and_hms(10, 00, 00);
[INFO] [stdout]     |                                               ^^^^^^^
[INFO] [stdout] 
[INFO] [stdout] 
[INFO] [stdout] warning: associated function `calc_ha` is never used
[INFO] [stdout]   --> src/telescope_control/commands/pointing_pos.rs:40:12
[INFO] [stdout]    |
[INFO] [stdout] 10 | impl StarAdventurer {
[INFO] [stdout]    | ------------------- associated function in this implementation
[INFO] [stdout] ...
[INFO] [stdout] 40 |     pub fn calc_ha(
[INFO] [stdout]    |            ^^^^^^^
[INFO] [stdout]    |
[INFO] [stdout]    = note: `#[warn(dead_code)]` on by default
[INFO] [stdout] 
[INFO] [stdout] 
[INFO] [stdout] warning: 16 warnings emitted
[INFO] [stdout] 
[INFO] [stdout] 
[INFO] [stderr]     Finished test [unoptimized + debuginfo] target(s) in 3.57s
[INFO] running `Command { std: "docker" "inspect" "cdbb81f74278b56369245b619e1a0f26d1f0dea6207cb505a1674b5d2282becf", kill_on_drop: false }`
[INFO] running `Command { std: "docker" "rm" "-f" "cdbb81f74278b56369245b619e1a0f26d1f0dea6207cb505a1674b5d2282becf", kill_on_drop: false }`
[INFO] [stdout] cdbb81f74278b56369245b619e1a0f26d1f0dea6207cb505a1674b5d2282becf
[INFO] running `Command { std: "docker" "create" "-v" "/var/lib/crater-agent-workspace/builds/worker-4-tc1/target:/opt/rustwide/target:rw,Z" "-v" "/var/lib/crater-agent-workspace/builds/worker-4-tc1/source:/opt/rustwide/workdir:ro,Z" "-v" "/var/lib/crater-agent-workspace/cargo-home:/opt/rustwide/cargo-home:ro,Z" "-v" "/var/lib/crater-agent-workspace/rustup-home:/opt/rustwide/rustup-home:ro,Z" "-e" "SOURCE_DIR=/opt/rustwide/workdir" "-e" "CARGO_TARGET_DIR=/opt/rustwide/target" "-e" "CARGO_INCREMENTAL=0" "-e" "RUST_BACKTRACE=full" "-e" "RUSTFLAGS=--cap-lints=warn" "-e" "RUSTDOCFLAGS=--cap-lints=warn" "-e" "CARGO_HOME=/opt/rustwide/cargo-home" "-e" "RUSTUP_HOME=/opt/rustwide/rustup-home" "-w" "/opt/rustwide/workdir" "-m" "1610612736" "--user" "0:0" "--network" "none" "ghcr.io/rust-lang/crates-build-env/linux@sha256:2788e3201cd34a07e3172128adcd8b3090168a8e3bcc40d7c032b9dda1df7d1c" "/opt/rustwide/cargo-home/bin/cargo" "+1.75.0" "test" "--frozen", kill_on_drop: false }`
[INFO] [stdout] c8ba4667854ea952e50626e47b3d32daef6468dbb9e9975a7da5cf4ccac6e4d6
[INFO] running `Command { std: "docker" "start" "-a" "c8ba4667854ea952e50626e47b3d32daef6468dbb9e9975a7da5cf4ccac6e4d6", kill_on_drop: false }`
[INFO] [stderr] warning: unused import: `motor_accessor_types::open`
[INFO] [stderr]  --> src/telescope_control/connection/motor/mod.rs:7:9
[INFO] [stderr]   |
[INFO] [stderr] 7 | pub use motor_accessor_types::open;
[INFO] [stderr]   |         ^^^^^^^^^^^^^^^^^^^^^^^^^^
[INFO] [stderr]   |
[INFO] [stderr]   = note: `#[warn(unused_imports)]` on by default
[INFO] [stderr] 
[INFO] [stderr] warning: use of deprecated method `chrono::TimeZone::ymd`: use `with_ymd_and_hms()` instead
[INFO] [stderr]    --> src/astro_math/mod.rs:251:51
[INFO] [stderr]     |
[INFO] [stderr] 251 |             calculate_greenwich_sidereal_time(Utc.ymd(1969, 1, 6).and_hms(1, 5, 0)),
[INFO] [stderr]     |                                                   ^^^
[INFO] [stderr]     |
[INFO] [stderr]     = note: `#[warn(deprecated)]` on by default
[INFO] [stderr] 
[INFO] [stderr] warning: use of deprecated method `chrono::Date::<Tz>::and_hms`: Use and_hms_opt() instead
[INFO] [stderr]    --> src/astro_math/mod.rs:251:67
[INFO] [stderr]     |
[INFO] [stderr] 251 |             calculate_greenwich_sidereal_time(Utc.ymd(1969, 1, 6).and_hms(1, 5, 0)),
[INFO] [stderr]     |                                                                   ^^^^^^^
[INFO] [stderr] 
[INFO] [stderr] warning: use of deprecated method `chrono::TimeZone::ymd`: use `with_ymd_and_hms()` instead
[INFO] [stderr]    --> src/astro_math/mod.rs:256:51
[INFO] [stderr]     |
[INFO] [stderr] 256 |             calculate_greenwich_sidereal_time(Utc.ymd(2021, 1, 30).and_hms(21, 20, 0)),
[INFO] [stderr]     |                                                   ^^^
[INFO] [stderr] 
[INFO] [stderr] warning: use of deprecated method `chrono::Date::<Tz>::and_hms`: Use and_hms_opt() instead
[INFO] [stderr]    --> src/astro_math/mod.rs:256:68
[INFO] [stderr]     |
[INFO] [stderr] 256 |             calculate_greenwich_sidereal_time(Utc.ymd(2021, 1, 30).and_hms(21, 20, 0)),
[INFO] [stderr]     |                                                                    ^^^^^^^
[INFO] [stderr] 
[INFO] [stderr] warning: use of deprecated method `chrono::TimeZone::ymd`: use `with_ymd_and_hms()` instead
[INFO] [stderr]    --> src/astro_math/mod.rs:265:47
[INFO] [stderr]     |
[INFO] [stderr] 265 |             calculate_local_sidereal_time(Utc.ymd(1969, 1, 6).and_hms(1, 5, 0), -55.5),
[INFO] [stderr]     |                                               ^^^
[INFO] [stderr] 
[INFO] [stderr] warning: use of deprecated method `chrono::Date::<Tz>::and_hms`: Use and_hms_opt() instead
[INFO] [stderr]    --> src/astro_math/mod.rs:265:63
[INFO] [stderr]     |
[INFO] [stderr] 265 |             calculate_local_sidereal_time(Utc.ymd(1969, 1, 6).and_hms(1, 5, 0), -55.5),
[INFO] [stderr]     |                                                               ^^^^^^^
[INFO] [stderr] 
[INFO] [stderr] warning: use of deprecated method `chrono::TimeZone::ymd`: use `with_ymd_and_hms()` instead
[INFO] [stderr]    --> src/astro_math/mod.rs:270:47
[INFO] [stderr]     |
[INFO] [stderr] 270 |             calculate_local_sidereal_time(Utc.ymd(2021, 1, 30).and_hms(21, 20, 0), 90.),
[INFO] [stderr]     |                                               ^^^
[INFO] [stderr] 
[INFO] [stderr] warning: use of deprecated method `chrono::Date::<Tz>::and_hms`: Use and_hms_opt() instead
[INFO] [stderr]    --> src/astro_math/mod.rs:270:64
[INFO] [stderr]     |
[INFO] [stderr] 270 |             calculate_local_sidereal_time(Utc.ymd(2021, 1, 30).and_hms(21, 20, 0), 90.),
[INFO] [stderr]     |                                                                ^^^^^^^
[INFO] [stderr] 
[INFO] [stderr] warning: use of deprecated method `chrono::TimeZone::ymd`: use `with_ymd_and_hms()` instead
[INFO] [stderr]    --> src/astro_math/mod.rs:279:38
[INFO] [stderr]     |
[INFO] [stderr] 279 |             calculate_hour_angle(Utc.ymd(1969, 1, 6).and_hms(1, 5, 0), -55.5, -4.4),
[INFO] [stderr]     |                                      ^^^
[INFO] [stderr] 
[INFO] [stderr] warning: use of deprecated method `chrono::Date::<Tz>::and_hms`: Use and_hms_opt() instead
[INFO] [stderr]    --> src/astro_math/mod.rs:279:54
[INFO] [stderr]     |
[INFO] [stderr] 279 |             calculate_hour_angle(Utc.ymd(1969, 1, 6).and_hms(1, 5, 0), -55.5, -4.4),
[INFO] [stderr]     |                                                      ^^^^^^^
[INFO] [stderr] 
[INFO] [stderr] warning: use of deprecated method `chrono::TimeZone::ymd`: use `with_ymd_and_hms()` instead
[INFO] [stderr]    --> src/astro_math/mod.rs:284:38
[INFO] [stderr]     |
[INFO] [stderr] 284 |             calculate_hour_angle(Utc.ymd(2021, 1, 30).and_hms(21, 20, 0), 90., 12.),
[INFO] [stderr]     |                                      ^^^
[INFO] [stderr] 
[INFO] [stderr] warning: use of deprecated method `chrono::Date::<Tz>::and_hms`: Use and_hms_opt() instead
[INFO] [stderr]    --> src/astro_math/mod.rs:284:55
[INFO] [stderr]     |
[INFO] [stderr] 284 |             calculate_hour_angle(Utc.ymd(2021, 1, 30).and_hms(21, 20, 0), 90., 12.),
[INFO] [stderr]     |                                                       ^^^^^^^
[INFO] [stderr] 
[INFO] [stderr] warning: use of deprecated method `chrono::TimeZone::ymd`: use `with_ymd_and_hms()` instead
[INFO] [stderr]    --> src/telescope_control/commands/observing_pos.rs:109:29
[INFO] [stderr]     |
[INFO] [stderr] 109 |         let test_date = Utc.ymd(2222, 01, 01).and_hms(10, 00, 00);
[INFO] [stderr]     |                             ^^^
[INFO] [stderr] 
[INFO] [stderr] warning: use of deprecated method `chrono::Date::<Tz>::and_hms`: Use and_hms_opt() instead
[INFO] [stderr]    --> src/telescope_control/commands/observing_pos.rs:109:47
[INFO] [stderr]     |
[INFO] [stderr] 109 |         let test_date = Utc.ymd(2222, 01, 01).and_hms(10, 00, 00);
[INFO] [stderr]     |                                               ^^^^^^^
[INFO] [stderr] 
[INFO] [stderr] warning: associated function `calc_ha` is never used
[INFO] [stderr]   --> src/telescope_control/commands/pointing_pos.rs:40:12
[INFO] [stderr]    |
[INFO] [stderr] 10 | impl StarAdventurer {
[INFO] [stderr]    | ------------------- associated function in this implementation
[INFO] [stderr] ...
[INFO] [stderr] 40 |     pub fn calc_ha(
[INFO] [stderr]    |            ^^^^^^^
[INFO] [stderr]    |
[INFO] [stderr]    = note: `#[warn(dead_code)]` on by default
[INFO] [stderr] 
[INFO] [stderr] warning: `star_adventurer_alpaca` (bin "star_adventurer_alpaca" test) generated 16 warnings (run `cargo fix --bin "star_adventurer_alpaca" --tests` to apply 1 suggestion)
[INFO] [stderr]     Finished test [unoptimized + debuginfo] target(s) in 0.09s
[INFO] [stderr]      Running unittests src/main.rs (/opt/rustwide/target/debug/deps/star_adventurer_alpaca-3d125106968d2204)
[INFO] [stdout] 
[INFO] [stdout] running 17 tests
[INFO] [stdout] test astro_math::tests::test_calculate_greenwich_sidereal_time ... ok
[INFO] [stdout] test astro_math::tests::test_calculate_local_sidereal_time ... ok
[INFO] [stdout] test astro_math::tests::test_calculate_hour_angle ... ok
[INFO] [stdout] test astro_math::tests::test_dec_to_ms ... ok
[INFO] [stdout] test astro_math::tests::test_deg_to_hours ... ok
[INFO] [stdout] test astro_math::tests::test_deg_to_rad ... ok
[INFO] [stdout] test astro_math::tests::test_hours_to_deg ... ok
[INFO] [stdout] test astro_math::tests::test_hours_to_rad ... ok
[INFO] [stdout] test astro_math::tests::test_modulo ... ok
[INFO] [stdout] test astro_math::tests::test_ms_to_dec ... ok
[INFO] [stdout] test astro_math::tests::test_rad_to_deg ... ok
[INFO] [stdout] test astro_math::tests::test_rad_to_hours ... ok
[INFO] [stdout] test astro_math::tests::test_ha_dec_alt_az ... ok
[INFO] [stdout] test telescope_control::commands::observing_pos::tests::test_observing_location ... FAILED
[INFO] [stdout] test telescope_control::commands::sync::tests::test_sync ... FAILED
[INFO] [stdout] test telescope_control::commands::slew::tests::test_slew ... FAILED
[INFO] [stdout] test telescope_control::commands::observing_pos::tests::test_date ... FAILED
[INFO] [stdout] 
[INFO] [stdout] failures:
[INFO] [stdout] 
[INFO] [stdout] ---- telescope_control::commands::observing_pos::tests::test_observing_location stdout ----
[INFO] [stdout] thread 'telescope_control::commands::observing_pos::tests::test_observing_location' panicked at src/telescope_control/test_util.rs:6:80:
[INFO] [stdout] called `Result::unwrap()` on an `Err` value: BadTomlData(Error { inner: ErrorInner { kind: Custom, line: Some(10), col: 0, at: Some(151), message: "missing field `com`", key: [] } })
[INFO] [stdout] stack backtrace:
[INFO] [stdout]    0:     0x55fe3253569c - std::backtrace_rs::backtrace::libunwind::trace::ha637c64ce894333a
[INFO] [stdout]                                at /rustc/82e1608dfa6e0b5569232559e3d385fea5a93112/library/std/src/../../backtrace/src/backtrace/libunwind.rs:104:5
[INFO] [stdout]    1:     0x55fe3253569c - std::backtrace_rs::backtrace::trace_unsynchronized::h47f62dea28e0c88d
[INFO] [stdout]                                at /rustc/82e1608dfa6e0b5569232559e3d385fea5a93112/library/std/src/../../backtrace/src/backtrace/mod.rs:66:5
[INFO] [stdout]    2:     0x55fe3253569c - std::sys_common::backtrace::_print_fmt::h9eef0abe20ede486
[INFO] [stdout]                                at /rustc/82e1608dfa6e0b5569232559e3d385fea5a93112/library/std/src/sys_common/backtrace.rs:67:5
[INFO] [stdout]    3:     0x55fe3253569c - <std::sys_common::backtrace::_print::DisplayBacktrace as core::fmt::Display>::fmt::hed7f999df88cc644
[INFO] [stdout]                                at /rustc/82e1608dfa6e0b5569232559e3d385fea5a93112/library/std/src/sys_common/backtrace.rs:44:22
[INFO] [stdout]    4:     0x55fe325611a0 - core::fmt::rt::Argument::fmt::h1539a9308b8d058d
[INFO] [stdout]                                at /rustc/82e1608dfa6e0b5569232559e3d385fea5a93112/library/core/src/fmt/rt.rs:142:9
[INFO] [stdout]    5:     0x55fe325611a0 - core::fmt::write::h3a39390d8560d9c9
[INFO] [stdout]                                at /rustc/82e1608dfa6e0b5569232559e3d385fea5a93112/library/core/src/fmt/mod.rs:1120:17
[INFO] [stdout]    6:     0x55fe32532c0f - std::io::Write::write_fmt::h040b369f3a0f9cbc
[INFO] [stdout]                                at /rustc/82e1608dfa6e0b5569232559e3d385fea5a93112/library/std/src/io/mod.rs:1762:15
[INFO] [stdout]    7:     0x55fe32535484 - std::sys_common::backtrace::_print::h894006fb5c6f3d45
[INFO] [stdout]                                at /rustc/82e1608dfa6e0b5569232559e3d385fea5a93112/library/std/src/sys_common/backtrace.rs:47:5
[INFO] [stdout]    8:     0x55fe32535484 - std::sys_common::backtrace::print::h23a2d212c6fff936
[INFO] [stdout]                                at /rustc/82e1608dfa6e0b5569232559e3d385fea5a93112/library/std/src/sys_common/backtrace.rs:34:9
[INFO] [stdout]    9:     0x55fe32537147 - std::panicking::default_hook::{{closure}}::h8a1d2ee00185001a
[INFO] [stdout]   10:     0x55fe32536e33 - std::panicking::default_hook::h6038f2eba384e475
[INFO] [stdout]                                at /rustc/82e1608dfa6e0b5569232559e3d385fea5a93112/library/std/src/panicking.rs:289:9
[INFO] [stdout]   11:     0x55fe3241e1e7 - <alloc::boxed::Box<F,A> as core::ops::function::Fn<Args>>::call::h0ad024c9bdc6d768
[INFO] [stdout]                                at /rustc/82e1608dfa6e0b5569232559e3d385fea5a93112/library/alloc/src/boxed.rs:2021:9
[INFO] [stdout]   12:     0x55fe3241e1e7 - test::test_main::{{closure}}::h7500b54257359db6
[INFO] [stdout]                                at /rustc/82e1608dfa6e0b5569232559e3d385fea5a93112/library/test/src/lib.rs:138:21
[INFO] [stdout]   13:     0x55fe32537758 - <alloc::boxed::Box<F,A> as core::ops::function::Fn<Args>>::call::h1f8f335eaa9cfaee
[INFO] [stdout]                                at /rustc/82e1608dfa6e0b5569232559e3d385fea5a93112/library/alloc/src/boxed.rs:2021:9
[INFO] [stdout]   14:     0x55fe32537758 - std::panicking::rust_panic_with_hook::h2b5517d590cab22e
[INFO] [stdout]                                at /rustc/82e1608dfa6e0b5569232559e3d385fea5a93112/library/std/src/panicking.rs:783:13
[INFO] [stdout]   15:     0x55fe325374ae - std::panicking::begin_panic_handler::{{closure}}::h233112c06e0ef43e
[INFO] [stdout]                                at /rustc/82e1608dfa6e0b5569232559e3d385fea5a93112/library/std/src/panicking.rs:657:13
[INFO] [stdout]   16:     0x55fe32535b66 - std::sys_common::backtrace::__rust_end_short_backtrace::h6e893f24d7ebbff8
[INFO] [stdout]                                at /rustc/82e1608dfa6e0b5569232559e3d385fea5a93112/library/std/src/sys_common/backtrace.rs:170:18
[INFO] [stdout]   17:     0x55fe32537212 - rust_begin_unwind
[INFO] [stdout]                                at /rustc/82e1608dfa6e0b5569232559e3d385fea5a93112/library/std/src/panicking.rs:645:5
[INFO] [stdout]   18:     0x55fe32259ef5 - core::panicking::panic_fmt::hbf0e066aabfa482c
[INFO] [stdout]                                at /rustc/82e1608dfa6e0b5569232559e3d385fea5a93112/library/core/src/panicking.rs:72:14
[INFO] [stdout]   19:     0x55fe3225a4c3 - core::result::unwrap_failed::hddb4fea594200c52
[INFO] [stdout]                                at /rustc/82e1608dfa6e0b5569232559e3d385fea5a93112/library/core/src/result.rs:1653:5
[INFO] [stdout]   20:     0x55fe32345b36 - core::result::Result<T,E>::unwrap::h791a06554a0ab836
[INFO] [stdout]                                at /rustc/82e1608dfa6e0b5569232559e3d385fea5a93112/library/core/src/result.rs:1077:23
[INFO] [stdout]   21:     0x55fe3231fc9b - star_adventurer_alpaca::telescope_control::test_util::create_sa::{{closure}}::{{closure}}::h7e3bcd8bee8dab76
[INFO] [stdout]                                at /opt/rustwide/workdir/src/telescope_control/test_util.rs:6:43
[INFO] [stdout]   22:     0x55fe32399605 - core::option::Option<T>::unwrap_or_else::h0a8243fb2c85275f
[INFO] [stdout]                                at /rustc/82e1608dfa6e0b5569232559e3d385fea5a93112/library/core/src/option.rs:976:21
[INFO] [stdout]   23:     0x55fe3231f9e2 - star_adventurer_alpaca::telescope_control::test_util::create_sa::{{closure}}::h473ec426ce3b4c4d
[INFO] [stdout]                                at /opt/rustwide/workdir/src/telescope_control/test_util.rs:6:18
[INFO] [stdout]   24:     0x55fe32351985 - star_adventurer_alpaca::telescope_control::commands::observing_pos::tests::test_observing_location::{{closure}}::h2cad727f753e42a6
[INFO] [stdout]                                at /opt/rustwide/workdir/src/telescope_control/commands/observing_pos.rs:121:45
[INFO] [stdout]   25:     0x55fe322e70a8 - <core::pin::Pin<P> as core::future::future::Future>::poll::heb05594e1c30e491
[INFO] [stdout]                                at /rustc/82e1608dfa6e0b5569232559e3d385fea5a93112/library/core/src/future/future.rs:125:9
[INFO] [stdout]   26:     0x55fe322e6c5b - <core::pin::Pin<P> as core::future::future::Future>::poll::h52409087496cdff7
[INFO] [stdout]                                at /rustc/82e1608dfa6e0b5569232559e3d385fea5a93112/library/core/src/future/future.rs:125:9
[INFO] [stdout]   27:     0x55fe32367674 - tokio::runtime::scheduler::current_thread::CoreGuard::block_on::{{closure}}::{{closure}}::{{closure}}::ha1756c657d82f69c
[INFO] [stdout]                                at /opt/rustwide/cargo-home/registry/src/index.crates.io-6f17d22bba15001f/tokio-1.28.1/src/runtime/scheduler/current_thread.rs:541:57
[INFO] [stdout]   28:     0x55fe3236758a - tokio::runtime::coop::with_budget::h4e7b309309068dc2
[INFO] [stdout]                                at /opt/rustwide/cargo-home/registry/src/index.crates.io-6f17d22bba15001f/tokio-1.28.1/src/runtime/coop.rs:107:5
[INFO] [stdout]   29:     0x55fe3236758a - tokio::runtime::coop::budget::h84a3509e8c46f9d8
[INFO] [stdout]                                at /opt/rustwide/cargo-home/registry/src/index.crates.io-6f17d22bba15001f/tokio-1.28.1/src/runtime/coop.rs:73:5
[INFO] [stdout]   30:     0x55fe3236758a - tokio::runtime::scheduler::current_thread::CoreGuard::block_on::{{closure}}::{{closure}}::ha4f43627ee196909
[INFO] [stdout]                                at /opt/rustwide/cargo-home/registry/src/index.crates.io-6f17d22bba15001f/tokio-1.28.1/src/runtime/scheduler/current_thread.rs:541:25
[INFO] [stdout]   31:     0x55fe32365d6c - tokio::runtime::scheduler::current_thread::Context::enter::h31f9c6223bf282e6
[INFO] [stdout]                                at /opt/rustwide/cargo-home/registry/src/index.crates.io-6f17d22bba15001f/tokio-1.28.1/src/runtime/scheduler/current_thread.rs:350:19
[INFO] [stdout]   32:     0x55fe32366b5a - tokio::runtime::scheduler::current_thread::CoreGuard::block_on::{{closure}}::hb64523c2f8916fed
[INFO] [stdout]                                at /opt/rustwide/cargo-home/registry/src/index.crates.io-6f17d22bba15001f/tokio-1.28.1/src/runtime/scheduler/current_thread.rs:540:36
[INFO] [stdout]   33:     0x55fe3236686b - tokio::runtime::scheduler::current_thread::CoreGuard::enter::{{closure}}::h5d10caf619de45bf
[INFO] [stdout]                                at /opt/rustwide/cargo-home/registry/src/index.crates.io-6f17d22bba15001f/tokio-1.28.1/src/runtime/scheduler/current_thread.rs:615:57
[INFO] [stdout]   34:     0x55fe323408a8 - tokio::macros::scoped_tls::ScopedKey<T>::set::h854651e1f425a4d2
[INFO] [stdout]                                at /opt/rustwide/cargo-home/registry/src/index.crates.io-6f17d22bba15001f/tokio-1.28.1/src/macros/scoped_tls.rs:61:9
[INFO] [stdout]   35:     0x55fe323665ff - tokio::runtime::scheduler::current_thread::CoreGuard::enter::hf105c334c3be1181
[INFO] [stdout]                                at /opt/rustwide/cargo-home/registry/src/index.crates.io-6f17d22bba15001f/tokio-1.28.1/src/runtime/scheduler/current_thread.rs:615:27
[INFO] [stdout]   36:     0x55fe3236689d - tokio::runtime::scheduler::current_thread::CoreGuard::block_on::h54302ec2082684f8
[INFO] [stdout]                                at /opt/rustwide/cargo-home/registry/src/index.crates.io-6f17d22bba15001f/tokio-1.28.1/src/runtime/scheduler/current_thread.rs:530:19
[INFO] [stdout]   37:     0x55fe32362e8d - tokio::runtime::scheduler::current_thread::CurrentThread::block_on::h89a93fae0684218f
[INFO] [stdout]                                at /opt/rustwide/cargo-home/registry/src/index.crates.io-6f17d22bba15001f/tokio-1.28.1/src/runtime/scheduler/current_thread.rs:154:24
[INFO] [stdout]   38:     0x55fe3231884d - tokio::runtime::runtime::Runtime::block_on::h2099a56cfc768125
[INFO] [stdout]                                at /opt/rustwide/cargo-home/registry/src/index.crates.io-6f17d22bba15001f/tokio-1.28.1/src/runtime/runtime.rs:302:47
[INFO] [stdout]   39:     0x55fe32351608 - star_adventurer_alpaca::telescope_control::commands::observing_pos::tests::test_observing_location::h0ae6a6539e26d1f9
[INFO] [stdout]                                at /opt/rustwide/workdir/src/telescope_control/commands/observing_pos.rs:145:9
[INFO] [stdout]   40:     0x55fe32351497 - star_adventurer_alpaca::telescope_control::commands::observing_pos::tests::test_observing_location::{{closure}}::h491e9bea21cd7ff0
[INFO] [stdout]                                at /opt/rustwide/workdir/src/telescope_control/commands/observing_pos.rs:120:39
[INFO] [stdout]   41:     0x55fe322a7e36 - core::ops::function::FnOnce::call_once::h225b0bfd0fe6e78b
[INFO] [stdout]                                at /rustc/82e1608dfa6e0b5569232559e3d385fea5a93112/library/core/src/ops/function.rs:250:5
[INFO] [stdout]   42:     0x55fe3242383f - core::ops::function::FnOnce::call_once::h2b5d431d5046312d
[INFO] [stdout]                                at /rustc/82e1608dfa6e0b5569232559e3d385fea5a93112/library/core/src/ops/function.rs:250:5
[INFO] [stdout]   43:     0x55fe3242383f - test::__rust_begin_short_backtrace::h7714669af176e207
[INFO] [stdout]                                at /rustc/82e1608dfa6e0b5569232559e3d385fea5a93112/library/test/src/lib.rs:628:18
[INFO] [stdout]   44:     0x55fe32422855 - test::run_test_in_process::{{closure}}::h85218797dcbcec12
[INFO] [stdout]                                at /rustc/82e1608dfa6e0b5569232559e3d385fea5a93112/library/test/src/lib.rs:651:60
[INFO] [stdout]   45:     0x55fe32422855 - <core::panic::unwind_safe::AssertUnwindSafe<F> as core::ops::function::FnOnce<()>>::call_once::h76c106ea31c14d7b
[INFO] [stdout]                                at /rustc/82e1608dfa6e0b5569232559e3d385fea5a93112/library/core/src/panic/unwind_safe.rs:272:9
[INFO] [stdout]   46:     0x55fe32422855 - std::panicking::try::do_call::h3bd5d0f6620ee946
[INFO] [stdout]                                at /rustc/82e1608dfa6e0b5569232559e3d385fea5a93112/library/std/src/panicking.rs:552:40
[INFO] [stdout]   47:     0x55fe32422855 - std::panicking::try::h232e535e4744fe31
[INFO] [stdout]                                at /rustc/82e1608dfa6e0b5569232559e3d385fea5a93112/library/std/src/panicking.rs:516:19
[INFO] [stdout]   48:     0x55fe32422855 - std::panic::catch_unwind::h3ce3bd6ca8dbac68
[INFO] [stdout]                                at /rustc/82e1608dfa6e0b5569232559e3d385fea5a93112/library/std/src/panic.rs:142:14
[INFO] [stdout]   49:     0x55fe32422855 - test::run_test_in_process::hc97b257c9621286a
[INFO] [stdout]                                at /rustc/82e1608dfa6e0b5569232559e3d385fea5a93112/library/test/src/lib.rs:651:27
[INFO] [stdout]   50:     0x55fe32422855 - test::run_test::{{closure}}::h2aa798823a438d38
[INFO] [stdout]                                at /rustc/82e1608dfa6e0b5569232559e3d385fea5a93112/library/test/src/lib.rs:574:43
[INFO] [stdout]   51:     0x55fe323eab16 - test::run_test::{{closure}}::h87d231c78fb59832
[INFO] [stdout]                                at /rustc/82e1608dfa6e0b5569232559e3d385fea5a93112/library/test/src/lib.rs:602:41
[INFO] [stdout]   52:     0x55fe323eab16 - std::sys_common::backtrace::__rust_begin_short_backtrace::he6df152596625789
[INFO] [stdout]                                at /rustc/82e1608dfa6e0b5569232559e3d385fea5a93112/library/std/src/sys_common/backtrace.rs:154:18
[INFO] [stdout]   53:     0x55fe323efbc7 - std::thread::Builder::spawn_unchecked_::{{closure}}::{{closure}}::ha94be15d1e0acf36
[INFO] [stdout]                                at /rustc/82e1608dfa6e0b5569232559e3d385fea5a93112/library/std/src/thread/mod.rs:529:17
[INFO] [stdout]   54:     0x55fe323efbc7 - <core::panic::unwind_safe::AssertUnwindSafe<F> as core::ops::function::FnOnce<()>>::call_once::h9dc6bd6372f16606
[INFO] [stdout]                                at /rustc/82e1608dfa6e0b5569232559e3d385fea5a93112/library/core/src/panic/unwind_safe.rs:272:9
[INFO] [stdout]   55:     0x55fe323efbc7 - std::panicking::try::do_call::h9057517f80303cd4
[INFO] [stdout]                                at /rustc/82e1608dfa6e0b5569232559e3d385fea5a93112/library/std/src/panicking.rs:552:40
[INFO] [stdout]   56:     0x55fe323efbc7 - std::panicking::try::he3a30b11ee45340c
[INFO] [stdout]                                at /rustc/82e1608dfa6e0b5569232559e3d385fea5a93112/library/std/src/panicking.rs:516:19
[INFO] [stdout]   57:     0x55fe323efbc7 - std::panic::catch_unwind::h410458cfd3528b8b
[INFO] [stdout]                                at /rustc/82e1608dfa6e0b5569232559e3d385fea5a93112/library/std/src/panic.rs:142:14
[INFO] [stdout]   58:     0x55fe323efbc7 - std::thread::Builder::spawn_unchecked_::{{closure}}::h72ac3bdb567b737b
[INFO] [stdout]                                at /rustc/82e1608dfa6e0b5569232559e3d385fea5a93112/library/std/src/thread/mod.rs:528:30
[INFO] [stdout]   59:     0x55fe323efbc7 - core::ops::function::FnOnce::call_once{{vtable.shim}}::h38f34da3654a8344
[INFO] [stdout]                                at /rustc/82e1608dfa6e0b5569232559e3d385fea5a93112/library/core/src/ops/function.rs:250:5
[INFO] [stdout]   60:     0x55fe3253c365 - <alloc::boxed::Box<F,A> as core::ops::function::FnOnce<Args>>::call_once::hc7eafaff61e32df9
[INFO] [stdout]                                at /rustc/82e1608dfa6e0b5569232559e3d385fea5a93112/library/alloc/src/boxed.rs:2007:9
[INFO] [stdout]   61:     0x55fe3253c365 - <alloc::boxed::Box<F,A> as core::ops::function::FnOnce<Args>>::call_once::h6ba4a5de48dd2304
[INFO] [stdout]                                at /rustc/82e1608dfa6e0b5569232559e3d385fea5a93112/library/alloc/src/boxed.rs:2007:9
[INFO] [stdout]   62:     0x55fe3253c365 - std::sys::unix::thread::Thread::new::thread_start::he469335aef763e45
[INFO] [stdout]                                at /rustc/82e1608dfa6e0b5569232559e3d385fea5a93112/library/std/src/sys/unix/thread.rs:108:17
[INFO] [stdout]   63:     0x7ff35ca37ac3 - <unknown>
[INFO] [stdout]   64:     0x7ff35cac8bf4 - __clone
[INFO] [stdout]   65:                0x0 - <unknown>
[INFO] [stdout] 
[INFO] [stdout] ---- telescope_control::commands::sync::tests::test_sync stdout ----
[INFO] [stdout] thread 'telescope_control::commands::sync::tests::test_sync' panicked at src/telescope_control/test_util.rs:6:80:
[INFO] [stdout] called `Result::unwrap()` on an `Err` value: BadTomlData(Error { inner: ErrorInner { kind: Custom, line: Some(10), col: 0, at: Some(151), message: "missing field `com`", key: [] } })
[INFO] [stdout] stack backtrace:
[INFO] [stdout]    0:     0x55fe3253569c - std::backtrace_rs::backtrace::libunwind::trace::ha637c64ce894333a
[INFO] [stdout]                                at /rustc/82e1608dfa6e0b5569232559e3d385fea5a93112/library/std/src/../../backtrace/src/backtrace/libunwind.rs:104:5
[INFO] [stdout]    1:     0x55fe3253569c - std::backtrace_rs::backtrace::trace_unsynchronized::h47f62dea28e0c88d
[INFO] [stdout]                                at /rustc/82e1608dfa6e0b5569232559e3d385fea5a93112/library/std/src/../../backtrace/src/backtrace/mod.rs:66:5
[INFO] [stdout]    2:     0x55fe3253569c - std::sys_common::backtrace::_print_fmt::h9eef0abe20ede486
[INFO] [stdout]                                at /rustc/82e1608dfa6e0b5569232559e3d385fea5a93112/library/std/src/sys_common/backtrace.rs:67:5
[INFO] [stdout]    3:     0x55fe3253569c - <std::sys_common::backtrace::_print::DisplayBacktrace as core::fmt::Display>::fmt::hed7f999df88cc644
[INFO] [stdout]                                at /rustc/82e1608dfa6e0b5569232559e3d385fea5a93112/library/std/src/sys_common/backtrace.rs:44:22
[INFO] [stdout]    4:     0x55fe325611a0 - core::fmt::rt::Argument::fmt::h1539a9308b8d058d
[INFO] [stdout]                                at /rustc/82e1608dfa6e0b5569232559e3d385fea5a93112/library/core/src/fmt/rt.rs:142:9
[INFO] [stdout]    5:     0x55fe325611a0 - core::fmt::write::h3a39390d8560d9c9
[INFO] [stdout]                                at /rustc/82e1608dfa6e0b5569232559e3d385fea5a93112/library/core/src/fmt/mod.rs:1120:17
[INFO] [stdout]    6:     0x55fe32532c0f - std::io::Write::write_fmt::h040b369f3a0f9cbc
[INFO] [stdout]                                at /rustc/82e1608dfa6e0b5569232559e3d385fea5a93112/library/std/src/io/mod.rs:1762:15
[INFO] [stdout]    7:     0x55fe32535484 - std::sys_common::backtrace::_print::h894006fb5c6f3d45
[INFO] [stdout]                                at /rustc/82e1608dfa6e0b5569232559e3d385fea5a93112/library/std/src/sys_common/backtrace.rs:47:5
[INFO] [stdout]    8:     0x55fe32535484 - std::sys_common::backtrace::print::h23a2d212c6fff936
[INFO] [stdout]                                at /rustc/82e1608dfa6e0b5569232559e3d385fea5a93112/library/std/src/sys_common/backtrace.rs:34:9
[INFO] [stdout]    9:     0x55fe32537147 - std::panicking::default_hook::{{closure}}::h8a1d2ee00185001a
[INFO] [stdout]   10:     0x55fe32536e33 - std::panicking::default_hook::h6038f2eba384e475
[INFO] [stdout]                                at /rustc/82e1608dfa6e0b5569232559e3d385fea5a93112/library/std/src/panicking.rs:289:9
[INFO] [stdout]   11:     0x55fe3241e1e7 - <alloc::boxed::Box<F,A> as core::ops::function::Fn<Args>>::call::h0ad024c9bdc6d768
[INFO] [stdout]                                at /rustc/82e1608dfa6e0b5569232559e3d385fea5a93112/library/alloc/src/boxed.rs:2021:9
[INFO] [stdout]   12:     0x55fe3241e1e7 - test::test_main::{{closure}}::h7500b54257359db6
[INFO] [stdout]                                at /rustc/82e1608dfa6e0b5569232559e3d385fea5a93112/library/test/src/lib.rs:138:21
[INFO] [stdout]   13:     0x55fe32537758 - <alloc::boxed::Box<F,A> as core::ops::function::Fn<Args>>::call::h1f8f335eaa9cfaee
[INFO] [stdout]                                at /rustc/82e1608dfa6e0b5569232559e3d385fea5a93112/library/alloc/src/boxed.rs:2021:9
[INFO] [stdout]   14:     0x55fe32537758 - std::panicking::rust_panic_with_hook::h2b5517d590cab22e
[INFO] [stdout]                                at /rustc/82e1608dfa6e0b5569232559e3d385fea5a93112/library/std/src/panicking.rs:783:13
[INFO] [stdout]   15:     0x55fe325374ae - std::panicking::begin_panic_handler::{{closure}}::h233112c06e0ef43e
[INFO] [stdout]                                at /rustc/82e1608dfa6e0b5569232559e3d385fea5a93112/library/std/src/panicking.rs:657:13
[INFO] [stdout]   16:     0x55fe32535b66 - std::sys_common::backtrace::__rust_end_short_backtrace::h6e893f24d7ebbff8
[INFO] [stdout]                                at /rustc/82e1608dfa6e0b5569232559e3d385fea5a93112/library/std/src/sys_common/backtrace.rs:170:18
[INFO] [stdout]   17:     0x55fe32537212 - rust_begin_unwind
[INFO] [stdout]                                at /rustc/82e1608dfa6e0b5569232559e3d385fea5a93112/library/std/src/panicking.rs:645:5
[INFO] [stdout]   18:     0x55fe32259ef5 - core::panicking::panic_fmt::hbf0e066aabfa482c
[INFO] [stdout]                                at /rustc/82e1608dfa6e0b5569232559e3d385fea5a93112/library/core/src/panicking.rs:72:14
[INFO] [stdout]   19:     0x55fe3225a4c3 - core::result::unwrap_failed::hddb4fea594200c52
[INFO] [stdout]                                at /rustc/82e1608dfa6e0b5569232559e3d385fea5a93112/library/core/src/result.rs:1653:5
[INFO] [stdout]   20:     0x55fe32345b36 - core::result::Result<T,E>::unwrap::h791a06554a0ab836
[INFO] [stdout]                                at /rustc/82e1608dfa6e0b5569232559e3d385fea5a93112/library/core/src/result.rs:1077:23
[INFO] [stdout]   21:     0x55fe3231fc9b - star_adventurer_alpaca::telescope_control::test_util::create_sa::{{closure}}::{{closure}}::h7e3bcd8bee8dab76
[INFO] [stdout]                                at /opt/rustwide/workdir/src/telescope_control/test_util.rs:6:43
[INFO] [stdout]   22:     0x55fe32399605 - core::option::Option<T>::unwrap_or_else::h0a8243fb2c85275f
[INFO] [stdout]                                at /rustc/82e1608dfa6e0b5569232559e3d385fea5a93112/library/core/src/option.rs:976:21
[INFO] [stdout]   23:     0x55fe3231f9e2 - star_adventurer_alpaca::telescope_control::test_util::create_sa::{{closure}}::h473ec426ce3b4c4d
[INFO] [stdout]                                at /opt/rustwide/workdir/src/telescope_control/test_util.rs:6:18
[INFO] [stdout]   24:     0x55fe323540da - star_adventurer_alpaca::telescope_control::commands::sync::tests::test_sync::{{closure}}::h1427ef1ad7a4e05c
[INFO] [stdout]                                at /opt/rustwide/workdir/src/telescope_control/commands/sync.rs:138:45
[INFO] [stdout]   25:     0x55fe322e70a8 - <core::pin::Pin<P> as core::future::future::Future>::poll::heb05594e1c30e491
[INFO] [stdout]                                at /rustc/82e1608dfa6e0b5569232559e3d385fea5a93112/library/core/src/future/future.rs:125:9
[INFO] [stdout]   26:     0x55fe322e6c5b - <core::pin::Pin<P> as core::future::future::Future>::poll::h52409087496cdff7
[INFO] [stdout]                                at /rustc/82e1608dfa6e0b5569232559e3d385fea5a93112/library/core/src/future/future.rs:125:9
[INFO] [stdout]   27:     0x55fe32367674 - tokio::runtime::scheduler::current_thread::CoreGuard::block_on::{{closure}}::{{closure}}::{{closure}}::ha1756c657d82f69c
[INFO] [stdout]                                at /opt/rustwide/cargo-home/registry/src/index.crates.io-6f17d22bba15001f/tokio-1.28.1/src/runtime/scheduler/current_thread.rs:541:57
[INFO] [stdout]   28:     0x55fe3236758a - tokio::runtime::coop::with_budget::h4e7b309309068dc2
[INFO] [stdout]                                at /opt/rustwide/cargo-home/registry/src/index.crates.io-6f17d22bba15001f/tokio-1.28.1/src/runtime/coop.rs:107:5
[INFO] [stdout]   29:     0x55fe3236758a - tokio::runtime::coop::budget::h84a3509e8c46f9d8
[INFO] [stdout]                                at /opt/rustwide/cargo-home/registry/src/index.crates.io-6f17d22bba15001f/tokio-1.28.1/src/runtime/coop.rs:73:5
[INFO] [stdout]   30:     0x55fe3236758a - tokio::runtime::scheduler::current_thread::CoreGuard::block_on::{{closure}}::{{closure}}::ha4f43627ee196909
[INFO] [stdout]                                at /opt/rustwide/cargo-home/registry/src/index.crates.io-6f17d22bba15001f/tokio-1.28.1/src/runtime/scheduler/current_thread.rs:541:25
[INFO] [stdout]   31:     0x55fe32365d6c - tokio::runtime::scheduler::current_thread::Context::enter::h31f9c6223bf282e6
[INFO] [stdout]                                at /opt/rustwide/cargo-home/registry/src/index.crates.io-6f17d22bba15001f/tokio-1.28.1/src/runtime/scheduler/current_thread.rs:350:19
[INFO] [stdout]   32:     0x55fe32366b5a - tokio::runtime::scheduler::current_thread::CoreGuard::block_on::{{closure}}::hb64523c2f8916fed
[INFO] [stdout]                                at /opt/rustwide/cargo-home/registry/src/index.crates.io-6f17d22bba15001f/tokio-1.28.1/src/runtime/scheduler/current_thread.rs:540:36
[INFO] [stdout]   33:     0x55fe3236686b - tokio::runtime::scheduler::current_thread::CoreGuard::enter::{{closure}}::h5d10caf619de45bf
[INFO] [stdout]                                at /opt/rustwide/cargo-home/registry/src/index.crates.io-6f17d22bba15001f/tokio-1.28.1/src/runtime/scheduler/current_thread.rs:615:57
[INFO] [stdout]   34:     0x55fe323408a8 - tokio::macros::scoped_tls::ScopedKey<T>::set::h854651e1f425a4d2
[INFO] [stdout]                                at /opt/rustwide/cargo-home/registry/src/index.crates.io-6f17d22bba15001f/tokio-1.28.1/src/macros/scoped_tls.rs:61:9
[INFO] [stdout]   35:     0x55fe323665ff - tokio::runtime::scheduler::current_thread::CoreGuard::enter::hf105c334c3be1181
[INFO] [stdout]                                at /opt/rustwide/cargo-home/registry/src/index.crates.io-6f17d22bba15001f/tokio-1.28.1/src/runtime/scheduler/current_thread.rs:615:27
[INFO] [stdout]   36:     0x55fe3236689d - tokio::runtime::scheduler::current_thread::CoreGuard::block_on::h54302ec2082684f8
[INFO] [stdout]                                at /opt/rustwide/cargo-home/registry/src/index.crates.io-6f17d22bba15001f/tokio-1.28.1/src/runtime/scheduler/current_thread.rs:530:19
[INFO] [stdout]   37:     0x55fe32362e8d - tokio::runtime::scheduler::current_thread::CurrentThread::block_on::h89a93fae0684218f
[INFO] [stdout]                                at /opt/rustwide/cargo-home/registry/src/index.crates.io-6f17d22bba15001f/tokio-1.28.1/src/runtime/scheduler/current_thread.rs:154:24
[INFO] [stdout]   38:     0x55fe3231884d - tokio::runtime::runtime::Runtime::block_on::h2099a56cfc768125
[INFO] [stdout]                                at /opt/rustwide/cargo-home/registry/src/index.crates.io-6f17d22bba15001f/tokio-1.28.1/src/runtime/runtime.rs:302:47
[INFO] [stdout]   39:     0x55fe32353d78 - star_adventurer_alpaca::telescope_control::commands::sync::tests::test_sync::hcb6fdfbbe9125c5c
[INFO] [stdout]                                at /opt/rustwide/workdir/src/telescope_control/commands/sync.rs:149:9
[INFO] [stdout]   40:     0x55fe32353c07 - star_adventurer_alpaca::telescope_control::commands::sync::tests::test_sync::{{closure}}::hbfa9f915e7a03001
[INFO] [stdout]                                at /opt/rustwide/workdir/src/telescope_control/commands/sync.rs:137:25
[INFO] [stdout]   41:     0x55fe322a8dc6 - core::ops::function::FnOnce::call_once::h8ed5866dd13082eb
[INFO] [stdout]                                at /rustc/82e1608dfa6e0b5569232559e3d385fea5a93112/library/core/src/ops/function.rs:250:5
[INFO] [stdout]   42:     0x55fe3242383f - core::ops::function::FnOnce::call_once::h2b5d431d5046312d
[INFO] [stdout]                                at /rustc/82e1608dfa6e0b5569232559e3d385fea5a93112/library/core/src/ops/function.rs:250:5
[INFO] [stdout]   43:     0x55fe3242383f - test::__rust_begin_short_backtrace::h7714669af176e207
[INFO] [stdout]                                at /rustc/82e1608dfa6e0b5569232559e3d385fea5a93112/library/test/src/lib.rs:628:18
[INFO] [stdout]   44:     0x55fe32422855 - test::run_test_in_process::{{closure}}::h85218797dcbcec12
[INFO] [stdout]                                at /rustc/82e1608dfa6e0b5569232559e3d385fea5a93112/library/test/src/lib.rs:651:60
[INFO] [stdout]   45:     0x55fe32422855 - <core::panic::unwind_safe::AssertUnwindSafe<F> as core::ops::function::FnOnce<()>>::call_once::h76c106ea31c14d7b
[INFO] [stdout]                                at /rustc/82e1608dfa6e0b5569232559e3d385fea5a93112/library/core/src/panic/unwind_safe.rs:272:9
[INFO] [stdout]   46:     0x55fe32422855 - std::panicking::try::do_call::h3bd5d0f6620ee946
[INFO] [stdout]                                at /rustc/82e1608dfa6e0b5569232559e3d385fea5a93112/library/std/src/panicking.rs:552:40
[INFO] [stdout]   47:     0x55fe32422855 - std::panicking::try::h232e535e4744fe31
[INFO] [stdout]                                at /rustc/82e1608dfa6e0b5569232559e3d385fea5a93112/library/std/src/panicking.rs:516:19
[INFO] [stdout]   48:     0x55fe32422855 - std::panic::catch_unwind::h3ce3bd6ca8dbac68
[INFO] [stdout]                                at /rustc/82e1608dfa6e0b5569232559e3d385fea5a93112/library/std/src/panic.rs:142:14
[INFO] [stdout]   49:     0x55fe32422855 - test::run_test_in_process::hc97b257c9621286a
[INFO] [stdout]                                at /rustc/82e1608dfa6e0b5569232559e3d385fea5a93112/library/test/src/lib.rs:651:27
[INFO] [stdout]   50:     0x55fe32422855 - test::run_test::{{closure}}::h2aa798823a438d38
[INFO] [stdout]                                at /rustc/82e1608dfa6e0b5569232559e3d385fea5a93112/library/test/src/lib.rs:574:43
[INFO] [stdout]   51:     0x55fe323eab16 - test::run_test::{{closure}}::h87d231c78fb59832
[INFO] [stdout]                                at /rustc/82e1608dfa6e0b5569232559e3d385fea5a93112/library/test/src/lib.rs:602:41
[INFO] [stdout]   52:     0x55fe323eab16 - std::sys_common::backtrace::__rust_begin_short_backtrace::he6df152596625789
[INFO] [stdout]                                at /rustc/82e1608dfa6e0b5569232559e3d385fea5a93112/library/std/src/sys_common/backtrace.rs:154:18
[INFO] [stdout]   53:     0x55fe323efbc7 - std::thread::Builder::spawn_unchecked_::{{closure}}::{{closure}}::ha94be15d1e0acf36
[INFO] [stdout]                                at /rustc/82e1608dfa6e0b5569232559e3d385fea5a93112/library/std/src/thread/mod.rs:529:17
[INFO] [stdout]   54:     0x55fe323efbc7 - <core::panic::unwind_safe::AssertUnwindSafe<F> as core::ops::function::FnOnce<()>>::call_once::h9dc6bd6372f16606
[INFO] [stdout]                                at /rustc/82e1608dfa6e0b5569232559e3d385fea5a93112/library/core/src/panic/unwind_safe.rs:272:9
[INFO] [stdout]   55:     0x55fe323efbc7 - std::panicking::try::do_call::h9057517f80303cd4
[INFO] [stdout]                                at /rustc/82e1608dfa6e0b5569232559e3d385fea5a93112/library/std/src/panicking.rs:552:40
[INFO] [stdout]   56:     0x55fe323efbc7 - std::panicking::try::he3a30b11ee45340c
[INFO] [stdout]                                at /rustc/82e1608dfa6e0b5569232559e3d385fea5a93112/library/std/src/panicking.rs:516:19
[INFO] [stdout]   57:     0x55fe323efbc7 - std::panic::catch_unwind::h410458cfd3528b8b
[INFO] [stdout]                                at /rustc/82e1608dfa6e0b5569232559e3d385fea5a93112/library/std/src/panic.rs:142:14
[INFO] [stdout]   58:     0x55fe323efbc7 - std::thread::Builder::spawn_unchecked_::{{closure}}::h72ac3bdb567b737b
[INFO] [stdout]                                at /rustc/82e1608dfa6e0b5569232559e3d385fea5a93112/library/std/src/thread/mod.rs:528:30
[INFO] [stdout]   59:     0x55fe323efbc7 - core::ops::function::FnOnce::call_once{{vtable.shim}}::h38f34da3654a8344
[INFO] [stdout]                                at /rustc/82e1608dfa6e0b5569232559e3d385fea5a93112/library/core/src/ops/function.rs:250:5
[INFO] [stdout]   60:     0x55fe3253c365 - <alloc::boxed::Box<F,A> as core::ops::function::FnOnce<Args>>::call_once::hc7eafaff61e32df9
[INFO] [stdout]                                at /rustc/82e1608dfa6e0b5569232559e3d385fea5a93112/library/alloc/src/boxed.rs:2007:9
[INFO] [stdout]   61:     0x55fe3253c365 - <alloc::boxed::Box<F,A> as core::ops::function::FnOnce<Args>>::call_once::h6ba4a5de48dd2304
[INFO] [stdout]                                at /rustc/82e1608dfa6e0b5569232559e3d385fea5a93112/library/alloc/src/boxed.rs:2007:9
[INFO] [stdout]   62:     0x55fe3253c365 - std::sys::unix::thread::Thread::new::thread_start::he469335aef763e45
[INFO] [stdout]                                at /rustc/82e1608dfa6e0b5569232559e3d385fea5a93112/library/std/src/sys/unix/thread.rs:108:17
[INFO] [stdout]   63:     0x7ff35ca37ac3 - <unknown>
[INFO] [stdout]   64:     0x7ff35cac8bf4 - __clone
[INFO] [stdout]   65:                0x0 - <unknown>
[INFO] [stdout] 
[INFO] [stdout] ---- telescope_control::commands::slew::tests::test_slew stdout ----
[INFO] [stdout] thread 'telescope_control::commands::slew::tests::test_slew' panicked at src/telescope_control/test_util.rs:6:80:
[INFO] [stdout] called `Result::unwrap()` on an `Err` value: BadTomlData(Error { inner: ErrorInner { kind: Custom, line: Some(10), col: 0, at: Some(151), message: "missing field `com`", key: [] } })
[INFO] [stdout] stack backtrace:
[INFO] [stdout]    0:     0x55fe3253569c - std::backtrace_rs::backtrace::libunwind::trace::ha637c64ce894333a
[INFO] [stdout]                                at /rustc/82e1608dfa6e0b5569232559e3d385fea5a93112/library/std/src/../../backtrace/src/backtrace/libunwind.rs:104:5
[INFO] [stdout]    1:     0x55fe3253569c - std::backtrace_rs::backtrace::trace_unsynchronized::h47f62dea28e0c88d
[INFO] [stdout]                                at /rustc/82e1608dfa6e0b5569232559e3d385fea5a93112/library/std/src/../../backtrace/src/backtrace/mod.rs:66:5
[INFO] [stdout]    2:     0x55fe3253569c - std::sys_common::backtrace::_print_fmt::h9eef0abe20ede486
[INFO] [stdout]                                at /rustc/82e1608dfa6e0b5569232559e3d385fea5a93112/library/std/src/sys_common/backtrace.rs:67:5
[INFO] [stdout]    3:     0x55fe3253569c - <std::sys_common::backtrace::_print::DisplayBacktrace as core::fmt::Display>::fmt::hed7f999df88cc644
[INFO] [stdout]                                at /rustc/82e1608dfa6e0b5569232559e3d385fea5a93112/library/std/src/sys_common/backtrace.rs:44:22
[INFO] [stdout]    4:     0x55fe325611a0 - core::fmt::rt::Argument::fmt::h1539a9308b8d058d
[INFO] [stdout]                                at /rustc/82e1608dfa6e0b5569232559e3d385fea5a93112/library/core/src/fmt/rt.rs:142:9
[INFO] [stdout]    5:     0x55fe325611a0 - core::fmt::write::h3a39390d8560d9c9
[INFO] [stdout]                                at /rustc/82e1608dfa6e0b5569232559e3d385fea5a93112/library/core/src/fmt/mod.rs:1120:17
[INFO] [stdout]    6:     0x55fe32532c0f - std::io::Write::write_fmt::h040b369f3a0f9cbc
[INFO] [stdout]                                at /rustc/82e1608dfa6e0b5569232559e3d385fea5a93112/library/std/src/io/mod.rs:1762:15
[INFO] [stdout]    7:     0x55fe32535484 - std::sys_common::backtrace::_print::h894006fb5c6f3d45
[INFO] [stdout]                                at /rustc/82e1608dfa6e0b5569232559e3d385fea5a93112/library/std/src/sys_common/backtrace.rs:47:5
[INFO] [stdout]    8:     0x55fe32535484 - std::sys_common::backtrace::print::h23a2d212c6fff936
[INFO] [stdout]                                at /rustc/82e1608dfa6e0b5569232559e3d385fea5a93112/library/std/src/sys_common/backtrace.rs:34:9
[INFO] [stdout]    9:     0x55fe32537147 - std::panicking::default_hook::{{closure}}::h8a1d2ee00185001a
[INFO] [stdout]   10:     0x55fe32536e33 - std::panicking::default_hook::h6038f2eba384e475
[INFO] [stdout]                                at /rustc/82e1608dfa6e0b5569232559e3d385fea5a93112/library/std/src/panicking.rs:289:9
[INFO] [stdout]   11:     0x55fe3241e1e7 - <alloc::boxed::Box<F,A> as core::ops::function::Fn<Args>>::call::h0ad024c9bdc6d768
[INFO] [stdout]                                at /rustc/82e1608dfa6e0b5569232559e3d385fea5a93112/library/alloc/src/boxed.rs:2021:9
[INFO] [stdout]   12:     0x55fe3241e1e7 - test::test_main::{{closure}}::h7500b54257359db6
[INFO] [stdout]                                at /rustc/82e1608dfa6e0b5569232559e3d385fea5a93112/library/test/src/lib.rs:138:21
[INFO] [stdout]   13:     0x55fe32537758 - <alloc::boxed::Box<F,A> as core::ops::function::Fn<Args>>::call::h1f8f335eaa9cfaee
[INFO] [stdout]                                at /rustc/82e1608dfa6e0b5569232559e3d385fea5a93112/library/alloc/src/boxed.rs:2021:9
[INFO] [stdout]   14:     0x55fe32537758 - std::panicking::rust_panic_with_hook::h2b5517d590cab22e
[INFO] [stdout]                                at /rustc/82e1608dfa6e0b5569232559e3d385fea5a93112/library/std/src/panicking.rs:783:13
[INFO] [stdout]   15:     0x55fe325374ae - std::panicking::begin_panic_handler::{{closure}}::h233112c06e0ef43e
[INFO] [stdout]                                at /rustc/82e1608dfa6e0b5569232559e3d385fea5a93112/library/std/src/panicking.rs:657:13
[INFO] [stdout]   16:     0x55fe32535b66 - std::sys_common::backtrace::__rust_end_short_backtrace::h6e893f24d7ebbff8
[INFO] [stdout]                                at /rustc/82e1608dfa6e0b5569232559e3d385fea5a93112/library/std/src/sys_common/backtrace.rs:170:18
[INFO] [stdout]   17:     0x55fe32537212 - rust_begin_unwind
[INFO] [stdout]                                at /rustc/82e1608dfa6e0b5569232559e3d385fea5a93112/library/std/src/panicking.rs:645:5
[INFO] [stdout]   18:     0x55fe32259ef5 - core::panicking::panic_fmt::hbf0e066aabfa482c
[INFO] [stdout]                                at /rustc/82e1608dfa6e0b5569232559e3d385fea5a93112/library/core/src/panicking.rs:72:14
[INFO] [stdout]   19:     0x55fe3225a4c3 - core::result::unwrap_failed::hddb4fea594200c52
[INFO] [stdout]                                at /rustc/82e1608dfa6e0b5569232559e3d385fea5a93112/library/core/src/result.rs:1653:5
[INFO] [stdout]   20:     0x55fe32345b36 - core::result::Result<T,E>::unwrap::h791a06554a0ab836
[INFO] [stdout]                                at /rustc/82e1608dfa6e0b5569232559e3d385fea5a93112/library/core/src/result.rs:1077:23
[INFO] [stdout]   21:     0x55fe3231fc9b - star_adventurer_alpaca::telescope_control::test_util::create_sa::{{closure}}::{{closure}}::h7e3bcd8bee8dab76
[INFO] [stdout]                                at /opt/rustwide/workdir/src/telescope_control/test_util.rs:6:43
[INFO] [stdout]   22:     0x55fe32399605 - core::option::Option<T>::unwrap_or_else::h0a8243fb2c85275f
[INFO] [stdout]                                at /rustc/82e1608dfa6e0b5569232559e3d385fea5a93112/library/core/src/option.rs:976:21
[INFO] [stdout]   23:     0x55fe3231f9e2 - star_adventurer_alpaca::telescope_control::test_util::create_sa::{{closure}}::h473ec426ce3b4c4d
[INFO] [stdout]                                at /opt/rustwide/workdir/src/telescope_control/test_util.rs:6:18
[INFO] [stdout]   24:     0x55fe32353838 - star_adventurer_alpaca::telescope_control::commands::slew::tests::test_slew::{{closure}}::ha0876799832d40fe
[INFO] [stdout]                                at /opt/rustwide/workdir/src/telescope_control/commands/slew.rs:604:45
[INFO] [stdout]   25:     0x55fe322e70a8 - <core::pin::Pin<P> as core::future::future::Future>::poll::heb05594e1c30e491
[INFO] [stdout]                                at /rustc/82e1608dfa6e0b5569232559e3d385fea5a93112/library/core/src/future/future.rs:125:9
[INFO] [stdout]   26:     0x55fe322e6c5b - <core::pin::Pin<P> as core::future::future::Future>::poll::h52409087496cdff7
[INFO] [stdout]                                at /rustc/82e1608dfa6e0b5569232559e3d385fea5a93112/library/core/src/future/future.rs:125:9
[INFO] [stdout]   27:     0x55fe32367674 - tokio::runtime::scheduler::current_thread::CoreGuard::block_on::{{closure}}::{{closure}}::{{closure}}::ha1756c657d82f69c
[INFO] [stdout]                                at /opt/rustwide/cargo-home/registry/src/index.crates.io-6f17d22bba15001f/tokio-1.28.1/src/runtime/scheduler/current_thread.rs:541:57
[INFO] [stdout]   28:     0x55fe3236758a - tokio::runtime::coop::with_budget::h4e7b309309068dc2
[INFO] [stdout]                                at /opt/rustwide/cargo-home/registry/src/index.crates.io-6f17d22bba15001f/tokio-1.28.1/src/runtime/coop.rs:107:5
[INFO] [stdout]   29:     0x55fe3236758a - tokio::runtime::coop::budget::h84a3509e8c46f9d8
[INFO] [stdout]                                at /opt/rustwide/cargo-home/registry/src/index.crates.io-6f17d22bba15001f/tokio-1.28.1/src/runtime/coop.rs:73:5
[INFO] [stdout]   30:     0x55fe3236758a - tokio::runtime::scheduler::current_thread::CoreGuard::block_on::{{closure}}::{{closure}}::ha4f43627ee196909
[INFO] [stdout]                                at /opt/rustwide/cargo-home/registry/src/index.crates.io-6f17d22bba15001f/tokio-1.28.1/src/runtime/scheduler/current_thread.rs:541:25
[INFO] [stdout]   31:     0x55fe32365d6c - tokio::runtime::scheduler::current_thread::Context::enter::h31f9c6223bf282e6
[INFO] [stdout]                                at /opt/rustwide/cargo-home/registry/src/index.crates.io-6f17d22bba15001f/tokio-1.28.1/src/runtime/scheduler/current_thread.rs:350:19
[INFO] [stdout]   32:     0x55fe32366b5a - tokio::runtime::scheduler::current_thread::CoreGuard::block_on::{{closure}}::hb64523c2f8916fed
[INFO] [stdout]                                at /opt/rustwide/cargo-home/registry/src/index.crates.io-6f17d22bba15001f/tokio-1.28.1/src/runtime/scheduler/current_thread.rs:540:36
[INFO] [stdout]   33:     0x55fe3236686b - tokio::runtime::scheduler::current_thread::CoreGuard::enter::{{closure}}::h5d10caf619de45bf
[INFO] [stdout]                                at /opt/rustwide/cargo-home/registry/src/index.crates.io-6f17d22bba15001f/tokio-1.28.1/src/runtime/scheduler/current_thread.rs:615:57
[INFO] [stdout]   34:     0x55fe323408a8 - tokio::macros::scoped_tls::ScopedKey<T>::set::h854651e1f425a4d2
[INFO] [stdout]                                at /opt/rustwide/cargo-home/registry/src/index.crates.io-6f17d22bba15001f/tokio-1.28.1/src/macros/scoped_tls.rs:61:9
[INFO] [stdout]   35:     0x55fe323665ff - tokio::runtime::scheduler::current_thread::CoreGuard::enter::hf105c334c3be1181
[INFO] [stdout]                                at /opt/rustwide/cargo-home/registry/src/index.crates.io-6f17d22bba15001f/tokio-1.28.1/src/runtime/scheduler/current_thread.rs:615:27
[INFO] [stdout]   36:     0x55fe3236689d - tokio::runtime::scheduler::current_thread::CoreGuard::block_on::h54302ec2082684f8
[INFO] [stdout]                                at /opt/rustwide/cargo-home/registry/src/index.crates.io-6f17d22bba15001f/tokio-1.28.1/src/runtime/scheduler/current_thread.rs:530:19
[INFO] [stdout]   37:     0x55fe32362e8d - tokio::runtime::scheduler::current_thread::CurrentThread::block_on::h89a93fae0684218f
[INFO] [stdout]                                at /opt/rustwide/cargo-home/registry/src/index.crates.io-6f17d22bba15001f/tokio-1.28.1/src/runtime/scheduler/current_thread.rs:154:24
[INFO] [stdout]   38:     0x55fe3231884d - tokio::runtime::runtime::Runtime::block_on::h2099a56cfc768125
[INFO] [stdout]                                at /opt/rustwide/cargo-home/registry/src/index.crates.io-6f17d22bba15001f/tokio-1.28.1/src/runtime/runtime.rs:302:47
[INFO] [stdout]   39:     0x55fe323535d8 - star_adventurer_alpaca::telescope_control::commands::slew::tests::test_slew::h9b8cd03b01150236
[INFO] [stdout]                                at /opt/rustwide/workdir/src/telescope_control/commands/slew.rs:606:9
[INFO] [stdout]   40:     0x55fe32353467 - star_adventurer_alpaca::telescope_control::commands::slew::tests::test_slew::{{closure}}::h740e357fe5023fa3
[INFO] [stdout]                                at /opt/rustwide/workdir/src/telescope_control/commands/slew.rs:603:25
[INFO] [stdout]   41:     0x55fe322a79b6 - core::ops::function::FnOnce::call_once::h04d10791936318ca
[INFO] [stdout]                                at /rustc/82e1608dfa6e0b5569232559e3d385fea5a93112/library/core/src/ops/function.rs:250:5
[INFO] [stdout]   42:     0x55fe3242383f - core::ops::function::FnOnce::call_once::h2b5d431d5046312d
[INFO] [stdout]                                at /rustc/82e1608dfa6e0b5569232559e3d385fea5a93112/library/core/src/ops/function.rs:250:5
[INFO] [stdout]   43:     0x55fe3242383f - test::__rust_begin_short_backtrace::h7714669af176e207
[INFO] [stdout]                                at /rustc/82e1608dfa6e0b5569232559e3d385fea5a93112/library/test/src/lib.rs:628:18
[INFO] [stdout]   44:     0x55fe32422855 - test::run_test_in_process::{{closure}}::h85218797dcbcec12
[INFO] [stdout]                                at /rustc/82e1608dfa6e0b5569232559e3d385fea5a93112/library/test/src/lib.rs:651:60
[INFO] [stdout]   45:     0x55fe32422855 - <core::panic::unwind_safe::AssertUnwindSafe<F> as core::ops::function::FnOnce<()>>::call_once::h76c106ea31c14d7b
[INFO] [stdout]                                at /rustc/82e1608dfa6e0b5569232559e3d385fea5a93112/library/core/src/panic/unwind_safe.rs:272:9
[INFO] [stdout]   46:     0x55fe32422855 - std::panicking::try::do_call::h3bd5d0f6620ee946
[INFO] [stdout]                                at /rustc/82e1608dfa6e0b5569232559e3d385fea5a93112/library/std/src/panicking.rs:552:40
[INFO] [stdout]   47:     0x55fe32422855 - std::panicking::try::h232e535e4744fe31
[INFO] [stdout]                                at /rustc/82e1608dfa6e0b5569232559e3d385fea5a93112/library/std/src/panicking.rs:516:19
[INFO] [stdout]   48:     0x55fe32422855 - std::panic::catch_unwind::h3ce3bd6ca8dbac68
[INFO] [stdout]                                at /rustc/82e1608dfa6e0b5569232559e3d385fea5a93112/library/std/src/panic.rs:142:14
[INFO] [stdout]   49:     0x55fe32422855 - test::run_test_in_process::hc97b257c9621286a
[INFO] [stdout]                                at /rustc/82e1608dfa6e0b5569232559e3d385fea5a93112/library/test/src/lib.rs:651:27
[INFO] [stdout]   50:     0x55fe32422855 - test::run_test::{{closure}}::h2aa798823a438d38
[INFO] [stdout]                                at /rustc/82e1608dfa6e0b5569232559e3d385fea5a93112/library/test/src/lib.rs:574:43
[INFO] [stdout]   51:     0x55fe323eab16 - test::run_test::{{closure}}::h87d231c78fb59832
[INFO] [stdout]                                at /rustc/82e1608dfa6e0b5569232559e3d385fea5a93112/library/test/src/lib.rs:602:41
[INFO] [stdout]   52:     0x55fe323eab16 - std::sys_common::backtrace::__rust_begin_short_backtrace::he6df152596625789
[INFO] [stdout]                                at /rustc/82e1608dfa6e0b5569232559e3d385fea5a93112/library/std/src/sys_common/backtrace.rs:154:18
[INFO] [stdout]   53:     0x55fe323efbc7 - std::thread::Builder::spawn_unchecked_::{{closure}}::{{closure}}::ha94be15d1e0acf36
[INFO] [stdout]                                at /rustc/82e1608dfa6e0b5569232559e3d385fea5a93112/library/std/src/thread/mod.rs:529:17
[INFO] [stdout]   54:     0x55fe323efbc7 - <core::panic::unwind_safe::AssertUnwindSafe<F> as core::ops::function::FnOnce<()>>::call_once::h9dc6bd6372f16606
[INFO] [stdout]                                at /rustc/82e1608dfa6e0b5569232559e3d385fea5a93112/library/core/src/panic/unwind_safe.rs:272:9
[INFO] [stdout]   55:     0x55fe323efbc7 - std::panicking::try::do_call::h9057517f80303cd4
[INFO] [stdout]                                at /rustc/82e1608dfa6e0b5569232559e3d385fea5a93112/library/std/src/panicking.rs:552:40
[INFO] [stdout]   56:     0x55fe323efbc7 - std::panicking::try::he3a30b11ee45340c
[INFO] [stdout]                                at /rustc/82e1608dfa6e0b5569232559e3d385fea5a93112/library/std/src/panicking.rs:516:19
[INFO] [stdout]   57:     0x55fe323efbc7 - std::panic::catch_unwind::h410458cfd3528b8b
[INFO] [stdout]                                at /rustc/82e1608dfa6e0b5569232559e3d385fea5a93112/library/std/src/panic.rs:142:14
[INFO] [stdout]   58:     0x55fe323efbc7 - std::thread::Builder::spawn_unchecked_::{{closure}}::h72ac3bdb567b737b
[INFO] [stdout]                                at /rustc/82e1608dfa6e0b5569232559e3d385fea5a93112/library/std/src/thread/mod.rs:528:30
[INFO] [stdout]   59:     0x55fe323efbc7 - core::ops::function::FnOnce::call_once{{vtable.shim}}::h38f34da3654a8344
[INFO] [stdout]                                at /rustc/82e1608dfa6e0b5569232559e3d385fea5a93112/library/core/src/ops/function.rs:250:5
[INFO] [stdout]   60:     0x55fe3253c365 - <alloc::boxed::Box<F,A> as core::ops::function::FnOnce<Args>>::call_once::hc7eafaff61e32df9
[INFO] [stdout]                                at /rustc/82e1608dfa6e0b5569232559e3d385fea5a93112/library/alloc/src/boxed.rs:2007:9
[INFO] [stdout]   61:     0x55fe3253c365 - <alloc::boxed::Box<F,A> as core::ops::function::FnOnce<Args>>::call_once::h6ba4a5de48dd2304
[INFO] [stdout]                                at /rustc/82e1608dfa6e0b5569232559e3d385fea5a93112/library/alloc/src/boxed.rs:2007:9
[INFO] [stdout]   62:     0x55fe3253c365 - std::sys::unix::thread::Thread::new::thread_start::he469335aef763e45
[INFO] [stdout]                                at /rustc/82e1608dfa6e0b5569232559e3d385fea5a93112/library/std/src/sys/unix/thread.rs:108:17
[INFO] [stdout]   63:     0x7ff35ca37ac3 - <unknown>
[INFO] [stdout]   64:     0x7ff35cac8bf4 - __clone
[INFO] [stdout]   65:                0x0 - <unknown>
[INFO] [stdout] 
[INFO] [stdout] ---- telescope_control::commands::observing_pos::tests::test_date stdout ----
[INFO] [stdout] thread 'telescope_control::commands::observing_pos::tests::test_date' panicked at src/telescope_control/test_util.rs:6:80:
[INFO] [stdout] called `Result::unwrap()` on an `Err` value: BadTomlData(Error { inner: ErrorInner { kind: Custom, line: Some(10), col: 0, at: Some(151), message: "missing field `com`", key: [] } })
[INFO] [stdout] stack backtrace:
[INFO] [stdout]    0:     0x55fe3253569c - std::backtrace_rs::backtrace::libunwind::trace::ha637c64ce894333a
[INFO] [stdout]                                at /rustc/82e1608dfa6e0b5569232559e3d385fea5a93112/library/std/src/../../backtrace/src/backtrace/libunwind.rs:104:5
[INFO] [stdout]    1:     0x55fe3253569c - std::backtrace_rs::backtrace::trace_unsynchronized::h47f62dea28e0c88d
[INFO] [stdout]                                at /rustc/82e1608dfa6e0b5569232559e3d385fea5a93112/library/std/src/../../backtrace/src/backtrace/mod.rs:66:5
[INFO] [stdout]    2:     0x55fe3253569c - std::sys_common::backtrace::_print_fmt::h9eef0abe20ede486
[INFO] [stdout]                                at /rustc/82e1608dfa6e0b5569232559e3d385fea5a93112/library/std/src/sys_common/backtrace.rs:67:5
[INFO] [stdout]    3:     0x55fe3253569c - <std::sys_common::backtrace::_print::DisplayBacktrace as core::fmt::Display>::fmt::hed7f999df88cc644
[INFO] [stdout]                                at /rustc/82e1608dfa6e0b5569232559e3d385fea5a93112/library/std/src/sys_common/backtrace.rs:44:22
[INFO] [stdout]    4:     0x55fe325611a0 - core::fmt::rt::Argument::fmt::h1539a9308b8d058d
[INFO] [stdout]                                at /rustc/82e1608dfa6e0b5569232559e3d385fea5a93112/library/core/src/fmt/rt.rs:142:9
[INFO] [stdout]    5:     0x55fe325611a0 - core::fmt::write::h3a39390d8560d9c9
[INFO] [stdout]                                at /rustc/82e1608dfa6e0b5569232559e3d385fea5a93112/library/core/src/fmt/mod.rs:1120:17
[INFO] [stdout]    6:     0x55fe32532c0f - std::io::Write::write_fmt::h040b369f3a0f9cbc
[INFO] [stdout]                                at /rustc/82e1608dfa6e0b5569232559e3d385fea5a93112/library/std/src/io/mod.rs:1762:15
[INFO] [stdout]    7:     0x55fe32535484 - std::sys_common::backtrace::_print::h894006fb5c6f3d45
[INFO] [stdout]                                at /rustc/82e1608dfa6e0b5569232559e3d385fea5a93112/library/std/src/sys_common/backtrace.rs:47:5
[INFO] [stdout]    8:     0x55fe32535484 - std::sys_common::backtrace::print::h23a2d212c6fff936
[INFO] [stdout]                                at /rustc/82e1608dfa6e0b5569232559e3d385fea5a93112/library/std/src/sys_common/backtrace.rs:34:9
[INFO] [stdout]    9:     0x55fe32537147 - std::panicking::default_hook::{{closure}}::h8a1d2ee00185001a
[INFO] [stdout]   10:     0x55fe32536e33 - std::panicking::default_hook::h6038f2eba384e475
[INFO] [stdout]                                at /rustc/82e1608dfa6e0b5569232559e3d385fea5a93112/library/std/src/panicking.rs:289:9
[INFO] [stdout]   11:     0x55fe3241e1e7 - <alloc::boxed::Box<F,A> as core::ops::function::Fn<Args>>::call::h0ad024c9bdc6d768
[INFO] [stdout]                                at /rustc/82e1608dfa6e0b5569232559e3d385fea5a93112/library/alloc/src/boxed.rs:2021:9
[INFO] [stdout]   12:     0x55fe3241e1e7 - test::test_main::{{closure}}::h7500b54257359db6
[INFO] [stdout]                                at /rustc/82e1608dfa6e0b5569232559e3d385fea5a93112/library/test/src/lib.rs:138:21
[INFO] [stdout]   13:     0x55fe32537758 - <alloc::boxed::Box<F,A> as core::ops::function::Fn<Args>>::call::h1f8f335eaa9cfaee
[INFO] [stdout]                                at /rustc/82e1608dfa6e0b5569232559e3d385fea5a93112/library/alloc/src/boxed.rs:2021:9
[INFO] [stdout]   14:     0x55fe32537758 - std::panicking::rust_panic_with_hook::h2b5517d590cab22e
[INFO] [stdout]                                at /rustc/82e1608dfa6e0b5569232559e3d385fea5a93112/library/std/src/panicking.rs:783:13
[INFO] [stdout]   15:     0x55fe325374ae - std::panicking::begin_panic_handler::{{closure}}::h233112c06e0ef43e
[INFO] [stdout]                                at /rustc/82e1608dfa6e0b5569232559e3d385fea5a93112/library/std/src/panicking.rs:657:13
[INFO] [stdout]   16:     0x55fe32535b66 - std::sys_common::backtrace::__rust_end_short_backtrace::h6e893f24d7ebbff8
[INFO] [stdout]                                at /rustc/82e1608dfa6e0b5569232559e3d385fea5a93112/library/std/src/sys_common/backtrace.rs:170:18
[INFO] [stdout]   17:     0x55fe32537212 - rust_begin_unwind
[INFO] [stdout]                                at /rustc/82e1608dfa6e0b5569232559e3d385fea5a93112/library/std/src/panicking.rs:645:5
[INFO] [stdout]   18:     0x55fe32259ef5 - core::panicking::panic_fmt::hbf0e066aabfa482c
[INFO] [stdout]                                at /rustc/82e1608dfa6e0b5569232559e3d385fea5a93112/library/core/src/panicking.rs:72:14
[INFO] [stdout]   19:     0x55fe3225a4c3 - core::result::unwrap_failed::hddb4fea594200c52
[INFO] [stdout]                                at /rustc/82e1608dfa6e0b5569232559e3d385fea5a93112/library/core/src/result.rs:1653:5
[INFO] [stdout]   20:     0x55fe32345b36 - core::result::Result<T,E>::unwrap::h791a06554a0ab836
[INFO] [stdout]                                at /rustc/82e1608dfa6e0b5569232559e3d385fea5a93112/library/core/src/result.rs:1077:23
[INFO] [stdout]   21:     0x55fe3231fc9b - star_adventurer_alpaca::telescope_control::test_util::create_sa::{{closure}}::{{closure}}::h7e3bcd8bee8dab76
[INFO] [stdout]                                at /opt/rustwide/workdir/src/telescope_control/test_util.rs:6:43
[INFO] [stdout]   22:     0x55fe32399605 - core::option::Option<T>::unwrap_or_else::h0a8243fb2c85275f
[INFO] [stdout]                                at /rustc/82e1608dfa6e0b5569232559e3d385fea5a93112/library/core/src/option.rs:976:21
[INFO] [stdout]   23:     0x55fe3231f9e2 - star_adventurer_alpaca::telescope_control::test_util::create_sa::{{closure}}::h473ec426ce3b4c4d
[INFO] [stdout]                                at /opt/rustwide/workdir/src/telescope_control/test_util.rs:6:18
[INFO] [stdout]   24:     0x55fe32350c64 - star_adventurer_alpaca::telescope_control::commands::observing_pos::tests::test_date::{{closure}}::hf0863c27f3b73ffd
[INFO] [stdout]                                at /opt/rustwide/workdir/src/telescope_control/commands/observing_pos.rs:107:45
[INFO] [stdout]   25:     0x55fe322e70a8 - <core::pin::Pin<P> as core::future::future::Future>::poll::heb05594e1c30e491
[INFO] [stdout]                                at /rustc/82e1608dfa6e0b5569232559e3d385fea5a93112/library/core/src/future/future.rs:125:9
[INFO] [stdout]   26:     0x55fe322e6c5b - <core::pin::Pin<P> as core::future::future::Future>::poll::h52409087496cdff7
[INFO] [stdout]                                at /rustc/82e1608dfa6e0b5569232559e3d385fea5a93112/library/core/src/future/future.rs:125:9
[INFO] [stdout]   27:     0x55fe32367674 - tokio::runtime::scheduler::current_thread::CoreGuard::block_on::{{closure}}::{{closure}}::{{closure}}::ha1756c657d82f69c
[INFO] [stdout]                                at /opt/rustwide/cargo-home/registry/src/index.crates.io-6f17d22bba15001f/tokio-1.28.1/src/runtime/scheduler/current_thread.rs:541:57
[INFO] [stdout]   28:     0x55fe3236758a - tokio::runtime::coop::with_budget::h4e7b309309068dc2
[INFO] [stdout]                                at /opt/rustwide/cargo-home/registry/src/index.crates.io-6f17d22bba15001f/tokio-1.28.1/src/runtime/coop.rs:107:5
[INFO] [stdout]   29:     0x55fe3236758a - tokio::runtime::coop::budget::h84a3509e8c46f9d8
[INFO] [stdout]                                at /opt/rustwide/cargo-home/registry/src/index.crates.io-6f17d22bba15001f/tokio-1.28.1/src/runtime/coop.rs:73:5
[INFO] [stdout]   30:     0x55fe3236758a - tokio::runtime::scheduler::current_thread::CoreGuard::block_on::{{closure}}::{{closure}}::ha4f43627ee196909
[INFO] [stdout]                                at /opt/rustwide/cargo-home/registry/src/index.crates.io-6f17d22bba15001f/tokio-1.28.1/src/runtime/scheduler/current_thread.rs:541:25
[INFO] [stdout]   31:     0x55fe32365d6c - tokio::runtime::scheduler::current_thread::Context::enter::h31f9c6223bf282e6
[INFO] [stdout]                                at /opt/rustwide/cargo-home/registry/src/index.crates.io-6f17d22bba15001f/tokio-1.28.1/src/runtime/scheduler/current_thread.rs:350:19
[INFO] [stdout]   32:     0x55fe32366b5a - tokio::runtime::scheduler::current_thread::CoreGuard::block_on::{{closure}}::hb64523c2f8916fed
[INFO] [stdout]                                at /opt/rustwide/cargo-home/registry/src/index.crates.io-6f17d22bba15001f/tokio-1.28.1/src/runtime/scheduler/current_thread.rs:540:36
[INFO] [stdout]   33:     0x55fe3236686b - tokio::runtime::scheduler::current_thread::CoreGuard::enter::{{closure}}::h5d10caf619de45bf
[INFO] [stdout]                                at /opt/rustwide/cargo-home/registry/src/index.crates.io-6f17d22bba15001f/tokio-1.28.1/src/runtime/scheduler/current_thread.rs:615:57
[INFO] [stdout]   34:     0x55fe323408a8 - tokio::macros::scoped_tls::ScopedKey<T>::set::h854651e1f425a4d2
[INFO] [stdout]                                at /opt/rustwide/cargo-home/registry/src/index.crates.io-6f17d22bba15001f/tokio-1.28.1/src/macros/scoped_tls.rs:61:9
[INFO] [stdout]   35:     0x55fe323665ff - tokio::runtime::scheduler::current_thread::CoreGuard::enter::hf105c334c3be1181
[INFO] [stdout]                                at /opt/rustwide/cargo-home/registry/src/index.crates.io-6f17d22bba15001f/tokio-1.28.1/src/runtime/scheduler/current_thread.rs:615:27
[INFO] [stdout]   36:     0x55fe3236689d - tokio::runtime::scheduler::current_thread::CoreGuard::block_on::h54302ec2082684f8
[INFO] [stdout]                                at /opt/rustwide/cargo-home/registry/src/index.crates.io-6f17d22bba15001f/tokio-1.28.1/src/runtime/scheduler/current_thread.rs:530:19
[INFO] [stdout]   37:     0x55fe32362e8d - tokio::runtime::scheduler::current_thread::CurrentThread::block_on::h89a93fae0684218f
[INFO] [stdout]                                at /opt/rustwide/cargo-home/registry/src/index.crates.io-6f17d22bba15001f/tokio-1.28.1/src/runtime/scheduler/current_thread.rs:154:24
[INFO] [stdout]   38:     0x55fe3231884d - tokio::runtime::runtime::Runtime::block_on::h2099a56cfc768125
[INFO] [stdout]                                at /opt/rustwide/cargo-home/registry/src/index.crates.io-6f17d22bba15001f/tokio-1.28.1/src/runtime/runtime.rs:302:47
[INFO] [stdout]   39:     0x55fe323509c8 - star_adventurer_alpaca::telescope_control::commands::observing_pos::tests::test_date::hbb99e4a807211f49
[INFO] [stdout]                                at /opt/rustwide/workdir/src/telescope_control/commands/observing_pos.rs:113:9
[INFO] [stdout]   40:     0x55fe32350857 - star_adventurer_alpaca::telescope_control::commands::observing_pos::tests::test_date::{{closure}}::h16c53d944825eab3
[INFO] [stdout]                                at /opt/rustwide/workdir/src/telescope_control/commands/observing_pos.rs:106:25
[INFO] [stdout]   41:     0x55fe322a7ef6 - core::ops::function::FnOnce::call_once::h29dfa416e2c27f09
[INFO] [stdout]                                at /rustc/82e1608dfa6e0b5569232559e3d385fea5a93112/library/core/src/ops/function.rs:250:5
[INFO] [stdout]   42:     0x55fe3242383f - core::ops::function::FnOnce::call_once::h2b5d431d5046312d
[INFO] [stdout]                                at /rustc/82e1608dfa6e0b5569232559e3d385fea5a93112/library/core/src/ops/function.rs:250:5
[INFO] [stdout]   43:     0x55fe3242383f - test::__rust_begin_short_backtrace::h7714669af176e207
[INFO] [stdout]                                at /rustc/82e1608dfa6e0b5569232559e3d385fea5a93112/library/test/src/lib.rs:628:18
[INFO] [stdout]   44:     0x55fe32422855 - test::run_test_in_process::{{closure}}::h85218797dcbcec12
[INFO] [stdout]                                at /rustc/82e1608dfa6e0b5569232559e3d385fea5a93112/library/test/src/lib.rs:651:60
[INFO] [stdout]   45:     0x55fe32422855 - <core::panic::unwind_safe::AssertUnwindSafe<F> as core::ops::function::FnOnce<()>>::call_once::h76c106ea31c14d7b
[INFO] [stdout]                                at /rustc/82e1608dfa6e0b5569232559e3d385fea5a93112/library/core/src/panic/unwind_safe.rs:272:9
[INFO] [stdout]   46:     0x55fe32422855 - std::panicking::try::do_call::h3bd5d0f6620ee946
[INFO] [stdout]                                at /rustc/82e1608dfa6e0b5569232559e3d385fea5a93112/library/std/src/panicking.rs:552:40
[INFO] [stdout]   47:     0x55fe32422855 - std::panicking::try::h232e535e4744fe31
[INFO] [stdout]                                at /rustc/82e1608dfa6e0b5569232559e3d385fea5a93112/library/std/src/panicking.rs:516:19
[INFO] [stdout]   48:     0x55fe32422855 - std::panic::catch_unwind::h3ce3bd6ca8dbac68
[INFO] [stdout]                                at /rustc/82e1608dfa6e0b5569232559e3d385fea5a93112/library/std/src/panic.rs:142:14
[INFO] [stdout]   49:     0x55fe32422855 - test::run_test_in_process::hc97b257c9621286a
[INFO] [stdout]                                at /rustc/82e1608dfa6e0b5569232559e3d385fea5a93112/library/test/src/lib.rs:651:27
[INFO] [stdout]   50:     0x55fe32422855 - test::run_test::{{closure}}::h2aa798823a438d38
[INFO] [stdout]                                at /rustc/82e1608dfa6e0b5569232559e3d385fea5a93112/library/test/src/lib.rs:574:43
[INFO] [stdout]   51:     0x55fe323eab16 - test::run_test::{{closure}}::h87d231c78fb59832
[INFO] [stdout]                                at /rustc/82e1608dfa6e0b5569232559e3d385fea5a93112/library/test/src/lib.rs:602:41
[INFO] [stdout]   52:     0x55fe323eab16 - std::sys_common::backtrace::__rust_begin_short_backtrace::he6df152596625789
[INFO] [stdout]                                at /rustc/82e1608dfa6e0b5569232559e3d385fea5a93112/library/std/src/sys_common/backtrace.rs:154:18
[INFO] [stdout]   53:     0x55fe323efbc7 - std::thread::Builder::spawn_unchecked_::{{closure}}::{{closure}}::ha94be15d1e0acf36
[INFO] [stdout]                                at /rustc/82e1608dfa6e0b5569232559e3d385fea5a93112/library/std/src/thread/mod.rs:529:17
[INFO] [stdout]   54:     0x55fe323efbc7 - <core::panic::unwind_safe::AssertUnwindSafe<F> as core::ops::function::FnOnce<()>>::call_once::h9dc6bd6372f16606
[INFO] [stdout]                                at /rustc/82e1608dfa6e0b5569232559e3d385fea5a93112/library/core/src/panic/unwind_safe.rs:272:9
[INFO] [stdout]   55:     0x55fe323efbc7 - std::panicking::try::do_call::h9057517f80303cd4
[INFO] [stdout]                                at /rustc/82e1608dfa6e0b5569232559e3d385fea5a93112/library/std/src/panicking.rs:552:40
[INFO] [stdout]   56:     0x55fe323efbc7 - std::panicking::try::he3a30b11ee45340c
[INFO] [stdout]                                at /rustc/82e1608dfa6e0b5569232559e3d385fea5a93112/library/std/src/panicking.rs:516:19
[INFO] [stdout]   57:     0x55fe323efbc7 - std::panic::catch_unwind::h410458cfd3528b8b
[INFO] [stdout]                                at /rustc/82e1608dfa6e0b5569232559e3d385fea5a93112/library/std/src/panic.rs:142:14
[INFO] [stdout]   58:     0x55fe323efbc7 - std::thread::Builder::spawn_unchecked_::{{closure}}::h72ac3bdb567b737b
[INFO] [stdout]                                at /rustc/82e1608dfa6e0b5569232559e3d385fea5a93112/library/std/src/thread/mod.rs:528:30
[INFO] [stdout]   59:     0x55fe323efbc7 - core::ops::function::FnOnce::call_once{{vtable.shim}}::h38f34da3654a8344
[INFO] [stdout]                                at /rustc/82e1608dfa6e0b5569232559e3d385fea5a93112/library/core/src/ops/function.rs:250:5
[INFO] [stdout]   60:     0x55fe3253c365 - <alloc::boxed::Box<F,A> as core::ops::function::FnOnce<Args>>::call_once::hc7eafaff61e32df9
[INFO] [stdout]                                at /rustc/82e1608dfa6e0b5569232559e3d385fea5a93112/library/alloc/src/boxed.rs:2007:9
[INFO] [stdout]   61:     0x55fe3253c365 - <alloc::boxed::Box<F,A> as core::ops::function::FnOnce<Args>>::call_once::h6ba4a5de48dd2304
[INFO] [stdout]                                at /rustc/82e1608dfa6e0b5569232559e3d385fea5a93112/library/alloc/src/boxed.rs:2007:9
[INFO] [stdout]   62:     0x55fe3253c365 - std::sys::unix::thread::Thread::new::thread_start::he469335aef763e45
[INFO] [stdout]                                at /rustc/82e1608dfa6e0b5569232559e3d385fea5a93112/library/std/src/sys/unix/thread.rs:108:17
[INFO] [stdout]   63:     0x7ff35ca37ac3 - <unknown>
[INFO] [stdout]   64:     0x7ff35cac8bf4 - __clone
[INFO] [stdout]   65:                0x0 - <unknown>
[INFO] [stdout] 
[INFO] [stdout] 
[INFO] [stdout] failures:
[INFO] [stdout]     telescope_control::commands::observing_pos::tests::test_date
[INFO] [stdout]     telescope_control::commands::observing_pos::tests::test_observing_location
[INFO] [stdout]     telescope_control::commands::slew::tests::test_slew
[INFO] [stdout]     telescope_control::commands::sync::tests::test_sync
[INFO] [stdout] 
[INFO] [stdout] test result: FAILED. 13 passed; 4 failed; 0 ignored; 0 measured; 0 filtered out; finished in 0.03s
[INFO] [stdout] 
[INFO] [stderr] error: test failed, to rerun pass `--bin star_adventurer_alpaca`
[INFO] running `Command { std: "docker" "inspect" "c8ba4667854ea952e50626e47b3d32daef6468dbb9e9975a7da5cf4ccac6e4d6", kill_on_drop: false }`
[INFO] running `Command { std: "docker" "rm" "-f" "c8ba4667854ea952e50626e47b3d32daef6468dbb9e9975a7da5cf4ccac6e4d6", kill_on_drop: false }`
[INFO] [stdout] c8ba4667854ea952e50626e47b3d32daef6468dbb9e9975a7da5cf4ccac6e4d6
