[INFO] cloning repository https://github.com/jsonnull/valor
[INFO] running `Command { std: "git" "-c" "credential.helper=" "-c" "credential.helper=/workspace/cargo-home/bin/git-credential-null" "clone" "--bare" "https://github.com/jsonnull/valor" "/workspace/cache/git-repos/https%3A%2F%2Fgithub.com%2Fjsonnull%2Fvalor", kill_on_drop: false }`
[INFO] [stderr] Cloning into bare repository '/workspace/cache/git-repos/https%3A%2F%2Fgithub.com%2Fjsonnull%2Fvalor'...
[INFO] running `Command { std: "git" "rev-parse" "HEAD", kill_on_drop: false }`
[INFO] [stdout] 2671007e19ca2ec804f5579e835e7ba0693ac054
[INFO] testing jsonnull/valor against 1.75.0 for beta-1.76-1
[INFO] running `Command { std: "git" "clone" "/workspace/cache/git-repos/https%3A%2F%2Fgithub.com%2Fjsonnull%2Fvalor" "/workspace/builds/worker-4-tc1/source", kill_on_drop: false }`
[INFO] [stderr] Cloning into '/workspace/builds/worker-4-tc1/source'...
[INFO] [stderr] done.
[INFO] validating manifest of git repo https://github.com/jsonnull/valor on toolchain 1.75.0
[INFO] running `Command { std: CARGO_HOME="/workspace/cargo-home" RUSTUP_HOME="/workspace/rustup-home" "/workspace/cargo-home/bin/cargo" "+1.75.0" "metadata" "--manifest-path" "Cargo.toml" "--no-deps", kill_on_drop: false }`
[INFO] removed /workspace/builds/worker-4-tc1/source/rust-toolchain
[INFO] started tweaking git repo https://github.com/jsonnull/valor
[INFO] finished tweaking git repo https://github.com/jsonnull/valor
[INFO] tweaked toml for git repo https://github.com/jsonnull/valor written to /workspace/builds/worker-4-tc1/source/Cargo.toml
[INFO] crate git repo https://github.com/jsonnull/valor already has a lockfile, it will not be regenerated
[INFO] running `Command { std: CARGO_HOME="/workspace/cargo-home" RUSTUP_HOME="/workspace/rustup-home" "/workspace/cargo-home/bin/cargo" "+1.75.0" "fetch" "--manifest-path" "Cargo.toml", kill_on_drop: false }`
[INFO] [stderr]     Updating crates.io index
[INFO] [stderr]  Downloading crates ...
[INFO] [stderr]   Downloaded glutin v0.17.0
[INFO] [stderr]   Downloaded glium v0.22.0
[INFO] [stderr]   Downloaded generational-arena v0.1.0
[INFO] [stderr]   Downloaded id_tree v1.3.0
[INFO] [stderr]   Downloaded winit v0.16.2
[INFO] running `Command { std: "docker" "create" "-v" "/var/lib/crater-agent-workspace/builds/worker-4-tc1/target:/opt/rustwide/target:rw,Z" "-v" "/var/lib/crater-agent-workspace/builds/worker-4-tc1/source:/opt/rustwide/workdir:ro,Z" "-v" "/var/lib/crater-agent-workspace/cargo-home:/opt/rustwide/cargo-home:ro,Z" "-v" "/var/lib/crater-agent-workspace/rustup-home:/opt/rustwide/rustup-home:ro,Z" "-e" "SOURCE_DIR=/opt/rustwide/workdir" "-e" "CARGO_TARGET_DIR=/opt/rustwide/target" "-e" "CARGO_HOME=/opt/rustwide/cargo-home" "-e" "RUSTUP_HOME=/opt/rustwide/rustup-home" "-w" "/opt/rustwide/workdir" "-m" "1610612736" "--user" "0:0" "--network" "none" "ghcr.io/rust-lang/crates-build-env/linux@sha256:2788e3201cd34a07e3172128adcd8b3090168a8e3bcc40d7c032b9dda1df7d1c" "/opt/rustwide/cargo-home/bin/cargo" "+1.75.0" "metadata" "--no-deps" "--format-version=1", kill_on_drop: false }`
[INFO] [stdout] 39fb3f566d210916ab8b25778042d31fd783d1ccf0154acbcc5c631c871264bd
[INFO] running `Command { std: "docker" "start" "-a" "39fb3f566d210916ab8b25778042d31fd783d1ccf0154acbcc5c631c871264bd", kill_on_drop: false }`
[INFO] running `Command { std: "docker" "inspect" "39fb3f566d210916ab8b25778042d31fd783d1ccf0154acbcc5c631c871264bd", kill_on_drop: false }`
[INFO] running `Command { std: "docker" "rm" "-f" "39fb3f566d210916ab8b25778042d31fd783d1ccf0154acbcc5c631c871264bd", kill_on_drop: false }`
[INFO] [stdout] 39fb3f566d210916ab8b25778042d31fd783d1ccf0154acbcc5c631c871264bd
[INFO] running `Command { std: "docker" "create" "-v" "/var/lib/crater-agent-workspace/builds/worker-4-tc1/target:/opt/rustwide/target:rw,Z" "-v" "/var/lib/crater-agent-workspace/builds/worker-4-tc1/source:/opt/rustwide/workdir:ro,Z" "-v" "/var/lib/crater-agent-workspace/cargo-home:/opt/rustwide/cargo-home:ro,Z" "-v" "/var/lib/crater-agent-workspace/rustup-home:/opt/rustwide/rustup-home:ro,Z" "-e" "SOURCE_DIR=/opt/rustwide/workdir" "-e" "CARGO_TARGET_DIR=/opt/rustwide/target" "-e" "CARGO_INCREMENTAL=0" "-e" "RUST_BACKTRACE=full" "-e" "RUSTFLAGS=--cap-lints=warn" "-e" "RUSTDOCFLAGS=--cap-lints=warn" "-e" "CARGO_HOME=/opt/rustwide/cargo-home" "-e" "RUSTUP_HOME=/opt/rustwide/rustup-home" "-w" "/opt/rustwide/workdir" "-m" "1610612736" "--user" "0:0" "--network" "none" "ghcr.io/rust-lang/crates-build-env/linux@sha256:2788e3201cd34a07e3172128adcd8b3090168a8e3bcc40d7c032b9dda1df7d1c" "/opt/rustwide/cargo-home/bin/cargo" "+1.75.0" "build" "--frozen" "--message-format=json", kill_on_drop: false }`
[INFO] [stdout] db06ba83d5276649a69471fe2a142354c6460d0037e2e6c12c8ce8c8b85d53f2
[INFO] running `Command { std: "docker" "start" "-a" "db06ba83d5276649a69471fe2a142354c6460d0037e2e6c12c8ce8c8b85d53f2", kill_on_drop: false }`
[INFO] [stderr]    Compiling libc v0.2.44
[INFO] [stderr]    Compiling bitflags v1.0.4
[INFO] [stderr]    Compiling cc v1.0.25
[INFO] [stderr]    Compiling cfg-if v0.1.6
[INFO] [stderr]    Compiling lazy_static v1.2.0
[INFO] [stderr]    Compiling khronos_api v2.2.0
[INFO] [stderr]    Compiling semver-parser v0.7.0
[INFO] [stderr]    Compiling rand_core v0.3.0
[INFO] [stderr]    Compiling xml-rs v0.7.0
[INFO] [stderr]    Compiling void v1.0.2
[INFO] [stderr]    Compiling log v0.4.6
[INFO] [stderr]    Compiling downcast-rs v1.0.3
[INFO] [stderr]    Compiling rand_core v0.2.2
[INFO] [stderr]    Compiling semver v0.9.0
[INFO] [stderr]    Compiling unreachable v1.0.0
[INFO] [stderr]    Compiling pkg-config v0.3.14
[INFO] [stderr]    Compiling num-traits v0.2.6
[INFO] [stderr]    Compiling nix v0.11.0
[INFO] [stderr]    Compiling rustc_version v0.2.3
[INFO] [stderr]    Compiling wayland-scanner v0.20.12
[INFO] [stderr]    Compiling gl_generator v0.9.0
[INFO] [stderr]    Compiling stable_deref_trait v1.1.1
[INFO] [stderr]    Compiling rand v0.5.5
[INFO] [stderr]    Compiling x11-dl v2.18.3
[INFO] [stderr]    Compiling parking_lot_core v0.3.1
[INFO] [stderr]    Compiling owning_ref v0.4.0
[INFO] [stderr]    Compiling smallvec v0.6.6
[INFO] [stderr]    Compiling libloading v0.5.0
[INFO] [stderr]    Compiling scopeguard v0.3.3
[INFO] [stderr]    Compiling remove_dir_all v0.5.1
[INFO] [stderr]    Compiling lock_api v0.1.5
[INFO] [stderr]    Compiling backtrace-sys v0.1.24
[INFO] [stderr]    Compiling wayland-client v0.20.12
[INFO] [stderr]    Compiling wayland-protocols v0.20.12
[INFO] [stderr]    Compiling memmap v0.6.2
[INFO] [stderr]    Compiling byteorder v1.2.7
[INFO] [stderr]    Compiling dlib v0.4.1
[INFO] [stderr]    Compiling wayland-sys v0.20.12
[INFO] [stderr]    Compiling cgmath v0.16.1
[INFO] [stderr]    Compiling wayland-commons v0.20.12
[INFO] [stderr]    Compiling tempfile v3.0.4
[INFO] [stderr]    Compiling parking_lot v0.6.4
[INFO] [stderr]    Compiling num-traits v0.1.43
[INFO] [stderr]    Compiling glutin v0.17.0
[INFO] [stderr]    Compiling rand v0.4.3
[INFO] [stderr]    Compiling shared_library v0.1.9
[INFO] [stderr]    Compiling percent-encoding v1.0.1
[INFO] [stderr]    Compiling approx v0.1.1
[INFO] [stderr]    Compiling osmesa-sys v0.1.2
[INFO] [stderr]    Compiling glium v0.22.0
[INFO] [stderr]    Compiling rustc-demangle v0.1.9
[INFO] [stderr]    Compiling backtrace v0.3.9
[INFO] [stderr]    Compiling snowflake v1.3.0
[INFO] [stderr]    Compiling fnv v1.0.6
[INFO] [stderr]    Compiling id_tree v1.3.0
[INFO] [stderr]    Compiling generational-arena v0.1.0
[INFO] [stderr]    Compiling valor_scene v0.0.0-test (/opt/rustwide/workdir/src/valor_scene)
[INFO] [stderr]    Compiling valor_camera v0.0.0-test (/opt/rustwide/workdir/src/valor_camera)
[INFO] [stderr]    Compiling smithay-client-toolkit v0.2.6
[INFO] [stderr]    Compiling winit v0.16.2
[INFO] [stderr]    Compiling valor v0.0.0-test (/opt/rustwide/workdir/src/valor)
[INFO] [stdout] warning: use of deprecated function `std::mem::uninitialized`: use `mem::MaybeUninit` instead
[INFO] [stdout]   --> src/valor/src/simple/vertex.rs:12:1
[INFO] [stdout]    |
[INFO] [stdout] 12 | implement_vertex!(Vertex, position, color);
[INFO] [stdout]    | ^^^^^^^^^^^^^^^^^^^^^^^^^^^^^^^^^^^^^^^^^^
[INFO] [stdout]    |
[INFO] [stdout]    = note: `#[warn(deprecated)]` on by default
[INFO] [stdout]    = note: this warning originates in the macro `implement_vertex` (in Nightly builds, run with -Z macro-backtrace for more info)
[INFO] [stdout] 
[INFO] [stdout] 
[INFO] [stdout] warning: 1 warning emitted
[INFO] [stdout] 
[INFO] [stdout] 
[INFO] [stderr]    Compiling valor-example-basic v0.0.0 (/opt/rustwide/workdir/examples/basic)
[INFO] [stderr]     Finished dev [unoptimized + debuginfo] target(s) in 14.07s
[INFO] running `Command { std: "docker" "inspect" "db06ba83d5276649a69471fe2a142354c6460d0037e2e6c12c8ce8c8b85d53f2", kill_on_drop: false }`
[INFO] running `Command { std: "docker" "rm" "-f" "db06ba83d5276649a69471fe2a142354c6460d0037e2e6c12c8ce8c8b85d53f2", kill_on_drop: false }`
[INFO] [stdout] db06ba83d5276649a69471fe2a142354c6460d0037e2e6c12c8ce8c8b85d53f2
[INFO] running `Command { std: "docker" "create" "-v" "/var/lib/crater-agent-workspace/builds/worker-4-tc1/target:/opt/rustwide/target:rw,Z" "-v" "/var/lib/crater-agent-workspace/builds/worker-4-tc1/source:/opt/rustwide/workdir:ro,Z" "-v" "/var/lib/crater-agent-workspace/cargo-home:/opt/rustwide/cargo-home:ro,Z" "-v" "/var/lib/crater-agent-workspace/rustup-home:/opt/rustwide/rustup-home:ro,Z" "-e" "SOURCE_DIR=/opt/rustwide/workdir" "-e" "CARGO_TARGET_DIR=/opt/rustwide/target" "-e" "CARGO_INCREMENTAL=0" "-e" "RUST_BACKTRACE=full" "-e" "RUSTFLAGS=--cap-lints=warn" "-e" "RUSTDOCFLAGS=--cap-lints=warn" "-e" "CARGO_HOME=/opt/rustwide/cargo-home" "-e" "RUSTUP_HOME=/opt/rustwide/rustup-home" "-w" "/opt/rustwide/workdir" "-m" "1610612736" "--user" "0:0" "--network" "none" "ghcr.io/rust-lang/crates-build-env/linux@sha256:2788e3201cd34a07e3172128adcd8b3090168a8e3bcc40d7c032b9dda1df7d1c" "/opt/rustwide/cargo-home/bin/cargo" "+1.75.0" "test" "--frozen" "--no-run" "--message-format=json", kill_on_drop: false }`
[INFO] [stdout] 3c9eaa451f184957c9311f4067cd34ac2d3f3f0a31c9fee84ca0f912593f12eb
[INFO] running `Command { std: "docker" "start" "-a" "3c9eaa451f184957c9311f4067cd34ac2d3f3f0a31c9fee84ca0f912593f12eb", kill_on_drop: false }`
[INFO] [stderr]    Compiling valor_scene v0.0.0-test (/opt/rustwide/workdir/src/valor_scene)
[INFO] [stderr]    Compiling valor_camera v0.0.0-test (/opt/rustwide/workdir/src/valor_camera)
[INFO] [stdout] warning: use of deprecated function `std::mem::uninitialized`: use `mem::MaybeUninit` instead
[INFO] [stdout]   --> src/valor/src/simple/vertex.rs:12:1
[INFO] [stdout]    |
[INFO] [stdout] 12 | implement_vertex!(Vertex, position, color);
[INFO] [stdout]    | ^^^^^^^^^^^^^^^^^^^^^^^^^^^^^^^^^^^^^^^^^^
[INFO] [stdout]    |
[INFO] [stdout]    = note: `#[warn(deprecated)]` on by default
[INFO] [stdout]    = note: this warning originates in the macro `implement_vertex` (in Nightly builds, run with -Z macro-backtrace for more info)
[INFO] [stdout] 
[INFO] [stdout] 
[INFO] [stdout] warning: 1 warning emitted
[INFO] [stdout] 
[INFO] [stdout] 
[INFO] [stderr]    Compiling valor v0.0.0-test (/opt/rustwide/workdir/src/valor)
[INFO] [stderr]    Compiling valor-example-basic v0.0.0 (/opt/rustwide/workdir/examples/basic)
[INFO] [stdout] warning: use of deprecated function `std::mem::uninitialized`: use `mem::MaybeUninit` instead
[INFO] [stdout]   --> src/valor/src/simple/vertex.rs:12:1
[INFO] [stdout]    |
[INFO] [stdout] 12 | implement_vertex!(Vertex, position, color);
[INFO] [stdout]    | ^^^^^^^^^^^^^^^^^^^^^^^^^^^^^^^^^^^^^^^^^^
[INFO] [stdout]    |
[INFO] [stdout]    = note: `#[warn(deprecated)]` on by default
[INFO] [stdout]    = note: this warning originates in the macro `implement_vertex` (in Nightly builds, run with -Z macro-backtrace for more info)
[INFO] [stdout] 
[INFO] [stdout] 
[INFO] [stdout] warning: 1 warning emitted
[INFO] [stdout] 
[INFO] [stdout] 
[INFO] [stderr]     Finished test [unoptimized + debuginfo] target(s) in 0.49s
[INFO] running `Command { std: "docker" "inspect" "3c9eaa451f184957c9311f4067cd34ac2d3f3f0a31c9fee84ca0f912593f12eb", kill_on_drop: false }`
[INFO] running `Command { std: "docker" "rm" "-f" "3c9eaa451f184957c9311f4067cd34ac2d3f3f0a31c9fee84ca0f912593f12eb", kill_on_drop: false }`
[INFO] [stdout] 3c9eaa451f184957c9311f4067cd34ac2d3f3f0a31c9fee84ca0f912593f12eb
[INFO] running `Command { std: "docker" "create" "-v" "/var/lib/crater-agent-workspace/builds/worker-4-tc1/target:/opt/rustwide/target:rw,Z" "-v" "/var/lib/crater-agent-workspace/builds/worker-4-tc1/source:/opt/rustwide/workdir:ro,Z" "-v" "/var/lib/crater-agent-workspace/cargo-home:/opt/rustwide/cargo-home:ro,Z" "-v" "/var/lib/crater-agent-workspace/rustup-home:/opt/rustwide/rustup-home:ro,Z" "-e" "SOURCE_DIR=/opt/rustwide/workdir" "-e" "CARGO_TARGET_DIR=/opt/rustwide/target" "-e" "CARGO_INCREMENTAL=0" "-e" "RUST_BACKTRACE=full" "-e" "RUSTFLAGS=--cap-lints=warn" "-e" "RUSTDOCFLAGS=--cap-lints=warn" "-e" "CARGO_HOME=/opt/rustwide/cargo-home" "-e" "RUSTUP_HOME=/opt/rustwide/rustup-home" "-w" "/opt/rustwide/workdir" "-m" "1610612736" "--user" "0:0" "--network" "none" "ghcr.io/rust-lang/crates-build-env/linux@sha256:2788e3201cd34a07e3172128adcd8b3090168a8e3bcc40d7c032b9dda1df7d1c" "/opt/rustwide/cargo-home/bin/cargo" "+1.75.0" "test" "--frozen", kill_on_drop: false }`
[INFO] [stdout] 8dc776fbcde8285036744bc1b051fbcecae5ba7375ca446492820eaffee55520
[INFO] running `Command { std: "docker" "start" "-a" "8dc776fbcde8285036744bc1b051fbcecae5ba7375ca446492820eaffee55520", kill_on_drop: false }`
[INFO] [stderr] warning: use of deprecated function `std::mem::uninitialized`: use `mem::MaybeUninit` instead
[INFO] [stderr]   --> src/valor/src/simple/vertex.rs:12:1
[INFO] [stderr]    |
[INFO] [stderr] 12 | implement_vertex!(Vertex, position, color);
[INFO] [stderr]    | ^^^^^^^^^^^^^^^^^^^^^^^^^^^^^^^^^^^^^^^^^^
[INFO] [stderr]    |
[INFO] [stderr]    = note: `#[warn(deprecated)]` on by default
[INFO] [stderr]    = note: this warning originates in the macro `implement_vertex` (in Nightly builds, run with -Z macro-backtrace for more info)
[INFO] [stderr] 
[INFO] [stderr] warning: `valor` (lib) generated 1 warning
[INFO] [stderr] warning: `valor` (lib test) generated 1 warning (1 duplicate)
[INFO] [stderr]     Finished test [unoptimized + debuginfo] target(s) in 0.05s
[INFO] [stderr]      Running unittests src/lib.rs (/opt/rustwide/target/debug/deps/valor-ce446df0dbf20ba5)
[INFO] [stdout] 
[INFO] [stdout] running 0 tests
[INFO] [stdout] 
[INFO] [stdout] test result: ok. 0 passed; 0 failed; 0 ignored; 0 measured; 0 filtered out; finished in 0.00s
[INFO] [stdout] 
[INFO] [stderr]      Running unittests main.rs (/opt/rustwide/target/debug/deps/valor_example_basic-670e35bb0ebf97e2)
[INFO] [stdout] 
[INFO] [stdout] running 0 tests
[INFO] [stdout] 
[INFO] [stdout] test result: ok. 0 passed; 0 failed; 0 ignored; 0 measured; 0 filtered out; finished in 0.00s
[INFO] [stdout] 
[INFO] [stderr]      Running unittests src/lib.rs (/opt/rustwide/target/debug/deps/valor_camera-854cf8e9ff740bec)
[INFO] [stdout] 
[INFO] [stdout] running 0 tests
[INFO] [stdout] 
[INFO] [stdout] test result: ok. 0 passed; 0 failed; 0 ignored; 0 measured; 0 filtered out; finished in 0.00s
[INFO] [stdout] 
[INFO] [stderr]      Running unittests src/lib.rs (/opt/rustwide/target/debug/deps/valor_scene-cbc08c1cbe971276)
[INFO] [stderr]    Doc-tests valor
[INFO] [stdout] 
[INFO] [stdout] running 0 tests
[INFO] [stdout] 
[INFO] [stdout] test result: ok. 0 passed; 0 failed; 0 ignored; 0 measured; 0 filtered out; finished in 0.00s
[INFO] [stdout] 
[INFO] [stdout] 
[INFO] [stdout] running 2 tests
[INFO] [stdout] test src/valor/src/builder.rs - builder::ValorBuilder (line 10) ... FAILED
[INFO] [stdout] test src/valor/src/lib.rs - (line 9) ... FAILED
[INFO] [stdout] 
[INFO] [stdout] failures:
[INFO] [stdout] 
[INFO] [stdout] ---- src/valor/src/builder.rs - builder::ValorBuilder (line 10) stdout ----
[INFO] [stdout] error[E0308]: arguments to this method are incorrect
[INFO] [stdout]   --> src/valor/src/builder.rs:18:6
[INFO] [stdout]    |
[INFO] [stdout] 11 |     .with_dimensions(800, 600)
[INFO] [stdout]    |      ^^^^^^^^^^^^^^^ ---  --- expected `f64`, found integer
[INFO] [stdout]    |                      |
[INFO] [stdout]    |                      expected `f64`, found integer
[INFO] [stdout]    |
[INFO] [stdout] note: method defined here
[INFO] [stdout]   --> /opt/rustwide/workdir/src/valor/src/builder.rs:49:12
[INFO] [stdout]    |
[INFO] [stdout] 49 |     pub fn with_dimensions(mut self, width: f64, height: f64) -> Self {
[INFO] [stdout]    |            ^^^^^^^^^^^^^^^
[INFO] [stdout] help: use a float literal
[INFO] [stdout]    |
[INFO] [stdout] 11 |     .with_dimensions(800.0, 600)
[INFO] [stdout]    |                      ~~~~~
[INFO] [stdout] help: use a float literal
[INFO] [stdout]    |
[INFO] [stdout] 11 |     .with_dimensions(800, 600.0)
[INFO] [stdout]    |                           ~~~~~
[INFO] [stdout] 
[INFO] [stdout] error: aborting due to previous error
[INFO] [stdout] 
[INFO] [stdout] For more information about this error, try `rustc --explain E0308`.
[INFO] [stdout] Couldn't compile the test.
[INFO] [stdout] ---- src/valor/src/lib.rs - (line 9) stdout ----
[INFO] [stdout] error[E0308]: arguments to this method are incorrect
[INFO] [stdout]   --> src/valor/src/lib.rs:15:6
[INFO] [stdout]    |
[INFO] [stdout] 7  |     .with_dimensions(800, 600)
[INFO] [stdout]    |      ^^^^^^^^^^^^^^^ ---  --- expected `f64`, found integer
[INFO] [stdout]    |                      |
[INFO] [stdout]    |                      expected `f64`, found integer
[INFO] [stdout]    |
[INFO] [stdout] note: method defined here
[INFO] [stdout]   --> /opt/rustwide/workdir/src/valor/src/builder.rs:49:12
[INFO] [stdout]    |
[INFO] [stdout] 49 |     pub fn with_dimensions(mut self, width: f64, height: f64) -> Self {
[INFO] [stdout]    |            ^^^^^^^^^^^^^^^
[INFO] [stdout] help: use a float literal
[INFO] [stdout]    |
[INFO] [stdout] 7  |     .with_dimensions(800.0, 600)
[INFO] [stdout]    |                      ~~~~~
[INFO] [stdout] help: use a float literal
[INFO] [stdout]    |
[INFO] [stdout] 7  |     .with_dimensions(800, 600.0)
[INFO] [stdout]    |                           ~~~~~
[INFO] [stdout] 
[INFO] [stdout] error: aborting due to previous error
[INFO] [stdout] 
[INFO] [stdout] For more information about this error, try `rustc --explain E0308`.
[INFO] [stdout] Couldn't compile the test.
[INFO] [stdout] 
[INFO] [stdout] failures:
[INFO] [stdout]     src/valor/src/builder.rs - builder::ValorBuilder (line 10)
[INFO] [stdout]     src/valor/src/lib.rs - (line 9)
[INFO] [stdout] 
[INFO] [stdout] test result: FAILED. 0 passed; 2 failed; 0 ignored; 0 measured; 0 filtered out; finished in 0.09s
[INFO] [stdout] 
[INFO] [stderr] error: doctest failed, to rerun pass `-p valor --doc`
[INFO] running `Command { std: "docker" "inspect" "8dc776fbcde8285036744bc1b051fbcecae5ba7375ca446492820eaffee55520", kill_on_drop: false }`
[INFO] running `Command { std: "docker" "rm" "-f" "8dc776fbcde8285036744bc1b051fbcecae5ba7375ca446492820eaffee55520", kill_on_drop: false }`
[INFO] [stdout] 8dc776fbcde8285036744bc1b051fbcecae5ba7375ca446492820eaffee55520
[INFO] testing jsonnull/valor against beta-2023-12-22 for beta-1.76-1
[INFO] running `Command { std: "git" "clone" "/workspace/cache/git-repos/https%3A%2F%2Fgithub.com%2Fjsonnull%2Fvalor" "/workspace/builds/worker-4-tc2/source", kill_on_drop: false }`
[INFO] [stderr] Cloning into '/workspace/builds/worker-4-tc2/source'...
[INFO] [stderr] done.
[INFO] validating manifest of git repo https://github.com/jsonnull/valor on toolchain beta-2023-12-22
[INFO] running `Command { std: CARGO_HOME="/workspace/cargo-home" RUSTUP_HOME="/workspace/rustup-home" "/workspace/cargo-home/bin/cargo" "+beta-2023-12-22" "metadata" "--manifest-path" "Cargo.toml" "--no-deps", kill_on_drop: false }`
[INFO] removed /workspace/builds/worker-4-tc2/source/rust-toolchain
[INFO] started tweaking git repo https://github.com/jsonnull/valor
[INFO] finished tweaking git repo https://github.com/jsonnull/valor
[INFO] tweaked toml for git repo https://github.com/jsonnull/valor written to /workspace/builds/worker-4-tc2/source/Cargo.toml
[INFO] crate git repo https://github.com/jsonnull/valor already has a lockfile, it will not be regenerated
[INFO] running `Command { std: CARGO_HOME="/workspace/cargo-home" RUSTUP_HOME="/workspace/rustup-home" "/workspace/cargo-home/bin/cargo" "+beta-2023-12-22" "fetch" "--manifest-path" "Cargo.toml", kill_on_drop: false }`
[INFO] running `Command { std: "docker" "create" "-v" "/var/lib/crater-agent-workspace/builds/worker-4-tc2/target:/opt/rustwide/target:rw,Z" "-v" "/var/lib/crater-agent-workspace/builds/worker-4-tc2/source:/opt/rustwide/workdir:ro,Z" "-v" "/var/lib/crater-agent-workspace/cargo-home:/opt/rustwide/cargo-home:ro,Z" "-v" "/var/lib/crater-agent-workspace/rustup-home:/opt/rustwide/rustup-home:ro,Z" "-e" "SOURCE_DIR=/opt/rustwide/workdir" "-e" "CARGO_TARGET_DIR=/opt/rustwide/target" "-e" "CARGO_HOME=/opt/rustwide/cargo-home" "-e" "RUSTUP_HOME=/opt/rustwide/rustup-home" "-w" "/opt/rustwide/workdir" "-m" "1610612736" "--user" "0:0" "--network" "none" "ghcr.io/rust-lang/crates-build-env/linux@sha256:2788e3201cd34a07e3172128adcd8b3090168a8e3bcc40d7c032b9dda1df7d1c" "/opt/rustwide/cargo-home/bin/cargo" "+beta-2023-12-22" "metadata" "--no-deps" "--format-version=1", kill_on_drop: false }`
[INFO] [stdout] 94adfa4a5de74620a3b8296de2d446eb0874882ba5019a23217c25e489b0b08f
[INFO] running `Command { std: "docker" "start" "-a" "94adfa4a5de74620a3b8296de2d446eb0874882ba5019a23217c25e489b0b08f", kill_on_drop: false }`
[INFO] running `Command { std: "docker" "inspect" "94adfa4a5de74620a3b8296de2d446eb0874882ba5019a23217c25e489b0b08f", kill_on_drop: false }`
[INFO] running `Command { std: "docker" "rm" "-f" "94adfa4a5de74620a3b8296de2d446eb0874882ba5019a23217c25e489b0b08f", kill_on_drop: false }`
[INFO] [stdout] 94adfa4a5de74620a3b8296de2d446eb0874882ba5019a23217c25e489b0b08f
[INFO] running `Command { std: "docker" "create" "-v" "/var/lib/crater-agent-workspace/builds/worker-4-tc2/target:/opt/rustwide/target:rw,Z" "-v" "/var/lib/crater-agent-workspace/builds/worker-4-tc2/source:/opt/rustwide/workdir:ro,Z" "-v" "/var/lib/crater-agent-workspace/cargo-home:/opt/rustwide/cargo-home:ro,Z" "-v" "/var/lib/crater-agent-workspace/rustup-home:/opt/rustwide/rustup-home:ro,Z" "-e" "SOURCE_DIR=/opt/rustwide/workdir" "-e" "CARGO_TARGET_DIR=/opt/rustwide/target" "-e" "CARGO_INCREMENTAL=0" "-e" "RUST_BACKTRACE=full" "-e" "RUSTFLAGS=--cap-lints=warn" "-e" "RUSTDOCFLAGS=--cap-lints=warn" "-e" "CARGO_HOME=/opt/rustwide/cargo-home" "-e" "RUSTUP_HOME=/opt/rustwide/rustup-home" "-w" "/opt/rustwide/workdir" "-m" "1610612736" "--user" "0:0" "--network" "none" "ghcr.io/rust-lang/crates-build-env/linux@sha256:2788e3201cd34a07e3172128adcd8b3090168a8e3bcc40d7c032b9dda1df7d1c" "/opt/rustwide/cargo-home/bin/cargo" "+beta-2023-12-22" "build" "--frozen" "--message-format=json", kill_on_drop: false }`
[INFO] [stdout] 7b2c746cad97d056d5523f67d53c337f5de245de844d3784638e9c2e7fc1400a
[INFO] running `Command { std: "docker" "start" "-a" "7b2c746cad97d056d5523f67d53c337f5de245de844d3784638e9c2e7fc1400a", kill_on_drop: false }`
[INFO] [stderr]    Compiling libc v0.2.44
[INFO] [stderr]    Compiling bitflags v1.0.4
[INFO] [stderr]    Compiling cc v1.0.25
[INFO] [stderr]    Compiling cfg-if v0.1.6
[INFO] [stderr]    Compiling lazy_static v1.2.0
[INFO] [stderr]    Compiling semver-parser v0.7.0
[INFO] [stderr]    Compiling khronos_api v2.2.0
[INFO] [stderr]    Compiling void v1.0.2
[INFO] [stderr]    Compiling xml-rs v0.7.0
[INFO] [stderr]    Compiling rand_core v0.3.0
[INFO] [stderr]    Compiling log v0.4.6
[INFO] [stderr]    Compiling downcast-rs v1.0.3
[INFO] [stderr]    Compiling rand_core v0.2.2
[INFO] [stderr]    Compiling semver v0.9.0
[INFO] [stderr]    Compiling unreachable v1.0.0
[INFO] [stderr]    Compiling pkg-config v0.3.14
[INFO] [stderr]    Compiling rustc_version v0.2.3
[INFO] [stderr]    Compiling nix v0.11.0
[INFO] [stderr]    Compiling stable_deref_trait v1.1.1
[INFO] [stderr]    Compiling num-traits v0.2.6
[INFO] [stderr]    Compiling owning_ref v0.4.0
[INFO] [stderr]    Compiling rand v0.5.5
[INFO] [stderr]    Compiling smallvec v0.6.6
[INFO] [stderr]    Compiling parking_lot_core v0.3.1
[INFO] [stderr]    Compiling wayland-scanner v0.20.12
[INFO] [stderr]    Compiling gl_generator v0.9.0
[INFO] [stderr]    Compiling x11-dl v2.18.3
[INFO] [stderr]    Compiling remove_dir_all v0.5.1
[INFO] [stderr]    Compiling scopeguard v0.3.3
[INFO] [stderr]    Compiling lock_api v0.1.5
[INFO] [stderr]    Compiling memmap v0.6.2
[INFO] [stderr]    Compiling cgmath v0.16.1
[INFO] [stderr]    Compiling byteorder v1.2.7
[INFO] [stderr]    Compiling libloading v0.5.0
[INFO] [stderr]    Compiling wayland-client v0.20.12
[INFO] [stderr]    Compiling wayland-protocols v0.20.12
[INFO] [stderr]    Compiling tempfile v3.0.4
[INFO] [stderr]    Compiling backtrace-sys v0.1.24
[INFO] [stderr]    Compiling dlib v0.4.1
[INFO] [stderr]    Compiling wayland-sys v0.20.12
[INFO] [stderr]    Compiling wayland-commons v0.20.12
[INFO] [stderr]    Compiling num-traits v0.1.43
[INFO] [stderr]    Compiling parking_lot v0.6.4
[INFO] [stderr]    Compiling glutin v0.17.0
[INFO] [stderr]    Compiling shared_library v0.1.9
[INFO] [stderr]    Compiling rand v0.4.3
[INFO] [stderr]    Compiling percent-encoding v1.0.1
[INFO] [stderr]    Compiling approx v0.1.1
[INFO] [stderr]    Compiling osmesa-sys v0.1.2
[INFO] [stderr]    Compiling glium v0.22.0
[INFO] [stderr]    Compiling rustc-demangle v0.1.9
[INFO] [stderr]    Compiling backtrace v0.3.9
[INFO] [stderr]    Compiling snowflake v1.3.0
[INFO] [stderr]    Compiling fnv v1.0.6
[INFO] [stderr]    Compiling id_tree v1.3.0
[INFO] [stderr]    Compiling generational-arena v0.1.0
[INFO] [stderr]    Compiling valor_scene v0.0.0-test (/opt/rustwide/workdir/src/valor_scene)
[INFO] [stderr]    Compiling valor_camera v0.0.0-test (/opt/rustwide/workdir/src/valor_camera)
[INFO] [stderr]    Compiling smithay-client-toolkit v0.2.6
[INFO] [stderr]    Compiling winit v0.16.2
[INFO] [stderr]    Compiling valor v0.0.0-test (/opt/rustwide/workdir/src/valor)
[INFO] [stdout] warning: use of deprecated function `std::mem::uninitialized`: use `mem::MaybeUninit` instead
[INFO] [stdout]   --> src/valor/src/simple/vertex.rs:12:1
[INFO] [stdout]    |
[INFO] [stdout] 12 | implement_vertex!(Vertex, position, color);
[INFO] [stdout]    | ^^^^^^^^^^^^^^^^^^^^^^^^^^^^^^^^^^^^^^^^^^
[INFO] [stdout]    |
[INFO] [stdout]    = note: `#[warn(deprecated)]` on by default
[INFO] [stdout]    = note: this warning originates in the macro `implement_vertex` (in Nightly builds, run with -Z macro-backtrace for more info)
[INFO] [stdout] 
[INFO] [stdout] 
[INFO] [stdout] warning: 1 warning emitted
[INFO] [stdout] 
[INFO] [stdout] 
[INFO] [stderr]    Compiling valor-example-basic v0.0.0 (/opt/rustwide/workdir/examples/basic)
[INFO] [stderr]     Finished dev [unoptimized + debuginfo] target(s) in 20.77s
[INFO] running `Command { std: "docker" "inspect" "7b2c746cad97d056d5523f67d53c337f5de245de844d3784638e9c2e7fc1400a", kill_on_drop: false }`
[INFO] running `Command { std: "docker" "rm" "-f" "7b2c746cad97d056d5523f67d53c337f5de245de844d3784638e9c2e7fc1400a", kill_on_drop: false }`
[INFO] [stdout] 7b2c746cad97d056d5523f67d53c337f5de245de844d3784638e9c2e7fc1400a
[INFO] running `Command { std: "docker" "create" "-v" "/var/lib/crater-agent-workspace/builds/worker-4-tc2/target:/opt/rustwide/target:rw,Z" "-v" "/var/lib/crater-agent-workspace/builds/worker-4-tc2/source:/opt/rustwide/workdir:ro,Z" "-v" "/var/lib/crater-agent-workspace/cargo-home:/opt/rustwide/cargo-home:ro,Z" "-v" "/var/lib/crater-agent-workspace/rustup-home:/opt/rustwide/rustup-home:ro,Z" "-e" "SOURCE_DIR=/opt/rustwide/workdir" "-e" "CARGO_TARGET_DIR=/opt/rustwide/target" "-e" "CARGO_INCREMENTAL=0" "-e" "RUST_BACKTRACE=full" "-e" "RUSTFLAGS=--cap-lints=warn" "-e" "RUSTDOCFLAGS=--cap-lints=warn" "-e" "CARGO_HOME=/opt/rustwide/cargo-home" "-e" "RUSTUP_HOME=/opt/rustwide/rustup-home" "-w" "/opt/rustwide/workdir" "-m" "1610612736" "--user" "0:0" "--network" "none" "ghcr.io/rust-lang/crates-build-env/linux@sha256:2788e3201cd34a07e3172128adcd8b3090168a8e3bcc40d7c032b9dda1df7d1c" "/opt/rustwide/cargo-home/bin/cargo" "+beta-2023-12-22" "test" "--frozen" "--no-run" "--message-format=json", kill_on_drop: false }`
[INFO] [stdout] f843a66a6ad5f62b84217c9362374fd9061c7701487f886d3f830a35b2496c61
[INFO] running `Command { std: "docker" "start" "-a" "f843a66a6ad5f62b84217c9362374fd9061c7701487f886d3f830a35b2496c61", kill_on_drop: false }`
[INFO] [stderr]    Compiling valor_scene v0.0.0-test (/opt/rustwide/workdir/src/valor_scene)
[INFO] [stderr]    Compiling valor_camera v0.0.0-test (/opt/rustwide/workdir/src/valor_camera)
[INFO] [stdout] warning: use of deprecated function `std::mem::uninitialized`: use `mem::MaybeUninit` instead
[INFO] [stdout]   --> src/valor/src/simple/vertex.rs:12:1
[INFO] [stdout]    |
[INFO] [stdout] 12 | implement_vertex!(Vertex, position, color);
[INFO] [stdout]    | ^^^^^^^^^^^^^^^^^^^^^^^^^^^^^^^^^^^^^^^^^^
[INFO] [stdout]    |
[INFO] [stdout]    = note: `#[warn(deprecated)]` on by default
[INFO] [stdout]    = note: this warning originates in the macro `implement_vertex` (in Nightly builds, run with -Z macro-backtrace for more info)
[INFO] [stdout] 
[INFO] [stdout] 
[INFO] [stdout] warning: 1 warning emitted
[INFO] [stdout] 
[INFO] [stdout] 
[INFO] [stderr]    Compiling valor v0.0.0-test (/opt/rustwide/workdir/src/valor)
[INFO] [stderr]    Compiling valor-example-basic v0.0.0 (/opt/rustwide/workdir/examples/basic)
[INFO] [stdout] warning: use of deprecated function `std::mem::uninitialized`: use `mem::MaybeUninit` instead
[INFO] [stdout]   --> src/valor/src/simple/vertex.rs:12:1
[INFO] [stdout]    |
[INFO] [stdout] 12 | implement_vertex!(Vertex, position, color);
[INFO] [stdout]    | ^^^^^^^^^^^^^^^^^^^^^^^^^^^^^^^^^^^^^^^^^^
[INFO] [stdout]    |
[INFO] [stdout]    = note: `#[warn(deprecated)]` on by default
[INFO] [stdout]    = note: this warning originates in the macro `implement_vertex` (in Nightly builds, run with -Z macro-backtrace for more info)
[INFO] [stdout] 
[INFO] [stdout] 
[INFO] [stdout] warning: 1 warning emitted
[INFO] [stdout] 
[INFO] [stdout] 
[INFO] [stderr]     Finished test [unoptimized + debuginfo] target(s) in 0.46s
[INFO] running `Command { std: "docker" "inspect" "f843a66a6ad5f62b84217c9362374fd9061c7701487f886d3f830a35b2496c61", kill_on_drop: false }`
[INFO] running `Command { std: "docker" "rm" "-f" "f843a66a6ad5f62b84217c9362374fd9061c7701487f886d3f830a35b2496c61", kill_on_drop: false }`
[INFO] [stdout] f843a66a6ad5f62b84217c9362374fd9061c7701487f886d3f830a35b2496c61
[INFO] running `Command { std: "docker" "create" "-v" "/var/lib/crater-agent-workspace/builds/worker-4-tc2/target:/opt/rustwide/target:rw,Z" "-v" "/var/lib/crater-agent-workspace/builds/worker-4-tc2/source:/opt/rustwide/workdir:ro,Z" "-v" "/var/lib/crater-agent-workspace/cargo-home:/opt/rustwide/cargo-home:ro,Z" "-v" "/var/lib/crater-agent-workspace/rustup-home:/opt/rustwide/rustup-home:ro,Z" "-e" "SOURCE_DIR=/opt/rustwide/workdir" "-e" "CARGO_TARGET_DIR=/opt/rustwide/target" "-e" "CARGO_INCREMENTAL=0" "-e" "RUST_BACKTRACE=full" "-e" "RUSTFLAGS=--cap-lints=warn" "-e" "RUSTDOCFLAGS=--cap-lints=warn" "-e" "CARGO_HOME=/opt/rustwide/cargo-home" "-e" "RUSTUP_HOME=/opt/rustwide/rustup-home" "-w" "/opt/rustwide/workdir" "-m" "1610612736" "--user" "0:0" "--network" "none" "ghcr.io/rust-lang/crates-build-env/linux@sha256:2788e3201cd34a07e3172128adcd8b3090168a8e3bcc40d7c032b9dda1df7d1c" "/opt/rustwide/cargo-home/bin/cargo" "+beta-2023-12-22" "test" "--frozen", kill_on_drop: false }`
[INFO] [stdout] 64f99292386b8a548160d266b7d01ab338357ef378ae2ca4ee30a7298443076d
[INFO] running `Command { std: "docker" "start" "-a" "64f99292386b8a548160d266b7d01ab338357ef378ae2ca4ee30a7298443076d", kill_on_drop: false }`
[INFO] [stderr] warning: use of deprecated function `std::mem::uninitialized`: use `mem::MaybeUninit` instead
[INFO] [stderr]   --> src/valor/src/simple/vertex.rs:12:1
[INFO] [stderr]    |
[INFO] [stderr] 12 | implement_vertex!(Vertex, position, color);
[INFO] [stderr]    | ^^^^^^^^^^^^^^^^^^^^^^^^^^^^^^^^^^^^^^^^^^
[INFO] [stderr]    |
[INFO] [stderr]    = note: `#[warn(deprecated)]` on by default
[INFO] [stderr]    = note: this warning originates in the macro `implement_vertex` (in Nightly builds, run with -Z macro-backtrace for more info)
[INFO] [stderr] 
[INFO] [stderr] warning: `valor` (lib) generated 1 warning
[INFO] [stderr] warning: `valor` (lib test) generated 1 warning (1 duplicate)
[INFO] [stderr]     Finished test [unoptimized + debuginfo] target(s) in 0.06s
[INFO] [stderr]      Running unittests src/lib.rs (/opt/rustwide/target/debug/deps/valor-ffd96069664bf2ab)
[INFO] [stdout] 
[INFO] [stdout] running 0 tests
[INFO] [stdout] 
[INFO] [stdout] test result: ok. 0 passed; 0 failed; 0 ignored; 0 measured; 0 filtered out; finished in 0.00s
[INFO] [stdout] 
[INFO] [stderr]      Running unittests main.rs (/opt/rustwide/target/debug/deps/valor_example_basic-7ae075cc5f475a5a)
[INFO] [stdout] 
[INFO] [stdout] running 0 tests
[INFO] [stdout] 
[INFO] [stdout] test result: ok. 0 passed; 0 failed; 0 ignored; 0 measured; 0 filtered out; finished in 0.00s
[INFO] [stdout] 
[INFO] [stderr]      Running unittests src/lib.rs (/opt/rustwide/target/debug/deps/valor_camera-f9cb1005e098a020)
[INFO] [stdout] 
[INFO] [stdout] running 0 tests
[INFO] [stdout] 
[INFO] [stdout] test result: ok. 0 passed; 0 failed; 0 ignored; 0 measured; 0 filtered out; finished in 0.00s
[INFO] [stdout] 
[INFO] [stderr]      Running unittests src/lib.rs (/opt/rustwide/target/debug/deps/valor_scene-ef09116b6436ddf3)
[INFO] [stdout] 
[INFO] [stdout] running 0 tests
[INFO] [stdout] 
[INFO] [stdout] test result: ok. 0 passed; 0 failed; 0 ignored; 0 measured; 0 filtered out; finished in 0.00s
[INFO] [stdout] 
[INFO] [stderr]    Doc-tests valor
[INFO] [stdout] 
[INFO] [stdout] running 2 tests
[INFO] [stdout] test src/valor/src/lib.rs - (line 9) ... FAILED
[INFO] [stdout] test src/valor/src/builder.rs - builder::ValorBuilder (line 10) ... FAILED
[INFO] [stderr] error: doctest failed, to rerun pass `-p valor --doc`
[INFO] [stdout] 
[INFO] [stdout] failures:
[INFO] [stdout] 
[INFO] [stdout] ---- src/valor/src/lib.rs - (line 9) stdout ----
[INFO] [stdout] error[E0308]: arguments to this method are incorrect
[INFO] [stdout]   --> src/valor/src/lib.rs:15:6
[INFO] [stdout]    |
[INFO] [stdout] 7  |     .with_dimensions(800, 600)
[INFO] [stdout]    |      ^^^^^^^^^^^^^^^ ---  --- expected `f64`, found integer
[INFO] [stdout]    |                      |
[INFO] [stdout]    |                      expected `f64`, found integer
[INFO] [stdout]    |
[INFO] [stdout] note: method defined here
[INFO] [stdout]   --> /opt/rustwide/workdir/src/valor/src/builder.rs:49:12
[INFO] [stdout]    |
[INFO] [stdout] 49 |     pub fn with_dimensions(mut self, width: f64, height: f64) -> Self {
[INFO] [stdout]    |            ^^^^^^^^^^^^^^^
[INFO] [stdout] help: use a float literal
[INFO] [stdout]    |
[INFO] [stdout] 7  |     .with_dimensions(800.0, 600)
[INFO] [stdout]    |                      ~~~~~
[INFO] [stdout] help: use a float literal
[INFO] [stdout]    |
[INFO] [stdout] 7  |     .with_dimensions(800, 600.0)
[INFO] [stdout]    |                           ~~~~~
[INFO] [stdout] 
[INFO] [stdout] error: aborting due to 1 previous error
[INFO] [stdout] 
[INFO] [stdout] For more information about this error, try `rustc --explain E0308`.
[INFO] [stdout] Couldn't compile the test.
[INFO] [stdout] ---- src/valor/src/builder.rs - builder::ValorBuilder (line 10) stdout ----
[INFO] [stdout] error[E0308]: arguments to this method are incorrect
[INFO] [stdout]   --> src/valor/src/builder.rs:18:6
[INFO] [stdout]    |
[INFO] [stdout] 11 |     .with_dimensions(800, 600)
[INFO] [stdout]    |      ^^^^^^^^^^^^^^^ ---  --- expected `f64`, found integer
[INFO] [stdout]    |                      |
[INFO] [stdout]    |                      expected `f64`, found integer
[INFO] [stdout]    |
[INFO] [stdout] note: method defined here
[INFO] [stdout]   --> /opt/rustwide/workdir/src/valor/src/builder.rs:49:12
[INFO] [stdout]    |
[INFO] [stdout] 49 |     pub fn with_dimensions(mut self, width: f64, height: f64) -> Self {
[INFO] [stdout]    |            ^^^^^^^^^^^^^^^
[INFO] [stdout] help: use a float literal
[INFO] [stdout]    |
[INFO] [stdout] 11 |     .with_dimensions(800.0, 600)
[INFO] [stdout]    |                      ~~~~~
[INFO] [stdout] help: use a float literal
[INFO] [stdout]    |
[INFO] [stdout] 11 |     .with_dimensions(800, 600.0)
[INFO] [stdout]    |                           ~~~~~
[INFO] [stdout] 
[INFO] [stdout] error: aborting due to 1 previous error
[INFO] [stdout] 
[INFO] [stdout] For more information about this error, try `rustc --explain E0308`.
[INFO] [stdout] Couldn't compile the test.
[INFO] [stdout] 
[INFO] [stdout] failures:
[INFO] [stdout]     src/valor/src/builder.rs - builder::ValorBuilder (line 10)
[INFO] [stdout]     src/valor/src/lib.rs - (line 9)
[INFO] [stdout] 
[INFO] [stdout] test result: FAILED. 0 passed; 2 failed; 0 ignored; 0 measured; 0 filtered out; finished in 0.07s
[INFO] [stdout] 
[INFO] running `Command { std: "docker" "inspect" "64f99292386b8a548160d266b7d01ab338357ef378ae2ca4ee30a7298443076d", kill_on_drop: false }`
[INFO] running `Command { std: "docker" "rm" "-f" "64f99292386b8a548160d266b7d01ab338357ef378ae2ca4ee30a7298443076d", kill_on_drop: false }`
[INFO] [stdout] 64f99292386b8a548160d266b7d01ab338357ef378ae2ca4ee30a7298443076d
