[INFO] cloning repository https://github.com/jslauthor/programmer_math
[INFO] running `Command { std: "git" "-c" "credential.helper=" "-c" "credential.helper=/workspace/cargo-home/bin/git-credential-null" "clone" "--bare" "https://github.com/jslauthor/programmer_math" "/workspace/cache/git-repos/https%3A%2F%2Fgithub.com%2Fjslauthor%2Fprogrammer_math", kill_on_drop: false }`
[INFO] [stderr] Cloning into bare repository '/workspace/cache/git-repos/https%3A%2F%2Fgithub.com%2Fjslauthor%2Fprogrammer_math'...
[INFO] running `Command { std: "git" "rev-parse" "HEAD", kill_on_drop: false }`
[INFO] [stdout] aecd71b8199b10d713fdf65a6fa48f25a47e4a0c
[INFO] testing jslauthor/programmer_math against 1.75.0 for beta-1.76-1
[INFO] running `Command { std: "git" "clone" "/workspace/cache/git-repos/https%3A%2F%2Fgithub.com%2Fjslauthor%2Fprogrammer_math" "/workspace/builds/worker-1-tc1/source", kill_on_drop: false }`
[INFO] [stderr] Cloning into '/workspace/builds/worker-1-tc1/source'...
[INFO] [stderr] done.
[INFO] validating manifest of git repo https://github.com/jslauthor/programmer_math on toolchain 1.75.0
[INFO] running `Command { std: CARGO_HOME="/workspace/cargo-home" RUSTUP_HOME="/workspace/rustup-home" "/workspace/cargo-home/bin/cargo" "+1.75.0" "metadata" "--manifest-path" "Cargo.toml" "--no-deps", kill_on_drop: false }`
[INFO] started tweaking git repo https://github.com/jslauthor/programmer_math
[INFO] finished tweaking git repo https://github.com/jslauthor/programmer_math
[INFO] tweaked toml for git repo https://github.com/jslauthor/programmer_math written to /workspace/builds/worker-1-tc1/source/Cargo.toml
[INFO] crate git repo https://github.com/jslauthor/programmer_math already has a lockfile, it will not be regenerated
[INFO] running `Command { std: CARGO_HOME="/workspace/cargo-home" RUSTUP_HOME="/workspace/rustup-home" "/workspace/cargo-home/bin/cargo" "+1.75.0" "fetch" "--manifest-path" "Cargo.toml", kill_on_drop: false }`
[INFO] running `Command { std: "docker" "create" "-v" "/var/lib/crater-agent-workspace/builds/worker-1-tc1/target:/opt/rustwide/target:rw,Z" "-v" "/var/lib/crater-agent-workspace/builds/worker-1-tc1/source:/opt/rustwide/workdir:ro,Z" "-v" "/var/lib/crater-agent-workspace/cargo-home:/opt/rustwide/cargo-home:ro,Z" "-v" "/var/lib/crater-agent-workspace/rustup-home:/opt/rustwide/rustup-home:ro,Z" "-e" "SOURCE_DIR=/opt/rustwide/workdir" "-e" "CARGO_TARGET_DIR=/opt/rustwide/target" "-e" "CARGO_HOME=/opt/rustwide/cargo-home" "-e" "RUSTUP_HOME=/opt/rustwide/rustup-home" "-w" "/opt/rustwide/workdir" "-m" "1610612736" "--user" "0:0" "--network" "none" "ghcr.io/rust-lang/crates-build-env/linux@sha256:2788e3201cd34a07e3172128adcd8b3090168a8e3bcc40d7c032b9dda1df7d1c" "/opt/rustwide/cargo-home/bin/cargo" "+1.75.0" "metadata" "--no-deps" "--format-version=1", kill_on_drop: false }`
[INFO] [stdout] 9fa9c020d6dbef847b4b3de4f56c108a4973472f23ad3d1e889e767c93589499
[INFO] running `Command { std: "docker" "start" "-a" "9fa9c020d6dbef847b4b3de4f56c108a4973472f23ad3d1e889e767c93589499", kill_on_drop: false }`
[INFO] running `Command { std: "docker" "inspect" "9fa9c020d6dbef847b4b3de4f56c108a4973472f23ad3d1e889e767c93589499", kill_on_drop: false }`
[INFO] running `Command { std: "docker" "rm" "-f" "9fa9c020d6dbef847b4b3de4f56c108a4973472f23ad3d1e889e767c93589499", kill_on_drop: false }`
[INFO] [stdout] 9fa9c020d6dbef847b4b3de4f56c108a4973472f23ad3d1e889e767c93589499
[INFO] running `Command { std: "docker" "create" "-v" "/var/lib/crater-agent-workspace/builds/worker-1-tc1/target:/opt/rustwide/target:rw,Z" "-v" "/var/lib/crater-agent-workspace/builds/worker-1-tc1/source:/opt/rustwide/workdir:ro,Z" "-v" "/var/lib/crater-agent-workspace/cargo-home:/opt/rustwide/cargo-home:ro,Z" "-v" "/var/lib/crater-agent-workspace/rustup-home:/opt/rustwide/rustup-home:ro,Z" "-e" "SOURCE_DIR=/opt/rustwide/workdir" "-e" "CARGO_TARGET_DIR=/opt/rustwide/target" "-e" "CARGO_INCREMENTAL=0" "-e" "RUST_BACKTRACE=full" "-e" "RUSTFLAGS=--cap-lints=warn" "-e" "RUSTDOCFLAGS=--cap-lints=warn" "-e" "CARGO_HOME=/opt/rustwide/cargo-home" "-e" "RUSTUP_HOME=/opt/rustwide/rustup-home" "-w" "/opt/rustwide/workdir" "-m" "1610612736" "--user" "0:0" "--network" "none" "ghcr.io/rust-lang/crates-build-env/linux@sha256:2788e3201cd34a07e3172128adcd8b3090168a8e3bcc40d7c032b9dda1df7d1c" "/opt/rustwide/cargo-home/bin/cargo" "+1.75.0" "build" "--frozen" "--message-format=json", kill_on_drop: false }`
[INFO] [stdout] 977e21fcbbaf92ae51d9c914b1247bf12e3d7223030b7d8d6cee94475fe26f79
[INFO] running `Command { std: "docker" "start" "-a" "977e21fcbbaf92ae51d9c914b1247bf12e3d7223030b7d8d6cee94475fe26f79", kill_on_drop: false }`
[INFO] [stderr]    Compiling autocfg v0.1.7
[INFO] [stderr]    Compiling num-traits v0.2.8
[INFO] [stderr]    Compiling programmer_math v0.1.0 (/opt/rustwide/workdir)
[INFO] [stdout] warning: method `y` is never used
[INFO] [stdout]   --> src/poly/mod.rs:16:10
[INFO] [stdout]    |
[INFO] [stdout] 7  | impl Point {
[INFO] [stdout]    | ---------- method in this implementation
[INFO] [stdout] ...
[INFO] [stdout] 16 |   pub fn y(&self) -> f64 {
[INFO] [stdout]    |          ^
[INFO] [stdout]    |
[INFO] [stdout]    = note: `#[warn(dead_code)]` on by default
[INFO] [stdout] 
[INFO] [stdout] 
[INFO] [stdout] warning: 1 warning emitted
[INFO] [stdout] 
[INFO] [stdout] 
[INFO] [stderr]     Finished dev [unoptimized + debuginfo] target(s) in 2.17s
[INFO] running `Command { std: "docker" "inspect" "977e21fcbbaf92ae51d9c914b1247bf12e3d7223030b7d8d6cee94475fe26f79", kill_on_drop: false }`
[INFO] running `Command { std: "docker" "rm" "-f" "977e21fcbbaf92ae51d9c914b1247bf12e3d7223030b7d8d6cee94475fe26f79", kill_on_drop: false }`
[INFO] [stdout] 977e21fcbbaf92ae51d9c914b1247bf12e3d7223030b7d8d6cee94475fe26f79
[INFO] running `Command { std: "docker" "create" "-v" "/var/lib/crater-agent-workspace/builds/worker-1-tc1/target:/opt/rustwide/target:rw,Z" "-v" "/var/lib/crater-agent-workspace/builds/worker-1-tc1/source:/opt/rustwide/workdir:ro,Z" "-v" "/var/lib/crater-agent-workspace/cargo-home:/opt/rustwide/cargo-home:ro,Z" "-v" "/var/lib/crater-agent-workspace/rustup-home:/opt/rustwide/rustup-home:ro,Z" "-e" "SOURCE_DIR=/opt/rustwide/workdir" "-e" "CARGO_TARGET_DIR=/opt/rustwide/target" "-e" "CARGO_INCREMENTAL=0" "-e" "RUST_BACKTRACE=full" "-e" "RUSTFLAGS=--cap-lints=warn" "-e" "RUSTDOCFLAGS=--cap-lints=warn" "-e" "CARGO_HOME=/opt/rustwide/cargo-home" "-e" "RUSTUP_HOME=/opt/rustwide/rustup-home" "-w" "/opt/rustwide/workdir" "-m" "1610612736" "--user" "0:0" "--network" "none" "ghcr.io/rust-lang/crates-build-env/linux@sha256:2788e3201cd34a07e3172128adcd8b3090168a8e3bcc40d7c032b9dda1df7d1c" "/opt/rustwide/cargo-home/bin/cargo" "+1.75.0" "test" "--frozen" "--no-run" "--message-format=json", kill_on_drop: false }`
[INFO] [stdout] e5a311e9904a79934c0cc0e92706becafed45488430f4d85604ab2f0b1fba894
[INFO] running `Command { std: "docker" "start" "-a" "e5a311e9904a79934c0cc0e92706becafed45488430f4d85604ab2f0b1fba894", kill_on_drop: false }`
[INFO] [stderr]    Compiling programmer_math v0.1.0 (/opt/rustwide/workdir)
[INFO] [stdout] warning: method `y` is never used
[INFO] [stdout]   --> src/poly/mod.rs:16:10
[INFO] [stdout]    |
[INFO] [stdout] 7  | impl Point {
[INFO] [stdout]    | ---------- method in this implementation
[INFO] [stdout] ...
[INFO] [stdout] 16 |   pub fn y(&self) -> f64 {
[INFO] [stdout]    |          ^
[INFO] [stdout]    |
[INFO] [stdout]    = note: `#[warn(dead_code)]` on by default
[INFO] [stdout] 
[INFO] [stdout] 
[INFO] [stdout] warning: 1 warning emitted
[INFO] [stdout] 
[INFO] [stdout] 
[INFO] [stderr]     Finished test [unoptimized + debuginfo] target(s) in 0.95s
[INFO] running `Command { std: "docker" "inspect" "e5a311e9904a79934c0cc0e92706becafed45488430f4d85604ab2f0b1fba894", kill_on_drop: false }`
[INFO] running `Command { std: "docker" "rm" "-f" "e5a311e9904a79934c0cc0e92706becafed45488430f4d85604ab2f0b1fba894", kill_on_drop: false }`
[INFO] [stdout] e5a311e9904a79934c0cc0e92706becafed45488430f4d85604ab2f0b1fba894
[INFO] running `Command { std: "docker" "create" "-v" "/var/lib/crater-agent-workspace/builds/worker-1-tc1/target:/opt/rustwide/target:rw,Z" "-v" "/var/lib/crater-agent-workspace/builds/worker-1-tc1/source:/opt/rustwide/workdir:ro,Z" "-v" "/var/lib/crater-agent-workspace/cargo-home:/opt/rustwide/cargo-home:ro,Z" "-v" "/var/lib/crater-agent-workspace/rustup-home:/opt/rustwide/rustup-home:ro,Z" "-e" "SOURCE_DIR=/opt/rustwide/workdir" "-e" "CARGO_TARGET_DIR=/opt/rustwide/target" "-e" "CARGO_INCREMENTAL=0" "-e" "RUST_BACKTRACE=full" "-e" "RUSTFLAGS=--cap-lints=warn" "-e" "RUSTDOCFLAGS=--cap-lints=warn" "-e" "CARGO_HOME=/opt/rustwide/cargo-home" "-e" "RUSTUP_HOME=/opt/rustwide/rustup-home" "-w" "/opt/rustwide/workdir" "-m" "1610612736" "--user" "0:0" "--network" "none" "ghcr.io/rust-lang/crates-build-env/linux@sha256:2788e3201cd34a07e3172128adcd8b3090168a8e3bcc40d7c032b9dda1df7d1c" "/opt/rustwide/cargo-home/bin/cargo" "+1.75.0" "test" "--frozen", kill_on_drop: false }`
[INFO] [stdout] 65a042b318419ed2572f92a798e7597c21be5921ee0a772ef53201c1a5657220
[INFO] running `Command { std: "docker" "start" "-a" "65a042b318419ed2572f92a798e7597c21be5921ee0a772ef53201c1a5657220", kill_on_drop: false }`
[INFO] [stderr] warning: method `y` is never used
[INFO] [stderr]   --> src/poly/mod.rs:16:10
[INFO] [stderr]    |
[INFO] [stderr] 7  | impl Point {
[INFO] [stderr]    | ---------- method in this implementation
[INFO] [stderr] ...
[INFO] [stderr] 16 |   pub fn y(&self) -> f64 {
[INFO] [stderr]    |          ^
[INFO] [stderr]    |
[INFO] [stderr]    = note: `#[warn(dead_code)]` on by default
[INFO] [stderr] 
[INFO] [stderr] warning: `programmer_math` (bin "programmer_math" test) generated 1 warning
[INFO] [stderr]     Finished test [unoptimized + debuginfo] target(s) in 0.01s
[INFO] [stderr]      Running unittests src/lib.rs (/opt/rustwide/target/debug/deps/programmer_math-b85d06f60dcc7a8b)
[INFO] [stdout] 
[INFO] [stdout] running 9 tests
[INFO] [stdout] test tests::interpolate_should_accurately_evaluate_points ... ok
[INFO] [stdout] test poly::polynomial::tests::new ... ok
[INFO] [stdout] test poly::polynomial::tests::pretty ... ok
[INFO] [stdout] test poly::polynomial::tests::eval ... ok
[INFO] [stdout] test poly::polynomial::tests::mul ... ok
[INFO] [stdout] test tests::single_term_should_return_one_term_of_interpolated_points ... ok
[INFO] [stdout] test poly::polynomial::tests::neg_add_sub ... ok
[INFO] [stdout] test tests::interpolate_should_panic_with_zero_points - should panic ... ok
[INFO] [stdout] test tests::interpolate_points_should_contain_unique_x_values - should panic ... ok
[INFO] [stdout] 
[INFO] [stdout] test result: ok. 9 passed; 0 failed; 0 ignored; 0 measured; 0 filtered out; finished in 0.05s
[INFO] [stdout] 
[INFO] [stderr]      Running unittests src/main.rs (/opt/rustwide/target/debug/deps/programmer_math-8a38e2e30a5fa55c)
[INFO] [stdout] 
[INFO] [stdout] running 5 tests
[INFO] [stdout] test poly::polynomial::tests::neg_add_sub ... ok
[INFO] [stdout] test poly::polynomial::tests::eval ... ok
[INFO] [stdout] test poly::polynomial::tests::mul ... ok
[INFO] [stdout] test poly::polynomial::tests::new ... ok
[INFO] [stdout] test poly::polynomial::tests::pretty ... ok
[INFO] [stdout] 
[INFO] [stdout] test result: ok. 5 passed; 0 failed; 0 ignored; 0 measured; 0 filtered out; finished in 0.02s
[INFO] [stdout] 
[INFO] [stderr]    Doc-tests programmer_math
[INFO] [stdout] 
[INFO] [stdout] running 2 tests
[INFO] [stdout] test src/poly/polynomial.rs - poly::polynomial::Polynomial<T>::new (line 28) ... FAILED
[INFO] [stderr] error: doctest failed, to rerun pass `--doc`
[INFO] [stdout] test src/poly/polynomial.rs - poly::polynomial::Polynomial<T>::eval (line 45) ... FAILED
[INFO] [stdout] 
[INFO] [stdout] failures:
[INFO] [stdout] 
[INFO] [stdout] ---- src/poly/polynomial.rs - poly::polynomial::Polynomial<T>::new (line 28) stdout ----
[INFO] [stdout] error[E0432]: unresolved import `polynomial`
[INFO] [stdout]  --> src/poly/polynomial.rs:29:5
[INFO] [stdout]   |
[INFO] [stdout] 3 | use polynomial::Polynomial;
[INFO] [stdout]   |     ^^^^^^^^^^ help: a similar path exists: `programmer_math::polynomial`
[INFO] [stdout] 
[INFO] [stdout] error: aborting due to previous error
[INFO] [stdout] 
[INFO] [stdout] For more information about this error, try `rustc --explain E0432`.
[INFO] [stdout] Couldn't compile the test.
[INFO] [stdout] ---- src/poly/polynomial.rs - poly::polynomial::Polynomial<T>::eval (line 45) stdout ----
[INFO] [stdout] error[E0432]: unresolved import `polynomial`
[INFO] [stdout]  --> src/poly/polynomial.rs:46:5
[INFO] [stdout]   |
[INFO] [stdout] 3 | use polynomial::Polynomial;
[INFO] [stdout]   |     ^^^^^^^^^^ help: a similar path exists: `programmer_math::polynomial`
[INFO] [stdout] 
[INFO] [stdout] error: aborting due to previous error
[INFO] [stdout] 
[INFO] [stdout] For more information about this error, try `rustc --explain E0432`.
[INFO] [stdout] Couldn't compile the test.
[INFO] [stdout] 
[INFO] [stdout] failures:
[INFO] [stdout]     src/poly/polynomial.rs - poly::polynomial::Polynomial<T>::eval (line 45)
[INFO] [stdout]     src/poly/polynomial.rs - poly::polynomial::Polynomial<T>::new (line 28)
[INFO] [stdout] 
[INFO] [stdout] test result: FAILED. 0 passed; 2 failed; 0 ignored; 0 measured; 0 filtered out; finished in 0.21s
[INFO] [stdout] 
[INFO] running `Command { std: "docker" "inspect" "65a042b318419ed2572f92a798e7597c21be5921ee0a772ef53201c1a5657220", kill_on_drop: false }`
[INFO] running `Command { std: "docker" "rm" "-f" "65a042b318419ed2572f92a798e7597c21be5921ee0a772ef53201c1a5657220", kill_on_drop: false }`
[INFO] [stdout] 65a042b318419ed2572f92a798e7597c21be5921ee0a772ef53201c1a5657220
