[INFO] cloning repository https://github.com/joshua-mo-143/mili
[INFO] running `Command { std: "git" "-c" "credential.helper=" "-c" "credential.helper=/workspace/cargo-home/bin/git-credential-null" "clone" "--bare" "https://github.com/joshua-mo-143/mili" "/workspace/cache/git-repos/https%3A%2F%2Fgithub.com%2Fjoshua-mo-143%2Fmili", kill_on_drop: false }`
[INFO] [stderr] Cloning into bare repository '/workspace/cache/git-repos/https%3A%2F%2Fgithub.com%2Fjoshua-mo-143%2Fmili'...
[INFO] running `Command { std: "git" "rev-parse" "HEAD", kill_on_drop: false }`
[INFO] [stdout] 7af5f8de46b660ffffbb0623e6f8295282fe7c35
[INFO] testing joshua-mo-143/mili against 1.75.0 for beta-1.76-1
[INFO] running `Command { std: "git" "clone" "/workspace/cache/git-repos/https%3A%2F%2Fgithub.com%2Fjoshua-mo-143%2Fmili" "/workspace/builds/worker-4-tc1/source", kill_on_drop: false }`
[INFO] [stderr] Cloning into '/workspace/builds/worker-4-tc1/source'...
[INFO] [stderr] done.
[INFO] validating manifest of git repo https://github.com/joshua-mo-143/mili on toolchain 1.75.0
[INFO] running `Command { std: CARGO_HOME="/workspace/cargo-home" RUSTUP_HOME="/workspace/rustup-home" "/workspace/cargo-home/bin/cargo" "+1.75.0" "metadata" "--manifest-path" "Cargo.toml" "--no-deps", kill_on_drop: false }`
[INFO] started tweaking git repo https://github.com/joshua-mo-143/mili
[INFO] finished tweaking git repo https://github.com/joshua-mo-143/mili
[INFO] tweaked toml for git repo https://github.com/joshua-mo-143/mili written to /workspace/builds/worker-4-tc1/source/Cargo.toml
[INFO] crate git repo https://github.com/joshua-mo-143/mili already has a lockfile, it will not be regenerated
[INFO] running `Command { std: CARGO_HOME="/workspace/cargo-home" RUSTUP_HOME="/workspace/rustup-home" "/workspace/cargo-home/bin/cargo" "+1.75.0" "fetch" "--manifest-path" "Cargo.toml", kill_on_drop: false }`
[INFO] [stderr]     Updating crates.io index
[INFO] [stderr]  Downloading crates ...
[INFO] [stderr]   Downloaded askama_axum v0.4.0
[INFO] [stderr]   Downloaded shuttle-service v0.35.0
[INFO] [stderr]   Downloaded qrcodegen v1.8.0
[INFO] [stderr]   Downloaded qrcode-generator v4.1.9
[INFO] [stderr]   Downloaded resvg v0.36.0
[INFO] [stderr]   Downloaded shuttle-proto v0.35.0
[INFO] [stderr]   Downloaded shuttle-runtime v0.35.0
[INFO] [stderr]   Downloaded shuttle-common v0.35.0
[INFO] [stderr]   Downloaded shuttle-codegen v0.35.0
[INFO] [stderr]   Downloaded prqlc-parser v0.10.1
[INFO] [stderr]   Downloaded prqlc-ast v0.10.1
[INFO] [stderr]   Downloaded shuttle-metadata v0.35.0
[INFO] [stderr]   Downloaded shuttle-shared-db v0.35.0
[INFO] [stderr]   Downloaded prqlx v0.2.0
[INFO] [stderr]   Downloaded prql-compiler v0.10.1
[INFO] running `Command { std: "docker" "create" "-v" "/var/lib/crater-agent-workspace/builds/worker-4-tc1/target:/opt/rustwide/target:rw,Z" "-v" "/var/lib/crater-agent-workspace/builds/worker-4-tc1/source:/opt/rustwide/workdir:ro,Z" "-v" "/var/lib/crater-agent-workspace/cargo-home:/opt/rustwide/cargo-home:ro,Z" "-v" "/var/lib/crater-agent-workspace/rustup-home:/opt/rustwide/rustup-home:ro,Z" "-e" "SOURCE_DIR=/opt/rustwide/workdir" "-e" "CARGO_TARGET_DIR=/opt/rustwide/target" "-e" "CARGO_HOME=/opt/rustwide/cargo-home" "-e" "RUSTUP_HOME=/opt/rustwide/rustup-home" "-w" "/opt/rustwide/workdir" "-m" "1610612736" "--user" "0:0" "--network" "none" "ghcr.io/rust-lang/crates-build-env/linux@sha256:2788e3201cd34a07e3172128adcd8b3090168a8e3bcc40d7c032b9dda1df7d1c" "/opt/rustwide/cargo-home/bin/cargo" "+1.75.0" "metadata" "--no-deps" "--format-version=1", kill_on_drop: false }`
[INFO] [stdout] 40318948a9770f7a1545888f48efd47a124486eba371d6f991a11ff3c159ecf0
[INFO] running `Command { std: "docker" "start" "-a" "40318948a9770f7a1545888f48efd47a124486eba371d6f991a11ff3c159ecf0", kill_on_drop: false }`
[INFO] running `Command { std: "docker" "inspect" "40318948a9770f7a1545888f48efd47a124486eba371d6f991a11ff3c159ecf0", kill_on_drop: false }`
[INFO] running `Command { std: "docker" "rm" "-f" "40318948a9770f7a1545888f48efd47a124486eba371d6f991a11ff3c159ecf0", kill_on_drop: false }`
[INFO] [stdout] 40318948a9770f7a1545888f48efd47a124486eba371d6f991a11ff3c159ecf0
[INFO] running `Command { std: "docker" "create" "-v" "/var/lib/crater-agent-workspace/builds/worker-4-tc1/target:/opt/rustwide/target:rw,Z" "-v" "/var/lib/crater-agent-workspace/builds/worker-4-tc1/source:/opt/rustwide/workdir:ro,Z" "-v" "/var/lib/crater-agent-workspace/cargo-home:/opt/rustwide/cargo-home:ro,Z" "-v" "/var/lib/crater-agent-workspace/rustup-home:/opt/rustwide/rustup-home:ro,Z" "-e" "SOURCE_DIR=/opt/rustwide/workdir" "-e" "CARGO_TARGET_DIR=/opt/rustwide/target" "-e" "CARGO_INCREMENTAL=0" "-e" "RUST_BACKTRACE=full" "-e" "RUSTFLAGS=--cap-lints=warn" "-e" "RUSTDOCFLAGS=--cap-lints=warn" "-e" "CARGO_HOME=/opt/rustwide/cargo-home" "-e" "RUSTUP_HOME=/opt/rustwide/rustup-home" "-w" "/opt/rustwide/workdir" "-m" "1610612736" "--user" "0:0" "--network" "none" "ghcr.io/rust-lang/crates-build-env/linux@sha256:2788e3201cd34a07e3172128adcd8b3090168a8e3bcc40d7c032b9dda1df7d1c" "/opt/rustwide/cargo-home/bin/cargo" "+1.75.0" "build" "--frozen" "--message-format=json", kill_on_drop: false }`
[INFO] [stdout] c22392096ba54ee40b429ccf789e3580a025ba26af773e2b1cf7e6cd602267f1
[INFO] running `Command { std: "docker" "start" "-a" "c22392096ba54ee40b429ccf789e3580a025ba26af773e2b1cf7e6cd602267f1", kill_on_drop: false }`
[INFO] [stderr]    Compiling cfg-if v1.0.0
[INFO] [stderr]    Compiling proc-macro2 v1.0.70
[INFO] [stderr]    Compiling unicode-ident v1.0.12
[INFO] [stderr]    Compiling autocfg v1.1.0
[INFO] [stderr]    Compiling version_check v0.9.4
[INFO] [stderr]    Compiling libc v0.2.150
[INFO] [stderr]    Compiling serde v1.0.193
[INFO] [stderr]    Compiling memchr v2.6.4
[INFO] [stderr]    Compiling once_cell v1.18.0
[INFO] [stderr]    Compiling scopeguard v1.2.0
[INFO] [stderr]    Compiling pin-project-lite v0.2.13
[INFO] [stderr]    Compiling lock_api v0.4.11
[INFO] [stderr]    Compiling futures-core v0.3.29
[INFO] [stderr]    Compiling itoa v1.0.9
[INFO] [stderr]    Compiling smallvec v1.11.2
[INFO] [stderr]    Compiling bytes v1.5.0
[INFO] [stderr]    Compiling log v0.4.20
[INFO] [stderr]    Compiling ahash v0.8.6
[INFO] [stderr]    Compiling parking_lot_core v0.9.9
[INFO] [stderr]    Compiling quote v1.0.33
[INFO] [stderr]    Compiling zerocopy v0.7.28
[INFO] [stderr]    Compiling allocator-api2 v0.2.16
[INFO] [stderr]    Compiling slab v0.4.9
[INFO] [stderr]    Compiling syn v2.0.39
[INFO] [stderr]    Compiling futures-task v0.3.29
[INFO] [stderr]    Compiling getrandom v0.2.11
[INFO] [stderr]    Compiling futures-io v0.3.29
[INFO] [stderr]    Compiling futures-sink v0.3.29
[INFO] [stderr]    Compiling pin-utils v0.1.0
[INFO] [stderr]    Compiling signal-hook-registry v1.4.1
[INFO] [stderr]    Compiling futures-util v0.3.29
[INFO] [stderr]    Compiling mio v0.8.9
[INFO] [stderr]    Compiling rustversion v1.0.14
[INFO] [stderr]    Compiling parking_lot v0.12.1
[INFO] [stderr]    Compiling jobserver v0.1.27
[INFO] [stderr]    Compiling equivalent v1.0.1
[INFO] [stderr]    Compiling adler v1.0.2
[INFO] [stderr]    Compiling fnv v1.0.7
[INFO] [stderr]    Compiling tracing-core v0.1.32
[INFO] [stderr]    Compiling bitflags v2.4.1
[INFO] [stderr]    Compiling cc v1.0.83
[INFO] [stderr]    Compiling hashbrown v0.14.3
[INFO] [stderr]    Compiling socket2 v0.5.5
[INFO] [stderr]    Compiling num_cpus v1.16.0
[INFO] [stderr]    Compiling num-traits v0.2.17
[INFO] [stderr]    Compiling ryu v1.0.15
[INFO] [stderr]    Compiling crossbeam-utils v0.8.16
[INFO] [stderr]    Compiling serde_json v1.0.108
[INFO] [stderr]    Compiling percent-encoding v2.3.1
[INFO] [stderr]    Compiling ppv-lite86 v0.2.17
[INFO] [stderr]    Compiling indexmap v2.1.0
[INFO] [stderr]    Compiling typenum v1.17.0
[INFO] [stderr]    Compiling generic-array v0.14.7
[INFO] [stderr]    Compiling thiserror v1.0.50
[INFO] [stderr]    Compiling futures-channel v0.3.29
[INFO] [stderr]    Compiling tinyvec_macros v0.1.1
[INFO] [stderr]    Compiling tinyvec v1.6.0
[INFO] [stderr]    Compiling bitflags v1.3.2
[INFO] [stderr]    Compiling http v0.2.11
[INFO] [stderr]    Compiling rand_core v0.6.4
[INFO] [stderr]    Compiling subtle v2.5.0
[INFO] [stderr]    Compiling rand_chacha v0.3.1
[INFO] [stderr]    Compiling unicode-segmentation v1.10.1
[INFO] [stderr]    Compiling async-trait v0.1.74
[INFO] [stderr]    Compiling backtrace v0.3.69
[INFO] [stderr]    Compiling heck v0.4.1
[INFO] [stderr]    Compiling rand v0.8.5
[INFO] [stderr]    Compiling unicode-bidi v0.3.13
[INFO] [stderr]    Compiling mime v0.3.17
[INFO] [stderr]    Compiling tower-service v0.3.2
[INFO] [stderr]    Compiling gimli v0.28.1
[INFO] [stderr]    Compiling miniz_oxide v0.7.1
[INFO] [stderr]    Compiling object v0.32.1
[INFO] [stderr]    Compiling crypto-common v0.1.6
[INFO] [stderr]    Compiling block-buffer v0.10.4
[INFO] [stderr]    Compiling digest v0.10.7
[INFO] [stderr]    Compiling rustc-demangle v0.1.23
[INFO] [stderr]    Compiling httparse v1.8.0
[INFO] [stderr]    Compiling anyhow v1.0.75
[INFO] [stderr]    Compiling syn v1.0.109
[INFO] [stderr]    Compiling unicode-normalization v0.1.22
[INFO] [stderr]    Compiling tower-layer v0.3.2
[INFO] [stderr]    Compiling cpufeatures v0.2.11
[INFO] [stderr]    Compiling pkg-config v0.3.27
[INFO] [stderr]    Compiling vcpkg v0.2.15
[INFO] [stderr]    Compiling form_urlencoded v1.2.1
[INFO] [stderr]    Compiling base64 v0.21.5
[INFO] [stderr]    Compiling httpdate v1.0.3
[INFO] [stderr]    Compiling indexmap v1.9.3
[INFO] [stderr]    Compiling minimal-lexical v0.2.1
[INFO] [stderr]    Compiling idna v0.5.0
[INFO] [stderr]    Compiling http-body v0.4.5
[INFO] [stderr]    Compiling openssl-sys v0.9.96
[INFO] [stderr]    Compiling nom v7.1.3
[INFO] [stderr]    Compiling spin v0.9.8
[INFO] [stderr]    Compiling addr2line v0.21.0
[INFO] [stderr]    Compiling num-integer v0.1.45
[INFO] [stderr]    Compiling arrayvec v0.7.4
[INFO] [stderr]    Compiling glob v0.3.1
[INFO] [stderr]    Compiling hashbrown v0.12.3
[INFO] [stderr]    Compiling iana-time-zone v0.1.58
[INFO] [stderr]    Compiling simd-adler32 v0.3.7
[INFO] [stderr]    Compiling serde_derive v1.0.193
[INFO] [stderr]    Compiling futures-macro v0.3.29
[INFO] [stderr]    Compiling tracing-attributes v0.1.27
[INFO] [stderr]    Compiling tokio-macros v2.2.0
[INFO] [stderr]    Compiling thiserror-impl v1.0.50
[INFO] [stderr]    Compiling tokio v1.34.0
[INFO] [stderr]    Compiling pin-project-internal v1.1.3
[INFO] [stderr]    Compiling tracing v0.1.40
[INFO] [stderr]    Compiling urlencoding v2.1.3
[INFO] [stderr]    Compiling try-lock v0.2.4
[INFO] [stderr]    Compiling linux-raw-sys v0.4.12
[INFO] [stderr]    Compiling sync_wrapper v0.1.2
[INFO] [stderr]    Compiling opentelemetry v0.21.0
[INFO] [stderr]    Compiling want v0.3.1
[INFO] [stderr]    Compiling axum-core v0.3.4
[INFO] [stderr]    Compiling socket2 v0.4.10
[INFO] [stderr]    Compiling memoffset v0.9.0
[INFO] [stderr]    Compiling finl_unicode v1.2.0
[INFO] [stderr]    Compiling openssl v0.10.60
[INFO] [stderr]    Compiling bytemuck v1.14.0
[INFO] [stderr]    Compiling foreign-types-shared v0.1.1
[INFO] [stderr]    Compiling foreign-types v0.3.2
[INFO] [stderr]    Compiling openssl-macros v0.1.1
[INFO] [stderr]    Compiling pin-project v1.1.3
[INFO] [stderr]    Compiling axum v0.6.20
[INFO] [stderr]    Compiling crossbeam-epoch v0.9.15
[INFO] [stderr]    Compiling semver v1.0.20
[INFO] [stderr]    Compiling lazy_static v1.4.0
[INFO] [stderr]    Compiling signal-hook v0.3.17
[INFO] [stderr]    Compiling crc32fast v1.3.2
[INFO] [stderr]    Compiling matchit v0.7.3
[INFO] [stderr]    Compiling strum_macros v0.25.3
[INFO] [stderr]    Compiling ordered-float v4.1.1
[INFO] [stderr]    Compiling futures-executor v0.3.29
[INFO] [stderr]    Compiling crossbeam-channel v0.5.8
[INFO] [stderr]    Compiling tokio-util v0.7.10
[INFO] [stderr]    Compiling tokio-stream v0.1.14
[INFO] [stderr]    Compiling tokio-io-timeout v1.2.0
[INFO] [stderr]    Compiling tower v0.4.13
[INFO] [stderr]    Compiling h2 v0.3.22
[INFO] [stderr]    Compiling rustix v0.38.26
[INFO] [stderr]    Compiling crossbeam-queue v0.3.8
[INFO] [stderr]    Compiling regex-syntax v0.6.29
[INFO] [stderr]    Compiling unicode_categories v0.1.1
[INFO] [stderr]    Compiling native-tls v0.2.11
[INFO] [stderr]    Compiling regex-syntax v0.8.2
[INFO] [stderr]    Compiling strum v0.25.0
[INFO] [stderr]    Compiling num-bigint v0.4.4
[INFO] [stderr]    Compiling time-core v0.1.2
[INFO] [stderr]    Compiling powerfmt v0.2.0
[INFO] [stderr]    Compiling regex-automata v0.4.3
[INFO] [stderr]    Compiling paste v1.0.14
[INFO] [stderr]    Compiling regex-automata v0.1.10
[INFO] [stderr]    Compiling either v1.9.0
[INFO] [stderr]    Compiling itertools v0.11.0
[INFO] [stderr]    Compiling serde_path_to_error v0.1.14
[INFO] [stderr]    Compiling itertools v0.10.5
[INFO] [stderr]    Compiling sqlformat v0.2.2
[INFO] [stderr]    Compiling opentelemetry_sdk v0.21.1
[INFO] [stderr]    Compiling openssl-probe v0.1.5
[INFO] [stderr]    Compiling overload v0.1.1
[INFO] [stderr]    Compiling unicode-width v0.1.11
[INFO] [stderr]    Compiling rayon-core v1.12.0
[INFO] [stderr]    Compiling nu-ansi-term v0.46.0
[INFO] [stderr]    Compiling regex v1.10.2
[INFO] [stderr]    Compiling prost-derive v0.12.3
[INFO] [stderr]    Compiling hyper v0.14.27
[INFO] [stderr]    Compiling matchers v0.1.0
[INFO] [stderr]    Compiling url v2.5.0
[INFO] [stderr]    Compiling prost-derive v0.11.9
[INFO] [stderr]    Compiling chrono v0.4.31
[INFO] [stderr]    Compiling tracing-serde v0.1.3
[INFO] [stderr]    Compiling deranged v0.3.10
[INFO] [stderr]    Compiling time-macros v0.2.15
[INFO] [stderr]    Compiling signal-hook-mio v0.2.3
[INFO] [stderr]    Compiling crossbeam-deque v0.8.3
[INFO] [stderr]    Compiling flate2 v1.0.28
[INFO] [stderr]    Compiling sharded-slab v0.1.7
[INFO] [stderr]    Compiling sha1 v0.10.6
[INFO] [stderr]    Compiling ring v0.17.6
[INFO] [stderr]    Compiling tracing-log v0.2.0
[INFO] [stderr]    Compiling prost v0.11.9
[INFO] [stderr]    Compiling thread_local v1.1.7
[INFO] [stderr]    Compiling doc-comment v0.3.3
[INFO] [stderr]    Compiling crc-catalog v2.4.0
[INFO] [stderr]    Compiling crc v3.0.1
[INFO] [stderr]    Compiling tracing-subscriber v0.3.18
[INFO] [stderr]    Compiling time v0.3.30
[INFO] [stderr]    Compiling hyper-timeout v0.4.1
[INFO] [stderr]    Compiling prost v0.12.3
[INFO] [stderr]    Compiling async-stream-impl v0.3.5
[INFO] [stderr]    Compiling http v1.0.0
[INFO] [stderr]    Compiling unicase v2.7.0
[INFO] [stderr]    Compiling float-cmp v0.9.0
[INFO] [stderr]    Compiling dotenvy v0.15.7
[INFO] [stderr]    Compiling untrusted v0.9.0
[INFO] [stderr]    Compiling event-listener v2.5.3
[INFO] [stderr]    Compiling hex v0.4.3
[INFO] [stderr]    Compiling strict-num v0.1.1
[INFO] [stderr]    Compiling async-stream v0.3.5
[INFO] [stderr]    Compiling simple_asn1 v0.6.2
[INFO] [stderr]    Compiling crossterm v0.26.1
[INFO] [stderr]    Compiling strum_macros v0.24.3
[INFO] [stderr]    Compiling opentelemetry-semantic-conventions v0.13.0
[INFO] [stderr]    Compiling pem v3.0.2
[INFO] [stderr]    Compiling hmac v0.12.1
[INFO] [stderr]    Compiling headers-core v0.2.0
[INFO] [stderr]    Compiling psm v0.1.21
[INFO] [stderr]    Compiling tonic v0.9.2
[INFO] [stderr]    Compiling byteorder v1.5.0
[INFO] [stderr]    Compiling http-range-header v0.3.1
[INFO] [stderr]    Compiling arrayref v0.3.7
[INFO] [stderr]    Compiling rustc-hash v1.1.0
[INFO] [stderr]    Compiling xmlparser v0.13.6
[INFO] [stderr]    Compiling strsim v0.10.0
[INFO] [stderr]    Compiling strum v0.24.1
[INFO] [stderr]    Compiling linked-hash-map v0.5.6
[INFO] [stderr]    Compiling rustrict v0.7.12
[INFO] [stderr]    Compiling ttl_cache v0.5.1
[INFO] [stderr]    Compiling tiny-skia-path v0.11.3
[INFO] [stderr]    Compiling roxmltree v0.18.1
[INFO] [stderr]    Compiling tower-http v0.4.4
[INFO] [stderr]    Compiling comfy-table v6.2.0
[INFO] [stderr]    Compiling opentelemetry-proto v0.4.0
[INFO] [stderr]    Compiling tonic v0.10.2
[INFO] [stderr]    Compiling headers v0.3.9
[INFO] [stderr]    Compiling hkdf v0.12.3
[INFO] [stderr]    Compiling futures-intrusive v0.5.0
[INFO] [stderr]    Compiling opentelemetry-otlp v0.14.0
[INFO] [stderr]    Compiling http-body v1.0.0
[INFO] [stderr]    Compiling atoi v2.0.0
[INFO] [stderr]    Compiling tracing-opentelemetry v0.22.0
[INFO] [stderr]    Compiling opentelemetry-appender-tracing v0.2.0
[INFO] [stderr]    Compiling rayon v1.8.0
[INFO] [stderr]    Compiling crossterm v0.27.0
[INFO] [stderr]    Compiling uuid v1.6.1
[INFO] [stderr]    Compiling hashlink v0.8.4
[INFO] [stderr]    Compiling stringprep v0.1.4
[INFO] [stderr]    Compiling opentelemetry-http v0.10.0
[INFO] [stderr]    Compiling fdeflate v0.3.1
[INFO] [stderr]    Compiling kurbo v0.9.5
[INFO] [stderr]    Compiling sha2 v0.10.8
[INFO] [stderr]    Compiling md-5 v0.10.6
[INFO] [stderr]    Compiling stacker v0.1.15
[INFO] [stderr]    Compiling slotmap v1.0.7
[INFO] [stderr]    Compiling zeroize v1.7.0
[INFO] [stderr]    Compiling home v0.5.5
[INFO] [stderr]    Compiling whoami v1.4.1
[INFO] [stderr]    Compiling siphasher v0.3.11
[INFO] [stderr]    Compiling weezl v0.1.7
[INFO] [stderr]    Compiling svgtypes v0.12.0
[INFO] [stderr]    Compiling jpeg-decoder v0.3.0
[INFO] [stderr]    Compiling sqlx-core v0.7.3
[INFO] [stderr]    Compiling png v0.17.10
[INFO] [stderr]    Compiling mime_guess v2.0.4
[INFO] [stderr]    Compiling nix v0.27.1
[INFO] [stderr]    Compiling num-rational v0.4.1
[INFO] [stderr]    Compiling proc-macro-error-attr v1.0.4
[INFO] [stderr]    Compiling rctree v0.5.0
[INFO] [stderr]    Compiling color_quant v1.1.0
[INFO] [stderr]    Compiling ttf-parser v0.19.2
[INFO] [stderr]    Compiling libm v0.2.8
[INFO] [stderr]    Compiling fastrand v2.0.1
[INFO] [stderr]    Compiling atomic-write-file v0.1.2
[INFO] [stderr]    Compiling gif v0.12.0
[INFO] [stderr]    Compiling tempfile v3.8.1
[INFO] [stderr]    Compiling sqlx-postgres v0.7.3
[INFO] [stderr]    Compiling usvg-tree v0.36.0
[INFO] [stderr]    Compiling fontconfig-parser v0.5.3
[INFO] [stderr]    Compiling enum-as-inner v0.6.0
[INFO] [stderr]    Compiling zune-inflate v0.2.54
[INFO] [stderr]    Compiling flume v0.11.0
[INFO] [stderr]    Compiling axum-core v0.4.1
[INFO] [stderr]    Compiling memmap2 v0.8.0
[INFO] [stderr]    Compiling aho-corasick v1.1.2
[INFO] [stderr]    Compiling proc-macro-error v1.0.4
[INFO] [stderr]    Compiling strfmt v0.2.4
[INFO] [stderr]    Compiling lebe v0.5.2
[INFO] [stderr]    Compiling bit_field v0.10.2
[INFO] [stderr]    Compiling unicode-properties v0.1.0
[INFO] [stderr]    Compiling unicode-script v0.5.5
[INFO] [stderr]    Compiling half v2.2.1
[INFO] [stderr]    Compiling unicode-ccc v0.1.2
[INFO] [stderr]    Compiling unicode-bidi-mirroring v0.1.0
[INFO] [stderr]    Compiling utf8parse v0.2.1
[INFO] [stderr]    Compiling anstyle-parse v0.2.3
[INFO] [stderr]    Compiling rustybuzz v0.10.0
[INFO] [stderr]    Compiling exr v1.71.0
[INFO] [stderr]    Compiling fontdb v0.15.0
[INFO] [stderr]    Compiling sqlx-macros-core v0.7.3
[INFO] [stderr]    Compiling prqlc-ast v0.10.1
[INFO] [stderr]    Compiling chumsky v0.9.3
[INFO] [stderr]    Compiling tiff v0.9.0
[INFO] [stderr]    Compiling http-body-util v0.1.0
[INFO] [stderr]    Compiling h2 v0.4.0
[INFO] [stderr]    Compiling is-terminal v0.4.9
[INFO] [stderr]    Compiling basic-toml v0.1.7
[INFO] [stderr]    Compiling qoi v0.4.1
[INFO] [stderr]    Compiling askama_parser v0.1.1
[INFO] [stderr]    Compiling libwebp-sys v0.9.4
[INFO] [stderr]    Compiling simplecss v0.2.1
[INFO] [stderr]    Compiling csv-core v0.1.11
[INFO] [stderr]    Compiling multer v2.1.0
[INFO] [stderr]    Compiling imagesize v0.12.0
[INFO] [stderr]    Compiling colorchoice v1.0.0
[INFO] [stderr]    Compiling data-url v0.3.1
[INFO] [stderr]    Compiling unicode-vo v0.1.0
[INFO] [stderr]    Compiling anstyle-query v1.0.2
[INFO] [stderr]    Compiling anstyle v1.0.4
[INFO] [stderr]    Compiling yansi v0.5.1
[INFO] [stderr]    Compiling usvg-text-layout v0.36.0
[INFO] [stderr]    Compiling anstream v0.3.2
[INFO] [stderr]    Compiling ariadne v0.3.0
[INFO] [stderr]    Compiling usvg-parser v0.36.0
[INFO] [stderr]    Compiling csv v1.3.0
[INFO] [stderr]    Compiling image v0.24.7
[INFO] [stderr]    Compiling humansize v2.1.3
[INFO] [stderr]    Compiling prqlc-parser v0.10.1
[INFO] [stderr]    Compiling sqlx-macros v0.7.3
[INFO] [stderr]    Compiling askama_derive v0.12.2
[INFO] [stderr]    Compiling prost-types v0.12.3
[INFO] [stderr]    Compiling hyper v1.0.1
[INFO] [stderr]    Compiling sqlparser v0.38.0
[INFO] [stderr]    Compiling axum v0.7.2
[INFO] [stderr]    Compiling encoding_rs v0.8.33
[INFO] [stderr]    Compiling pico-args v0.5.0
[INFO] [stderr]    Compiling askama_escape v0.10.3
[INFO] [stderr]    Compiling xmlwriter v0.1.0
[INFO] [stderr]    Compiling utf8-width v0.1.7
[INFO] [stderr]    Compiling html-escape v0.2.13
[INFO] [stderr]    Compiling usvg v0.36.0
[INFO] [stderr]    Compiling askama v0.12.1
[INFO] [stderr]    Compiling hyper-util v0.1.1
[INFO] [stderr]    Compiling sqlx v0.7.3
[INFO] [stderr]    Compiling shuttle-codegen v0.35.0
[INFO] [stderr]    Compiling colored v2.0.4
[INFO] [stderr]    Compiling tiny-skia v0.11.3
[INFO] [stderr]    Compiling serde_urlencoded v0.7.1
[INFO] [stderr]    Compiling rgb v0.8.37
[INFO] [stderr]    Compiling axum-macros v0.4.0
[INFO] [stderr]    Compiling qrcodegen v1.8.0
[INFO] [stderr]    Compiling askama_axum v0.4.0
[INFO] [stderr]    Compiling qrcode-generator v4.1.9
[INFO] [stderr]    Compiling resvg v0.36.0
[INFO] [stderr]    Compiling nanoid v0.4.0
[INFO] [stderr]    Compiling jsonwebtoken v9.2.0
[INFO] [stderr]    Compiling shuttle-common v0.35.0
[INFO] [stderr]    Compiling webp v0.2.6
[INFO] [stderr]    Compiling prql-compiler v0.10.1
[INFO] [stderr]    Compiling shuttle-service v0.35.0
[INFO] [stderr]    Compiling shuttle-proto v0.35.0
[INFO] [stderr]    Compiling shuttle-metadata v0.35.0
[INFO] [stderr]    Compiling shuttle-shared-db v0.35.0
[INFO] [stderr]    Compiling shuttle-runtime v0.35.0
[INFO] [stderr]    Compiling prqlx v0.2.0
[INFO] [stderr]    Compiling mili v0.1.0 (/opt/rustwide/workdir)
[INFO] [stdout] warning: variant `qrcode` should have an upper camel case name
[INFO] [stdout]    --> src/routes/links.rs:102:5
[INFO] [stdout]     |
[INFO] [stdout] 102 |     qrcode,
[INFO] [stdout]     |     ^^^^^^ help: convert the identifier to upper camel case: `Qrcode`
[INFO] [stdout]     |
[INFO] [stdout]     = note: `#[warn(non_camel_case_types)]` on by default
[INFO] [stdout] 
[INFO] [stdout] 
[INFO] [stdout] warning: variant `link` should have an upper camel case name
[INFO] [stdout]    --> src/routes/links.rs:103:5
[INFO] [stdout]     |
[INFO] [stdout] 103 |     link
[INFO] [stdout]     |     ^^^^ help: convert the identifier to upper camel case: `Link`
[INFO] [stdout] 
[INFO] [stdout] 
[INFO] [stdout] warning: unused imports: `IntoResponse as AxumIntoResponse`, `Response`
[INFO] [stdout]  --> src/routes/analytics.rs:3:16
[INFO] [stdout]   |
[INFO] [stdout] 3 |     response::{Response, IntoResponse as AxumIntoResponse}
[INFO] [stdout]   |                ^^^^^^^^  ^^^^^^^^^^^^^^^^^^^^^^^^^^^^^^^^
[INFO] [stdout]   |
[INFO] [stdout]   = note: `#[warn(unused_imports)]` on by default
[INFO] [stdout] 
[INFO] [stdout] 
[INFO] [stdout] warning: unused import: `serde::Serialize`
[INFO] [stdout]  --> src/routes/analytics.rs:5:5
[INFO] [stdout]   |
[INFO] [stdout] 5 | use serde::Serialize;
[INFO] [stdout]   |     ^^^^^^^^^^^^^^^^
[INFO] [stdout] 
[INFO] [stdout] 
[INFO] [stdout] warning: unused import: `crate::routes::links`
[INFO] [stdout]  --> src/routes/analytics.rs:8:5
[INFO] [stdout]   |
[INFO] [stdout] 8 | use crate::routes::links;
[INFO] [stdout]   |     ^^^^^^^^^^^^^^^^^^^^
[INFO] [stdout] 
[INFO] [stdout] 
[INFO] [stdout] warning: unused import: `response::IntoResponse`
[INFO] [stdout]  --> src/error.rs:1:43
[INFO] [stdout]   |
[INFO] [stdout] 1 | use axum::{async_trait, http::StatusCode, response::IntoResponse, RequestPartsExt, extract::{rejection::FormRejection, FromRequest, Match...
[INFO] [stdout]   |                                           ^^^^^^^^^^^^^^^^^^^^^^
[INFO] [stdout] 
[INFO] [stdout] 
[INFO] [stdout] warning: unused variable: `width`
[INFO] [stdout]   --> src/qrcode.rs:12:14
[INFO] [stdout]    |
[INFO] [stdout] 12 |         let (width, height) = get_dynamic_image_size(logo);
[INFO] [stdout]    |              ^^^^^ help: if this is intentional, prefix it with an underscore: `_width`
[INFO] [stdout]    |
[INFO] [stdout]    = note: `#[warn(unused_variables)]` on by default
[INFO] [stdout] 
[INFO] [stdout] 
[INFO] [stdout] warning: unused variable: `height`
[INFO] [stdout]   --> src/qrcode.rs:12:21
[INFO] [stdout]    |
[INFO] [stdout] 12 |         let (width, height) = get_dynamic_image_size(logo);
[INFO] [stdout]    |                     ^^^^^^ help: if this is intentional, prefix it with an underscore: `_height`
[INFO] [stdout] 
[INFO] [stdout] 
[INFO] [stdout] warning: unused variable: `path`
[INFO] [stdout]   --> src/error.rs:22:13
[INFO] [stdout]    |
[INFO] [stdout] 22 |         let path = parts
[INFO] [stdout]    |             ^^^^ help: if this is intentional, prefix it with an underscore: `_path`
[INFO] [stdout] 
[INFO] [stdout] 
[INFO] [stdout] warning: 9 warnings emitted
[INFO] [stdout] 
[INFO] [stdout] 
[INFO] [stderr]     Finished dev [unoptimized + debuginfo] target(s) in 3m 46s
[INFO] running `Command { std: "docker" "inspect" "c22392096ba54ee40b429ccf789e3580a025ba26af773e2b1cf7e6cd602267f1", kill_on_drop: false }`
[INFO] running `Command { std: "docker" "rm" "-f" "c22392096ba54ee40b429ccf789e3580a025ba26af773e2b1cf7e6cd602267f1", kill_on_drop: false }`
[INFO] [stdout] c22392096ba54ee40b429ccf789e3580a025ba26af773e2b1cf7e6cd602267f1
[INFO] running `Command { std: "docker" "create" "-v" "/var/lib/crater-agent-workspace/builds/worker-4-tc1/target:/opt/rustwide/target:rw,Z" "-v" "/var/lib/crater-agent-workspace/builds/worker-4-tc1/source:/opt/rustwide/workdir:ro,Z" "-v" "/var/lib/crater-agent-workspace/cargo-home:/opt/rustwide/cargo-home:ro,Z" "-v" "/var/lib/crater-agent-workspace/rustup-home:/opt/rustwide/rustup-home:ro,Z" "-e" "SOURCE_DIR=/opt/rustwide/workdir" "-e" "CARGO_TARGET_DIR=/opt/rustwide/target" "-e" "CARGO_INCREMENTAL=0" "-e" "RUST_BACKTRACE=full" "-e" "RUSTFLAGS=--cap-lints=warn" "-e" "RUSTDOCFLAGS=--cap-lints=warn" "-e" "CARGO_HOME=/opt/rustwide/cargo-home" "-e" "RUSTUP_HOME=/opt/rustwide/rustup-home" "-w" "/opt/rustwide/workdir" "-m" "1610612736" "--user" "0:0" "--network" "none" "ghcr.io/rust-lang/crates-build-env/linux@sha256:2788e3201cd34a07e3172128adcd8b3090168a8e3bcc40d7c032b9dda1df7d1c" "/opt/rustwide/cargo-home/bin/cargo" "+1.75.0" "test" "--frozen" "--no-run" "--message-format=json", kill_on_drop: false }`
[INFO] [stdout] 28f697518f6f1c3e2fba240dbb12619dc239d7a7f9c00c3803c9118460af83cb
[INFO] running `Command { std: "docker" "start" "-a" "28f697518f6f1c3e2fba240dbb12619dc239d7a7f9c00c3803c9118460af83cb", kill_on_drop: false }`
[INFO] [stdout] warning: variant `qrcode` should have an upper camel case name
[INFO] [stdout]    --> src/routes/links.rs:102:5
[INFO] [stdout]     |
[INFO] [stdout] 102 |     qrcode,
[INFO] [stdout]     |     ^^^^^^ help: convert the identifier to upper camel case: `Qrcode`
[INFO] [stdout]     |
[INFO] [stdout]     = note: `#[warn(non_camel_case_types)]` on by default
[INFO] [stdout] 
[INFO] [stdout] 
[INFO] [stdout] warning: variant `link` should have an upper camel case name
[INFO] [stdout]    --> src/routes/links.rs:103:5
[INFO] [stdout]     |
[INFO] [stdout] 103 |     link
[INFO] [stdout]     |     ^^^^ help: convert the identifier to upper camel case: `Link`
[INFO] [stdout] 
[INFO] [stdout] 
[INFO] [stdout] warning: unused imports: `IntoResponse as AxumIntoResponse`, `Response`
[INFO] [stdout]  --> src/routes/analytics.rs:3:16
[INFO] [stdout]   |
[INFO] [stdout] 3 |     response::{Response, IntoResponse as AxumIntoResponse}
[INFO] [stdout]   |                ^^^^^^^^  ^^^^^^^^^^^^^^^^^^^^^^^^^^^^^^^^
[INFO] [stdout]   |
[INFO] [stdout]   = note: `#[warn(unused_imports)]` on by default
[INFO] [stdout] 
[INFO] [stdout] 
[INFO] [stdout] warning: unused import: `serde::Serialize`
[INFO] [stdout]  --> src/routes/analytics.rs:5:5
[INFO] [stdout]   |
[INFO] [stdout] 5 | use serde::Serialize;
[INFO] [stdout]   |     ^^^^^^^^^^^^^^^^
[INFO] [stdout] 
[INFO] [stdout] 
[INFO] [stdout] warning: unused import: `crate::routes::links`
[INFO] [stdout]  --> src/routes/analytics.rs:8:5
[INFO] [stdout]   |
[INFO] [stdout] 8 | use crate::routes::links;
[INFO] [stdout]   |     ^^^^^^^^^^^^^^^^^^^^
[INFO] [stdout] 
[INFO] [stdout] 
[INFO] [stdout] warning: unused import: `response::IntoResponse`
[INFO] [stdout]  --> src/error.rs:1:43
[INFO] [stdout]   |
[INFO] [stdout] 1 | use axum::{async_trait, http::StatusCode, response::IntoResponse, RequestPartsExt, extract::{rejection::FormRejection, FromRequest, Match...
[INFO] [stdout]   |                                           ^^^^^^^^^^^^^^^^^^^^^^
[INFO] [stdout] 
[INFO] [stdout] 
[INFO] [stdout] warning: unused variable: `width`
[INFO] [stdout]   --> src/qrcode.rs:12:14
[INFO] [stdout]    |
[INFO] [stdout] 12 |         let (width, height) = get_dynamic_image_size(logo);
[INFO] [stdout]    |              ^^^^^ help: if this is intentional, prefix it with an underscore: `_width`
[INFO] [stdout]    |
[INFO] [stdout]    = note: `#[warn(unused_variables)]` on by default
[INFO] [stdout] 
[INFO] [stdout] 
[INFO] [stdout] warning: unused variable: `height`
[INFO] [stdout]   --> src/qrcode.rs:12:21
[INFO] [stdout]    |
[INFO] [stdout] 12 |         let (width, height) = get_dynamic_image_size(logo);
[INFO] [stdout]    |                     ^^^^^^ help: if this is intentional, prefix it with an underscore: `_height`
[INFO] [stdout] 
[INFO] [stdout] 
[INFO] [stdout] warning: unused variable: `path`
[INFO] [stdout]   --> src/error.rs:22:13
[INFO] [stdout]    |
[INFO] [stdout] 22 |         let path = parts
[INFO] [stdout]    |             ^^^^ help: if this is intentional, prefix it with an underscore: `_path`
[INFO] [stdout] 
[INFO] [stdout] 
[INFO] [stderr]    Compiling mili v0.1.0 (/opt/rustwide/workdir)
[INFO] [stdout] warning: 9 warnings emitted
[INFO] [stdout] 
[INFO] [stdout] 
[INFO] [stdout] warning: variant `qrcode` should have an upper camel case name
[INFO] [stdout]    --> src/routes/links.rs:102:5
[INFO] [stdout]     |
[INFO] [stdout] 102 |     qrcode,
[INFO] [stdout]     |     ^^^^^^ help: convert the identifier to upper camel case: `Qrcode`
[INFO] [stdout]     |
[INFO] [stdout]     = note: `#[warn(non_camel_case_types)]` on by default
[INFO] [stdout] 
[INFO] [stdout] 
[INFO] [stdout] warning: variant `link` should have an upper camel case name
[INFO] [stdout]    --> src/routes/links.rs:103:5
[INFO] [stdout]     |
[INFO] [stdout] 103 |     link
[INFO] [stdout]     |     ^^^^ help: convert the identifier to upper camel case: `Link`
[INFO] [stdout] 
[INFO] [stdout] 
[INFO] [stdout] warning: unused imports: `IntoResponse as AxumIntoResponse`, `Response`
[INFO] [stdout]  --> src/routes/analytics.rs:3:16
[INFO] [stdout]   |
[INFO] [stdout] 3 |     response::{Response, IntoResponse as AxumIntoResponse}
[INFO] [stdout]   |                ^^^^^^^^  ^^^^^^^^^^^^^^^^^^^^^^^^^^^^^^^^
[INFO] [stdout]   |
[INFO] [stdout]   = note: `#[warn(unused_imports)]` on by default
[INFO] [stdout] 
[INFO] [stdout] 
[INFO] [stdout] warning: unused import: `serde::Serialize`
[INFO] [stdout]  --> src/routes/analytics.rs:5:5
[INFO] [stdout]   |
[INFO] [stdout] 5 | use serde::Serialize;
[INFO] [stdout]   |     ^^^^^^^^^^^^^^^^
[INFO] [stdout] 
[INFO] [stdout] 
[INFO] [stdout] warning: unused import: `crate::routes::links`
[INFO] [stdout]  --> src/routes/analytics.rs:8:5
[INFO] [stdout]   |
[INFO] [stdout] 8 | use crate::routes::links;
[INFO] [stdout]   |     ^^^^^^^^^^^^^^^^^^^^
[INFO] [stdout] 
[INFO] [stdout] 
[INFO] [stdout] warning: unused import: `response::IntoResponse`
[INFO] [stdout]  --> src/error.rs:1:43
[INFO] [stdout]   |
[INFO] [stdout] 1 | use axum::{async_trait, http::StatusCode, response::IntoResponse, RequestPartsExt, extract::{rejection::FormRejection, FromRequest, Match...
[INFO] [stdout]   |                                           ^^^^^^^^^^^^^^^^^^^^^^
[INFO] [stdout] 
[INFO] [stdout] 
[INFO] [stdout] warning: unused variable: `width`
[INFO] [stdout]   --> src/qrcode.rs:12:14
[INFO] [stdout]    |
[INFO] [stdout] 12 |         let (width, height) = get_dynamic_image_size(logo);
[INFO] [stdout]    |              ^^^^^ help: if this is intentional, prefix it with an underscore: `_width`
[INFO] [stdout]    |
[INFO] [stdout]    = note: `#[warn(unused_variables)]` on by default
[INFO] [stdout] 
[INFO] [stdout] 
[INFO] [stdout] warning: unused variable: `height`
[INFO] [stdout]   --> src/qrcode.rs:12:21
[INFO] [stdout]    |
[INFO] [stdout] 12 |         let (width, height) = get_dynamic_image_size(logo);
[INFO] [stdout]    |                     ^^^^^^ help: if this is intentional, prefix it with an underscore: `_height`
[INFO] [stdout] 
[INFO] [stdout] 
[INFO] [stdout] warning: unused variable: `path`
[INFO] [stdout]   --> src/error.rs:22:13
[INFO] [stdout]    |
[INFO] [stdout] 22 |         let path = parts
[INFO] [stdout]    |             ^^^^ help: if this is intentional, prefix it with an underscore: `_path`
[INFO] [stdout] 
[INFO] [stdout] 
[INFO] [stdout] warning: 9 warnings emitted
[INFO] [stdout] 
[INFO] [stdout] 
[INFO] [stderr]     Finished test [unoptimized + debuginfo] target(s) in 6.96s
[INFO] running `Command { std: "docker" "inspect" "28f697518f6f1c3e2fba240dbb12619dc239d7a7f9c00c3803c9118460af83cb", kill_on_drop: false }`
[INFO] running `Command { std: "docker" "rm" "-f" "28f697518f6f1c3e2fba240dbb12619dc239d7a7f9c00c3803c9118460af83cb", kill_on_drop: false }`
[INFO] [stdout] 28f697518f6f1c3e2fba240dbb12619dc239d7a7f9c00c3803c9118460af83cb
[INFO] running `Command { std: "docker" "create" "-v" "/var/lib/crater-agent-workspace/builds/worker-4-tc1/target:/opt/rustwide/target:rw,Z" "-v" "/var/lib/crater-agent-workspace/builds/worker-4-tc1/source:/opt/rustwide/workdir:ro,Z" "-v" "/var/lib/crater-agent-workspace/cargo-home:/opt/rustwide/cargo-home:ro,Z" "-v" "/var/lib/crater-agent-workspace/rustup-home:/opt/rustwide/rustup-home:ro,Z" "-e" "SOURCE_DIR=/opt/rustwide/workdir" "-e" "CARGO_TARGET_DIR=/opt/rustwide/target" "-e" "CARGO_INCREMENTAL=0" "-e" "RUST_BACKTRACE=full" "-e" "RUSTFLAGS=--cap-lints=warn" "-e" "RUSTDOCFLAGS=--cap-lints=warn" "-e" "CARGO_HOME=/opt/rustwide/cargo-home" "-e" "RUSTUP_HOME=/opt/rustwide/rustup-home" "-w" "/opt/rustwide/workdir" "-m" "1610612736" "--user" "0:0" "--network" "none" "ghcr.io/rust-lang/crates-build-env/linux@sha256:2788e3201cd34a07e3172128adcd8b3090168a8e3bcc40d7c032b9dda1df7d1c" "/opt/rustwide/cargo-home/bin/cargo" "+1.75.0" "test" "--frozen", kill_on_drop: false }`
[INFO] [stdout] d90bdb7e4de11a8e830ae535f8a3fa873355b7d9a0b147aa39c39da9f8279846
[INFO] running `Command { std: "docker" "start" "-a" "d90bdb7e4de11a8e830ae535f8a3fa873355b7d9a0b147aa39c39da9f8279846", kill_on_drop: false }`
[INFO] [stderr] warning: variant `qrcode` should have an upper camel case name
[INFO] [stderr]    --> src/routes/links.rs:102:5
[INFO] [stderr]     |
[INFO] [stderr] 102 |     qrcode,
[INFO] [stderr]     |     ^^^^^^ help: convert the identifier to upper camel case: `Qrcode`
[INFO] [stderr]     |
[INFO] [stderr]     = note: `#[warn(non_camel_case_types)]` on by default
[INFO] [stderr] 
[INFO] [stderr] warning: variant `link` should have an upper camel case name
[INFO] [stderr]    --> src/routes/links.rs:103:5
[INFO] [stderr]     |
[INFO] [stderr] 103 |     link
[INFO] [stderr]     |     ^^^^ help: convert the identifier to upper camel case: `Link`
[INFO] [stderr] 
[INFO] [stderr] warning: unused imports: `IntoResponse as AxumIntoResponse`, `Response`
[INFO] [stderr]  --> src/routes/analytics.rs:3:16
[INFO] [stderr]   |
[INFO] [stderr] 3 |     response::{Response, IntoResponse as AxumIntoResponse}
[INFO] [stderr]   |                ^^^^^^^^  ^^^^^^^^^^^^^^^^^^^^^^^^^^^^^^^^
[INFO] [stderr]   |
[INFO] [stderr]   = note: `#[warn(unused_imports)]` on by default
[INFO] [stderr] 
[INFO] [stderr] warning: unused import: `serde::Serialize`
[INFO] [stderr]  --> src/routes/analytics.rs:5:5
[INFO] [stderr]   |
[INFO] [stderr] 5 | use serde::Serialize;
[INFO] [stderr]   |     ^^^^^^^^^^^^^^^^
[INFO] [stderr] 
[INFO] [stderr] warning: unused import: `crate::routes::links`
[INFO] [stderr]  --> src/routes/analytics.rs:8:5
[INFO] [stderr]   |
[INFO] [stderr] 8 | use crate::routes::links;
[INFO] [stderr]   |     ^^^^^^^^^^^^^^^^^^^^
[INFO] [stderr] 
[INFO] [stderr] warning: unused import: `response::IntoResponse`
[INFO] [stderr]  --> src/error.rs:1:43
[INFO] [stderr]   |
[INFO] [stderr] 1 | use axum::{async_trait, http::StatusCode, response::IntoResponse, RequestPartsExt, extract::{rejection::FormRejection, FromRequest, Match...
[INFO] [stderr]   |                                           ^^^^^^^^^^^^^^^^^^^^^^
[INFO] [stderr] 
[INFO] [stderr] warning: unused variable: `width`
[INFO] [stderr]   --> src/qrcode.rs:12:14
[INFO] [stderr]    |
[INFO] [stderr] 12 |         let (width, height) = get_dynamic_image_size(logo);
[INFO] [stderr]    |              ^^^^^ help: if this is intentional, prefix it with an underscore: `_width`
[INFO] [stderr]    |
[INFO] [stderr]    = note: `#[warn(unused_variables)]` on by default
[INFO] [stderr] 
[INFO] [stderr] warning: unused variable: `height`
[INFO] [stderr]   --> src/qrcode.rs:12:21
[INFO] [stderr]    |
[INFO] [stderr] 12 |         let (width, height) = get_dynamic_image_size(logo);
[INFO] [stderr]    |                     ^^^^^^ help: if this is intentional, prefix it with an underscore: `_height`
[INFO] [stderr] 
[INFO] [stderr] warning: unused variable: `path`
[INFO] [stderr]   --> src/error.rs:22:13
[INFO] [stderr]    |
[INFO] [stderr] 22 |         let path = parts
[INFO] [stderr]    |             ^^^^ help: if this is intentional, prefix it with an underscore: `_path`
[INFO] [stderr] 
[INFO] [stderr] warning: `mili` (lib) generated 9 warnings (run `cargo fix --lib -p mili` to apply 7 suggestions)
[INFO] [stderr] warning: `mili` (lib test) generated 9 warnings (9 duplicates)
[INFO] [stderr]     Finished test [unoptimized + debuginfo] target(s) in 0.20s
[INFO] [stderr]      Running unittests src/lib.rs (/opt/rustwide/target/debug/deps/mili-381c8c2ec8e99b07)
[INFO] [stdout] 
[INFO] [stdout] running 1 test
[INFO] [stdout] test qrcode::test::test_qr_conversion ... FAILED
[INFO] [stdout] 
[INFO] [stdout] failures:
[INFO] [stdout] 
[INFO] [stdout] ---- qrcode::test::test_qr_conversion stdout ----
[INFO] [stdout] thread 'qrcode::test::test_qr_conversion' panicked at src/qrcode.rs:72:9:
[INFO] [stdout] assertion `left == right` failed
[INFO] [stdout]   left: None
[INFO] [stdout]  right: Some(Png)
[INFO] [stdout] stack backtrace:
[INFO] [stdout]    0:     0x55c9b49ba08c - std::backtrace_rs::backtrace::libunwind::trace::ha637c64ce894333a
[INFO] [stdout]                                at /rustc/82e1608dfa6e0b5569232559e3d385fea5a93112/library/std/src/../../backtrace/src/backtrace/libunwind.rs:104:5
[INFO] [stdout]    1:     0x55c9b49ba08c - std::backtrace_rs::backtrace::trace_unsynchronized::h47f62dea28e0c88d
[INFO] [stdout]                                at /rustc/82e1608dfa6e0b5569232559e3d385fea5a93112/library/std/src/../../backtrace/src/backtrace/mod.rs:66:5
[INFO] [stdout]    2:     0x55c9b49ba08c - std::sys_common::backtrace::_print_fmt::h9eef0abe20ede486
[INFO] [stdout]                                at /rustc/82e1608dfa6e0b5569232559e3d385fea5a93112/library/std/src/sys_common/backtrace.rs:67:5
[INFO] [stdout]    3:     0x55c9b49ba08c - <std::sys_common::backtrace::_print::DisplayBacktrace as core::fmt::Display>::fmt::hed7f999df88cc644
[INFO] [stdout]                                at /rustc/82e1608dfa6e0b5569232559e3d385fea5a93112/library/std/src/sys_common/backtrace.rs:44:22
[INFO] [stdout]    4:     0x55c9b49e5a70 - core::fmt::rt::Argument::fmt::h1539a9308b8d058d
[INFO] [stdout]                                at /rustc/82e1608dfa6e0b5569232559e3d385fea5a93112/library/core/src/fmt/rt.rs:142:9
[INFO] [stdout]    5:     0x55c9b49e5a70 - core::fmt::write::h3a39390d8560d9c9
[INFO] [stdout]                                at /rustc/82e1608dfa6e0b5569232559e3d385fea5a93112/library/core/src/fmt/mod.rs:1120:17
[INFO] [stdout]    6:     0x55c9b49b79af - std::io::Write::write_fmt::h040b369f3a0f9cbc
[INFO] [stdout]                                at /rustc/82e1608dfa6e0b5569232559e3d385fea5a93112/library/std/src/io/mod.rs:1762:15
[INFO] [stdout]    7:     0x55c9b49b9e74 - std::sys_common::backtrace::_print::h894006fb5c6f3d45
[INFO] [stdout]                                at /rustc/82e1608dfa6e0b5569232559e3d385fea5a93112/library/std/src/sys_common/backtrace.rs:47:5
[INFO] [stdout]    8:     0x55c9b49b9e74 - std::sys_common::backtrace::print::h23a2d212c6fff936
[INFO] [stdout]                                at /rustc/82e1608dfa6e0b5569232559e3d385fea5a93112/library/std/src/sys_common/backtrace.rs:34:9
[INFO] [stdout]    9:     0x55c9b49bbb37 - std::panicking::default_hook::{{closure}}::h8a1d2ee00185001a
[INFO] [stdout]   10:     0x55c9b49bb823 - std::panicking::default_hook::h6038f2eba384e475
[INFO] [stdout]                                at /rustc/82e1608dfa6e0b5569232559e3d385fea5a93112/library/std/src/panicking.rs:289:9
[INFO] [stdout]   11:     0x55c9b4624957 - <alloc::boxed::Box<F,A> as core::ops::function::Fn<Args>>::call::h0ad024c9bdc6d768
[INFO] [stdout]                                at /rustc/82e1608dfa6e0b5569232559e3d385fea5a93112/library/alloc/src/boxed.rs:2021:9
[INFO] [stdout]   12:     0x55c9b4624957 - test::test_main::{{closure}}::h7500b54257359db6
[INFO] [stdout]                                at /rustc/82e1608dfa6e0b5569232559e3d385fea5a93112/library/test/src/lib.rs:138:21
[INFO] [stdout]   13:     0x55c9b49bc148 - <alloc::boxed::Box<F,A> as core::ops::function::Fn<Args>>::call::h1f8f335eaa9cfaee
[INFO] [stdout]                                at /rustc/82e1608dfa6e0b5569232559e3d385fea5a93112/library/alloc/src/boxed.rs:2021:9
[INFO] [stdout]   14:     0x55c9b49bc148 - std::panicking::rust_panic_with_hook::h2b5517d590cab22e
[INFO] [stdout]                                at /rustc/82e1608dfa6e0b5569232559e3d385fea5a93112/library/std/src/panicking.rs:783:13
[INFO] [stdout]   15:     0x55c9b49bbe9e - std::panicking::begin_panic_handler::{{closure}}::h233112c06e0ef43e
[INFO] [stdout]                                at /rustc/82e1608dfa6e0b5569232559e3d385fea5a93112/library/std/src/panicking.rs:657:13
[INFO] [stdout]   16:     0x55c9b49ba556 - std::sys_common::backtrace::__rust_end_short_backtrace::h6e893f24d7ebbff8
[INFO] [stdout]                                at /rustc/82e1608dfa6e0b5569232559e3d385fea5a93112/library/std/src/sys_common/backtrace.rs:170:18
[INFO] [stdout]   17:     0x55c9b49bbc02 - rust_begin_unwind
[INFO] [stdout]                                at /rustc/82e1608dfa6e0b5569232559e3d385fea5a93112/library/std/src/panicking.rs:645:5
[INFO] [stdout]   18:     0x55c9b44c01c5 - core::panicking::panic_fmt::hbf0e066aabfa482c
[INFO] [stdout]                                at /rustc/82e1608dfa6e0b5569232559e3d385fea5a93112/library/core/src/panicking.rs:72:14
[INFO] [stdout]   19:     0x55c9b44c061b - core::panicking::assert_failed_inner::h0bba8b7c26ee4492
[INFO] [stdout]   20:     0x55c9b45e14fe - core::panicking::assert_failed::h2fb97960968209e3
[INFO] [stdout]                                at /rustc/82e1608dfa6e0b5569232559e3d385fea5a93112/library/core/src/panicking.rs:279:5
[INFO] [stdout]   21:     0x55c9b451abf8 - mili::qrcode::test::test_qr_conversion::hfb0e6aec58c77221
[INFO] [stdout]                                at /opt/rustwide/workdir/src/qrcode.rs:72:9
[INFO] [stdout]   22:     0x55c9b451a707 - mili::qrcode::test::test_qr_conversion::{{closure}}::h9c49d733ff377bd6
[INFO] [stdout]                                at /opt/rustwide/workdir/src/qrcode.rs:51:28
[INFO] [stdout]   23:     0x55c9b45511f6 - core::ops::function::FnOnce::call_once::h1873bf122a0b0d79
[INFO] [stdout]                                at /rustc/82e1608dfa6e0b5569232559e3d385fea5a93112/library/core/src/ops/function.rs:250:5
[INFO] [stdout]   24:     0x55c9b4629faf - core::ops::function::FnOnce::call_once::h2b5d431d5046312d
[INFO] [stdout]                                at /rustc/82e1608dfa6e0b5569232559e3d385fea5a93112/library/core/src/ops/function.rs:250:5
[INFO] [stdout]   25:     0x55c9b4629faf - test::__rust_begin_short_backtrace::h7714669af176e207
[INFO] [stdout]                                at /rustc/82e1608dfa6e0b5569232559e3d385fea5a93112/library/test/src/lib.rs:628:18
[INFO] [stdout]   26:     0x55c9b4628fc5 - test::run_test_in_process::{{closure}}::h85218797dcbcec12
[INFO] [stdout]                                at /rustc/82e1608dfa6e0b5569232559e3d385fea5a93112/library/test/src/lib.rs:651:60
[INFO] [stdout]   27:     0x55c9b4628fc5 - <core::panic::unwind_safe::AssertUnwindSafe<F> as core::ops::function::FnOnce<()>>::call_once::h76c106ea31c14d7b
[INFO] [stdout]                                at /rustc/82e1608dfa6e0b5569232559e3d385fea5a93112/library/core/src/panic/unwind_safe.rs:272:9
[INFO] [stdout]   28:     0x55c9b4628fc5 - std::panicking::try::do_call::h3bd5d0f6620ee946
[INFO] [stdout]                                at /rustc/82e1608dfa6e0b5569232559e3d385fea5a93112/library/std/src/panicking.rs:552:40
[INFO] [stdout]   29:     0x55c9b4628fc5 - std::panicking::try::h232e535e4744fe31
[INFO] [stdout]                                at /rustc/82e1608dfa6e0b5569232559e3d385fea5a93112/library/std/src/panicking.rs:516:19
[INFO] [stdout]   30:     0x55c9b4628fc5 - std::panic::catch_unwind::h3ce3bd6ca8dbac68
[INFO] [stdout]                                at /rustc/82e1608dfa6e0b5569232559e3d385fea5a93112/library/std/src/panic.rs:142:14
[INFO] [stdout]   31:     0x55c9b4628fc5 - test::run_test_in_process::hc97b257c9621286a
[INFO] [stdout]                                at /rustc/82e1608dfa6e0b5569232559e3d385fea5a93112/library/test/src/lib.rs:651:27
[INFO] [stdout]   32:     0x55c9b4628fc5 - test::run_test::{{closure}}::h2aa798823a438d38
[INFO] [stdout]                                at /rustc/82e1608dfa6e0b5569232559e3d385fea5a93112/library/test/src/lib.rs:574:43
[INFO] [stdout]   33:     0x55c9b45f1286 - test::run_test::{{closure}}::h87d231c78fb59832
[INFO] [stdout]                                at /rustc/82e1608dfa6e0b5569232559e3d385fea5a93112/library/test/src/lib.rs:602:41
[INFO] [stdout]   34:     0x55c9b45f1286 - std::sys_common::backtrace::__rust_begin_short_backtrace::he6df152596625789
[INFO] [stdout]                                at /rustc/82e1608dfa6e0b5569232559e3d385fea5a93112/library/std/src/sys_common/backtrace.rs:154:18
[INFO] [stdout]   35:     0x55c9b45f6337 - std::thread::Builder::spawn_unchecked_::{{closure}}::{{closure}}::ha94be15d1e0acf36
[INFO] [stdout]                                at /rustc/82e1608dfa6e0b5569232559e3d385fea5a93112/library/std/src/thread/mod.rs:529:17
[INFO] [stdout]   36:     0x55c9b45f6337 - <core::panic::unwind_safe::AssertUnwindSafe<F> as core::ops::function::FnOnce<()>>::call_once::h9dc6bd6372f16606
[INFO] [stdout]                                at /rustc/82e1608dfa6e0b5569232559e3d385fea5a93112/library/core/src/panic/unwind_safe.rs:272:9
[INFO] [stdout]   37:     0x55c9b45f6337 - std::panicking::try::do_call::h9057517f80303cd4
[INFO] [stdout]                                at /rustc/82e1608dfa6e0b5569232559e3d385fea5a93112/library/std/src/panicking.rs:552:40
[INFO] [stdout]   38:     0x55c9b45f6337 - std::panicking::try::he3a30b11ee45340c
[INFO] [stdout]                                at /rustc/82e1608dfa6e0b5569232559e3d385fea5a93112/library/std/src/panicking.rs:516:19
[INFO] [stdout]   39:     0x55c9b45f6337 - std::panic::catch_unwind::h410458cfd3528b8b
[INFO] [stdout]                                at /rustc/82e1608dfa6e0b5569232559e3d385fea5a93112/library/std/src/panic.rs:142:14
[INFO] [stdout]   40:     0x55c9b45f6337 - std::thread::Builder::spawn_unchecked_::{{closure}}::h72ac3bdb567b737b
[INFO] [stdout]                                at /rustc/82e1608dfa6e0b5569232559e3d385fea5a93112/library/std/src/thread/mod.rs:528:30
[INFO] [stdout]   41:     0x55c9b45f6337 - core::ops::function::FnOnce::call_once{{vtable.shim}}::h38f34da3654a8344
[INFO] [stdout]                                at /rustc/82e1608dfa6e0b5569232559e3d385fea5a93112/library/core/src/ops/function.rs:250:5
[INFO] [stdout]   42:     0x55c9b49c0ce5 - <alloc::boxed::Box<F,A> as core::ops::function::FnOnce<Args>>::call_once::hc7eafaff61e32df9
[INFO] [stdout]                                at /rustc/82e1608dfa6e0b5569232559e3d385fea5a93112/library/alloc/src/boxed.rs:2007:9
[INFO] [stdout]   43:     0x55c9b49c0ce5 - <alloc::boxed::Box<F,A> as core::ops::function::FnOnce<Args>>::call_once::h6ba4a5de48dd2304
[INFO] [stdout]                                at /rustc/82e1608dfa6e0b5569232559e3d385fea5a93112/library/alloc/src/boxed.rs:2007:9
[INFO] [stdout]   44:     0x55c9b49c0ce5 - std::sys::unix::thread::Thread::new::thread_start::he469335aef763e45
[INFO] [stdout]                                at /rustc/82e1608dfa6e0b5569232559e3d385fea5a93112/library/std/src/sys/unix/thread.rs:108:17
[INFO] [stdout]   45:     0x7f3a4a6e2ac3 - <unknown>
[INFO] [stdout]   46:     0x7f3a4a773bf4 - __clone
[INFO] [stdout]   47:                0x0 - <unknown>
[INFO] [stdout] 
[INFO] [stdout] 
[INFO] [stdout] failures:
[INFO] [stdout]     qrcode::test::test_qr_conversion
[INFO] [stdout] 
[INFO] [stdout] test result: FAILED. 0 passed; 1 failed; 0 ignored; 0 measured; 0 filtered out; finished in 0.83s
[INFO] [stdout] 
[INFO] [stderr] error: test failed, to rerun pass `--lib`
[INFO] running `Command { std: "docker" "inspect" "d90bdb7e4de11a8e830ae535f8a3fa873355b7d9a0b147aa39c39da9f8279846", kill_on_drop: false }`
[INFO] running `Command { std: "docker" "rm" "-f" "d90bdb7e4de11a8e830ae535f8a3fa873355b7d9a0b147aa39c39da9f8279846", kill_on_drop: false }`
[INFO] [stdout] d90bdb7e4de11a8e830ae535f8a3fa873355b7d9a0b147aa39c39da9f8279846
