[INFO] cloning repository https://github.com/jose-pr/xsd
[INFO] running `Command { std: "git" "-c" "credential.helper=" "-c" "credential.helper=/workspace/cargo-home/bin/git-credential-null" "clone" "--bare" "https://github.com/jose-pr/xsd" "/workspace/cache/git-repos/https%3A%2F%2Fgithub.com%2Fjose-pr%2Fxsd", kill_on_drop: false }`
[INFO] [stderr] Cloning into bare repository '/workspace/cache/git-repos/https%3A%2F%2Fgithub.com%2Fjose-pr%2Fxsd'...
[INFO] running `Command { std: "git" "rev-parse" "HEAD", kill_on_drop: false }`
[INFO] [stdout] 613ab3e23745e289930dab974177b19e0591cb72
[INFO] testing jose-pr/xsd against 1.75.0 for beta-1.76-1
[INFO] running `Command { std: "git" "clone" "/workspace/cache/git-repos/https%3A%2F%2Fgithub.com%2Fjose-pr%2Fxsd" "/workspace/builds/worker-6-tc1/source", kill_on_drop: false }`
[INFO] [stderr] Cloning into '/workspace/builds/worker-6-tc1/source'...
[INFO] [stderr] done.
[INFO] validating manifest of git repo https://github.com/jose-pr/xsd on toolchain 1.75.0
[INFO] running `Command { std: CARGO_HOME="/workspace/cargo-home" RUSTUP_HOME="/workspace/rustup-home" "/workspace/cargo-home/bin/cargo" "+1.75.0" "metadata" "--manifest-path" "Cargo.toml" "--no-deps", kill_on_drop: false }`
[INFO] started tweaking git repo https://github.com/jose-pr/xsd
[INFO] finished tweaking git repo https://github.com/jose-pr/xsd
[INFO] tweaked toml for git repo https://github.com/jose-pr/xsd written to /workspace/builds/worker-6-tc1/source/Cargo.toml
[INFO] crate git repo https://github.com/jose-pr/xsd already has a lockfile, it will not be regenerated
[INFO] running `Command { std: CARGO_HOME="/workspace/cargo-home" RUSTUP_HOME="/workspace/rustup-home" "/workspace/cargo-home/bin/cargo" "+1.75.0" "fetch" "--manifest-path" "Cargo.toml", kill_on_drop: false }`
[INFO] running `Command { std: "docker" "create" "-v" "/var/lib/crater-agent-workspace/builds/worker-6-tc1/target:/opt/rustwide/target:rw,Z" "-v" "/var/lib/crater-agent-workspace/builds/worker-6-tc1/source:/opt/rustwide/workdir:ro,Z" "-v" "/var/lib/crater-agent-workspace/cargo-home:/opt/rustwide/cargo-home:ro,Z" "-v" "/var/lib/crater-agent-workspace/rustup-home:/opt/rustwide/rustup-home:ro,Z" "-e" "SOURCE_DIR=/opt/rustwide/workdir" "-e" "CARGO_TARGET_DIR=/opt/rustwide/target" "-e" "CARGO_HOME=/opt/rustwide/cargo-home" "-e" "RUSTUP_HOME=/opt/rustwide/rustup-home" "-w" "/opt/rustwide/workdir" "-m" "1610612736" "--user" "0:0" "--network" "none" "ghcr.io/rust-lang/crates-build-env/linux@sha256:2788e3201cd34a07e3172128adcd8b3090168a8e3bcc40d7c032b9dda1df7d1c" "/opt/rustwide/cargo-home/bin/cargo" "+1.75.0" "metadata" "--no-deps" "--format-version=1", kill_on_drop: false }`
[INFO] [stdout] 9badfa06d687d1ecb65c8a9005d0325dedc099c882763090a6eb058e6a4fe9a9
[INFO] running `Command { std: "docker" "start" "-a" "9badfa06d687d1ecb65c8a9005d0325dedc099c882763090a6eb058e6a4fe9a9", kill_on_drop: false }`
[INFO] running `Command { std: "docker" "inspect" "9badfa06d687d1ecb65c8a9005d0325dedc099c882763090a6eb058e6a4fe9a9", kill_on_drop: false }`
[INFO] running `Command { std: "docker" "rm" "-f" "9badfa06d687d1ecb65c8a9005d0325dedc099c882763090a6eb058e6a4fe9a9", kill_on_drop: false }`
[INFO] [stdout] 9badfa06d687d1ecb65c8a9005d0325dedc099c882763090a6eb058e6a4fe9a9
[INFO] running `Command { std: "docker" "create" "-v" "/var/lib/crater-agent-workspace/builds/worker-6-tc1/target:/opt/rustwide/target:rw,Z" "-v" "/var/lib/crater-agent-workspace/builds/worker-6-tc1/source:/opt/rustwide/workdir:ro,Z" "-v" "/var/lib/crater-agent-workspace/cargo-home:/opt/rustwide/cargo-home:ro,Z" "-v" "/var/lib/crater-agent-workspace/rustup-home:/opt/rustwide/rustup-home:ro,Z" "-e" "SOURCE_DIR=/opt/rustwide/workdir" "-e" "CARGO_TARGET_DIR=/opt/rustwide/target" "-e" "CARGO_INCREMENTAL=0" "-e" "RUST_BACKTRACE=full" "-e" "RUSTFLAGS=--cap-lints=warn" "-e" "RUSTDOCFLAGS=--cap-lints=warn" "-e" "CARGO_HOME=/opt/rustwide/cargo-home" "-e" "RUSTUP_HOME=/opt/rustwide/rustup-home" "-w" "/opt/rustwide/workdir" "-m" "1610612736" "--user" "0:0" "--network" "none" "ghcr.io/rust-lang/crates-build-env/linux@sha256:2788e3201cd34a07e3172128adcd8b3090168a8e3bcc40d7c032b9dda1df7d1c" "/opt/rustwide/cargo-home/bin/cargo" "+1.75.0" "build" "--frozen" "--message-format=json", kill_on_drop: false }`
[INFO] [stdout] 5ea450ad23ac101a19ed590d627abfbc62ea736b0b901b0f67bc5edcdd8fb7e1
[INFO] running `Command { std: "docker" "start" "-a" "5ea450ad23ac101a19ed590d627abfbc62ea736b0b901b0f67bc5edcdd8fb7e1", kill_on_drop: false }`
[INFO] [stderr]    Compiling proc-macro2 v1.0.40
[INFO] [stderr]    Compiling quote v1.0.20
[INFO] [stderr]    Compiling unicode-ident v1.0.2
[INFO] [stderr]    Compiling memchr v2.5.0
[INFO] [stderr]    Compiling syn v1.0.98
[INFO] [stderr]    Compiling convert_case v0.5.0
[INFO] [stderr]    Compiling quick-xml v0.23.0
[INFO] [stderr]    Compiling xsd-proc v0.1.0 (/opt/rustwide/workdir/proc)
[INFO] [stderr]    Compiling xsd v0.1.0 (/opt/rustwide/workdir)
[INFO] [stderr]     Finished dev [unoptimized + debuginfo] target(s) in 4.06s
[INFO] running `Command { std: "docker" "inspect" "5ea450ad23ac101a19ed590d627abfbc62ea736b0b901b0f67bc5edcdd8fb7e1", kill_on_drop: false }`
[INFO] running `Command { std: "docker" "rm" "-f" "5ea450ad23ac101a19ed590d627abfbc62ea736b0b901b0f67bc5edcdd8fb7e1", kill_on_drop: false }`
[INFO] [stdout] 5ea450ad23ac101a19ed590d627abfbc62ea736b0b901b0f67bc5edcdd8fb7e1
[INFO] running `Command { std: "docker" "create" "-v" "/var/lib/crater-agent-workspace/builds/worker-6-tc1/target:/opt/rustwide/target:rw,Z" "-v" "/var/lib/crater-agent-workspace/builds/worker-6-tc1/source:/opt/rustwide/workdir:ro,Z" "-v" "/var/lib/crater-agent-workspace/cargo-home:/opt/rustwide/cargo-home:ro,Z" "-v" "/var/lib/crater-agent-workspace/rustup-home:/opt/rustwide/rustup-home:ro,Z" "-e" "SOURCE_DIR=/opt/rustwide/workdir" "-e" "CARGO_TARGET_DIR=/opt/rustwide/target" "-e" "CARGO_INCREMENTAL=0" "-e" "RUST_BACKTRACE=full" "-e" "RUSTFLAGS=--cap-lints=warn" "-e" "RUSTDOCFLAGS=--cap-lints=warn" "-e" "CARGO_HOME=/opt/rustwide/cargo-home" "-e" "RUSTUP_HOME=/opt/rustwide/rustup-home" "-w" "/opt/rustwide/workdir" "-m" "1610612736" "--user" "0:0" "--network" "none" "ghcr.io/rust-lang/crates-build-env/linux@sha256:2788e3201cd34a07e3172128adcd8b3090168a8e3bcc40d7c032b9dda1df7d1c" "/opt/rustwide/cargo-home/bin/cargo" "+1.75.0" "test" "--frozen" "--no-run" "--message-format=json", kill_on_drop: false }`
[INFO] [stdout] 2f19d838ad63f0ef6b5fffad2ae6ab5ee7f2506aff1ecc0b1700e3bc98bf7ff6
[INFO] running `Command { std: "docker" "start" "-a" "2f19d838ad63f0ef6b5fffad2ae6ab5ee7f2506aff1ecc0b1700e3bc98bf7ff6", kill_on_drop: false }`
[INFO] [stderr]    Compiling xsd v0.1.0 (/opt/rustwide/workdir)
[INFO] [stderr]     Finished test [unoptimized + debuginfo] target(s) in 0.32s
[INFO] running `Command { std: "docker" "inspect" "2f19d838ad63f0ef6b5fffad2ae6ab5ee7f2506aff1ecc0b1700e3bc98bf7ff6", kill_on_drop: false }`
[INFO] running `Command { std: "docker" "rm" "-f" "2f19d838ad63f0ef6b5fffad2ae6ab5ee7f2506aff1ecc0b1700e3bc98bf7ff6", kill_on_drop: false }`
[INFO] [stdout] 2f19d838ad63f0ef6b5fffad2ae6ab5ee7f2506aff1ecc0b1700e3bc98bf7ff6
[INFO] running `Command { std: "docker" "create" "-v" "/var/lib/crater-agent-workspace/builds/worker-6-tc1/target:/opt/rustwide/target:rw,Z" "-v" "/var/lib/crater-agent-workspace/builds/worker-6-tc1/source:/opt/rustwide/workdir:ro,Z" "-v" "/var/lib/crater-agent-workspace/cargo-home:/opt/rustwide/cargo-home:ro,Z" "-v" "/var/lib/crater-agent-workspace/rustup-home:/opt/rustwide/rustup-home:ro,Z" "-e" "SOURCE_DIR=/opt/rustwide/workdir" "-e" "CARGO_TARGET_DIR=/opt/rustwide/target" "-e" "CARGO_INCREMENTAL=0" "-e" "RUST_BACKTRACE=full" "-e" "RUSTFLAGS=--cap-lints=warn" "-e" "RUSTDOCFLAGS=--cap-lints=warn" "-e" "CARGO_HOME=/opt/rustwide/cargo-home" "-e" "RUSTUP_HOME=/opt/rustwide/rustup-home" "-w" "/opt/rustwide/workdir" "-m" "1610612736" "--user" "0:0" "--network" "none" "ghcr.io/rust-lang/crates-build-env/linux@sha256:2788e3201cd34a07e3172128adcd8b3090168a8e3bcc40d7c032b9dda1df7d1c" "/opt/rustwide/cargo-home/bin/cargo" "+1.75.0" "test" "--frozen", kill_on_drop: false }`
[INFO] [stdout] 51ef3b6963886f3234b28e964631b7915a7437cb675ad60109c1f4cb96b5db81
[INFO] running `Command { std: "docker" "start" "-a" "51ef3b6963886f3234b28e964631b7915a7437cb675ad60109c1f4cb96b5db81", kill_on_drop: false }`
[INFO] [stderr]     Finished test [unoptimized + debuginfo] target(s) in 0.01s
[INFO] [stderr]      Running unittests src/lib.rs (/opt/rustwide/target/debug/deps/xsd-25715b21d7f4b16b)
[INFO] [stdout] 
[INFO] [stdout] running 0 tests
[INFO] [stdout] 
[INFO] [stdout] test result: ok. 0 passed; 0 failed; 0 ignored; 0 measured; 0 filtered out; finished in 0.00s
[INFO] [stdout] 
[INFO] [stderr]      Running unittests src/main.rs (/opt/rustwide/target/debug/deps/xsd-04a08111c6f42699)
[INFO] [stdout] 
[INFO] [stdout] running 0 tests
[INFO] [stdout] 
[INFO] [stdout] test result: ok. 0 passed; 0 failed; 0 ignored; 0 measured; 0 filtered out; finished in 0.00s
[INFO] [stdout] 
[INFO] [stderr]    Doc-tests xsd
[INFO] [stdout] 
[INFO] [stdout] running 1 test
[INFO] [stdout] test src/schemas/xsd/all.rs - schemas::xsd::all::All (line 38) ... FAILED
[INFO] [stdout] 
[INFO] [stdout] failures:
[INFO] [stdout] 
[INFO] [stdout] ---- src/schemas/xsd/all.rs - schemas::xsd::all::All (line 38) stdout ----
[INFO] [stdout] error[E0433]: failed to resolve: use of undeclared crate or module `xsdrs`
[INFO] [stdout]   --> src/schemas/xsd/all.rs:48:24
[INFO] [stdout]    |
[INFO] [stdout] 13 |                 block: xsdrs::ElementDeriviation::None,
[INFO] [stdout]    |                        ^^^^^ use of undeclared crate or module `xsdrs`
[INFO] [stdout] 
[INFO] [stdout] error[E0433]: failed to resolve: use of undeclared crate or module `xsdrs`
[INFO] [stdout]   --> src/schemas/xsd/all.rs:49:35
[INFO] [stdout]    |
[INFO] [stdout] 14 |                 default_or_fixed: xsdrs::DefaultOrFixed::None,
[INFO] [stdout]    |                                   ^^^^^ use of undeclared crate or module `xsdrs`
[INFO] [stdout] 
[INFO] [stdout] error[E0433]: failed to resolve: use of undeclared crate or module `xsdrs`
[INFO] [stdout]   --> src/schemas/xsd/all.rs:51:25
[INFO] [stdout]    |
[INFO] [stdout] 16 |                 final_: xsdrs::Derivitation::None,
[INFO] [stdout]    |                         ^^^^^ use of undeclared crate or module `xsdrs`
[INFO] [stdout] 
[INFO] [stdout] error[E0433]: failed to resolve: use of undeclared crate or module `xsdrs`
[INFO] [stdout]   --> src/schemas/xsd/all.rs:56:24
[INFO] [stdout]    |
[INFO] [stdout] 21 |                 type_: xsdrs::NodeType::Ref(),
[INFO] [stdout]    |                        ^^^^^ use of undeclared crate or module `xsdrs`
[INFO] [stdout] 
[INFO] [stdout] error[E0422]: cannot find struct, variant or union type `All` in this scope
[INFO] [stdout]  --> src/schemas/xsd/all.rs:40:1
[INFO] [stdout]   |
[INFO] [stdout] 5 | All {
[INFO] [stdout]   | ^^^ not found in this scope
[INFO] [stdout]   |
[INFO] [stdout] help: consider importing one of these items
[INFO] [stdout]   |
[INFO] [stdout] 2 + use xsd::schemas::xsd::All;
[INFO] [stdout]   |
[INFO] [stdout] 2 + use xsd::schemas::xsdrs::Block::All;
[INFO] [stdout]   |
[INFO] [stdout] 2 + use xsd::schemas::xsdrs::ElementBase::All;
[INFO] [stdout]   |
[INFO] [stdout] 2 + use xsd::schemas::xsdrs::Final::All;
[INFO] [stdout]   |
[INFO] [stdout]     and 1 other candidate
[INFO] [stdout] 
[INFO] [stdout] error[E0422]: cannot find struct, variant or union type `Element` in this scope
[INFO] [stdout]   --> src/schemas/xsd/all.rs:45:13
[INFO] [stdout]    |
[INFO] [stdout] 10 |             Element {
[INFO] [stdout]    |             ^^^^^^^ not found in this scope
[INFO] [stdout]    |
[INFO] [stdout] help: consider importing one of these items
[INFO] [stdout]    |
[INFO] [stdout] 2  + use xsd::schemas::xsd::Element;
[INFO] [stdout]    |
[INFO] [stdout] 2  + use xsd::schemas::xsdrs::Definition::Element;
[INFO] [stdout]    |
[INFO] [stdout] 2  + use xsd::schemas::xsdrs::ElementBased::Element;
[INFO] [stdout]    |
[INFO] [stdout] 2  + use xsd::utils::GenericElement::Element;
[INFO] [stdout]    |
[INFO] [stdout] 
[INFO] [stdout] error[E0433]: failed to resolve: use of undeclared crate or module `xsdrs`
[INFO] [stdout]   --> src/schemas/xsd/all.rs:52:23
[INFO] [stdout]    |
[INFO] [stdout] 17 |                 form: xsdrs::Form::Qualified,
[INFO] [stdout]    |                       ^^^^^ use of undeclared crate or module `xsdrs`
[INFO] [stdout]    |
[INFO] [stdout] help: consider importing this enum
[INFO] [stdout]    |
[INFO] [stdout] 2  + use xsd::schemas::xsdrs::Form;
[INFO] [stdout]    |
[INFO] [stdout] help: if you import `Form`, refer to it directly
[INFO] [stdout]    |
[INFO] [stdout] 17 -                 form: xsdrs::Form::Qualified,
[INFO] [stdout] 17 +                 form: Form::Qualified,
[INFO] [stdout]    |
[INFO] [stdout] 
[INFO] [stdout] error[E0422]: cannot find struct, variant or union type `QName` in this scope
[INFO] [stdout]   --> src/schemas/xsd/all.rs:55:23
[INFO] [stdout]    |
[INFO] [stdout] 20 |                 name: QName { namespace: "".into(), name: "thing1".into() },
[INFO] [stdout]    |                       ^^^^^ not found in this scope
[INFO] [stdout]    |
[INFO] [stdout] help: consider importing one of these items
[INFO] [stdout]    |
[INFO] [stdout] 2  + use xsd::schemas::xsd::QName;
[INFO] [stdout]    |
[INFO] [stdout] 2  + use xsd::schemas::xsdrs::Primitive::QName;
[INFO] [stdout]    |
[INFO] [stdout] 
[INFO] [stdout] error[E0433]: failed to resolve: use of undeclared crate or module `xsdrs`
[INFO] [stdout]   --> src/schemas/xsd/all.rs:57:25
[INFO] [stdout]    |
[INFO] [stdout] 22 |                 occurs: xsdrs::Occurs::Once,
[INFO] [stdout]    |                         ^^^^^ use of undeclared crate or module `xsdrs`
[INFO] [stdout]    |
[INFO] [stdout] help: consider importing this struct
[INFO] [stdout]    |
[INFO] [stdout] 2  + use xsd::schemas::xsdrs::Occurs;
[INFO] [stdout]    |
[INFO] [stdout] help: if you import `Occurs`, refer to it directly
[INFO] [stdout]    |
[INFO] [stdout] 22 -                 occurs: xsdrs::Occurs::Once,
[INFO] [stdout] 22 +                 occurs: Occurs::Once,
[INFO] [stdout]    |
[INFO] [stdout] 
[INFO] [stdout] error: aborting due to 9 previous errors
[INFO] [stdout] 
[INFO] [stdout] Some errors have detailed explanations: E0422, E0433.
[INFO] [stdout] For more information about an error, try `rustc --explain E0422`.
[INFO] [stdout] Couldn't compile the test.
[INFO] [stdout] 
[INFO] [stdout] failures:
[INFO] [stdout]     src/schemas/xsd/all.rs - schemas::xsd::all::All (line 38)
[INFO] [stdout] 
[INFO] [stdout] test result: FAILED. 0 passed; 1 failed; 0 ignored; 0 measured; 0 filtered out; finished in 0.05s
[INFO] [stdout] 
[INFO] [stderr] error: doctest failed, to rerun pass `--doc`
[INFO] running `Command { std: "docker" "inspect" "51ef3b6963886f3234b28e964631b7915a7437cb675ad60109c1f4cb96b5db81", kill_on_drop: false }`
[INFO] running `Command { std: "docker" "rm" "-f" "51ef3b6963886f3234b28e964631b7915a7437cb675ad60109c1f4cb96b5db81", kill_on_drop: false }`
[INFO] [stdout] 51ef3b6963886f3234b28e964631b7915a7437cb675ad60109c1f4cb96b5db81
[INFO] testing jose-pr/xsd against beta-2023-12-22 for beta-1.76-1
[INFO] running `Command { std: "git" "clone" "/workspace/cache/git-repos/https%3A%2F%2Fgithub.com%2Fjose-pr%2Fxsd" "/workspace/builds/worker-6-tc2/source", kill_on_drop: false }`
[INFO] [stderr] Cloning into '/workspace/builds/worker-6-tc2/source'...
[INFO] [stderr] done.
[INFO] validating manifest of git repo https://github.com/jose-pr/xsd on toolchain beta-2023-12-22
[INFO] running `Command { std: CARGO_HOME="/workspace/cargo-home" RUSTUP_HOME="/workspace/rustup-home" "/workspace/cargo-home/bin/cargo" "+beta-2023-12-22" "metadata" "--manifest-path" "Cargo.toml" "--no-deps", kill_on_drop: false }`
[INFO] started tweaking git repo https://github.com/jose-pr/xsd
[INFO] finished tweaking git repo https://github.com/jose-pr/xsd
[INFO] tweaked toml for git repo https://github.com/jose-pr/xsd written to /workspace/builds/worker-6-tc2/source/Cargo.toml
[INFO] crate git repo https://github.com/jose-pr/xsd already has a lockfile, it will not be regenerated
[INFO] running `Command { std: CARGO_HOME="/workspace/cargo-home" RUSTUP_HOME="/workspace/rustup-home" "/workspace/cargo-home/bin/cargo" "+beta-2023-12-22" "fetch" "--manifest-path" "Cargo.toml", kill_on_drop: false }`
[INFO] running `Command { std: "docker" "create" "-v" "/var/lib/crater-agent-workspace/builds/worker-6-tc2/target:/opt/rustwide/target:rw,Z" "-v" "/var/lib/crater-agent-workspace/builds/worker-6-tc2/source:/opt/rustwide/workdir:ro,Z" "-v" "/var/lib/crater-agent-workspace/cargo-home:/opt/rustwide/cargo-home:ro,Z" "-v" "/var/lib/crater-agent-workspace/rustup-home:/opt/rustwide/rustup-home:ro,Z" "-e" "SOURCE_DIR=/opt/rustwide/workdir" "-e" "CARGO_TARGET_DIR=/opt/rustwide/target" "-e" "CARGO_HOME=/opt/rustwide/cargo-home" "-e" "RUSTUP_HOME=/opt/rustwide/rustup-home" "-w" "/opt/rustwide/workdir" "-m" "1610612736" "--user" "0:0" "--network" "none" "ghcr.io/rust-lang/crates-build-env/linux@sha256:2788e3201cd34a07e3172128adcd8b3090168a8e3bcc40d7c032b9dda1df7d1c" "/opt/rustwide/cargo-home/bin/cargo" "+beta-2023-12-22" "metadata" "--no-deps" "--format-version=1", kill_on_drop: false }`
[INFO] [stdout] e5afe5609a4758dc34475b15b8044445ec3784f5092a6e9b1590b9f1ccb3d935
[INFO] running `Command { std: "docker" "start" "-a" "e5afe5609a4758dc34475b15b8044445ec3784f5092a6e9b1590b9f1ccb3d935", kill_on_drop: false }`
[INFO] running `Command { std: "docker" "inspect" "e5afe5609a4758dc34475b15b8044445ec3784f5092a6e9b1590b9f1ccb3d935", kill_on_drop: false }`
[INFO] running `Command { std: "docker" "rm" "-f" "e5afe5609a4758dc34475b15b8044445ec3784f5092a6e9b1590b9f1ccb3d935", kill_on_drop: false }`
[INFO] [stdout] e5afe5609a4758dc34475b15b8044445ec3784f5092a6e9b1590b9f1ccb3d935
[INFO] running `Command { std: "docker" "create" "-v" "/var/lib/crater-agent-workspace/builds/worker-6-tc2/target:/opt/rustwide/target:rw,Z" "-v" "/var/lib/crater-agent-workspace/builds/worker-6-tc2/source:/opt/rustwide/workdir:ro,Z" "-v" "/var/lib/crater-agent-workspace/cargo-home:/opt/rustwide/cargo-home:ro,Z" "-v" "/var/lib/crater-agent-workspace/rustup-home:/opt/rustwide/rustup-home:ro,Z" "-e" "SOURCE_DIR=/opt/rustwide/workdir" "-e" "CARGO_TARGET_DIR=/opt/rustwide/target" "-e" "CARGO_INCREMENTAL=0" "-e" "RUST_BACKTRACE=full" "-e" "RUSTFLAGS=--cap-lints=warn" "-e" "RUSTDOCFLAGS=--cap-lints=warn" "-e" "CARGO_HOME=/opt/rustwide/cargo-home" "-e" "RUSTUP_HOME=/opt/rustwide/rustup-home" "-w" "/opt/rustwide/workdir" "-m" "1610612736" "--user" "0:0" "--network" "none" "ghcr.io/rust-lang/crates-build-env/linux@sha256:2788e3201cd34a07e3172128adcd8b3090168a8e3bcc40d7c032b9dda1df7d1c" "/opt/rustwide/cargo-home/bin/cargo" "+beta-2023-12-22" "build" "--frozen" "--message-format=json", kill_on_drop: false }`
[INFO] [stdout] 81b99e91a1ae459d69690f5f041a29864825f2b4f77d26535b0a3bb608ed9def
[INFO] running `Command { std: "docker" "start" "-a" "81b99e91a1ae459d69690f5f041a29864825f2b4f77d26535b0a3bb608ed9def", kill_on_drop: false }`
[INFO] [stderr]    Compiling proc-macro2 v1.0.40
[INFO] [stderr]    Compiling quote v1.0.20
[INFO] [stderr]    Compiling unicode-ident v1.0.2
[INFO] [stderr]    Compiling memchr v2.5.0
[INFO] [stderr]    Compiling syn v1.0.98
[INFO] [stderr]    Compiling convert_case v0.5.0
[INFO] [stderr]    Compiling quick-xml v0.23.0
[INFO] [stderr]    Compiling xsd-proc v0.1.0 (/opt/rustwide/workdir/proc)
[INFO] [stderr]    Compiling xsd v0.1.0 (/opt/rustwide/workdir)
[INFO] [stderr]     Finished dev [unoptimized + debuginfo] target(s) in 4.09s
[INFO] running `Command { std: "docker" "inspect" "81b99e91a1ae459d69690f5f041a29864825f2b4f77d26535b0a3bb608ed9def", kill_on_drop: false }`
[INFO] running `Command { std: "docker" "rm" "-f" "81b99e91a1ae459d69690f5f041a29864825f2b4f77d26535b0a3bb608ed9def", kill_on_drop: false }`
[INFO] [stdout] 81b99e91a1ae459d69690f5f041a29864825f2b4f77d26535b0a3bb608ed9def
[INFO] running `Command { std: "docker" "create" "-v" "/var/lib/crater-agent-workspace/builds/worker-6-tc2/target:/opt/rustwide/target:rw,Z" "-v" "/var/lib/crater-agent-workspace/builds/worker-6-tc2/source:/opt/rustwide/workdir:ro,Z" "-v" "/var/lib/crater-agent-workspace/cargo-home:/opt/rustwide/cargo-home:ro,Z" "-v" "/var/lib/crater-agent-workspace/rustup-home:/opt/rustwide/rustup-home:ro,Z" "-e" "SOURCE_DIR=/opt/rustwide/workdir" "-e" "CARGO_TARGET_DIR=/opt/rustwide/target" "-e" "CARGO_INCREMENTAL=0" "-e" "RUST_BACKTRACE=full" "-e" "RUSTFLAGS=--cap-lints=warn" "-e" "RUSTDOCFLAGS=--cap-lints=warn" "-e" "CARGO_HOME=/opt/rustwide/cargo-home" "-e" "RUSTUP_HOME=/opt/rustwide/rustup-home" "-w" "/opt/rustwide/workdir" "-m" "1610612736" "--user" "0:0" "--network" "none" "ghcr.io/rust-lang/crates-build-env/linux@sha256:2788e3201cd34a07e3172128adcd8b3090168a8e3bcc40d7c032b9dda1df7d1c" "/opt/rustwide/cargo-home/bin/cargo" "+beta-2023-12-22" "test" "--frozen" "--no-run" "--message-format=json", kill_on_drop: false }`
[INFO] [stdout] 4eac6a1a5e034b5e1901ff6d0b1d376bd18aade398c9962f7a376b1305917255
[INFO] running `Command { std: "docker" "start" "-a" "4eac6a1a5e034b5e1901ff6d0b1d376bd18aade398c9962f7a376b1305917255", kill_on_drop: false }`
[INFO] [stderr]    Compiling xsd v0.1.0 (/opt/rustwide/workdir)
[INFO] [stderr]     Finished test [unoptimized + debuginfo] target(s) in 0.32s
[INFO] running `Command { std: "docker" "inspect" "4eac6a1a5e034b5e1901ff6d0b1d376bd18aade398c9962f7a376b1305917255", kill_on_drop: false }`
[INFO] running `Command { std: "docker" "rm" "-f" "4eac6a1a5e034b5e1901ff6d0b1d376bd18aade398c9962f7a376b1305917255", kill_on_drop: false }`
[INFO] [stdout] 4eac6a1a5e034b5e1901ff6d0b1d376bd18aade398c9962f7a376b1305917255
[INFO] running `Command { std: "docker" "create" "-v" "/var/lib/crater-agent-workspace/builds/worker-6-tc2/target:/opt/rustwide/target:rw,Z" "-v" "/var/lib/crater-agent-workspace/builds/worker-6-tc2/source:/opt/rustwide/workdir:ro,Z" "-v" "/var/lib/crater-agent-workspace/cargo-home:/opt/rustwide/cargo-home:ro,Z" "-v" "/var/lib/crater-agent-workspace/rustup-home:/opt/rustwide/rustup-home:ro,Z" "-e" "SOURCE_DIR=/opt/rustwide/workdir" "-e" "CARGO_TARGET_DIR=/opt/rustwide/target" "-e" "CARGO_INCREMENTAL=0" "-e" "RUST_BACKTRACE=full" "-e" "RUSTFLAGS=--cap-lints=warn" "-e" "RUSTDOCFLAGS=--cap-lints=warn" "-e" "CARGO_HOME=/opt/rustwide/cargo-home" "-e" "RUSTUP_HOME=/opt/rustwide/rustup-home" "-w" "/opt/rustwide/workdir" "-m" "1610612736" "--user" "0:0" "--network" "none" "ghcr.io/rust-lang/crates-build-env/linux@sha256:2788e3201cd34a07e3172128adcd8b3090168a8e3bcc40d7c032b9dda1df7d1c" "/opt/rustwide/cargo-home/bin/cargo" "+beta-2023-12-22" "test" "--frozen", kill_on_drop: false }`
[INFO] [stdout] 65e0b83ba0aaf33152cc75f64158807dd0016fc8ff382221656cbfa6f89ceb2d
[INFO] running `Command { std: "docker" "start" "-a" "65e0b83ba0aaf33152cc75f64158807dd0016fc8ff382221656cbfa6f89ceb2d", kill_on_drop: false }`
[INFO] [stderr]     Finished test [unoptimized + debuginfo] target(s) in 0.01s
[INFO] [stderr]      Running unittests src/lib.rs (/opt/rustwide/target/debug/deps/xsd-7622e31a91fa0e23)
[INFO] [stdout] 
[INFO] [stdout] running 0 tests
[INFO] [stdout] 
[INFO] [stdout] test result: ok. 0 passed; 0 failed; 0 ignored; 0 measured; 0 filtered out; finished in 0.00s
[INFO] [stdout] 
[INFO] [stderr]      Running unittests src/main.rs (/opt/rustwide/target/debug/deps/xsd-a50d9a00e0d89f3b)
[INFO] [stdout] 
[INFO] [stdout] running 0 tests
[INFO] [stdout] 
[INFO] [stdout] test result: ok. 0 passed; 0 failed; 0 ignored; 0 measured; 0 filtered out; finished in 0.00s
[INFO] [stdout] 
[INFO] [stderr]    Doc-tests xsd
[INFO] [stdout] 
[INFO] [stdout] running 1 test
[INFO] [stdout] test src/schemas/xsd/all.rs - schemas::xsd::all::All (line 38) ... FAILED
[INFO] [stdout] 
[INFO] [stdout] failures:
[INFO] [stdout] 
[INFO] [stdout] ---- src/schemas/xsd/all.rs - schemas::xsd::all::All (line 38) stdout ----
[INFO] [stdout] error[E0433]: failed to resolve: use of undeclared crate or module `xsdrs`
[INFO] [stdout]   --> src/schemas/xsd/all.rs:48:24
[INFO] [stdout]    |
[INFO] [stdout] 13 |                 block: xsdrs::ElementDeriviation::None,
[INFO] [stdout]    |                        ^^^^^ use of undeclared crate or module `xsdrs`
[INFO] [stdout] 
[INFO] [stdout] error[E0433]: failed to resolve: use of undeclared crate or module `xsdrs`
[INFO] [stdout]   --> src/schemas/xsd/all.rs:49:35
[INFO] [stdout]    |
[INFO] [stdout] 14 |                 default_or_fixed: xsdrs::DefaultOrFixed::None,
[INFO] [stdout]    |                                   ^^^^^ use of undeclared crate or module `xsdrs`
[INFO] [stdout] 
[INFO] [stdout] error[E0433]: failed to resolve: use of undeclared crate or module `xsdrs`
[INFO] [stdout]   --> src/schemas/xsd/all.rs:51:25
[INFO] [stdout]    |
[INFO] [stdout] 16 |                 final_: xsdrs::Derivitation::None,
[INFO] [stdout]    |                         ^^^^^ use of undeclared crate or module `xsdrs`
[INFO] [stdout] 
[INFO] [stdout] error[E0433]: failed to resolve: use of undeclared crate or module `xsdrs`
[INFO] [stdout]   --> src/schemas/xsd/all.rs:56:24
[INFO] [stdout]    |
[INFO] [stdout] 21 |                 type_: xsdrs::NodeType::Ref(),
[INFO] [stdout]    |                        ^^^^^ use of undeclared crate or module `xsdrs`
[INFO] [stdout] 
[INFO] [stdout] error[E0422]: cannot find struct, variant or union type `All` in this scope
[INFO] [stdout]  --> src/schemas/xsd/all.rs:40:1
[INFO] [stdout]   |
[INFO] [stdout] 5 | All {
[INFO] [stdout]   | ^^^ not found in this scope
[INFO] [stdout]   |
[INFO] [stdout] help: consider importing one of these items
[INFO] [stdout]   |
[INFO] [stdout] 2 + use xsd::schemas::xsd::All;
[INFO] [stdout]   |
[INFO] [stdout] 2 + use xsd::schemas::xsdrs::Block::All;
[INFO] [stdout]   |
[INFO] [stdout] 2 + use xsd::schemas::xsdrs::ElementBase::All;
[INFO] [stdout]   |
[INFO] [stdout] 2 + use xsd::schemas::xsdrs::Final::All;
[INFO] [stdout]   |
[INFO] [stdout]     and 1 other candidate
[INFO] [stdout] 
[INFO] [stdout] error[E0422]: cannot find struct, variant or union type `Element` in this scope
[INFO] [stdout]   --> src/schemas/xsd/all.rs:45:13
[INFO] [stdout]    |
[INFO] [stdout] 10 |             Element {
[INFO] [stdout]    |             ^^^^^^^ not found in this scope
[INFO] [stdout]    |
[INFO] [stdout] help: consider importing one of these items
[INFO] [stdout]    |
[INFO] [stdout] 2  + use xsd::schemas::xsd::Element;
[INFO] [stdout]    |
[INFO] [stdout] 2  + use xsd::schemas::xsdrs::Definition::Element;
[INFO] [stdout]    |
[INFO] [stdout] 2  + use xsd::schemas::xsdrs::ElementBased::Element;
[INFO] [stdout]    |
[INFO] [stdout] 2  + use xsd::utils::GenericElement::Element;
[INFO] [stdout]    |
[INFO] [stdout] 
[INFO] [stdout] error[E0433]: failed to resolve: use of undeclared crate or module `xsdrs`
[INFO] [stdout]   --> src/schemas/xsd/all.rs:52:23
[INFO] [stdout]    |
[INFO] [stdout] 17 |                 form: xsdrs::Form::Qualified,
[INFO] [stdout]    |                       ^^^^^ use of undeclared crate or module `xsdrs`
[INFO] [stdout]    |
[INFO] [stdout] help: consider importing this enum
[INFO] [stdout]    |
[INFO] [stdout] 2  + use xsd::schemas::xsdrs::Form;
[INFO] [stdout]    |
[INFO] [stdout] help: if you import `Form`, refer to it directly
[INFO] [stdout]    |
[INFO] [stdout] 17 -                 form: xsdrs::Form::Qualified,
[INFO] [stdout] 17 +                 form: Form::Qualified,
[INFO] [stdout]    |
[INFO] [stdout] 
[INFO] [stdout] error[E0422]: cannot find struct, variant or union type `QName` in this scope
[INFO] [stdout]   --> src/schemas/xsd/all.rs:55:23
[INFO] [stdout]    |
[INFO] [stdout] 20 |                 name: QName { namespace: "".into(), name: "thing1".into() },
[INFO] [stdout]    |                       ^^^^^ not found in this scope
[INFO] [stdout]    |
[INFO] [stdout] help: consider importing one of these items
[INFO] [stdout]    |
[INFO] [stdout] 2  + use xsd::schemas::xsd::QName;
[INFO] [stdout]    |
[INFO] [stdout] 2  + use xsd::schemas::xsdrs::Primitive::QName;
[INFO] [stdout]    |
[INFO] [stdout] 
[INFO] [stdout] error[E0433]: failed to resolve: use of undeclared crate or module `xsdrs`
[INFO] [stdout]   --> src/schemas/xsd/all.rs:57:25
[INFO] [stdout]    |
[INFO] [stdout] 22 |                 occurs: xsdrs::Occurs::Once,
[INFO] [stdout]    |                         ^^^^^ use of undeclared crate or module `xsdrs`
[INFO] [stdout]    |
[INFO] [stdout] help: consider importing this struct
[INFO] [stdout]    |
[INFO] [stdout] 2  + use xsd::schemas::xsdrs::Occurs;
[INFO] [stdout]    |
[INFO] [stdout] help: if you import `Occurs`, refer to it directly
[INFO] [stdout]    |
[INFO] [stdout] 22 -                 occurs: xsdrs::Occurs::Once,
[INFO] [stdout] 22 +                 occurs: Occurs::Once,
[INFO] [stdout]    |
[INFO] [stdout] 
[INFO] [stdout] error: aborting due to 9 previous errors
[INFO] [stdout] 
[INFO] [stdout] Some errors have detailed explanations: E0422, E0433.
[INFO] [stdout] For more information about an error, try `rustc --explain E0422`.
[INFO] [stdout] Couldn't compile the test.
[INFO] [stdout] 
[INFO] [stdout] failures:
[INFO] [stdout]     src/schemas/xsd/all.rs - schemas::xsd::all::All (line 38)
[INFO] [stdout] 
[INFO] [stdout] test result: FAILED. 0 passed; 1 failed; 0 ignored; 0 measured; 0 filtered out; finished in 0.05s
[INFO] [stdout] 
[INFO] [stderr] error: doctest failed, to rerun pass `--doc`
[INFO] running `Command { std: "docker" "inspect" "65e0b83ba0aaf33152cc75f64158807dd0016fc8ff382221656cbfa6f89ceb2d", kill_on_drop: false }`
[INFO] running `Command { std: "docker" "rm" "-f" "65e0b83ba0aaf33152cc75f64158807dd0016fc8ff382221656cbfa6f89ceb2d", kill_on_drop: false }`
[INFO] [stdout] 65e0b83ba0aaf33152cc75f64158807dd0016fc8ff382221656cbfa6f89ceb2d
