[INFO] cloning repository https://github.com/jonathanxuu/RescuePrimeOptimiezd
[INFO] running `Command { std: "git" "-c" "credential.helper=" "-c" "credential.helper=/workspace/cargo-home/bin/git-credential-null" "clone" "--bare" "https://github.com/jonathanxuu/RescuePrimeOptimiezd" "/workspace/cache/git-repos/https%3A%2F%2Fgithub.com%2Fjonathanxuu%2FRescuePrimeOptimiezd", kill_on_drop: false }`
[INFO] [stderr] Cloning into bare repository '/workspace/cache/git-repos/https%3A%2F%2Fgithub.com%2Fjonathanxuu%2FRescuePrimeOptimiezd'...
[INFO] running `Command { std: "git" "rev-parse" "HEAD", kill_on_drop: false }`
[INFO] [stdout] ee0264069358a477fd73a5d848b8415997f1cd94
[INFO] testing jonathanxuu/RescuePrimeOptimiezd against 1.75.0 for beta-1.76-1
[INFO] running `Command { std: "git" "clone" "/workspace/cache/git-repos/https%3A%2F%2Fgithub.com%2Fjonathanxuu%2FRescuePrimeOptimiezd" "/workspace/builds/worker-2-tc1/source", kill_on_drop: false }`
[INFO] [stderr] Cloning into '/workspace/builds/worker-2-tc1/source'...
[INFO] [stderr] done.
[INFO] validating manifest of git repo https://github.com/jonathanxuu/RescuePrimeOptimiezd on toolchain 1.75.0
[INFO] running `Command { std: CARGO_HOME="/workspace/cargo-home" RUSTUP_HOME="/workspace/rustup-home" "/workspace/cargo-home/bin/cargo" "+1.75.0" "metadata" "--manifest-path" "Cargo.toml" "--no-deps", kill_on_drop: false }`
[INFO] started tweaking git repo https://github.com/jonathanxuu/RescuePrimeOptimiezd
[INFO] finished tweaking git repo https://github.com/jonathanxuu/RescuePrimeOptimiezd
[INFO] tweaked toml for git repo https://github.com/jonathanxuu/RescuePrimeOptimiezd written to /workspace/builds/worker-2-tc1/source/Cargo.toml
[INFO] crate git repo https://github.com/jonathanxuu/RescuePrimeOptimiezd already has a lockfile, it will not be regenerated
[INFO] running `Command { std: CARGO_HOME="/workspace/cargo-home" RUSTUP_HOME="/workspace/rustup-home" "/workspace/cargo-home/bin/cargo" "+1.75.0" "fetch" "--manifest-path" "Cargo.toml", kill_on_drop: false }`
[INFO] [stderr]     Updating git repository `https://github.com/paritytech/substrate.git`
[INFO] [stderr]     Blocking waiting for file lock on package cache
[INFO] running `Command { std: "docker" "create" "-v" "/var/lib/crater-agent-workspace/builds/worker-2-tc1/target:/opt/rustwide/target:rw,Z" "-v" "/var/lib/crater-agent-workspace/builds/worker-2-tc1/source:/opt/rustwide/workdir:ro,Z" "-v" "/var/lib/crater-agent-workspace/cargo-home:/opt/rustwide/cargo-home:ro,Z" "-v" "/var/lib/crater-agent-workspace/rustup-home:/opt/rustwide/rustup-home:ro,Z" "-e" "SOURCE_DIR=/opt/rustwide/workdir" "-e" "CARGO_TARGET_DIR=/opt/rustwide/target" "-e" "CARGO_HOME=/opt/rustwide/cargo-home" "-e" "RUSTUP_HOME=/opt/rustwide/rustup-home" "-w" "/opt/rustwide/workdir" "-m" "1610612736" "--user" "0:0" "--network" "none" "ghcr.io/rust-lang/crates-build-env/linux@sha256:2788e3201cd34a07e3172128adcd8b3090168a8e3bcc40d7c032b9dda1df7d1c" "/opt/rustwide/cargo-home/bin/cargo" "+1.75.0" "metadata" "--no-deps" "--format-version=1", kill_on_drop: false }`
[INFO] [stdout] d673759a8e54755f1feb667331be7c60b4e31bdbf2a32515046fc41f5d188b4b
[INFO] running `Command { std: "docker" "start" "-a" "d673759a8e54755f1feb667331be7c60b4e31bdbf2a32515046fc41f5d188b4b", kill_on_drop: false }`
[INFO] running `Command { std: "docker" "inspect" "d673759a8e54755f1feb667331be7c60b4e31bdbf2a32515046fc41f5d188b4b", kill_on_drop: false }`
[INFO] running `Command { std: "docker" "rm" "-f" "d673759a8e54755f1feb667331be7c60b4e31bdbf2a32515046fc41f5d188b4b", kill_on_drop: false }`
[INFO] [stdout] d673759a8e54755f1feb667331be7c60b4e31bdbf2a32515046fc41f5d188b4b
[INFO] running `Command { std: "docker" "create" "-v" "/var/lib/crater-agent-workspace/builds/worker-2-tc1/target:/opt/rustwide/target:rw,Z" "-v" "/var/lib/crater-agent-workspace/builds/worker-2-tc1/source:/opt/rustwide/workdir:ro,Z" "-v" "/var/lib/crater-agent-workspace/cargo-home:/opt/rustwide/cargo-home:ro,Z" "-v" "/var/lib/crater-agent-workspace/rustup-home:/opt/rustwide/rustup-home:ro,Z" "-e" "SOURCE_DIR=/opt/rustwide/workdir" "-e" "CARGO_TARGET_DIR=/opt/rustwide/target" "-e" "CARGO_INCREMENTAL=0" "-e" "RUST_BACKTRACE=full" "-e" "RUSTFLAGS=--cap-lints=warn" "-e" "RUSTDOCFLAGS=--cap-lints=warn" "-e" "CARGO_HOME=/opt/rustwide/cargo-home" "-e" "RUSTUP_HOME=/opt/rustwide/rustup-home" "-w" "/opt/rustwide/workdir" "-m" "1610612736" "--user" "0:0" "--network" "none" "ghcr.io/rust-lang/crates-build-env/linux@sha256:2788e3201cd34a07e3172128adcd8b3090168a8e3bcc40d7c032b9dda1df7d1c" "/opt/rustwide/cargo-home/bin/cargo" "+1.75.0" "build" "--frozen" "--message-format=json", kill_on_drop: false }`
[INFO] [stdout] dd8b728ae70e5e9b1e9ccee2fd7dd44853ac9875cb899a3329c08675f8ffd191
[INFO] running `Command { std: "docker" "start" "-a" "dd8b728ae70e5e9b1e9ccee2fd7dd44853ac9875cb899a3329c08675f8ffd191", kill_on_drop: false }`
[INFO] [stderr]    Compiling proc-macro2 v1.0.67
[INFO] [stderr]    Compiling unicode-ident v1.0.12
[INFO] [stderr]    Compiling wasm-bindgen-shared v0.2.87
[INFO] [stderr]    Compiling version_check v0.9.4
[INFO] [stderr]    Compiling typenum v1.17.0
[INFO] [stderr]    Compiling once_cell v1.18.0
[INFO] [stderr]    Compiling log v0.4.20
[INFO] [stderr]    Compiling bumpalo v3.14.0
[INFO] [stderr]    Compiling libc v0.2.148
[INFO] [stderr]    Compiling wasm-bindgen v0.2.87
[INFO] [stderr]    Compiling subtle v2.5.0
[INFO] [stderr]    Compiling serde v1.0.188
[INFO] [stderr]    Compiling keccak v0.1.4
[INFO] [stderr]    Compiling arrayref v0.3.7
[INFO] [stderr]    Compiling arrayvec v0.7.4
[INFO] [stderr]    Compiling constant_time_eq v0.3.0
[INFO] [stderr]    Compiling winter-utils v0.6.2 (/opt/rustwide/workdir/winterfell/utils/core)
[INFO] [stderr]    Compiling scoped-tls v1.0.1
[INFO] [stderr]    Compiling sp-std v8.0.0 (https://github.com/paritytech/substrate.git#033d4e86)
[INFO] [stderr]    Compiling generic-array v0.14.7
[INFO] [stderr]    Compiling quote v1.0.33
[INFO] [stderr]    Compiling syn v2.0.37
[INFO] [stderr]    Compiling wasm-bindgen-test-macro v0.3.37
[INFO] [stderr]    Compiling cc v1.0.83
[INFO] [stderr]    Compiling blake3 v1.4.1
[INFO] [stderr]    Compiling crypto-common v0.1.6
[INFO] [stderr]    Compiling block-buffer v0.10.4
[INFO] [stderr]    Compiling digest v0.10.7
[INFO] [stderr]    Compiling sha3 v0.10.8
[INFO] [stderr]    Compiling wasm-bindgen-backend v0.2.87
[INFO] [stderr]    Compiling serde_derive v1.0.188
[INFO] [stderr]    Compiling wasm-bindgen-macro-support v0.2.87
[INFO] [stderr]    Compiling wasm-bindgen-macro v0.2.87
[INFO] [stderr]    Compiling js-sys v0.3.64
[INFO] [stderr]    Compiling console_error_panic_hook v0.1.7
[INFO] [stderr]    Compiling wasm-bindgen-futures v0.4.37
[INFO] [stderr]    Compiling wasm-bindgen-test v0.3.37
[INFO] [stderr]    Compiling winter-math v0.6.2 (/opt/rustwide/workdir/winterfell/math)
[INFO] [stderr]    Compiling winter-crypto v0.6.2 (/opt/rustwide/workdir/winterfell/crypto)
[INFO] [stderr]    Compiling rescue-prime-optimized v0.4.0 (/opt/rustwide/workdir)
[INFO] [stdout] warning: unused import: `vec`
[INFO] [stdout]   --> src/lib.rs:14:14
[INFO] [stdout]    |
[INFO] [stdout] 14 | use sp_std::{vec, vec::Vec};
[INFO] [stdout]    |              ^^^
[INFO] [stdout]    |
[INFO] [stdout]    = note: `#[warn(unused_imports)]` on by default
[INFO] [stdout] 
[INFO] [stdout] 
[INFO] [stdout] warning: function `RescuePrimeOptimized` should have a snake case name
[INFO] [stdout]   --> src/lib.rs:45:8
[INFO] [stdout]    |
[INFO] [stdout] 45 | pub fn RescuePrimeOptimized(values: Vec<u64>) -> Vec<u64> {
[INFO] [stdout]    |        ^^^^^^^^^^^^^^^^^^^^ help: convert the identifier to snake case: `rescue_prime_optimized`
[INFO] [stdout]    |
[INFO] [stdout]    = note: `#[warn(non_snake_case)]` on by default
[INFO] [stdout] 
[INFO] [stdout] 
[INFO] [stdout] warning: 2 warnings emitted
[INFO] [stdout] 
[INFO] [stdout] 
[INFO] [stderr]     Finished dev [unoptimized + debuginfo] target(s) in 13.29s
[INFO] running `Command { std: "docker" "inspect" "dd8b728ae70e5e9b1e9ccee2fd7dd44853ac9875cb899a3329c08675f8ffd191", kill_on_drop: false }`
[INFO] running `Command { std: "docker" "rm" "-f" "dd8b728ae70e5e9b1e9ccee2fd7dd44853ac9875cb899a3329c08675f8ffd191", kill_on_drop: false }`
[INFO] [stdout] dd8b728ae70e5e9b1e9ccee2fd7dd44853ac9875cb899a3329c08675f8ffd191
[INFO] running `Command { std: "docker" "create" "-v" "/var/lib/crater-agent-workspace/builds/worker-2-tc1/target:/opt/rustwide/target:rw,Z" "-v" "/var/lib/crater-agent-workspace/builds/worker-2-tc1/source:/opt/rustwide/workdir:ro,Z" "-v" "/var/lib/crater-agent-workspace/cargo-home:/opt/rustwide/cargo-home:ro,Z" "-v" "/var/lib/crater-agent-workspace/rustup-home:/opt/rustwide/rustup-home:ro,Z" "-e" "SOURCE_DIR=/opt/rustwide/workdir" "-e" "CARGO_TARGET_DIR=/opt/rustwide/target" "-e" "CARGO_INCREMENTAL=0" "-e" "RUST_BACKTRACE=full" "-e" "RUSTFLAGS=--cap-lints=warn" "-e" "RUSTDOCFLAGS=--cap-lints=warn" "-e" "CARGO_HOME=/opt/rustwide/cargo-home" "-e" "RUSTUP_HOME=/opt/rustwide/rustup-home" "-w" "/opt/rustwide/workdir" "-m" "1610612736" "--user" "0:0" "--network" "none" "ghcr.io/rust-lang/crates-build-env/linux@sha256:2788e3201cd34a07e3172128adcd8b3090168a8e3bcc40d7c032b9dda1df7d1c" "/opt/rustwide/cargo-home/bin/cargo" "+1.75.0" "test" "--frozen" "--no-run" "--message-format=json", kill_on_drop: false }`
[INFO] [stdout] 139d890fcb9b3d6c0c7413ba5fd1d9215ab914a50188758056a81b10ee50070f
[INFO] running `Command { std: "docker" "start" "-a" "139d890fcb9b3d6c0c7413ba5fd1d9215ab914a50188758056a81b10ee50070f", kill_on_drop: false }`
[INFO] [stderr]    Compiling libc v0.2.148
[INFO] [stderr]    Compiling serde v1.0.188
[INFO] [stderr]    Compiling crossbeam-utils v0.8.16
[INFO] [stderr]    Compiling libm v0.2.7
[INFO] [stderr]    Compiling memoffset v0.9.0
[INFO] [stderr]    Compiling crossbeam-epoch v0.9.15
[INFO] [stderr]    Compiling num-traits v0.2.16
[INFO] [stderr]    Compiling rustix v0.38.13
[INFO] [stderr]    Compiling scopeguard v1.2.0
[INFO] [stderr]    Compiling indexmap v1.9.3
[INFO] [stderr]    Compiling serde_json v1.0.107
[INFO] [stderr]    Compiling bitflags v2.4.0
[INFO] [stderr]    Compiling rayon-core v1.11.0
[INFO] [stderr]    Compiling either v1.9.0
[INFO] [stderr]    Compiling linux-raw-sys v0.4.7
[INFO] [stderr]    Compiling ppv-lite86 v0.2.17
[INFO] [stderr]    Compiling itoa v1.0.9
[INFO] [stderr]    Compiling hashbrown v0.12.3
[INFO] [stderr]    Compiling ryu v1.0.15
[INFO] [stderr]    Compiling fastrand v2.0.0
[INFO] [stderr]    Compiling half v1.8.2
[INFO] [stderr]    Compiling regex-syntax v0.7.5
[INFO] [stderr]    Compiling plotters-backend v0.3.5
[INFO] [stderr]    Compiling os_str_bytes v6.5.1
[INFO] [stderr]    Compiling ciborium-io v0.2.1
[INFO] [stderr]    Compiling itertools v0.10.5
[INFO] [stderr]    Compiling fnv v1.0.7
[INFO] [stderr]    Compiling cast v0.3.0
[INFO] [stderr]    Compiling plotters-svg v0.3.5
[INFO] [stderr]    Compiling ciborium-ll v0.2.1
[INFO] [stderr]    Compiling clap_lex v0.2.4
[INFO] [stderr]    Compiling same-file v1.0.6
[INFO] [stderr]    Compiling quick-error v1.2.3
[INFO] [stderr]    Compiling textwrap v0.16.0
[INFO] [stderr]    Compiling bit-vec v0.6.3
[INFO] [stderr]    Compiling oorandom v11.1.3
[INFO] [stderr]    Compiling crossbeam-channel v0.5.8
[INFO] [stderr]    Compiling walkdir v2.4.0
[INFO] [stderr]    Compiling byteorder v1.4.3
[INFO] [stderr]    Compiling bit-set v0.5.3
[INFO] [stderr]    Compiling anes v0.1.6
[INFO] [stderr]    Compiling unarray v0.1.4
[INFO] [stderr]    Compiling crossbeam-deque v0.8.3
[INFO] [stderr]    Compiling regex-syntax v0.6.29
[INFO] [stderr]    Compiling clap v3.2.25
[INFO] [stderr]    Compiling getrandom v0.2.10
[INFO] [stderr]    Compiling num_cpus v1.16.0
[INFO] [stderr]    Compiling wait-timeout v0.2.0
[INFO] [stderr]    Compiling atty v0.2.14
[INFO] [stderr]    Compiling rand_core v0.6.4
[INFO] [stderr]    Compiling rand_chacha v0.3.1
[INFO] [stderr]    Compiling rand_xorshift v0.3.0
[INFO] [stderr]    Compiling regex-automata v0.3.8
[INFO] [stderr]    Compiling rand v0.8.5
[INFO] [stderr]    Compiling criterion-plot v0.5.0
[INFO] [stderr]    Compiling plotters v0.3.5
[INFO] [stderr]    Compiling rayon v1.7.0
[INFO] [stderr]    Compiling tempfile v3.8.0
[INFO] [stderr]    Compiling winter-rand-utils v0.6.2 (/opt/rustwide/workdir/winterfell/utils/rand)
[INFO] [stderr]    Compiling rusty-fork v0.3.0
[INFO] [stderr]    Compiling proptest v1.2.0
[INFO] [stderr]    Compiling regex v1.9.5
[INFO] [stderr]    Compiling winter-math v0.6.2 (/opt/rustwide/workdir/winterfell/math)
[INFO] [stderr]    Compiling ciborium v0.2.1
[INFO] [stderr]    Compiling winter-crypto v0.6.2 (/opt/rustwide/workdir/winterfell/crypto)
[INFO] [stderr]    Compiling tinytemplate v1.2.1
[INFO] [stderr]    Compiling criterion v0.4.0
[INFO] [stderr]    Compiling rescue-prime-optimized v0.4.0 (/opt/rustwide/workdir)
[INFO] [stdout] warning: unused import: `vec`
[INFO] [stdout]   --> src/lib.rs:14:14
[INFO] [stdout]    |
[INFO] [stdout] 14 | use sp_std::{vec, vec::Vec};
[INFO] [stdout]    |              ^^^
[INFO] [stdout]    |
[INFO] [stdout]    = note: `#[warn(unused_imports)]` on by default
[INFO] [stdout] 
[INFO] [stdout] 
[INFO] [stdout] warning: function `RescuePrimeOptimized` should have a snake case name
[INFO] [stdout]   --> src/lib.rs:45:8
[INFO] [stdout]    |
[INFO] [stdout] 45 | pub fn RescuePrimeOptimized(values: Vec<u64>) -> Vec<u64> {
[INFO] [stdout]    |        ^^^^^^^^^^^^^^^^^^^^ help: convert the identifier to snake case: `rescue_prime_optimized`
[INFO] [stdout]    |
[INFO] [stdout]    = note: `#[warn(non_snake_case)]` on by default
[INFO] [stdout] 
[INFO] [stdout] 
[INFO] [stdout] warning: 2 warnings emitted
[INFO] [stdout] 
[INFO] [stdout] 
[INFO] [stdout] warning: unused import: `vec`
[INFO] [stdout]   --> src/lib.rs:14:14
[INFO] [stdout]    |
[INFO] [stdout] 14 | use sp_std::{vec, vec::Vec};
[INFO] [stdout]    |              ^^^
[INFO] [stdout]    |
[INFO] [stdout]    = note: `#[warn(unused_imports)]` on by default
[INFO] [stdout] 
[INFO] [stdout] 
[INFO] [stdout] warning: function `RescuePrimeOptimized` should have a snake case name
[INFO] [stdout]   --> src/lib.rs:45:8
[INFO] [stdout]    |
[INFO] [stdout] 45 | pub fn RescuePrimeOptimized(values: Vec<u64>) -> Vec<u64> {
[INFO] [stdout]    |        ^^^^^^^^^^^^^^^^^^^^ help: convert the identifier to snake case: `rescue_prime_optimized`
[INFO] [stdout]    |
[INFO] [stdout]    = note: `#[warn(non_snake_case)]` on by default
[INFO] [stdout] 
[INFO] [stdout] 
[INFO] [stdout] warning: 2 warnings emitted
[INFO] [stdout] 
[INFO] [stdout] 
[INFO] [stderr]     Finished test [unoptimized + debuginfo] target(s) in 12.60s
[INFO] running `Command { std: "docker" "inspect" "139d890fcb9b3d6c0c7413ba5fd1d9215ab914a50188758056a81b10ee50070f", kill_on_drop: false }`
[INFO] running `Command { std: "docker" "rm" "-f" "139d890fcb9b3d6c0c7413ba5fd1d9215ab914a50188758056a81b10ee50070f", kill_on_drop: false }`
[INFO] [stdout] 139d890fcb9b3d6c0c7413ba5fd1d9215ab914a50188758056a81b10ee50070f
[INFO] running `Command { std: "docker" "create" "-v" "/var/lib/crater-agent-workspace/builds/worker-2-tc1/target:/opt/rustwide/target:rw,Z" "-v" "/var/lib/crater-agent-workspace/builds/worker-2-tc1/source:/opt/rustwide/workdir:ro,Z" "-v" "/var/lib/crater-agent-workspace/cargo-home:/opt/rustwide/cargo-home:ro,Z" "-v" "/var/lib/crater-agent-workspace/rustup-home:/opt/rustwide/rustup-home:ro,Z" "-e" "SOURCE_DIR=/opt/rustwide/workdir" "-e" "CARGO_TARGET_DIR=/opt/rustwide/target" "-e" "CARGO_INCREMENTAL=0" "-e" "RUST_BACKTRACE=full" "-e" "RUSTFLAGS=--cap-lints=warn" "-e" "RUSTDOCFLAGS=--cap-lints=warn" "-e" "CARGO_HOME=/opt/rustwide/cargo-home" "-e" "RUSTUP_HOME=/opt/rustwide/rustup-home" "-w" "/opt/rustwide/workdir" "-m" "1610612736" "--user" "0:0" "--network" "none" "ghcr.io/rust-lang/crates-build-env/linux@sha256:2788e3201cd34a07e3172128adcd8b3090168a8e3bcc40d7c032b9dda1df7d1c" "/opt/rustwide/cargo-home/bin/cargo" "+1.75.0" "test" "--frozen", kill_on_drop: false }`
[INFO] [stdout] 8d271282a316290b3945d4ba59bd8883db7a30fbcceaedc8355547ef574789e1
[INFO] running `Command { std: "docker" "start" "-a" "8d271282a316290b3945d4ba59bd8883db7a30fbcceaedc8355547ef574789e1", kill_on_drop: false }`
[INFO] [stderr] warning: unused import: `vec`
[INFO] [stderr]   --> src/lib.rs:14:14
[INFO] [stderr]    |
[INFO] [stderr] 14 | use sp_std::{vec, vec::Vec};
[INFO] [stderr]    |              ^^^
[INFO] [stderr]    |
[INFO] [stderr]    = note: `#[warn(unused_imports)]` on by default
[INFO] [stderr] 
[INFO] [stderr] warning: function `RescuePrimeOptimized` should have a snake case name
[INFO] [stderr]   --> src/lib.rs:45:8
[INFO] [stderr]    |
[INFO] [stderr] 45 | pub fn RescuePrimeOptimized(values: Vec<u64>) -> Vec<u64> {
[INFO] [stderr]    |        ^^^^^^^^^^^^^^^^^^^^ help: convert the identifier to snake case: `rescue_prime_optimized`
[INFO] [stderr]    |
[INFO] [stderr]    = note: `#[warn(non_snake_case)]` on by default
[INFO] [stderr] 
[INFO] [stderr] warning: `rescue-prime-optimized` (lib) generated 2 warnings (run `cargo fix --lib -p rescue-prime-optimized` to apply 1 suggestion)
[INFO] [stderr] warning: `rescue-prime-optimized` (lib test) generated 2 warnings (2 duplicates)
[INFO] [stderr]     Finished test [unoptimized + debuginfo] target(s) in 0.23s
[INFO] [stderr]      Running unittests src/lib.rs (/opt/rustwide/target/debug/deps/rescue_prime_optimized-ccfc790f0b0671f5)
[INFO] [stdout] 
[INFO] [stdout] running 81 tests
[INFO] [stdout] test hash::blake::tests::blake3_hash_elements ... ok
[INFO] [stdout] test hash::rpo::digest::tests::digest_serialization ... ok
[INFO] [stdout] test hash::rpo::tests::hash_elements_vs_merge ... ok
[INFO] [stdout] test hash::rpo::tests::hash_padding ... ok
[INFO] [stdout] test hash::rpo::tests::merge_vs_merge_in_domain ... ok
[INFO] [stdout] test hash::rpo::tests::hash_elements_padding ... ok
[INFO] [stdout] test hash::rpo::tests::hash_elements_vs_merge_with_int ... ok
[INFO] [stdout] test hash::rpo::tests::hash_test_vectors ... ok
[INFO] [stdout] test hash::rpo::mds_freq::tests::mds_freq_proptest ... ok
[INFO] [stdout] test hash::rpo::tests::sponge_collision_for_wrapped_field_element ... ok
[INFO] [stdout] test hash::rpo::tests::test_alphas ... ok
[INFO] [stdout] test hash::rpo::tests::test_inv_sbox ... ok
[INFO] [stdout] test merkle::merkle_tree::tests::get_leaf ... ok
[INFO] [stdout] test hash::rpo::tests::test_sbox ... ok
[INFO] [stdout] test merkle::merkle_tree::tests::build_merkle_tree ... ok
[INFO] [stdout] test hash::blake::tests::blake256_wont_panic_with_arbitrary_input ... ok
[INFO] [stdout] test merkle::index::tests::test_node_index_value_too_high ... ok
[INFO] [stdout] test merkle::merkle_tree::tests::nodes ... ok
[INFO] [stdout] test hash::rpo::tests::hash_elements ... ok
[INFO] [stdout] test hash::rpo::tests::sponge_bytes_with_remainder_length_wont_panic ... ok
[INFO] [stdout] test merkle::index::tests::test_node_index_can_represent_depth_64 ... ok
[INFO] [stdout] test merkle::mmr::tests::test_bit_position_iterator ... ok
[INFO] [stdout] test merkle::mmr::tests::test_leaf_to_corresponding_tree ... ok
[INFO] [stdout] test merkle::mmr::tests::test_high_bitmask ... ok
[INFO] [stdout] test hash::blake::tests::blake192_wont_panic_with_arbitrary_input ... ok
[INFO] [stdout] test merkle::mmr::tests::test_mmr_get ... ok
[INFO] [stdout] test merkle::mmr::tests::test_mmr_inner_nodes ... ok
[INFO] [stdout] test merkle::merkle_tree::tests::get_path ... ok
[INFO] [stdout] test merkle::merkle_tree::tests::update_leaf ... ok
[INFO] [stdout] test merkle::mmr::tests::test_mmr_open ... ok
[INFO] [stdout] test merkle::mmr::tests::test_nodes_in_forest ... ok
[INFO] [stdout] test merkle::merkle_tree::tests::arbitrary_word_can_be_represented_as_digest ... ok
[INFO] [stdout] test hash::blake::tests::blake160_wont_panic_with_arbitrary_input ... ok
[INFO] [stdout] test merkle::mmr::tests::test_mmr_peaks_hash_odd ... ok
[INFO] [stdout] test merkle::index::tests::arbitrary_index_wont_panic_on_move_up ... ok
[INFO] [stdout] test merkle::mmr::tests::test_nodes_in_forest_single_bit ... ok
[INFO] [stdout] test merkle::mmr::tests::test_mmr_simple ... ok
[INFO] [stdout] test merkle::mmr::tests::test_mmr_hash_peaks ... ok
[INFO] [stdout] test merkle::mmr::tests::property_tests::test_last_position_is_always_contained_in_the_last_tree ... ok
[INFO] [stdout] test merkle::mmr::tests::test_position_zero_is_always_contained_by_the_highest_tree ... ok
[INFO] [stdout] test merkle::path::tests::test_inner_nodes ... ok
[INFO] [stdout] test merkle::path_set::tests::get_root ... ok
[INFO] [stdout] test merkle::mmr::tests::property_tests::test_contained_tree_is_always_power_of_two ... ok
[INFO] [stdout] test merkle::simple_smt::tests::build_empty_tree ... ok
[INFO] [stdout] test merkle::simple_smt::tests::empty_digests_are_consistent ... ok
[INFO] [stdout] test merkle::path_set::tests::update_leaf ... ok
[INFO] [stdout] test merkle::simple_smt::tests::build_sparse_tree ... ok
[INFO] [stdout] test merkle::path_set::tests::get_node ... ok
[INFO] [stdout] test merkle::mmr::tests::test_position_equal_or_higher_than_leafs_is_never_contained ... ok
[INFO] [stdout] test merkle::simple_smt::tests::get_values ... ok
[INFO] [stdout] test merkle::path_set::tests::depth_3_is_correct ... ok
[INFO] [stdout] test merkle::simple_smt::tests::build_full_tree ... ok
[INFO] [stdout] test merkle::simple_smt::tests::small_tree_opening_is_consistent ... ok
[INFO] [stdout] test merkle::mmr::tests::test_mmr_peaks_hash_less_than_16 ... ok
[INFO] [stdout] test merkle::path_set::tests::add_and_get_path ... ok
[INFO] [stdout] test merkle::simple_smt::tests::test_parent_node_iterator ... ok
[INFO] [stdout] test merkle::store::tests::test_add_merkle_paths ... ok
[INFO] [stdout] test merkle::simple_smt::tests::get_path ... ok
[INFO] [stdout] test merkle::store::tests::get_leaf_depth_works_with_depth_8 ... ok
[INFO] [stdout] test merkle::store::tests::store_path_opens_from_leaf ... ok
[INFO] [stdout] test hash::rpo::tests::rpo256_wont_panic_with_arbitrary_input ... ok
[INFO] [stdout] test merkle::store::tests::get_leaf_depth_works_with_incremental_depth ... ok
[INFO] [stdout] test merkle::store::tests::test_merkle_tree ... ok
[INFO] [stdout] test merkle::store::tests::test_get_invalid_node ... ok
[INFO] [stdout] test merkle::simple_smt::tests::update_leaf ... ok
[INFO] [stdout] test merkle::store::tests::test_add_sparse_merkle_tree_one_level ... ok
[INFO] [stdout] test merkle::store::tests::wont_open_to_different_depth_root ... ok
[INFO] [stdout] test merkle::store::tests::test_serialization ... ok
[INFO] [stdout] test merkle::store::tests::test_root_not_in_store ... ok
[INFO] [stdout] test merkle::store::tests::test_set_node ... ok
[INFO] [stdout] test hash::rpo::tests::sponge_zeroes_collision ... ok
[INFO] [stdout] test merkle::store::tests::node_path_should_be_truncated_by_midtier_insert ... ok
[INFO] [stdout] test merkle::store::tests::test_constructors ... ok
[INFO] [stdout] test merkle::store::tests::test_empty_roots ... ok
[INFO] [stdout] test merkle::store::tests::test_sparse_merkle_tree ... ok
[INFO] [stdout] test merkle::mmr::tests::test_mmr_invariants ... ok
[INFO] [stdout] test merkle::store::tests::test_leaf_paths_for_empty_trees ... ok
[INFO] [stdout] test merkle::store::tests::get_leaf_depth_works_depth_64 ... ok
[INFO] [stdout] test merkle::simple_smt::tests::arbitrary_openings_single_leaf ... ok
[INFO] [stdout] test merkle::empty_roots::all_depths_opens_to_zero ... ok
[INFO] [stdout] test merkle::simple_smt::tests::arbitrary_openings_multiple_leaves ... ok
[INFO] [stdout] 
[INFO] [stdout] test result: ok. 81 passed; 0 failed; 0 ignored; 0 measured; 0 filtered out; finished in 8.18s
[INFO] [stdout] 
[INFO] [stderr]    Doc-tests rescue-prime-optimized
[INFO] [stdout] 
[INFO] [stdout] running 2 tests
[INFO] [stdout] test src/merkle/index.rs - merkle::index::NodeIndex (line 11) ... ignored
[INFO] [stdout] test src/merkle/store/mod.rs - merkle::store::MerkleStore (line 25) ... FAILED
[INFO] [stdout] 
[INFO] [stdout] failures:
[INFO] [stdout] 
[INFO] [stdout] ---- src/merkle/store/mod.rs - merkle::store::MerkleStore (line 25) stdout ----
[INFO] [stdout] error[E0433]: failed to resolve: use of undeclared crate or module `miden_crypto`
[INFO] [stdout]  --> src/merkle/store/mod.rs:27:5
[INFO] [stdout]   |
[INFO] [stdout] 4 | use miden_crypto::merkle::{NodeIndex, MerkleStore, MerkleTree};
[INFO] [stdout]   |     ^^^^^^^^^^^^ use of undeclared crate or module `miden_crypto`
[INFO] [stdout]   |
[INFO] [stdout] help: there is a crate or module with a similar name
[INFO] [stdout]   |
[INFO] [stdout] 4 | use winter_crypto::merkle::{NodeIndex, MerkleStore, MerkleTree};
[INFO] [stdout]   |     ~~~~~~~~~~~~~
[INFO] [stdout] 
[INFO] [stdout] error[E0433]: failed to resolve: use of undeclared crate or module `miden_crypto`
[INFO] [stdout]  --> src/merkle/store/mod.rs:28:5
[INFO] [stdout]   |
[INFO] [stdout] 5 | use miden_crypto::hash::rpo::Rpo256;
[INFO] [stdout]   |     ^^^^^^^^^^^^ use of undeclared crate or module `miden_crypto`
[INFO] [stdout]   |
[INFO] [stdout] help: there is a crate or module with a similar name
[INFO] [stdout]   |
[INFO] [stdout] 5 | use winter_crypto::hash::rpo::Rpo256;
[INFO] [stdout]   |     ~~~~~~~~~~~~~
[INFO] [stdout] 
[INFO] [stdout] error[E0432]: unresolved import `miden_crypto`
[INFO] [stdout]  --> src/merkle/store/mod.rs:26:5
[INFO] [stdout]   |
[INFO] [stdout] 3 | use miden_crypto::{ZERO, Felt, Word};
[INFO] [stdout]   |     ^^^^^^^^^^^^ use of undeclared crate or module `miden_crypto`
[INFO] [stdout]   |
[INFO] [stdout] help: there is a crate or module with a similar name
[INFO] [stdout]   |
[INFO] [stdout] 3 | use winter_crypto::{ZERO, Felt, Word};
[INFO] [stdout]   |     ~~~~~~~~~~~~~
[INFO] [stdout] 
[INFO] [stdout] error: aborting due to 3 previous errors
[INFO] [stdout] 
[INFO] [stdout] Some errors have detailed explanations: E0432, E0433.
[INFO] [stdout] For more information about an error, try `rustc --explain E0432`.
[INFO] [stdout] Couldn't compile the test.
[INFO] [stdout] 
[INFO] [stdout] failures:
[INFO] [stdout]     src/merkle/store/mod.rs - merkle::store::MerkleStore (line 25)
[INFO] [stdout] 
[INFO] [stdout] test result: FAILED. 0 passed; 1 failed; 1 ignored; 0 measured; 0 filtered out; finished in 0.08s
[INFO] [stdout] 
[INFO] [stderr] error: doctest failed, to rerun pass `--doc`
[INFO] running `Command { std: "docker" "inspect" "8d271282a316290b3945d4ba59bd8883db7a30fbcceaedc8355547ef574789e1", kill_on_drop: false }`
[INFO] running `Command { std: "docker" "rm" "-f" "8d271282a316290b3945d4ba59bd8883db7a30fbcceaedc8355547ef574789e1", kill_on_drop: false }`
[INFO] [stdout] 8d271282a316290b3945d4ba59bd8883db7a30fbcceaedc8355547ef574789e1
[INFO] testing jonathanxuu/RescuePrimeOptimiezd against beta-2023-12-22 for beta-1.76-1
[INFO] running `Command { std: "git" "clone" "/workspace/cache/git-repos/https%3A%2F%2Fgithub.com%2Fjonathanxuu%2FRescuePrimeOptimiezd" "/workspace/builds/worker-2-tc2/source", kill_on_drop: false }`
[INFO] [stderr] Cloning into '/workspace/builds/worker-2-tc2/source'...
[INFO] [stderr] done.
[INFO] validating manifest of git repo https://github.com/jonathanxuu/RescuePrimeOptimiezd on toolchain beta-2023-12-22
[INFO] running `Command { std: CARGO_HOME="/workspace/cargo-home" RUSTUP_HOME="/workspace/rustup-home" "/workspace/cargo-home/bin/cargo" "+beta-2023-12-22" "metadata" "--manifest-path" "Cargo.toml" "--no-deps", kill_on_drop: false }`
[INFO] started tweaking git repo https://github.com/jonathanxuu/RescuePrimeOptimiezd
[INFO] finished tweaking git repo https://github.com/jonathanxuu/RescuePrimeOptimiezd
[INFO] tweaked toml for git repo https://github.com/jonathanxuu/RescuePrimeOptimiezd written to /workspace/builds/worker-2-tc2/source/Cargo.toml
[INFO] crate git repo https://github.com/jonathanxuu/RescuePrimeOptimiezd already has a lockfile, it will not be regenerated
[INFO] running `Command { std: CARGO_HOME="/workspace/cargo-home" RUSTUP_HOME="/workspace/rustup-home" "/workspace/cargo-home/bin/cargo" "+beta-2023-12-22" "fetch" "--manifest-path" "Cargo.toml", kill_on_drop: false }`
[INFO] running `Command { std: "docker" "create" "-v" "/var/lib/crater-agent-workspace/builds/worker-2-tc2/target:/opt/rustwide/target:rw,Z" "-v" "/var/lib/crater-agent-workspace/builds/worker-2-tc2/source:/opt/rustwide/workdir:ro,Z" "-v" "/var/lib/crater-agent-workspace/cargo-home:/opt/rustwide/cargo-home:ro,Z" "-v" "/var/lib/crater-agent-workspace/rustup-home:/opt/rustwide/rustup-home:ro,Z" "-e" "SOURCE_DIR=/opt/rustwide/workdir" "-e" "CARGO_TARGET_DIR=/opt/rustwide/target" "-e" "CARGO_HOME=/opt/rustwide/cargo-home" "-e" "RUSTUP_HOME=/opt/rustwide/rustup-home" "-w" "/opt/rustwide/workdir" "-m" "1610612736" "--user" "0:0" "--network" "none" "ghcr.io/rust-lang/crates-build-env/linux@sha256:2788e3201cd34a07e3172128adcd8b3090168a8e3bcc40d7c032b9dda1df7d1c" "/opt/rustwide/cargo-home/bin/cargo" "+beta-2023-12-22" "metadata" "--no-deps" "--format-version=1", kill_on_drop: false }`
[INFO] [stdout] c338e00bfb4882a346fd8b215047f7d28d1c69607efa605f2ab42f0abcb9bc39
[INFO] running `Command { std: "docker" "start" "-a" "c338e00bfb4882a346fd8b215047f7d28d1c69607efa605f2ab42f0abcb9bc39", kill_on_drop: false }`
[INFO] running `Command { std: "docker" "inspect" "c338e00bfb4882a346fd8b215047f7d28d1c69607efa605f2ab42f0abcb9bc39", kill_on_drop: false }`
[INFO] running `Command { std: "docker" "rm" "-f" "c338e00bfb4882a346fd8b215047f7d28d1c69607efa605f2ab42f0abcb9bc39", kill_on_drop: false }`
[INFO] [stdout] c338e00bfb4882a346fd8b215047f7d28d1c69607efa605f2ab42f0abcb9bc39
[INFO] running `Command { std: "docker" "create" "-v" "/var/lib/crater-agent-workspace/builds/worker-2-tc2/target:/opt/rustwide/target:rw,Z" "-v" "/var/lib/crater-agent-workspace/builds/worker-2-tc2/source:/opt/rustwide/workdir:ro,Z" "-v" "/var/lib/crater-agent-workspace/cargo-home:/opt/rustwide/cargo-home:ro,Z" "-v" "/var/lib/crater-agent-workspace/rustup-home:/opt/rustwide/rustup-home:ro,Z" "-e" "SOURCE_DIR=/opt/rustwide/workdir" "-e" "CARGO_TARGET_DIR=/opt/rustwide/target" "-e" "CARGO_INCREMENTAL=0" "-e" "RUST_BACKTRACE=full" "-e" "RUSTFLAGS=--cap-lints=warn" "-e" "RUSTDOCFLAGS=--cap-lints=warn" "-e" "CARGO_HOME=/opt/rustwide/cargo-home" "-e" "RUSTUP_HOME=/opt/rustwide/rustup-home" "-w" "/opt/rustwide/workdir" "-m" "1610612736" "--user" "0:0" "--network" "none" "ghcr.io/rust-lang/crates-build-env/linux@sha256:2788e3201cd34a07e3172128adcd8b3090168a8e3bcc40d7c032b9dda1df7d1c" "/opt/rustwide/cargo-home/bin/cargo" "+beta-2023-12-22" "build" "--frozen" "--message-format=json", kill_on_drop: false }`
[INFO] [stdout] ecc725b3655b80abe26f8e50eeece1a0a49be73c6d2f706146b3f89fb0ab796d
[INFO] running `Command { std: "docker" "start" "-a" "ecc725b3655b80abe26f8e50eeece1a0a49be73c6d2f706146b3f89fb0ab796d", kill_on_drop: false }`
[INFO] [stderr]    Compiling proc-macro2 v1.0.67
[INFO] [stderr]    Compiling unicode-ident v1.0.12
[INFO] [stderr]    Compiling wasm-bindgen-shared v0.2.87
[INFO] [stderr]    Compiling version_check v0.9.4
[INFO] [stderr]    Compiling typenum v1.17.0
[INFO] [stderr]    Compiling once_cell v1.18.0
[INFO] [stderr]    Compiling log v0.4.20
[INFO] [stderr]    Compiling bumpalo v3.14.0
[INFO] [stderr]    Compiling libc v0.2.148
[INFO] [stderr]    Compiling wasm-bindgen v0.2.87
[INFO] [stderr]    Compiling subtle v2.5.0
[INFO] [stderr]    Compiling serde v1.0.188
[INFO] [stderr]    Compiling constant_time_eq v0.3.0
[INFO] [stderr]    Compiling winter-utils v0.6.2 (/opt/rustwide/workdir/winterfell/utils/core)
[INFO] [stderr]    Compiling arrayvec v0.7.4
[INFO] [stderr]    Compiling arrayref v0.3.7
[INFO] [stderr]    Compiling keccak v0.1.4
[INFO] [stderr]    Compiling scoped-tls v1.0.1
[INFO] [stderr]    Compiling sp-std v8.0.0 (https://github.com/paritytech/substrate.git#033d4e86)
[INFO] [stderr]    Compiling generic-array v0.14.7
[INFO] [stderr]    Compiling quote v1.0.33
[INFO] [stderr]    Compiling syn v2.0.37
[INFO] [stderr]    Compiling cc v1.0.83
[INFO] [stderr]    Compiling wasm-bindgen-test-macro v0.3.37
[INFO] [stderr]    Compiling blake3 v1.4.1
[INFO] [stderr]    Compiling block-buffer v0.10.4
[INFO] [stderr]    Compiling crypto-common v0.1.6
[INFO] [stderr]    Compiling digest v0.10.7
[INFO] [stderr]    Compiling sha3 v0.10.8
[INFO] [stderr]    Compiling wasm-bindgen-backend v0.2.87
[INFO] [stderr]    Compiling serde_derive v1.0.188
[INFO] [stderr]    Compiling wasm-bindgen-macro-support v0.2.87
[INFO] [stderr]    Compiling wasm-bindgen-macro v0.2.87
[INFO] [stderr]    Compiling js-sys v0.3.64
[INFO] [stderr]    Compiling console_error_panic_hook v0.1.7
[INFO] [stderr]    Compiling wasm-bindgen-futures v0.4.37
[INFO] [stderr]    Compiling wasm-bindgen-test v0.3.37
[INFO] [stderr]    Compiling winter-math v0.6.2 (/opt/rustwide/workdir/winterfell/math)
[INFO] [stderr]    Compiling winter-crypto v0.6.2 (/opt/rustwide/workdir/winterfell/crypto)
[INFO] [stderr]    Compiling rescue-prime-optimized v0.4.0 (/opt/rustwide/workdir)
[INFO] [stdout] warning: unused import: `vec`
[INFO] [stdout]   --> src/lib.rs:14:14
[INFO] [stdout]    |
[INFO] [stdout] 14 | use sp_std::{vec, vec::Vec};
[INFO] [stdout]    |              ^^^
[INFO] [stdout]    |
[INFO] [stdout]    = note: `#[warn(unused_imports)]` on by default
[INFO] [stdout] 
[INFO] [stdout] 
[INFO] [stdout] warning: function `RescuePrimeOptimized` should have a snake case name
[INFO] [stdout]   --> src/lib.rs:45:8
[INFO] [stdout]    |
[INFO] [stdout] 45 | pub fn RescuePrimeOptimized(values: Vec<u64>) -> Vec<u64> {
[INFO] [stdout]    |        ^^^^^^^^^^^^^^^^^^^^ help: convert the identifier to snake case: `rescue_prime_optimized`
[INFO] [stdout]    |
[INFO] [stdout]    = note: `#[warn(non_snake_case)]` on by default
[INFO] [stdout] 
[INFO] [stdout] 
[INFO] [stdout] warning: 2 warnings emitted
[INFO] [stdout] 
[INFO] [stdout] 
[INFO] [stderr]     Finished dev [unoptimized + debuginfo] target(s) in 12.46s
[INFO] running `Command { std: "docker" "inspect" "ecc725b3655b80abe26f8e50eeece1a0a49be73c6d2f706146b3f89fb0ab796d", kill_on_drop: false }`
[INFO] running `Command { std: "docker" "rm" "-f" "ecc725b3655b80abe26f8e50eeece1a0a49be73c6d2f706146b3f89fb0ab796d", kill_on_drop: false }`
[INFO] [stdout] ecc725b3655b80abe26f8e50eeece1a0a49be73c6d2f706146b3f89fb0ab796d
[INFO] running `Command { std: "docker" "create" "-v" "/var/lib/crater-agent-workspace/builds/worker-2-tc2/target:/opt/rustwide/target:rw,Z" "-v" "/var/lib/crater-agent-workspace/builds/worker-2-tc2/source:/opt/rustwide/workdir:ro,Z" "-v" "/var/lib/crater-agent-workspace/cargo-home:/opt/rustwide/cargo-home:ro,Z" "-v" "/var/lib/crater-agent-workspace/rustup-home:/opt/rustwide/rustup-home:ro,Z" "-e" "SOURCE_DIR=/opt/rustwide/workdir" "-e" "CARGO_TARGET_DIR=/opt/rustwide/target" "-e" "CARGO_INCREMENTAL=0" "-e" "RUST_BACKTRACE=full" "-e" "RUSTFLAGS=--cap-lints=warn" "-e" "RUSTDOCFLAGS=--cap-lints=warn" "-e" "CARGO_HOME=/opt/rustwide/cargo-home" "-e" "RUSTUP_HOME=/opt/rustwide/rustup-home" "-w" "/opt/rustwide/workdir" "-m" "1610612736" "--user" "0:0" "--network" "none" "ghcr.io/rust-lang/crates-build-env/linux@sha256:2788e3201cd34a07e3172128adcd8b3090168a8e3bcc40d7c032b9dda1df7d1c" "/opt/rustwide/cargo-home/bin/cargo" "+beta-2023-12-22" "test" "--frozen" "--no-run" "--message-format=json", kill_on_drop: false }`
[INFO] [stdout] 9a3bcd2480302c847c7f55bc9f9563c65946be5fe30eb6c05e6c57d2686415ad
[INFO] running `Command { std: "docker" "start" "-a" "9a3bcd2480302c847c7f55bc9f9563c65946be5fe30eb6c05e6c57d2686415ad", kill_on_drop: false }`
[INFO] [stderr]    Compiling libc v0.2.148
[INFO] [stderr]    Compiling serde v1.0.188
[INFO] [stderr]    Compiling crossbeam-utils v0.8.16
[INFO] [stderr]    Compiling libm v0.2.7
[INFO] [stderr]    Compiling scopeguard v1.2.0
[INFO] [stderr]    Compiling memoffset v0.9.0
[INFO] [stderr]    Compiling crossbeam-epoch v0.9.15
[INFO] [stderr]    Compiling num-traits v0.2.16
[INFO] [stderr]    Compiling rustix v0.38.13
[INFO] [stderr]    Compiling indexmap v1.9.3
[INFO] [stderr]    Compiling bitflags v2.4.0
[INFO] [stderr]    Compiling linux-raw-sys v0.4.7
[INFO] [stderr]    Compiling either v1.9.0
[INFO] [stderr]    Compiling rayon-core v1.11.0
[INFO] [stderr]    Compiling ppv-lite86 v0.2.17
[INFO] [stderr]    Compiling serde_json v1.0.107
[INFO] [stderr]    Compiling ciborium-io v0.2.1
[INFO] [stderr]    Compiling itoa v1.0.9
[INFO] [stderr]    Compiling hashbrown v0.12.3
[INFO] [stderr]    Compiling ryu v1.0.15
[INFO] [stderr]    Compiling plotters-backend v0.3.5
[INFO] [stderr]    Compiling os_str_bytes v6.5.1
[INFO] [stderr]    Compiling regex-syntax v0.7.5
[INFO] [stderr]    Compiling half v1.8.2
[INFO] [stderr]    Compiling fastrand v2.0.0
[INFO] [stderr]    Compiling itertools v0.10.5
[INFO] [stderr]    Compiling textwrap v0.16.0
[INFO] [stderr]    Compiling fnv v1.0.7
[INFO] [stderr]    Compiling ciborium-ll v0.2.1
[INFO] [stderr]    Compiling plotters-svg v0.3.5
[INFO] [stderr]    Compiling clap_lex v0.2.4
[INFO] [stderr]    Compiling same-file v1.0.6
[INFO] [stderr]    Compiling cast v0.3.0
[INFO] [stderr]    Compiling crossbeam-channel v0.5.8
[INFO] [stderr]    Compiling quick-error v1.2.3
[INFO] [stderr]    Compiling bit-vec v0.6.3
[INFO] [stderr]    Compiling walkdir v2.4.0
[INFO] [stderr]    Compiling byteorder v1.4.3
[INFO] [stderr]    Compiling crossbeam-deque v0.8.3
[INFO] [stderr]    Compiling bit-set v0.5.3
[INFO] [stderr]    Compiling regex-syntax v0.6.29
[INFO] [stderr]    Compiling clap v3.2.25
[INFO] [stderr]    Compiling oorandom v11.1.3
[INFO] [stderr]    Compiling unarray v0.1.4
[INFO] [stderr]    Compiling anes v0.1.6
[INFO] [stderr]    Compiling getrandom v0.2.10
[INFO] [stderr]    Compiling num_cpus v1.16.0
[INFO] [stderr]    Compiling wait-timeout v0.2.0
[INFO] [stderr]    Compiling atty v0.2.14
[INFO] [stderr]    Compiling rand_core v0.6.4
[INFO] [stderr]    Compiling regex-automata v0.3.8
[INFO] [stderr]    Compiling rand_chacha v0.3.1
[INFO] [stderr]    Compiling rand_xorshift v0.3.0
[INFO] [stderr]    Compiling rand v0.8.5
[INFO] [stderr]    Compiling plotters v0.3.5
[INFO] [stderr]    Compiling criterion-plot v0.5.0
[INFO] [stderr]    Compiling rayon v1.7.0
[INFO] [stderr]    Compiling tempfile v3.8.0
[INFO] [stderr]    Compiling winter-rand-utils v0.6.2 (/opt/rustwide/workdir/winterfell/utils/rand)
[INFO] [stderr]    Compiling rusty-fork v0.3.0
[INFO] [stderr]    Compiling proptest v1.2.0
[INFO] [stderr]    Compiling regex v1.9.5
[INFO] [stderr]    Compiling winter-math v0.6.2 (/opt/rustwide/workdir/winterfell/math)
[INFO] [stderr]    Compiling ciborium v0.2.1
[INFO] [stderr]    Compiling winter-crypto v0.6.2 (/opt/rustwide/workdir/winterfell/crypto)
[INFO] [stderr]    Compiling tinytemplate v1.2.1
[INFO] [stderr]    Compiling criterion v0.4.0
[INFO] [stderr]    Compiling rescue-prime-optimized v0.4.0 (/opt/rustwide/workdir)
[INFO] [stdout] warning: unused import: `vec`
[INFO] [stdout]   --> src/lib.rs:14:14
[INFO] [stdout]    |
[INFO] [stdout] 14 | use sp_std::{vec, vec::Vec};
[INFO] [stdout]    |              ^^^
[INFO] [stdout]    |
[INFO] [stdout]    = note: `#[warn(unused_imports)]` on by default
[INFO] [stdout] 
[INFO] [stdout] 
[INFO] [stdout] warning: function `RescuePrimeOptimized` should have a snake case name
[INFO] [stdout]   --> src/lib.rs:45:8
[INFO] [stdout]    |
[INFO] [stdout] 45 | pub fn RescuePrimeOptimized(values: Vec<u64>) -> Vec<u64> {
[INFO] [stdout]    |        ^^^^^^^^^^^^^^^^^^^^ help: convert the identifier to snake case: `rescue_prime_optimized`
[INFO] [stdout]    |
[INFO] [stdout]    = note: `#[warn(non_snake_case)]` on by default
[INFO] [stdout] 
[INFO] [stdout] 
[INFO] [stdout] warning: 2 warnings emitted
[INFO] [stdout] 
[INFO] [stdout] 
[INFO] [stdout] warning: unused import: `vec`
[INFO] [stdout]   --> src/lib.rs:14:14
[INFO] [stdout]    |
[INFO] [stdout] 14 | use sp_std::{vec, vec::Vec};
[INFO] [stdout]    |              ^^^
[INFO] [stdout]    |
[INFO] [stdout]    = note: `#[warn(unused_imports)]` on by default
[INFO] [stdout] 
[INFO] [stdout] 
[INFO] [stdout] warning: function `RescuePrimeOptimized` should have a snake case name
[INFO] [stdout]   --> src/lib.rs:45:8
[INFO] [stdout]    |
[INFO] [stdout] 45 | pub fn RescuePrimeOptimized(values: Vec<u64>) -> Vec<u64> {
[INFO] [stdout]    |        ^^^^^^^^^^^^^^^^^^^^ help: convert the identifier to snake case: `rescue_prime_optimized`
[INFO] [stdout]    |
[INFO] [stdout]    = note: `#[warn(non_snake_case)]` on by default
[INFO] [stdout] 
[INFO] [stdout] 
[INFO] [stdout] warning: 2 warnings emitted
[INFO] [stdout] 
[INFO] [stdout] 
[INFO] [stderr]     Finished test [unoptimized + debuginfo] target(s) in 13.83s
[INFO] running `Command { std: "docker" "inspect" "9a3bcd2480302c847c7f55bc9f9563c65946be5fe30eb6c05e6c57d2686415ad", kill_on_drop: false }`
[INFO] running `Command { std: "docker" "rm" "-f" "9a3bcd2480302c847c7f55bc9f9563c65946be5fe30eb6c05e6c57d2686415ad", kill_on_drop: false }`
[INFO] [stdout] 9a3bcd2480302c847c7f55bc9f9563c65946be5fe30eb6c05e6c57d2686415ad
[INFO] running `Command { std: "docker" "create" "-v" "/var/lib/crater-agent-workspace/builds/worker-2-tc2/target:/opt/rustwide/target:rw,Z" "-v" "/var/lib/crater-agent-workspace/builds/worker-2-tc2/source:/opt/rustwide/workdir:ro,Z" "-v" "/var/lib/crater-agent-workspace/cargo-home:/opt/rustwide/cargo-home:ro,Z" "-v" "/var/lib/crater-agent-workspace/rustup-home:/opt/rustwide/rustup-home:ro,Z" "-e" "SOURCE_DIR=/opt/rustwide/workdir" "-e" "CARGO_TARGET_DIR=/opt/rustwide/target" "-e" "CARGO_INCREMENTAL=0" "-e" "RUST_BACKTRACE=full" "-e" "RUSTFLAGS=--cap-lints=warn" "-e" "RUSTDOCFLAGS=--cap-lints=warn" "-e" "CARGO_HOME=/opt/rustwide/cargo-home" "-e" "RUSTUP_HOME=/opt/rustwide/rustup-home" "-w" "/opt/rustwide/workdir" "-m" "1610612736" "--user" "0:0" "--network" "none" "ghcr.io/rust-lang/crates-build-env/linux@sha256:2788e3201cd34a07e3172128adcd8b3090168a8e3bcc40d7c032b9dda1df7d1c" "/opt/rustwide/cargo-home/bin/cargo" "+beta-2023-12-22" "test" "--frozen", kill_on_drop: false }`
[INFO] [stdout] 47113c9657a1c93333c44debd9490d95ed4aa98753aac020bb93b8dade9c8ae8
[INFO] running `Command { std: "docker" "start" "-a" "47113c9657a1c93333c44debd9490d95ed4aa98753aac020bb93b8dade9c8ae8", kill_on_drop: false }`
[INFO] [stderr] warning: unused import: `vec`
[INFO] [stderr]   --> src/lib.rs:14:14
[INFO] [stderr]    |
[INFO] [stderr] 14 | use sp_std::{vec, vec::Vec};
[INFO] [stderr]    |              ^^^
[INFO] [stderr]    |
[INFO] [stderr]    = note: `#[warn(unused_imports)]` on by default
[INFO] [stderr] 
[INFO] [stderr] warning: function `RescuePrimeOptimized` should have a snake case name
[INFO] [stderr]   --> src/lib.rs:45:8
[INFO] [stderr]    |
[INFO] [stderr] 45 | pub fn RescuePrimeOptimized(values: Vec<u64>) -> Vec<u64> {
[INFO] [stderr]    |        ^^^^^^^^^^^^^^^^^^^^ help: convert the identifier to snake case: `rescue_prime_optimized`
[INFO] [stderr]    |
[INFO] [stderr]    = note: `#[warn(non_snake_case)]` on by default
[INFO] [stderr] 
[INFO] [stderr] warning: `rescue-prime-optimized` (lib) generated 2 warnings (run `cargo fix --lib -p rescue-prime-optimized` to apply 1 suggestion)
[INFO] [stderr] warning: `rescue-prime-optimized` (lib test) generated 2 warnings (2 duplicates)
[INFO] [stderr]     Finished test [unoptimized + debuginfo] target(s) in 0.29s
[INFO] [stderr]      Running unittests src/lib.rs (/opt/rustwide/target/debug/deps/rescue_prime_optimized-a12e81eca153159b)
[INFO] [stdout] 
[INFO] [stdout] running 81 tests
[INFO] [stdout] test hash::rpo::digest::tests::digest_serialization ... ok
[INFO] [stdout] test hash::blake::tests::blake3_hash_elements ... ok
[INFO] [stdout] test hash::rpo::tests::hash_padding ... ok
[INFO] [stdout] test hash::rpo::tests::hash_elements ... ok
[INFO] [stdout] test hash::rpo::tests::hash_test_vectors ... ok
[INFO] [stdout] test hash::rpo::tests::hash_elements_vs_merge_with_int ... ok
[INFO] [stdout] test hash::rpo::mds_freq::tests::mds_freq_proptest ... ok
[INFO] [stdout] test hash::rpo::tests::hash_elements_padding ... ok
[INFO] [stdout] test hash::rpo::tests::merge_vs_merge_in_domain ... ok
[INFO] [stdout] test hash::blake::tests::blake192_wont_panic_with_arbitrary_input ... ok
[INFO] [stdout] test hash::rpo::tests::hash_elements_vs_merge ... ok
[INFO] [stdout] test hash::blake::tests::blake160_wont_panic_with_arbitrary_input ... ok
[INFO] [stdout] test hash::rpo::tests::test_alphas ... ok
[INFO] [stdout] test hash::rpo::tests::sponge_collision_for_wrapped_field_element ... ok
[INFO] [stdout] test hash::blake::tests::blake256_wont_panic_with_arbitrary_input ... ok
[INFO] [stdout] test hash::rpo::tests::test_sbox ... ok
[INFO] [stdout] test merkle::merkle_tree::tests::build_merkle_tree ... ok
[INFO] [stdout] test merkle::merkle_tree::tests::get_leaf ... ok
[INFO] [stdout] test merkle::index::tests::test_node_index_can_represent_depth_64 ... ok
[INFO] [stdout] test merkle::index::tests::test_node_index_value_too_high ... ok
[INFO] [stdout] test hash::rpo::tests::test_inv_sbox ... ok
[INFO] [stdout] test merkle::merkle_tree::tests::arbitrary_word_can_be_represented_as_digest ... ok
[INFO] [stdout] test hash::rpo::tests::sponge_bytes_with_remainder_length_wont_panic ... ok
[INFO] [stdout] test merkle::merkle_tree::tests::nodes ... ok
[INFO] [stdout] test merkle::index::tests::arbitrary_index_wont_panic_on_move_up ... ok
[INFO] [stdout] test merkle::mmr::tests::property_tests::test_last_position_is_always_contained_in_the_last_tree ... ok
[INFO] [stdout] test merkle::merkle_tree::tests::update_leaf ... ok
[INFO] [stdout] test merkle::merkle_tree::tests::get_path ... ok
[INFO] [stdout] test merkle::mmr::tests::test_high_bitmask ... ok
[INFO] [stdout] test merkle::mmr::tests::test_mmr_get ... ok
[INFO] [stdout] test merkle::mmr::tests::test_bit_position_iterator ... ok
[INFO] [stdout] test merkle::mmr::tests::property_tests::test_contained_tree_is_always_power_of_two ... ok
[INFO] [stdout] test merkle::mmr::tests::test_mmr_hash_peaks ... ok
[INFO] [stdout] test merkle::mmr::tests::test_mmr_inner_nodes ... ok
[INFO] [stdout] test merkle::mmr::tests::test_leaf_to_corresponding_tree ... ok
[INFO] [stdout] test merkle::mmr::tests::test_nodes_in_forest ... ok
[INFO] [stdout] test merkle::mmr::tests::test_position_equal_or_higher_than_leafs_is_never_contained ... ok
[INFO] [stdout] test merkle::mmr::tests::test_position_zero_is_always_contained_by_the_highest_tree ... ok
[INFO] [stdout] test merkle::path::tests::test_inner_nodes ... ok
[INFO] [stdout] test merkle::mmr::tests::test_mmr_simple ... ok
[INFO] [stdout] test merkle::mmr::tests::test_nodes_in_forest_single_bit ... ok
[INFO] [stdout] test merkle::path_set::tests::add_and_get_path ... ok
[INFO] [stdout] test merkle::path_set::tests::depth_3_is_correct ... ok
[INFO] [stdout] test merkle::path_set::tests::get_node ... ok
[INFO] [stdout] test merkle::path_set::tests::get_root ... ok
[INFO] [stdout] test merkle::simple_smt::tests::empty_digests_are_consistent ... ok
[INFO] [stdout] test hash::rpo::tests::rpo256_wont_panic_with_arbitrary_input ... ok
[INFO] [stdout] test merkle::simple_smt::tests::get_path ... ok
[INFO] [stdout] test merkle::simple_smt::tests::build_empty_tree ... ok
[INFO] [stdout] test merkle::simple_smt::tests::get_values ... ok
[INFO] [stdout] test merkle::simple_smt::tests::small_tree_opening_is_consistent ... ok
[INFO] [stdout] test merkle::simple_smt::tests::test_parent_node_iterator ... ok
[INFO] [stdout] test merkle::simple_smt::tests::build_sparse_tree ... ok
[INFO] [stdout] test merkle::mmr::tests::test_mmr_open ... ok
[INFO] [stdout] test merkle::simple_smt::tests::build_full_tree ... ok
[INFO] [stdout] test merkle::mmr::tests::test_mmr_peaks_hash_odd ... ok
[INFO] [stdout] test merkle::simple_smt::tests::update_leaf ... ok
[INFO] [stdout] test merkle::store::tests::store_path_opens_from_leaf ... ok
[INFO] [stdout] test merkle::mmr::tests::test_mmr_peaks_hash_less_than_16 ... ok
[INFO] [stdout] test merkle::store::tests::test_add_sparse_merkle_tree_one_level ... ok
[INFO] [stdout] test merkle::path_set::tests::update_leaf ... ok
[INFO] [stdout] test merkle::store::tests::test_add_merkle_paths ... ok
[INFO] [stdout] test merkle::store::tests::test_merkle_tree ... ok
[INFO] [stdout] test merkle::store::tests::test_root_not_in_store ... ok
[INFO] [stdout] test hash::rpo::tests::sponge_zeroes_collision ... ok
[INFO] [stdout] test merkle::store::tests::test_serialization ... ok
[INFO] [stdout] test merkle::store::tests::test_set_node ... ok
[INFO] [stdout] test merkle::store::tests::test_get_invalid_node ... ok
[INFO] [stdout] test merkle::store::tests::get_leaf_depth_works_with_incremental_depth ... ok
[INFO] [stdout] test merkle::store::tests::get_leaf_depth_works_with_depth_8 ... ok
[INFO] [stdout] test merkle::store::tests::test_empty_roots ... ok
[INFO] [stdout] test merkle::store::tests::wont_open_to_different_depth_root ... ok
[INFO] [stdout] test merkle::store::tests::node_path_should_be_truncated_by_midtier_insert ... ok
[INFO] [stdout] test merkle::store::tests::test_sparse_merkle_tree ... ok
[INFO] [stdout] test merkle::store::tests::test_constructors ... ok
[INFO] [stdout] test merkle::mmr::tests::test_mmr_invariants ... ok
[INFO] [stdout] test merkle::store::tests::test_leaf_paths_for_empty_trees ... ok
[INFO] [stdout] test merkle::simple_smt::tests::arbitrary_openings_single_leaf ... ok
[INFO] [stdout] test merkle::store::tests::get_leaf_depth_works_depth_64 ... ok
[INFO] [stdout] test merkle::empty_roots::all_depths_opens_to_zero ... ok
[INFO] [stdout] test merkle::simple_smt::tests::arbitrary_openings_multiple_leaves ... ok
[INFO] [stdout] 
[INFO] [stdout] test result: ok. 81 passed; 0 failed; 0 ignored; 0 measured; 0 filtered out; finished in 11.11s
[INFO] [stdout] 
[INFO] [stderr]    Doc-tests rescue-prime-optimized
[INFO] [stdout] 
[INFO] [stdout] running 2 tests
[INFO] [stdout] test src/merkle/index.rs - merkle::index::NodeIndex (line 11) ... ignored
[INFO] [stdout] test src/merkle/store/mod.rs - merkle::store::MerkleStore (line 25) ... FAILED
[INFO] [stderr] error: doctest failed, to rerun pass `--doc`
[INFO] [stdout] 
[INFO] [stdout] failures:
[INFO] [stdout] 
[INFO] [stdout] ---- src/merkle/store/mod.rs - merkle::store::MerkleStore (line 25) stdout ----
[INFO] [stdout] error[E0433]: failed to resolve: use of undeclared crate or module `miden_crypto`
[INFO] [stdout]  --> src/merkle/store/mod.rs:27:5
[INFO] [stdout]   |
[INFO] [stdout] 4 | use miden_crypto::merkle::{NodeIndex, MerkleStore, MerkleTree};
[INFO] [stdout]   |     ^^^^^^^^^^^^ use of undeclared crate or module `miden_crypto`
[INFO] [stdout]   |
[INFO] [stdout] help: there is a crate or module with a similar name
[INFO] [stdout]   |
[INFO] [stdout] 4 | use winter_crypto::merkle::{NodeIndex, MerkleStore, MerkleTree};
[INFO] [stdout]   |     ~~~~~~~~~~~~~
[INFO] [stdout] 
[INFO] [stdout] error[E0433]: failed to resolve: use of undeclared crate or module `miden_crypto`
[INFO] [stdout]  --> src/merkle/store/mod.rs:28:5
[INFO] [stdout]   |
[INFO] [stdout] 5 | use miden_crypto::hash::rpo::Rpo256;
[INFO] [stdout]   |     ^^^^^^^^^^^^ use of undeclared crate or module `miden_crypto`
[INFO] [stdout]   |
[INFO] [stdout] help: there is a crate or module with a similar name
[INFO] [stdout]   |
[INFO] [stdout] 5 | use winter_crypto::hash::rpo::Rpo256;
[INFO] [stdout]   |     ~~~~~~~~~~~~~
[INFO] [stdout] 
[INFO] [stdout] error[E0432]: unresolved import `miden_crypto`
[INFO] [stdout]  --> src/merkle/store/mod.rs:26:5
[INFO] [stdout]   |
[INFO] [stdout] 3 | use miden_crypto::{ZERO, Felt, Word};
[INFO] [stdout]   |     ^^^^^^^^^^^^ use of undeclared crate or module `miden_crypto`
[INFO] [stdout]   |
[INFO] [stdout] help: there is a crate or module with a similar name
[INFO] [stdout]   |
[INFO] [stdout] 3 | use winter_crypto::{ZERO, Felt, Word};
[INFO] [stdout]   |     ~~~~~~~~~~~~~
[INFO] [stdout] 
[INFO] [stdout] error: aborting due to 3 previous errors
[INFO] [stdout] 
[INFO] [stdout] Some errors have detailed explanations: E0432, E0433.
[INFO] [stdout] For more information about an error, try `rustc --explain E0432`.
[INFO] [stdout] Couldn't compile the test.
[INFO] [stdout] 
[INFO] [stdout] failures:
[INFO] [stdout]     src/merkle/store/mod.rs - merkle::store::MerkleStore (line 25)
[INFO] [stdout] 
[INFO] [stdout] test result: FAILED. 0 passed; 1 failed; 1 ignored; 0 measured; 0 filtered out; finished in 0.11s
[INFO] [stdout] 
[INFO] running `Command { std: "docker" "inspect" "47113c9657a1c93333c44debd9490d95ed4aa98753aac020bb93b8dade9c8ae8", kill_on_drop: false }`
[INFO] running `Command { std: "docker" "rm" "-f" "47113c9657a1c93333c44debd9490d95ed4aa98753aac020bb93b8dade9c8ae8", kill_on_drop: false }`
[INFO] [stdout] 47113c9657a1c93333c44debd9490d95ed4aa98753aac020bb93b8dade9c8ae8
