[INFO] cloning repository https://github.com/jonathanrainer/tokio-nes
[INFO] running `Command { std: "git" "-c" "credential.helper=" "-c" "credential.helper=/workspace/cargo-home/bin/git-credential-null" "clone" "--bare" "https://github.com/jonathanrainer/tokio-nes" "/workspace/cache/git-repos/https%3A%2F%2Fgithub.com%2Fjonathanrainer%2Ftokio-nes", kill_on_drop: false }`
[INFO] [stderr] Cloning into bare repository '/workspace/cache/git-repos/https%3A%2F%2Fgithub.com%2Fjonathanrainer%2Ftokio-nes'...
[INFO] running `Command { std: "git" "rev-parse" "HEAD", kill_on_drop: false }`
[INFO] [stdout] 146851da9881d7227736d6673b159d66c773d985
[INFO] testing jonathanrainer/tokio-nes against 1.75.0 for beta-1.76-1
[INFO] running `Command { std: "git" "clone" "/workspace/cache/git-repos/https%3A%2F%2Fgithub.com%2Fjonathanrainer%2Ftokio-nes" "/workspace/builds/worker-1-tc1/source", kill_on_drop: false }`
[INFO] [stderr] Cloning into '/workspace/builds/worker-1-tc1/source'...
[INFO] [stderr] done.
[INFO] validating manifest of git repo https://github.com/jonathanrainer/tokio-nes on toolchain 1.75.0
[INFO] running `Command { std: CARGO_HOME="/workspace/cargo-home" RUSTUP_HOME="/workspace/rustup-home" "/workspace/cargo-home/bin/cargo" "+1.75.0" "metadata" "--manifest-path" "Cargo.toml" "--no-deps", kill_on_drop: false }`
[INFO] started tweaking git repo https://github.com/jonathanrainer/tokio-nes
[INFO] finished tweaking git repo https://github.com/jonathanrainer/tokio-nes
[INFO] tweaked toml for git repo https://github.com/jonathanrainer/tokio-nes written to /workspace/builds/worker-1-tc1/source/Cargo.toml
[INFO] crate git repo https://github.com/jonathanrainer/tokio-nes already has a lockfile, it will not be regenerated
[INFO] running `Command { std: CARGO_HOME="/workspace/cargo-home" RUSTUP_HOME="/workspace/rustup-home" "/workspace/cargo-home/bin/cargo" "+1.75.0" "fetch" "--manifest-path" "Cargo.toml", kill_on_drop: false }`
[INFO] [stderr] warning: virtual workspace defaulting to `resolver = "1"` despite one or more workspace members being on edition 2021 which implies `resolver = "2"`
[INFO] [stderr] note: to keep the current resolver, specify `workspace.resolver = "1"` in the workspace root's manifest
[INFO] [stderr] note: to use the edition 2021 resolver, specify `workspace.resolver = "2"` in the workspace root's manifest
[INFO] [stderr] note: for more details see https://doc.rust-lang.org/cargo/reference/resolver.html#resolver-versions
[INFO] [stderr]     Updating crates.io index
[INFO] [stderr]  Downloading crates ...
[INFO] [stderr]   Downloaded finny v0.2.0
[INFO] [stderr]   Downloaded finny_derive v0.2.0
[INFO] running `Command { std: "docker" "create" "-v" "/var/lib/crater-agent-workspace/builds/worker-1-tc1/target:/opt/rustwide/target:rw,Z" "-v" "/var/lib/crater-agent-workspace/builds/worker-1-tc1/source:/opt/rustwide/workdir:ro,Z" "-v" "/var/lib/crater-agent-workspace/cargo-home:/opt/rustwide/cargo-home:ro,Z" "-v" "/var/lib/crater-agent-workspace/rustup-home:/opt/rustwide/rustup-home:ro,Z" "-e" "SOURCE_DIR=/opt/rustwide/workdir" "-e" "CARGO_TARGET_DIR=/opt/rustwide/target" "-e" "CARGO_HOME=/opt/rustwide/cargo-home" "-e" "RUSTUP_HOME=/opt/rustwide/rustup-home" "-w" "/opt/rustwide/workdir" "-m" "1610612736" "--user" "0:0" "--network" "none" "ghcr.io/rust-lang/crates-build-env/linux@sha256:2788e3201cd34a07e3172128adcd8b3090168a8e3bcc40d7c032b9dda1df7d1c" "/opt/rustwide/cargo-home/bin/cargo" "+1.75.0" "metadata" "--no-deps" "--format-version=1", kill_on_drop: false }`
[INFO] [stdout] 10ca47f445cdd320683d22ff80c9a3e6c43003060a5997875ee4d6e45fa85bc8
[INFO] running `Command { std: "docker" "start" "-a" "10ca47f445cdd320683d22ff80c9a3e6c43003060a5997875ee4d6e45fa85bc8", kill_on_drop: false }`
[INFO] running `Command { std: "docker" "inspect" "10ca47f445cdd320683d22ff80c9a3e6c43003060a5997875ee4d6e45fa85bc8", kill_on_drop: false }`
[INFO] running `Command { std: "docker" "rm" "-f" "10ca47f445cdd320683d22ff80c9a3e6c43003060a5997875ee4d6e45fa85bc8", kill_on_drop: false }`
[INFO] [stdout] 10ca47f445cdd320683d22ff80c9a3e6c43003060a5997875ee4d6e45fa85bc8
[INFO] running `Command { std: "docker" "create" "-v" "/var/lib/crater-agent-workspace/builds/worker-1-tc1/target:/opt/rustwide/target:rw,Z" "-v" "/var/lib/crater-agent-workspace/builds/worker-1-tc1/source:/opt/rustwide/workdir:ro,Z" "-v" "/var/lib/crater-agent-workspace/cargo-home:/opt/rustwide/cargo-home:ro,Z" "-v" "/var/lib/crater-agent-workspace/rustup-home:/opt/rustwide/rustup-home:ro,Z" "-e" "SOURCE_DIR=/opt/rustwide/workdir" "-e" "CARGO_TARGET_DIR=/opt/rustwide/target" "-e" "CARGO_INCREMENTAL=0" "-e" "RUST_BACKTRACE=full" "-e" "RUSTFLAGS=--cap-lints=warn" "-e" "RUSTDOCFLAGS=--cap-lints=warn" "-e" "CARGO_HOME=/opt/rustwide/cargo-home" "-e" "RUSTUP_HOME=/opt/rustwide/rustup-home" "-w" "/opt/rustwide/workdir" "-m" "1610612736" "--user" "0:0" "--network" "none" "ghcr.io/rust-lang/crates-build-env/linux@sha256:2788e3201cd34a07e3172128adcd8b3090168a8e3bcc40d7c032b9dda1df7d1c" "/opt/rustwide/cargo-home/bin/cargo" "+1.75.0" "build" "--frozen" "--message-format=json", kill_on_drop: false }`
[INFO] [stdout] fbcd6ac5c301b3ec36c1e597942c9d400f39eacfb00fb1c8707c9bc7b35f9437
[INFO] running `Command { std: "docker" "start" "-a" "fbcd6ac5c301b3ec36c1e597942c9d400f39eacfb00fb1c8707c9bc7b35f9437", kill_on_drop: false }`
[INFO] [stderr] warning: virtual workspace defaulting to `resolver = "1"` despite one or more workspace members being on edition 2021 which implies `resolver = "2"`
[INFO] [stderr] note: to keep the current resolver, specify `workspace.resolver = "1"` in the workspace root's manifest
[INFO] [stderr] note: to use the edition 2021 resolver, specify `workspace.resolver = "2"` in the workspace root's manifest
[INFO] [stderr] note: for more details see https://doc.rust-lang.org/cargo/reference/resolver.html#resolver-versions
[INFO] [stderr]    Compiling proc-macro2 v1.0.43
[INFO] [stderr]    Compiling quote v1.0.21
[INFO] [stderr]    Compiling unicode-ident v1.0.3
[INFO] [stderr]    Compiling syn v1.0.99
[INFO] [stderr]    Compiling libc v0.2.126
[INFO] [stderr]    Compiling serde_derive v1.0.143
[INFO] [stderr]    Compiling serde v1.0.143
[INFO] [stderr]    Compiling lock_api v0.4.7
[INFO] [stderr]    Compiling indexmap v1.9.1
[INFO] [stderr]    Compiling num-traits v0.2.15
[INFO] [stderr]    Compiling scopeguard v1.1.0
[INFO] [stderr]    Compiling semver v1.0.13
[INFO] [stderr]    Compiling hashbrown v0.12.3
[INFO] [stderr]    Compiling memchr v2.5.0
[INFO] [stderr]    Compiling futures-core v0.3.23
[INFO] [stderr]    Compiling slab v0.4.7
[INFO] [stderr]    Compiling log v0.4.17
[INFO] [stderr]    Compiling parking_lot_core v0.9.3
[INFO] [stderr]    Compiling futures-channel v0.3.23
[INFO] [stderr]    Compiling ryu v1.0.11
[INFO] [stderr]    Compiling serde_json v1.0.83
[INFO] [stderr]    Compiling futures-task v0.3.23
[INFO] [stderr]    Compiling num-integer v0.1.45
[INFO] [stderr]    Compiling futures-sink v0.3.23
[INFO] [stderr]    Compiling pin-project-lite v0.2.9
[INFO] [stderr]    Compiling smallvec v1.9.0
[INFO] [stderr]    Compiling itoa v1.0.3
[INFO] [stderr]    Compiling futures-util v0.3.23
[INFO] [stderr]    Compiling arraydeque v0.4.5
[INFO] [stderr]    Compiling slog v2.7.0
[INFO] [stderr]    Compiling futures-io v0.3.23
[INFO] [stderr]    Compiling rustc_version v0.4.0
[INFO] [stderr]    Compiling anyhow v1.0.62
[INFO] [stderr]    Compiling traitobject v0.1.0
[INFO] [stderr]    Compiling byteorder v1.4.3
[INFO] [stderr]    Compiling linked-hash-map v0.5.6
[INFO] [stderr]    Compiling fixedbitset v0.2.0
[INFO] [stderr]    Compiling pin-utils v0.1.0
[INFO] [stderr]    Compiling unsafe-any v0.4.2
[INFO] [stderr]    Compiling spin v0.9.4
[INFO] [stderr]    Compiling tokio v1.20.1
[INFO] [stderr]    Compiling iana-time-zone v0.1.46
[INFO] [stderr]    Compiling stable_deref_trait v1.2.0
[INFO] [stderr]    Compiling hash32 v0.2.1
[INFO] [stderr]    Compiling yaml-rust v0.4.5
[INFO] [stderr]    Compiling async-trait v0.1.57
[INFO] [stderr]    Compiling convert_case v0.4.0
[INFO] [stderr]    Compiling heapless v0.7.16
[INFO] [stderr]    Compiling time v0.1.44
[INFO] [stderr]    Compiling petgraph v0.5.1
[INFO] [stderr]    Compiling thread-id v4.0.0
[INFO] [stderr]    Compiling parking_lot v0.12.1
[INFO] [stderr]    Compiling socket2 v0.4.4
[INFO] [stderr]    Compiling signal-hook-registry v1.4.0
[INFO] [stderr]    Compiling num_cpus v1.13.1
[INFO] [stderr]    Compiling typemap v0.3.3
[INFO] [stderr]    Compiling humantime v2.1.0
[INFO] [stderr]    Compiling fnv v1.0.7
[INFO] [stderr]    Compiling arc-swap v1.5.1
[INFO] [stderr]    Compiling bytes v1.2.1
[INFO] [stderr]    Compiling log-mdc v0.1.0
[INFO] [stderr]    Compiling once_cell v1.13.0
[INFO] [stderr]    Compiling fs-automata v0.1.0 (/opt/rustwide/workdir/workspaces/fs-automata)
[INFO] [stdout] warning: unused variable: `trigger`
[INFO] [stdout]   --> workspaces/fs-automata/src/lib.rs:66:30
[INFO] [stdout]    |
[INFO] [stdout] 66 |     fn transition(&mut self, trigger: &str) {
[INFO] [stdout]    |                              ^^^^^^^ help: if this is intentional, prefix it with an underscore: `_trigger`
[INFO] [stdout]    |
[INFO] [stdout]    = note: `#[warn(unused_variables)]` on by default
[INFO] [stdout] 
[INFO] [stdout] 
[INFO] [stdout] warning: type alias `Result` is never used
[INFO] [stdout]  --> workspaces/fs-automata/src/lib.rs:3:6
[INFO] [stdout]   |
[INFO] [stdout] 3 | type Result<T> = std::result::Result<T, AutomataError>;
[INFO] [stdout]   |      ^^^^^^
[INFO] [stdout]   |
[INFO] [stdout]   = note: `#[warn(dead_code)]` on by default
[INFO] [stdout] 
[INFO] [stdout] 
[INFO] [stdout] warning: struct `Automata` is never constructed
[INFO] [stdout]  --> workspaces/fs-automata/src/lib.rs:8:8
[INFO] [stdout]   |
[INFO] [stdout] 8 | struct Automata {
[INFO] [stdout]   |        ^^^^^^^^
[INFO] [stdout] 
[INFO] [stdout] 
[INFO] [stdout] warning: associated items `new`, `add_state`, `add_transition`, `transition`, `get_states`, and `get_current_state` are never used
[INFO] [stdout]   --> workspaces/fs-automata/src/lib.rs:16:8
[INFO] [stdout]    |
[INFO] [stdout] 15 | impl Automata {
[INFO] [stdout]    | ------------- associated items in this implementation
[INFO] [stdout] 16 |     fn new() -> Automata {
[INFO] [stdout]    |        ^^^
[INFO] [stdout] ...
[INFO] [stdout] 25 |     fn add_state(&mut self, initial: bool, state_name: &str, transitions: HashMap<State, Vec<Transition>>) -> Result<()> {
[INFO] [stdout]    |        ^^^^^^^^^
[INFO] [stdout] ...
[INFO] [stdout] 41 |     fn add_transition(&mut self, start_state: &str, end_state: &str, trigger: &str) -> Result<()>{
[INFO] [stdout]    |        ^^^^^^^^^^^^^^
[INFO] [stdout] ...
[INFO] [stdout] 66 |     fn transition(&mut self, trigger: &str) {
[INFO] [stdout]    |        ^^^^^^^^^^
[INFO] [stdout] ...
[INFO] [stdout] 70 |     fn get_states(&self) -> Vec<&State> {
[INFO] [stdout]    |        ^^^^^^^^^^
[INFO] [stdout] ...
[INFO] [stdout] 74 |     fn get_current_state(&self) -> Option<String> {
[INFO] [stdout]    |        ^^^^^^^^^^^^^^^^^
[INFO] [stdout] 
[INFO] [stdout] 
[INFO] [stdout] warning: associated function `new` is never used
[INFO] [stdout]   --> workspaces/fs-automata/src/lib.rs:88:8
[INFO] [stdout]    |
[INFO] [stdout] 87 | impl State {
[INFO] [stdout]    | ---------- associated function in this implementation
[INFO] [stdout] 88 |     fn new(name: &str) -> State {
[INFO] [stdout]    |        ^^^
[INFO] [stdout] 
[INFO] [stdout] 
[INFO] [stdout] warning: fields `trigger`, `start_state`, and `end_state` are never read
[INFO] [stdout]    --> workspaces/fs-automata/src/lib.rs:103:5
[INFO] [stdout]     |
[INFO] [stdout] 102 | struct Transition {
[INFO] [stdout]     |        ---------- fields in this struct
[INFO] [stdout] 103 |     trigger: String,
[INFO] [stdout]     |     ^^^^^^^
[INFO] [stdout] 104 |     start_state: State,
[INFO] [stdout]     |     ^^^^^^^^^^^
[INFO] [stdout] 105 |     end_state: State,
[INFO] [stdout]     |     ^^^^^^^^^
[INFO] [stdout]     |
[INFO] [stdout]     = note: `Transition` has a derived impl for the trait `Clone`, but this is intentionally ignored during dead code analysis
[INFO] [stdout] 
[INFO] [stdout] 
[INFO] [stdout] warning: 6 warnings emitted
[INFO] [stdout] 
[INFO] [stdout] 
[INFO] [stderr]    Compiling ordered-float v2.10.0
[INFO] [stderr]    Compiling chrono v0.4.22
[INFO] [stderr]    Compiling futures-macro v0.3.23
[INFO] [stderr]    Compiling thiserror-impl v1.0.32
[INFO] [stderr]    Compiling derive_more v0.99.17
[INFO] [stderr]    Compiling derivative v2.2.0
[INFO] [stderr]    Compiling tokio-macros v1.8.0
[INFO] [stderr]    Compiling thiserror v1.0.32
[INFO] [stderr]    Compiling futures-executor v0.3.23
[INFO] [stderr]    Compiling futures v0.3.23
[INFO] [stderr]    Compiling serde_yaml v0.8.26
[INFO] [stderr]    Compiling serde-value v0.7.0
[INFO] [stderr]    Compiling mio v0.8.4
[INFO] [stderr]    Compiling log4rs v1.1.1
[INFO] [stderr]    Compiling finny_derive v0.2.0
[INFO] [stderr]    Compiling finny v0.2.0
[INFO] [stderr]    Compiling emulator v0.1.0 (/opt/rustwide/workdir/workspaces/emulator)
[INFO] [stdout] warning: unused import: `std::sync::Arc`
[INFO] [stdout]  --> workspaces/emulator/src/console/clock.rs:1:5
[INFO] [stdout]   |
[INFO] [stdout] 1 | use std::sync::Arc;
[INFO] [stdout]   |     ^^^^^^^^^^^^^^
[INFO] [stdout]   |
[INFO] [stdout]   = note: `#[warn(unused_imports)]` on by default
[INFO] [stdout] 
[INFO] [stdout] 
[INFO] [stdout] warning: field `event_bus_sender` is never read
[INFO] [stdout]  --> workspaces/emulator/src/console/cpu.rs:7:5
[INFO] [stdout]   |
[INFO] [stdout] 6 | pub struct Cpu {
[INFO] [stdout]   |            --- field in this struct
[INFO] [stdout] 7 |     event_bus_sender: Sender<Event>,
[INFO] [stdout]   |     ^^^^^^^^^^^^^^^^
[INFO] [stdout]   |
[INFO] [stdout]   = note: `#[warn(dead_code)]` on by default
[INFO] [stdout] 
[INFO] [stdout] 
[INFO] [stdout] warning: field `period` is never read
[INFO] [stdout]   --> workspaces/emulator/src/console/clock.rs:10:5
[INFO] [stdout]    |
[INFO] [stdout] 9  | pub struct Clock {
[INFO] [stdout]    |            ----- field in this struct
[INFO] [stdout] 10 |     period: Duration,
[INFO] [stdout]    |     ^^^^^^
[INFO] [stdout] 
[INFO] [stdout] 
[INFO] [stdout] warning: field `event_bus_sender` is never read
[INFO] [stdout]  --> workspaces/emulator/src/console/memory.rs:7:5
[INFO] [stdout]   |
[INFO] [stdout] 6 | pub struct Memory {
[INFO] [stdout]   |            ------ field in this struct
[INFO] [stdout] 7 |     event_bus_sender: Sender<Event>,
[INFO] [stdout]   |     ^^^^^^^^^^^^^^^^
[INFO] [stdout] 
[INFO] [stdout] 
[INFO] [stdout] warning: 4 warnings emitted
[INFO] [stdout] 
[INFO] [stdout] 
[INFO] [stdout] warning: unused import: `std::sync::Arc`
[INFO] [stdout]  --> workspaces/emulator/src/main.rs:1:5
[INFO] [stdout]   |
[INFO] [stdout] 1 | use std::sync::Arc;
[INFO] [stdout]   |     ^^^^^^^^^^^^^^
[INFO] [stdout]   |
[INFO] [stdout]   = note: `#[warn(unused_imports)]` on by default
[INFO] [stdout] 
[INFO] [stdout] 
[INFO] [stdout] warning: unused import: `tokio::task::JoinHandle`
[INFO] [stdout]  --> workspaces/emulator/src/main.rs:3:5
[INFO] [stdout]   |
[INFO] [stdout] 3 | use tokio::task::JoinHandle;
[INFO] [stdout]   |     ^^^^^^^^^^^^^^^^^^^^^^^
[INFO] [stdout] 
[INFO] [stdout] 
[INFO] [stdout] warning: 2 warnings emitted
[INFO] [stdout] 
[INFO] [stdout] 
[INFO] [stderr]     Finished dev [unoptimized + debuginfo] target(s) in 12.79s
[INFO] [stderr] warning: the following packages contain code that will be rejected by a future version of Rust: traitobject v0.1.0
[INFO] [stderr] note: to see what the problems were, use the option `--future-incompat-report`, or run `cargo report future-incompatibilities --id 1`
[INFO] running `Command { std: "docker" "inspect" "fbcd6ac5c301b3ec36c1e597942c9d400f39eacfb00fb1c8707c9bc7b35f9437", kill_on_drop: false }`
[INFO] running `Command { std: "docker" "rm" "-f" "fbcd6ac5c301b3ec36c1e597942c9d400f39eacfb00fb1c8707c9bc7b35f9437", kill_on_drop: false }`
[INFO] [stdout] fbcd6ac5c301b3ec36c1e597942c9d400f39eacfb00fb1c8707c9bc7b35f9437
[INFO] running `Command { std: "docker" "create" "-v" "/var/lib/crater-agent-workspace/builds/worker-1-tc1/target:/opt/rustwide/target:rw,Z" "-v" "/var/lib/crater-agent-workspace/builds/worker-1-tc1/source:/opt/rustwide/workdir:ro,Z" "-v" "/var/lib/crater-agent-workspace/cargo-home:/opt/rustwide/cargo-home:ro,Z" "-v" "/var/lib/crater-agent-workspace/rustup-home:/opt/rustwide/rustup-home:ro,Z" "-e" "SOURCE_DIR=/opt/rustwide/workdir" "-e" "CARGO_TARGET_DIR=/opt/rustwide/target" "-e" "CARGO_INCREMENTAL=0" "-e" "RUST_BACKTRACE=full" "-e" "RUSTFLAGS=--cap-lints=warn" "-e" "RUSTDOCFLAGS=--cap-lints=warn" "-e" "CARGO_HOME=/opt/rustwide/cargo-home" "-e" "RUSTUP_HOME=/opt/rustwide/rustup-home" "-w" "/opt/rustwide/workdir" "-m" "1610612736" "--user" "0:0" "--network" "none" "ghcr.io/rust-lang/crates-build-env/linux@sha256:2788e3201cd34a07e3172128adcd8b3090168a8e3bcc40d7c032b9dda1df7d1c" "/opt/rustwide/cargo-home/bin/cargo" "+1.75.0" "test" "--frozen" "--no-run" "--message-format=json", kill_on_drop: false }`
[INFO] [stdout] fe2e6068e76d4853df2f9f07771aeea4bf69a8ca7ba80b1f38355032cada435a
[INFO] running `Command { std: "docker" "start" "-a" "fe2e6068e76d4853df2f9f07771aeea4bf69a8ca7ba80b1f38355032cada435a", kill_on_drop: false }`
[INFO] [stderr] warning: virtual workspace defaulting to `resolver = "1"` despite one or more workspace members being on edition 2021 which implies `resolver = "2"`
[INFO] [stderr] note: to keep the current resolver, specify `workspace.resolver = "1"` in the workspace root's manifest
[INFO] [stderr] note: to use the edition 2021 resolver, specify `workspace.resolver = "2"` in the workspace root's manifest
[INFO] [stderr] note: for more details see https://doc.rust-lang.org/cargo/reference/resolver.html#resolver-versions
[INFO] [stdout] warning: unused variable: `trigger`
[INFO] [stdout]   --> workspaces/fs-automata/src/lib.rs:66:30
[INFO] [stdout]    |
[INFO] [stdout] 66 |     fn transition(&mut self, trigger: &str) {
[INFO] [stdout]    |                              ^^^^^^^ help: if this is intentional, prefix it with an underscore: `_trigger`
[INFO] [stdout]    |
[INFO] [stdout]    = note: `#[warn(unused_variables)]` on by default
[INFO] [stdout] 
[INFO] [stdout] 
[INFO] [stdout] warning: type alias `Result` is never used
[INFO] [stdout]  --> workspaces/fs-automata/src/lib.rs:3:6
[INFO] [stdout]   |
[INFO] [stdout] 3 | type Result<T> = std::result::Result<T, AutomataError>;
[INFO] [stdout]   |      ^^^^^^
[INFO] [stdout]   |
[INFO] [stdout]   = note: `#[warn(dead_code)]` on by default
[INFO] [stdout] 
[INFO] [stdout] 
[INFO] [stdout] warning: struct `Automata` is never constructed
[INFO] [stdout]  --> workspaces/fs-automata/src/lib.rs:8:8
[INFO] [stdout]   |
[INFO] [stdout] 8 | struct Automata {
[INFO] [stdout]   |        ^^^^^^^^
[INFO] [stdout] 
[INFO] [stdout] 
[INFO] [stdout] warning: associated items `new`, `add_state`, `add_transition`, `transition`, `get_states`, and `get_current_state` are never used
[INFO] [stdout]   --> workspaces/fs-automata/src/lib.rs:16:8
[INFO] [stdout]    |
[INFO] [stdout] 15 | impl Automata {
[INFO] [stdout]    | ------------- associated items in this implementation
[INFO] [stdout] 16 |     fn new() -> Automata {
[INFO] [stdout]    |        ^^^
[INFO] [stdout] ...
[INFO] [stdout] 25 |     fn add_state(&mut self, initial: bool, state_name: &str, transitions: HashMap<State, Vec<Transition>>) -> Result<()> {
[INFO] [stdout]    |        ^^^^^^^^^
[INFO] [stdout] ...
[INFO] [stdout] 41 |     fn add_transition(&mut self, start_state: &str, end_state: &str, trigger: &str) -> Result<()>{
[INFO] [stdout]    |        ^^^^^^^^^^^^^^
[INFO] [stdout] ...
[INFO] [stdout] 66 |     fn transition(&mut self, trigger: &str) {
[INFO] [stdout]    |        ^^^^^^^^^^
[INFO] [stdout] ...
[INFO] [stdout] 70 |     fn get_states(&self) -> Vec<&State> {
[INFO] [stdout]    |        ^^^^^^^^^^
[INFO] [stdout] ...
[INFO] [stdout] 74 |     fn get_current_state(&self) -> Option<String> {
[INFO] [stdout]    |        ^^^^^^^^^^^^^^^^^
[INFO] [stdout] 
[INFO] [stdout] 
[INFO] [stdout] warning: associated function `new` is never used
[INFO] [stdout]   --> workspaces/fs-automata/src/lib.rs:88:8
[INFO] [stdout]    |
[INFO] [stdout] 87 | impl State {
[INFO] [stdout]    | ---------- associated function in this implementation
[INFO] [stdout] 88 |     fn new(name: &str) -> State {
[INFO] [stdout]    |        ^^^
[INFO] [stdout] 
[INFO] [stdout] 
[INFO] [stdout] warning: fields `trigger`, `start_state`, and `end_state` are never read
[INFO] [stdout]    --> workspaces/fs-automata/src/lib.rs:103:5
[INFO] [stdout]     |
[INFO] [stdout] 102 | struct Transition {
[INFO] [stdout]     |        ---------- fields in this struct
[INFO] [stdout] 103 |     trigger: String,
[INFO] [stdout]     |     ^^^^^^^
[INFO] [stdout] 104 |     start_state: State,
[INFO] [stdout]     |     ^^^^^^^^^^^
[INFO] [stdout] 105 |     end_state: State,
[INFO] [stdout]     |     ^^^^^^^^^
[INFO] [stdout]     |
[INFO] [stdout]     = note: `Transition` has a derived impl for the trait `Clone`, but this is intentionally ignored during dead code analysis
[INFO] [stdout] 
[INFO] [stdout] 
[INFO] [stdout] warning: 6 warnings emitted
[INFO] [stdout] 
[INFO] [stdout] 
[INFO] [stderr]    Compiling fs-automata v0.1.0 (/opt/rustwide/workdir/workspaces/fs-automata)
[INFO] [stdout] warning: unused import: `std::sync::Arc`
[INFO] [stdout]  --> workspaces/emulator/src/console/clock.rs:1:5
[INFO] [stdout]   |
[INFO] [stdout] 1 | use std::sync::Arc;
[INFO] [stdout]   |     ^^^^^^^^^^^^^^
[INFO] [stdout]   |
[INFO] [stdout]   = note: `#[warn(unused_imports)]` on by default
[INFO] [stdout] 
[INFO] [stdout] 
[INFO] [stdout] warning: field `event_bus_sender` is never read
[INFO] [stdout]  --> workspaces/emulator/src/console/cpu.rs:7:5
[INFO] [stdout]   |
[INFO] [stdout] 6 | pub struct Cpu {
[INFO] [stdout]   |            --- field in this struct
[INFO] [stdout] 7 |     event_bus_sender: Sender<Event>,
[INFO] [stdout]   |     ^^^^^^^^^^^^^^^^
[INFO] [stdout]   |
[INFO] [stdout]   = note: `#[warn(dead_code)]` on by default
[INFO] [stdout] 
[INFO] [stdout] 
[INFO] [stdout] warning: field `period` is never read
[INFO] [stdout]   --> workspaces/emulator/src/console/clock.rs:10:5
[INFO] [stdout]    |
[INFO] [stdout] 9  | pub struct Clock {
[INFO] [stdout]    |            ----- field in this struct
[INFO] [stdout] 10 |     period: Duration,
[INFO] [stdout]    |     ^^^^^^
[INFO] [stdout] 
[INFO] [stdout] 
[INFO] [stdout] warning: field `event_bus_sender` is never read
[INFO] [stdout]  --> workspaces/emulator/src/console/memory.rs:7:5
[INFO] [stdout]   |
[INFO] [stdout] 6 | pub struct Memory {
[INFO] [stdout]   |            ------ field in this struct
[INFO] [stdout] 7 |     event_bus_sender: Sender<Event>,
[INFO] [stdout]   |     ^^^^^^^^^^^^^^^^
[INFO] [stdout] 
[INFO] [stdout] 
[INFO] [stdout] warning: 4 warnings emitted
[INFO] [stdout] 
[INFO] [stdout] 
[INFO] [stderr]    Compiling emulator v0.1.0 (/opt/rustwide/workdir/workspaces/emulator)
[INFO] [stdout] warning: unused import: `std::sync::Arc`
[INFO] [stdout]  --> workspaces/emulator/src/console/clock.rs:1:5
[INFO] [stdout]   |
[INFO] [stdout] 1 | use std::sync::Arc;
[INFO] [stdout]   |     ^^^^^^^^^^^^^^
[INFO] [stdout]   |
[INFO] [stdout]   = note: `#[warn(unused_imports)]` on by default
[INFO] [stdout] 
[INFO] [stdout] 
[INFO] [stdout] warning: unused import: `std::sync::Arc`
[INFO] [stdout]  --> workspaces/emulator/src/main.rs:1:5
[INFO] [stdout]   |
[INFO] [stdout] 1 | use std::sync::Arc;
[INFO] [stdout]   |     ^^^^^^^^^^^^^^
[INFO] [stdout]   |
[INFO] [stdout]   = note: `#[warn(unused_imports)]` on by default
[INFO] [stdout] 
[INFO] [stdout] 
[INFO] [stdout] warning: unused import: `tokio::task::JoinHandle`
[INFO] [stdout]  --> workspaces/emulator/src/main.rs:3:5
[INFO] [stdout]   |
[INFO] [stdout] 3 | use tokio::task::JoinHandle;
[INFO] [stdout]   |     ^^^^^^^^^^^^^^^^^^^^^^^
[INFO] [stdout] 
[INFO] [stdout] 
[INFO] [stdout] warning: unused variable: `trigger`
[INFO] [stdout]   --> workspaces/fs-automata/src/lib.rs:66:30
[INFO] [stdout]    |
[INFO] [stdout] 66 |     fn transition(&mut self, trigger: &str) {
[INFO] [stdout]    |                              ^^^^^^^ help: if this is intentional, prefix it with an underscore: `_trigger`
[INFO] [stdout]    |
[INFO] [stdout]    = note: `#[warn(unused_variables)]` on by default
[INFO] [stdout] 
[INFO] [stdout] 
[INFO] [stdout] warning: field `event_bus_sender` is never read
[INFO] [stdout]  --> workspaces/emulator/src/console/cpu.rs:7:5
[INFO] [stdout]   |
[INFO] [stdout] 6 | pub struct Cpu {
[INFO] [stdout]   |            --- field in this struct
[INFO] [stdout] 7 |     event_bus_sender: Sender<Event>,
[INFO] [stdout]   |     ^^^^^^^^^^^^^^^^
[INFO] [stdout]   |
[INFO] [stdout]   = note: `#[warn(dead_code)]` on by default
[INFO] [stdout] 
[INFO] [stdout] 
[INFO] [stdout] warning: field `period` is never read
[INFO] [stdout]   --> workspaces/emulator/src/console/clock.rs:10:5
[INFO] [stdout]    |
[INFO] [stdout] 9  | pub struct Clock {
[INFO] [stdout]    |            ----- field in this struct
[INFO] [stdout] 10 |     period: Duration,
[INFO] [stdout]    |     ^^^^^^
[INFO] [stdout] 
[INFO] [stdout] 
[INFO] [stdout] warning: field `event_bus_sender` is never read
[INFO] [stdout]  --> workspaces/emulator/src/console/memory.rs:7:5
[INFO] [stdout]   |
[INFO] [stdout] 6 | pub struct Memory {
[INFO] [stdout]   |            ------ field in this struct
[INFO] [stdout] 7 |     event_bus_sender: Sender<Event>,
[INFO] [stdout]   |     ^^^^^^^^^^^^^^^^
[INFO] [stdout] 
[INFO] [stdout] 
[INFO] [stdout] warning: fields `trigger`, `start_state`, and `end_state` are never read
[INFO] [stdout]    --> workspaces/fs-automata/src/lib.rs:103:5
[INFO] [stdout]     |
[INFO] [stdout] 102 | struct Transition {
[INFO] [stdout]     |        ---------- fields in this struct
[INFO] [stdout] 103 |     trigger: String,
[INFO] [stdout]     |     ^^^^^^^
[INFO] [stdout] 104 |     start_state: State,
[INFO] [stdout]     |     ^^^^^^^^^^^
[INFO] [stdout] 105 |     end_state: State,
[INFO] [stdout]     |     ^^^^^^^^^
[INFO] [stdout]     |
[INFO] [stdout]     = note: `Transition` has a derived impl for the trait `Clone`, but this is intentionally ignored during dead code analysis
[INFO] [stdout]     = note: `#[warn(dead_code)]` on by default
[INFO] [stdout] 
[INFO] [stdout] 
[INFO] [stdout] warning: unused `std::result::Result` that must be used
[INFO] [stdout]    --> workspaces/fs-automata/src/lib.rs:159:9
[INFO] [stdout]     |
[INFO] [stdout] 159 |         automata.add_transition("Open", "Closed", "Close Door");
[INFO] [stdout]     |         ^^^^^^^^^^^^^^^^^^^^^^^^^^^^^^^^^^^^^^^^^^^^^^^^^^^^^^^
[INFO] [stdout]     |
[INFO] [stdout]     = note: this `Result` may be an `Err` variant, which should be handled
[INFO] [stdout]     = note: `#[warn(unused_must_use)]` on by default
[INFO] [stdout] help: use `let _ = ...` to ignore the resulting value
[INFO] [stdout]     |
[INFO] [stdout] 159 |         let _ = automata.add_transition("Open", "Closed", "Close Door");
[INFO] [stdout]     |         +++++++
[INFO] [stdout] 
[INFO] [stdout] 
[INFO] [stdout] warning: 4 warnings emitted
[INFO] [stdout] 
[INFO] [stdout] 
[INFO] [stdout] warning: 2 warnings emitted
[INFO] [stdout] 
[INFO] [stdout] 
[INFO] [stdout] warning: 3 warnings emitted
[INFO] [stdout] 
[INFO] [stdout] 
[INFO] [stderr]     Finished test [unoptimized + debuginfo] target(s) in 0.43s
[INFO] [stderr] warning: the following packages contain code that will be rejected by a future version of Rust: traitobject v0.1.0
[INFO] [stderr] note: to see what the problems were, use the option `--future-incompat-report`, or run `cargo report future-incompatibilities --id 1`
[INFO] running `Command { std: "docker" "inspect" "fe2e6068e76d4853df2f9f07771aeea4bf69a8ca7ba80b1f38355032cada435a", kill_on_drop: false }`
[INFO] running `Command { std: "docker" "rm" "-f" "fe2e6068e76d4853df2f9f07771aeea4bf69a8ca7ba80b1f38355032cada435a", kill_on_drop: false }`
[INFO] [stdout] fe2e6068e76d4853df2f9f07771aeea4bf69a8ca7ba80b1f38355032cada435a
[INFO] running `Command { std: "docker" "create" "-v" "/var/lib/crater-agent-workspace/builds/worker-1-tc1/target:/opt/rustwide/target:rw,Z" "-v" "/var/lib/crater-agent-workspace/builds/worker-1-tc1/source:/opt/rustwide/workdir:ro,Z" "-v" "/var/lib/crater-agent-workspace/cargo-home:/opt/rustwide/cargo-home:ro,Z" "-v" "/var/lib/crater-agent-workspace/rustup-home:/opt/rustwide/rustup-home:ro,Z" "-e" "SOURCE_DIR=/opt/rustwide/workdir" "-e" "CARGO_TARGET_DIR=/opt/rustwide/target" "-e" "CARGO_INCREMENTAL=0" "-e" "RUST_BACKTRACE=full" "-e" "RUSTFLAGS=--cap-lints=warn" "-e" "RUSTDOCFLAGS=--cap-lints=warn" "-e" "CARGO_HOME=/opt/rustwide/cargo-home" "-e" "RUSTUP_HOME=/opt/rustwide/rustup-home" "-w" "/opt/rustwide/workdir" "-m" "1610612736" "--user" "0:0" "--network" "none" "ghcr.io/rust-lang/crates-build-env/linux@sha256:2788e3201cd34a07e3172128adcd8b3090168a8e3bcc40d7c032b9dda1df7d1c" "/opt/rustwide/cargo-home/bin/cargo" "+1.75.0" "test" "--frozen", kill_on_drop: false }`
[INFO] [stdout] 8a695243a879cae0e6f54089f0adb9b2182c0fdb6e2c9c554a061d9d156bc1a1
[INFO] running `Command { std: "docker" "start" "-a" "8a695243a879cae0e6f54089f0adb9b2182c0fdb6e2c9c554a061d9d156bc1a1", kill_on_drop: false }`
[INFO] [stderr] warning: virtual workspace defaulting to `resolver = "1"` despite one or more workspace members being on edition 2021 which implies `resolver = "2"`
[INFO] [stderr] note: to keep the current resolver, specify `workspace.resolver = "1"` in the workspace root's manifest
[INFO] [stderr] note: to use the edition 2021 resolver, specify `workspace.resolver = "2"` in the workspace root's manifest
[INFO] [stderr] note: for more details see https://doc.rust-lang.org/cargo/reference/resolver.html#resolver-versions
[INFO] [stderr] warning: unused variable: `trigger`
[INFO] [stderr]   --> workspaces/fs-automata/src/lib.rs:66:30
[INFO] [stderr]    |
[INFO] [stderr] 66 |     fn transition(&mut self, trigger: &str) {
[INFO] [stderr]    |                              ^^^^^^^ help: if this is intentional, prefix it with an underscore: `_trigger`
[INFO] [stderr]    |
[INFO] [stderr]    = note: `#[warn(unused_variables)]` on by default
[INFO] [stderr] 
[INFO] [stderr] warning: type alias `Result` is never used
[INFO] [stderr]  --> workspaces/fs-automata/src/lib.rs:3:6
[INFO] [stderr]   |
[INFO] [stderr] 3 | type Result<T> = std::result::Result<T, AutomataError>;
[INFO] [stderr]   |      ^^^^^^
[INFO] [stderr]   |
[INFO] [stderr]   = note: `#[warn(dead_code)]` on by default
[INFO] [stderr] 
[INFO] [stderr] warning: struct `Automata` is never constructed
[INFO] [stderr]  --> workspaces/fs-automata/src/lib.rs:8:8
[INFO] [stderr]   |
[INFO] [stderr] 8 | struct Automata {
[INFO] [stderr]   |        ^^^^^^^^
[INFO] [stderr] 
[INFO] [stderr] warning: associated items `new`, `add_state`, `add_transition`, `transition`, `get_states`, and `get_current_state` are never used
[INFO] [stderr]   --> workspaces/fs-automata/src/lib.rs:16:8
[INFO] [stderr]    |
[INFO] [stderr] 15 | impl Automata {
[INFO] [stderr]    | ------------- associated items in this implementation
[INFO] [stderr] 16 |     fn new() -> Automata {
[INFO] [stderr]    |        ^^^
[INFO] [stderr] ...
[INFO] [stderr] 25 |     fn add_state(&mut self, initial: bool, state_name: &str, transitions: HashMap<State, Vec<Transition>>) -> Result<()> {
[INFO] [stderr]    |        ^^^^^^^^^
[INFO] [stderr] ...
[INFO] [stderr] 41 |     fn add_transition(&mut self, start_state: &str, end_state: &str, trigger: &str) -> Result<()>{
[INFO] [stderr]    |        ^^^^^^^^^^^^^^
[INFO] [stderr] ...
[INFO] [stderr] 66 |     fn transition(&mut self, trigger: &str) {
[INFO] [stderr]    |        ^^^^^^^^^^
[INFO] [stderr] ...
[INFO] [stderr] 70 |     fn get_states(&self) -> Vec<&State> {
[INFO] [stderr]    |        ^^^^^^^^^^
[INFO] [stderr] ...
[INFO] [stderr] 74 |     fn get_current_state(&self) -> Option<String> {
[INFO] [stderr]    |        ^^^^^^^^^^^^^^^^^
[INFO] [stderr] 
[INFO] [stderr] warning: associated function `new` is never used
[INFO] [stderr]   --> workspaces/fs-automata/src/lib.rs:88:8
[INFO] [stderr]    |
[INFO] [stderr] 87 | impl State {
[INFO] [stderr]    | ---------- associated function in this implementation
[INFO] [stderr] 88 |     fn new(name: &str) -> State {
[INFO] [stderr]    |        ^^^
[INFO] [stderr] 
[INFO] [stderr] warning: fields `trigger`, `start_state`, and `end_state` are never read
[INFO] [stderr]    --> workspaces/fs-automata/src/lib.rs:103:5
[INFO] [stderr]     |
[INFO] [stderr] 102 | struct Transition {
[INFO] [stderr]     |        ---------- fields in this struct
[INFO] [stderr] 103 |     trigger: String,
[INFO] [stderr]     |     ^^^^^^^
[INFO] [stderr] 104 |     start_state: State,
[INFO] [stderr]     |     ^^^^^^^^^^^
[INFO] [stderr] 105 |     end_state: State,
[INFO] [stderr]     |     ^^^^^^^^^
[INFO] [stderr]     |
[INFO] [stderr]     = note: `Transition` has a derived impl for the trait `Clone`, but this is intentionally ignored during dead code analysis
[INFO] [stderr] 
[INFO] [stderr] warning: `fs-automata` (lib) generated 6 warnings (run `cargo fix --lib -p fs-automata` to apply 1 suggestion)
[INFO] [stderr] warning: fields `trigger`, `start_state`, and `end_state` are never read
[INFO] [stderr]    --> workspaces/fs-automata/src/lib.rs:103:5
[INFO] [stderr]     |
[INFO] [stderr] 102 | struct Transition {
[INFO] [stderr]     |        ---------- fields in this struct
[INFO] [stderr] 103 |     trigger: String,
[INFO] [stderr]     |     ^^^^^^^
[INFO] [stderr] 104 |     start_state: State,
[INFO] [stderr]     |     ^^^^^^^^^^^
[INFO] [stderr] 105 |     end_state: State,
[INFO] [stderr]     |     ^^^^^^^^^
[INFO] [stderr]     |
[INFO] [stderr]     = note: `Transition` has a derived impl for the trait `Clone`, but this is intentionally ignored during dead code analysis
[INFO] [stderr]     = note: `#[warn(dead_code)]` on by default
[INFO] [stderr] 
[INFO] [stderr] warning: unused `std::result::Result` that must be used
[INFO] [stderr]    --> workspaces/fs-automata/src/lib.rs:159:9
[INFO] [stderr]     |
[INFO] [stderr] 159 |         automata.add_transition("Open", "Closed", "Close Door");
[INFO] [stderr]     |         ^^^^^^^^^^^^^^^^^^^^^^^^^^^^^^^^^^^^^^^^^^^^^^^^^^^^^^^
[INFO] [stderr]     |
[INFO] [stderr]     = note: this `Result` may be an `Err` variant, which should be handled
[INFO] [stderr]     = note: `#[warn(unused_must_use)]` on by default
[INFO] [stderr] help: use `let _ = ...` to ignore the resulting value
[INFO] [stderr]     |
[INFO] [stderr] 159 |         let _ = automata.add_transition("Open", "Closed", "Close Door");
[INFO] [stderr]     |         +++++++
[INFO] [stderr] 
[INFO] [stderr] warning: `fs-automata` (lib test) generated 3 warnings (1 duplicate)
[INFO] [stderr] warning: unused import: `std::sync::Arc`
[INFO] [stderr]  --> workspaces/emulator/src/console/clock.rs:1:5
[INFO] [stderr]   |
[INFO] [stderr] 1 | use std::sync::Arc;
[INFO] [stderr]   |     ^^^^^^^^^^^^^^
[INFO] [stderr]   |
[INFO] [stderr]   = note: `#[warn(unused_imports)]` on by default
[INFO] [stderr] 
[INFO] [stderr] warning: field `event_bus_sender` is never read
[INFO] [stderr]  --> workspaces/emulator/src/console/cpu.rs:7:5
[INFO] [stderr]   |
[INFO] [stderr] 6 | pub struct Cpu {
[INFO] [stderr]   |            --- field in this struct
[INFO] [stderr] 7 |     event_bus_sender: Sender<Event>,
[INFO] [stderr]   |     ^^^^^^^^^^^^^^^^
[INFO] [stderr]   |
[INFO] [stderr]   = note: `#[warn(dead_code)]` on by default
[INFO] [stderr] 
[INFO] [stderr] warning: field `period` is never read
[INFO] [stderr]   --> workspaces/emulator/src/console/clock.rs:10:5
[INFO] [stderr]    |
[INFO] [stderr] 9  | pub struct Clock {
[INFO] [stderr]    |            ----- field in this struct
[INFO] [stderr] 10 |     period: Duration,
[INFO] [stderr]    |     ^^^^^^
[INFO] [stderr] 
[INFO] [stderr] warning: field `event_bus_sender` is never read
[INFO] [stderr]  --> workspaces/emulator/src/console/memory.rs:7:5
[INFO] [stderr]   |
[INFO] [stderr] 6 | pub struct Memory {
[INFO] [stderr]   |            ------ field in this struct
[INFO] [stderr] 7 |     event_bus_sender: Sender<Event>,
[INFO] [stderr]   |     ^^^^^^^^^^^^^^^^
[INFO] [stderr] 
[INFO] [stderr] warning: `emulator` (lib) generated 4 warnings (run `cargo fix --lib -p emulator` to apply 1 suggestion)
[INFO] [stderr] warning: `emulator` (lib test) generated 4 warnings (4 duplicates)
[INFO] [stderr] warning: unused import: `std::sync::Arc`
[INFO] [stderr]  --> workspaces/emulator/src/main.rs:1:5
[INFO] [stderr]   |
[INFO] [stderr] 1 | use std::sync::Arc;
[INFO] [stderr]   |     ^^^^^^^^^^^^^^
[INFO] [stderr]   |
[INFO] [stderr]   = note: `#[warn(unused_imports)]` on by default
[INFO] [stderr] 
[INFO] [stderr] warning: unused import: `tokio::task::JoinHandle`
[INFO] [stderr]  --> workspaces/emulator/src/main.rs:3:5
[INFO] [stderr]   |
[INFO] [stderr] 3 | use tokio::task::JoinHandle;
[INFO] [stderr]   |     ^^^^^^^^^^^^^^^^^^^^^^^
[INFO] [stderr] 
[INFO] [stderr] warning: `emulator` (bin "emulator" test) generated 2 warnings (run `cargo fix --bin "emulator" --tests` to apply 2 suggestions)
[INFO] [stderr]     Finished test [unoptimized + debuginfo] target(s) in 0.06s
[INFO] [stderr] warning: the following packages contain code that will be rejected by a future version of Rust: traitobject v0.1.0
[INFO] [stderr] note: to see what the problems were, use the option `--future-incompat-report`, or run `cargo report future-incompatibilities --id 1`
[INFO] [stderr]      Running unittests src/lib.rs (/opt/rustwide/target/debug/deps/emulator-e86448b6335573f1)
[INFO] [stdout] 
[INFO] [stdout] running 0 tests
[INFO] [stdout] 
[INFO] [stdout] test result: ok. 0 passed; 0 failed; 0 ignored; 0 measured; 0 filtered out; finished in 0.00s
[INFO] [stdout] 
[INFO] [stderr]      Running unittests src/main.rs (/opt/rustwide/target/debug/deps/emulator-d025340814603f9f)
[INFO] [stdout] 
[INFO] [stdout] running 0 tests
[INFO] [stdout] 
[INFO] [stdout] test result: ok. 0 passed; 0 failed; 0 ignored; 0 measured; 0 filtered out; finished in 0.00s
[INFO] [stdout] 
[INFO] [stderr]      Running unittests src/lib.rs (/opt/rustwide/target/debug/deps/fs_automata-a398ed24872555f3)
[INFO] [stdout] 
[INFO] [stdout] running 5 tests
[INFO] [stdout] test tests::test_add_state ... ok
[INFO] [stdout] test tests::test_add_initial_state_sets_current_state ... ok
[INFO] [stdout] test tests::test_add_multiple_states ... ok
[INFO] [stdout] test tests::test_cannot_add_two_initial_states ... ok
[INFO] [stdout] test tests::test_add_transition ... FAILED
[INFO] [stdout] 
[INFO] [stdout] failures:
[INFO] [stdout] 
[INFO] [stdout] ---- tests::test_add_transition stdout ----
[INFO] [stdout] thread 'tests::test_add_transition' panicked at workspaces/fs-automata/src/lib.rs:163:9:
[INFO] [stdout] assertion `left == right` failed
[INFO] [stdout]   left: "Open"
[INFO] [stdout]  right: "Closed"
[INFO] [stdout] stack backtrace:
[INFO] [stdout]    0:     0x56028ee0a30c - std::backtrace_rs::backtrace::libunwind::trace::ha637c64ce894333a
[INFO] [stdout]                                at /rustc/82e1608dfa6e0b5569232559e3d385fea5a93112/library/std/src/../../backtrace/src/backtrace/libunwind.rs:104:5
[INFO] [stdout]    1:     0x56028ee0a30c - std::backtrace_rs::backtrace::trace_unsynchronized::h47f62dea28e0c88d
[INFO] [stdout]                                at /rustc/82e1608dfa6e0b5569232559e3d385fea5a93112/library/std/src/../../backtrace/src/backtrace/mod.rs:66:5
[INFO] [stdout]    2:     0x56028ee0a30c - std::sys_common::backtrace::_print_fmt::h9eef0abe20ede486
[INFO] [stdout]                                at /rustc/82e1608dfa6e0b5569232559e3d385fea5a93112/library/std/src/sys_common/backtrace.rs:67:5
[INFO] [stdout]    3:     0x56028ee0a30c - <std::sys_common::backtrace::_print::DisplayBacktrace as core::fmt::Display>::fmt::hed7f999df88cc644
[INFO] [stdout]                                at /rustc/82e1608dfa6e0b5569232559e3d385fea5a93112/library/std/src/sys_common/backtrace.rs:44:22
[INFO] [stdout]    4:     0x56028ee33e50 - core::fmt::rt::Argument::fmt::h1539a9308b8d058d
[INFO] [stdout]                                at /rustc/82e1608dfa6e0b5569232559e3d385fea5a93112/library/core/src/fmt/rt.rs:142:9
[INFO] [stdout]    5:     0x56028ee33e50 - core::fmt::write::h3a39390d8560d9c9
[INFO] [stdout]                                at /rustc/82e1608dfa6e0b5569232559e3d385fea5a93112/library/core/src/fmt/mod.rs:1120:17
[INFO] [stdout]    6:     0x56028ee07cbf - std::io::Write::write_fmt::h040b369f3a0f9cbc
[INFO] [stdout]                                at /rustc/82e1608dfa6e0b5569232559e3d385fea5a93112/library/std/src/io/mod.rs:1762:15
[INFO] [stdout]    7:     0x56028ee0a0f4 - std::sys_common::backtrace::_print::h894006fb5c6f3d45
[INFO] [stdout]                                at /rustc/82e1608dfa6e0b5569232559e3d385fea5a93112/library/std/src/sys_common/backtrace.rs:47:5
[INFO] [stdout]    8:     0x56028ee0a0f4 - std::sys_common::backtrace::print::h23a2d212c6fff936
[INFO] [stdout]                                at /rustc/82e1608dfa6e0b5569232559e3d385fea5a93112/library/std/src/sys_common/backtrace.rs:34:9
[INFO] [stdout]    9:     0x56028ee0bdb7 - std::panicking::default_hook::{{closure}}::h8a1d2ee00185001a
[INFO] [stdout]   10:     0x56028ee0baa3 - std::panicking::default_hook::h6038f2eba384e475
[INFO] [stdout]                                at /rustc/82e1608dfa6e0b5569232559e3d385fea5a93112/library/std/src/panicking.rs:289:9
[INFO] [stdout]   11:     0x56028eddc4b7 - <alloc::boxed::Box<F,A> as core::ops::function::Fn<Args>>::call::h0ad024c9bdc6d768
[INFO] [stdout]                                at /rustc/82e1608dfa6e0b5569232559e3d385fea5a93112/library/alloc/src/boxed.rs:2021:9
[INFO] [stdout]   12:     0x56028eddc4b7 - test::test_main::{{closure}}::h7500b54257359db6
[INFO] [stdout]                                at /rustc/82e1608dfa6e0b5569232559e3d385fea5a93112/library/test/src/lib.rs:138:21
[INFO] [stdout]   13:     0x56028ee0c3c8 - <alloc::boxed::Box<F,A> as core::ops::function::Fn<Args>>::call::h1f8f335eaa9cfaee
[INFO] [stdout]                                at /rustc/82e1608dfa6e0b5569232559e3d385fea5a93112/library/alloc/src/boxed.rs:2021:9
[INFO] [stdout]   14:     0x56028ee0c3c8 - std::panicking::rust_panic_with_hook::h2b5517d590cab22e
[INFO] [stdout]                                at /rustc/82e1608dfa6e0b5569232559e3d385fea5a93112/library/std/src/panicking.rs:783:13
[INFO] [stdout]   15:     0x56028ee0c11e - std::panicking::begin_panic_handler::{{closure}}::h233112c06e0ef43e
[INFO] [stdout]                                at /rustc/82e1608dfa6e0b5569232559e3d385fea5a93112/library/std/src/panicking.rs:657:13
[INFO] [stdout]   16:     0x56028ee0a7d6 - std::sys_common::backtrace::__rust_end_short_backtrace::h6e893f24d7ebbff8
[INFO] [stdout]                                at /rustc/82e1608dfa6e0b5569232559e3d385fea5a93112/library/std/src/sys_common/backtrace.rs:170:18
[INFO] [stdout]   17:     0x56028ee0be82 - rust_begin_unwind
[INFO] [stdout]                                at /rustc/82e1608dfa6e0b5569232559e3d385fea5a93112/library/std/src/panicking.rs:645:5
[INFO] [stdout]   18:     0x56028ed8dcf5 - core::panicking::panic_fmt::hbf0e066aabfa482c
[INFO] [stdout]                                at /rustc/82e1608dfa6e0b5569232559e3d385fea5a93112/library/core/src/panicking.rs:72:14
[INFO] [stdout]   19:     0x56028ed8e10b - core::panicking::assert_failed_inner::h0bba8b7c26ee4492
[INFO] [stdout]   20:     0x56028ed9d572 - core::panicking::assert_failed::he586ac6d51bd78a5
[INFO] [stdout]                                at /rustc/82e1608dfa6e0b5569232559e3d385fea5a93112/library/core/src/panicking.rs:279:5
[INFO] [stdout]   21:     0x56028eda8a85 - fs_automata::tests::test_add_transition::hfe91a479f090ce2e
[INFO] [stdout]                                at /opt/rustwide/workdir/workspaces/fs-automata/src/lib.rs:163:9
[INFO] [stdout]   22:     0x56028eda8847 - fs_automata::tests::test_add_transition::{{closure}}::hf8b7785970621d46
[INFO] [stdout]                                at /opt/rustwide/workdir/workspaces/fs-automata/src/lib.rs:154:29
[INFO] [stdout]   23:     0x56028ed9fda6 - core::ops::function::FnOnce::call_once::hd960336add87bd04
[INFO] [stdout]                                at /rustc/82e1608dfa6e0b5569232559e3d385fea5a93112/library/core/src/ops/function.rs:250:5
[INFO] [stdout]   24:     0x56028ede1b0f - core::ops::function::FnOnce::call_once::h2b5d431d5046312d
[INFO] [stdout]                                at /rustc/82e1608dfa6e0b5569232559e3d385fea5a93112/library/core/src/ops/function.rs:250:5
[INFO] [stdout]   25:     0x56028ede1b0f - test::__rust_begin_short_backtrace::h7714669af176e207
[INFO] [stdout]                                at /rustc/82e1608dfa6e0b5569232559e3d385fea5a93112/library/test/src/lib.rs:628:18
[INFO] [stdout]   26:     0x56028ede0b25 - test::run_test_in_process::{{closure}}::h85218797dcbcec12
[INFO] [stdout]                                at /rustc/82e1608dfa6e0b5569232559e3d385fea5a93112/library/test/src/lib.rs:651:60
[INFO] [stdout]   27:     0x56028ede0b25 - <core::panic::unwind_safe::AssertUnwindSafe<F> as core::ops::function::FnOnce<()>>::call_once::h76c106ea31c14d7b
[INFO] [stdout]                                at /rustc/82e1608dfa6e0b5569232559e3d385fea5a93112/library/core/src/panic/unwind_safe.rs:272:9
[INFO] [stdout]   28:     0x56028ede0b25 - std::panicking::try::do_call::h3bd5d0f6620ee946
[INFO] [stdout]                                at /rustc/82e1608dfa6e0b5569232559e3d385fea5a93112/library/std/src/panicking.rs:552:40
[INFO] [stdout]   29:     0x56028ede0b25 - std::panicking::try::h232e535e4744fe31
[INFO] [stdout]                                at /rustc/82e1608dfa6e0b5569232559e3d385fea5a93112/library/std/src/panicking.rs:516:19
[INFO] [stdout]   30:     0x56028ede0b25 - std::panic::catch_unwind::h3ce3bd6ca8dbac68
[INFO] [stdout]                                at /rustc/82e1608dfa6e0b5569232559e3d385fea5a93112/library/std/src/panic.rs:142:14
[INFO] [stdout]   31:     0x56028ede0b25 - test::run_test_in_process::hc97b257c9621286a
[INFO] [stdout]                                at /rustc/82e1608dfa6e0b5569232559e3d385fea5a93112/library/test/src/lib.rs:651:27
[INFO] [stdout]   32:     0x56028ede0b25 - test::run_test::{{closure}}::h2aa798823a438d38
[INFO] [stdout]                                at /rustc/82e1608dfa6e0b5569232559e3d385fea5a93112/library/test/src/lib.rs:574:43
[INFO] [stdout]   33:     0x56028eda8de6 - test::run_test::{{closure}}::h87d231c78fb59832
[INFO] [stdout]                                at /rustc/82e1608dfa6e0b5569232559e3d385fea5a93112/library/test/src/lib.rs:602:41
[INFO] [stdout]   34:     0x56028eda8de6 - std::sys_common::backtrace::__rust_begin_short_backtrace::he6df152596625789
[INFO] [stdout]                                at /rustc/82e1608dfa6e0b5569232559e3d385fea5a93112/library/std/src/sys_common/backtrace.rs:154:18
[INFO] [stdout]   35:     0x56028edade97 - std::thread::Builder::spawn_unchecked_::{{closure}}::{{closure}}::ha94be15d1e0acf36
[INFO] [stdout]                                at /rustc/82e1608dfa6e0b5569232559e3d385fea5a93112/library/std/src/thread/mod.rs:529:17
[INFO] [stdout]   36:     0x56028edade97 - <core::panic::unwind_safe::AssertUnwindSafe<F> as core::ops::function::FnOnce<()>>::call_once::h9dc6bd6372f16606
[INFO] [stdout]                                at /rustc/82e1608dfa6e0b5569232559e3d385fea5a93112/library/core/src/panic/unwind_safe.rs:272:9
[INFO] [stdout]   37:     0x56028edade97 - std::panicking::try::do_call::h9057517f80303cd4
[INFO] [stdout]                                at /rustc/82e1608dfa6e0b5569232559e3d385fea5a93112/library/std/src/panicking.rs:552:40
[INFO] [stdout]   38:     0x56028edade97 - std::panicking::try::he3a30b11ee45340c
[INFO] [stdout]                                at /rustc/82e1608dfa6e0b5569232559e3d385fea5a93112/library/std/src/panicking.rs:516:19
[INFO] [stdout]   39:     0x56028edade97 - std::panic::catch_unwind::h410458cfd3528b8b
[INFO] [stdout]                                at /rustc/82e1608dfa6e0b5569232559e3d385fea5a93112/library/std/src/panic.rs:142:14
[INFO] [stdout]   40:     0x56028edade97 - std::thread::Builder::spawn_unchecked_::{{closure}}::h72ac3bdb567b737b
[INFO] [stdout]                                at /rustc/82e1608dfa6e0b5569232559e3d385fea5a93112/library/std/src/thread/mod.rs:528:30
[INFO] [stdout]   41:     0x56028edade97 - core::ops::function::FnOnce::call_once{{vtable.shim}}::h38f34da3654a8344
[INFO] [stdout]                                at /rustc/82e1608dfa6e0b5569232559e3d385fea5a93112/library/core/src/ops/function.rs:250:5
[INFO] [stdout]   42:     0x56028ee10e55 - <alloc::boxed::Box<F,A> as core::ops::function::FnOnce<Args>>::call_once::hc7eafaff61e32df9
[INFO] [stdout]                                at /rustc/82e1608dfa6e0b5569232559e3d385fea5a93112/library/alloc/src/boxed.rs:2007:9
[INFO] [stdout]   43:     0x56028ee10e55 - <alloc::boxed::Box<F,A> as core::ops::function::FnOnce<Args>>::call_once::h6ba4a5de48dd2304
[INFO] [stdout]                                at /rustc/82e1608dfa6e0b5569232559e3d385fea5a93112/library/alloc/src/boxed.rs:2007:9
[INFO] [stdout]   44:     0x56028ee10e55 - std::sys::unix::thread::Thread::new::thread_start::he469335aef763e45
[INFO] [stdout]                                at /rustc/82e1608dfa6e0b5569232559e3d385fea5a93112/library/std/src/sys/unix/thread.rs:108:17
[INFO] [stdout]   45:     0x7fe261526ac3 - <unknown>
[INFO] [stdout]   46:     0x7fe2615b7bf4 - __clone
[INFO] [stdout]   47:                0x0 - <unknown>
[INFO] [stdout] 
[INFO] [stdout] 
[INFO] [stdout] failures:
[INFO] [stdout]     tests::test_add_transition
[INFO] [stdout] 
[INFO] [stdout] test result: FAILED. 4 passed; 1 failed; 0 ignored; 0 measured; 0 filtered out; finished in 0.01s
[INFO] [stdout] 
[INFO] [stderr] error: test failed, to rerun pass `-p fs-automata --lib`
[INFO] running `Command { std: "docker" "inspect" "8a695243a879cae0e6f54089f0adb9b2182c0fdb6e2c9c554a061d9d156bc1a1", kill_on_drop: false }`
[INFO] running `Command { std: "docker" "rm" "-f" "8a695243a879cae0e6f54089f0adb9b2182c0fdb6e2c9c554a061d9d156bc1a1", kill_on_drop: false }`
[INFO] [stdout] 8a695243a879cae0e6f54089f0adb9b2182c0fdb6e2c9c554a061d9d156bc1a1
[INFO] testing jonathanrainer/tokio-nes against beta-2023-12-22 for beta-1.76-1
[INFO] running `Command { std: "git" "clone" "/workspace/cache/git-repos/https%3A%2F%2Fgithub.com%2Fjonathanrainer%2Ftokio-nes" "/workspace/builds/worker-1-tc2/source", kill_on_drop: false }`
[INFO] [stderr] Cloning into '/workspace/builds/worker-1-tc2/source'...
[INFO] [stderr] done.
[INFO] validating manifest of git repo https://github.com/jonathanrainer/tokio-nes on toolchain beta-2023-12-22
[INFO] running `Command { std: CARGO_HOME="/workspace/cargo-home" RUSTUP_HOME="/workspace/rustup-home" "/workspace/cargo-home/bin/cargo" "+beta-2023-12-22" "metadata" "--manifest-path" "Cargo.toml" "--no-deps", kill_on_drop: false }`
[INFO] started tweaking git repo https://github.com/jonathanrainer/tokio-nes
[INFO] finished tweaking git repo https://github.com/jonathanrainer/tokio-nes
[INFO] tweaked toml for git repo https://github.com/jonathanrainer/tokio-nes written to /workspace/builds/worker-1-tc2/source/Cargo.toml
[INFO] crate git repo https://github.com/jonathanrainer/tokio-nes already has a lockfile, it will not be regenerated
[INFO] running `Command { std: CARGO_HOME="/workspace/cargo-home" RUSTUP_HOME="/workspace/rustup-home" "/workspace/cargo-home/bin/cargo" "+beta-2023-12-22" "fetch" "--manifest-path" "Cargo.toml", kill_on_drop: false }`
[INFO] [stderr] warning: virtual workspace defaulting to `resolver = "1"` despite one or more workspace members being on edition 2021 which implies `resolver = "2"`
[INFO] [stderr] note: to keep the current resolver, specify `workspace.resolver = "1"` in the workspace root's manifest
[INFO] [stderr] note: to use the edition 2021 resolver, specify `workspace.resolver = "2"` in the workspace root's manifest
[INFO] [stderr] note: for more details see https://doc.rust-lang.org/cargo/reference/resolver.html#resolver-versions
[INFO] running `Command { std: "docker" "create" "-v" "/var/lib/crater-agent-workspace/builds/worker-1-tc2/target:/opt/rustwide/target:rw,Z" "-v" "/var/lib/crater-agent-workspace/builds/worker-1-tc2/source:/opt/rustwide/workdir:ro,Z" "-v" "/var/lib/crater-agent-workspace/cargo-home:/opt/rustwide/cargo-home:ro,Z" "-v" "/var/lib/crater-agent-workspace/rustup-home:/opt/rustwide/rustup-home:ro,Z" "-e" "SOURCE_DIR=/opt/rustwide/workdir" "-e" "CARGO_TARGET_DIR=/opt/rustwide/target" "-e" "CARGO_HOME=/opt/rustwide/cargo-home" "-e" "RUSTUP_HOME=/opt/rustwide/rustup-home" "-w" "/opt/rustwide/workdir" "-m" "1610612736" "--user" "0:0" "--network" "none" "ghcr.io/rust-lang/crates-build-env/linux@sha256:2788e3201cd34a07e3172128adcd8b3090168a8e3bcc40d7c032b9dda1df7d1c" "/opt/rustwide/cargo-home/bin/cargo" "+beta-2023-12-22" "metadata" "--no-deps" "--format-version=1", kill_on_drop: false }`
[INFO] [stdout] df976f90c38b1efca11343f7e3b4b998c94e011f65d6a03f561e4ae65eff6ebd
[INFO] running `Command { std: "docker" "start" "-a" "df976f90c38b1efca11343f7e3b4b998c94e011f65d6a03f561e4ae65eff6ebd", kill_on_drop: false }`
[INFO] running `Command { std: "docker" "inspect" "df976f90c38b1efca11343f7e3b4b998c94e011f65d6a03f561e4ae65eff6ebd", kill_on_drop: false }`
[INFO] running `Command { std: "docker" "rm" "-f" "df976f90c38b1efca11343f7e3b4b998c94e011f65d6a03f561e4ae65eff6ebd", kill_on_drop: false }`
[INFO] [stdout] df976f90c38b1efca11343f7e3b4b998c94e011f65d6a03f561e4ae65eff6ebd
[INFO] running `Command { std: "docker" "create" "-v" "/var/lib/crater-agent-workspace/builds/worker-1-tc2/target:/opt/rustwide/target:rw,Z" "-v" "/var/lib/crater-agent-workspace/builds/worker-1-tc2/source:/opt/rustwide/workdir:ro,Z" "-v" "/var/lib/crater-agent-workspace/cargo-home:/opt/rustwide/cargo-home:ro,Z" "-v" "/var/lib/crater-agent-workspace/rustup-home:/opt/rustwide/rustup-home:ro,Z" "-e" "SOURCE_DIR=/opt/rustwide/workdir" "-e" "CARGO_TARGET_DIR=/opt/rustwide/target" "-e" "CARGO_INCREMENTAL=0" "-e" "RUST_BACKTRACE=full" "-e" "RUSTFLAGS=--cap-lints=warn" "-e" "RUSTDOCFLAGS=--cap-lints=warn" "-e" "CARGO_HOME=/opt/rustwide/cargo-home" "-e" "RUSTUP_HOME=/opt/rustwide/rustup-home" "-w" "/opt/rustwide/workdir" "-m" "1610612736" "--user" "0:0" "--network" "none" "ghcr.io/rust-lang/crates-build-env/linux@sha256:2788e3201cd34a07e3172128adcd8b3090168a8e3bcc40d7c032b9dda1df7d1c" "/opt/rustwide/cargo-home/bin/cargo" "+beta-2023-12-22" "build" "--frozen" "--message-format=json", kill_on_drop: false }`
[INFO] [stdout] a83248147be08a09a746c4f67c6830a3a27b006d9120ecc46d9068fdc33f9ee2
[INFO] running `Command { std: "docker" "start" "-a" "a83248147be08a09a746c4f67c6830a3a27b006d9120ecc46d9068fdc33f9ee2", kill_on_drop: false }`
[INFO] [stderr] warning: virtual workspace defaulting to `resolver = "1"` despite one or more workspace members being on edition 2021 which implies `resolver = "2"`
[INFO] [stderr] note: to keep the current resolver, specify `workspace.resolver = "1"` in the workspace root's manifest
[INFO] [stderr] note: to use the edition 2021 resolver, specify `workspace.resolver = "2"` in the workspace root's manifest
[INFO] [stderr] note: for more details see https://doc.rust-lang.org/cargo/reference/resolver.html#resolver-versions
[INFO] [stderr]    Compiling proc-macro2 v1.0.43
[INFO] [stderr]    Compiling quote v1.0.21
[INFO] [stderr]    Compiling unicode-ident v1.0.3
[INFO] [stderr]    Compiling syn v1.0.99
[INFO] [stderr]    Compiling libc v0.2.126
[INFO] [stderr]    Compiling serde_derive v1.0.143
[INFO] [stderr]    Compiling serde v1.0.143
[INFO] [stderr]    Compiling lock_api v0.4.7
[INFO] [stderr]    Compiling num-traits v0.2.15
[INFO] [stderr]    Compiling indexmap v1.9.1
[INFO] [stderr]    Compiling semver v1.0.13
[INFO] [stderr]    Compiling scopeguard v1.1.0
[INFO] [stderr]    Compiling memchr v2.5.0
[INFO] [stderr]    Compiling hashbrown v0.12.3
[INFO] [stderr]    Compiling futures-core v0.3.23
[INFO] [stderr]    Compiling slab v0.4.7
[INFO] [stderr]    Compiling log v0.4.17
[INFO] [stderr]    Compiling futures-task v0.3.23
[INFO] [stderr]    Compiling parking_lot_core v0.9.3
[INFO] [stderr]    Compiling serde_json v1.0.83
[INFO] [stderr]    Compiling ryu v1.0.11
[INFO] [stderr]    Compiling futures-channel v0.3.23
[INFO] [stderr]    Compiling num-integer v0.1.45
[INFO] [stderr]    Compiling futures-sink v0.3.23
[INFO] [stderr]    Compiling smallvec v1.9.0
[INFO] [stderr]    Compiling pin-project-lite v0.2.9
[INFO] [stderr]    Compiling futures-util v0.3.23
[INFO] [stderr]    Compiling itoa v1.0.3
[INFO] [stderr]    Compiling pin-utils v0.1.0
[INFO] [stderr]    Compiling traitobject v0.1.0
[INFO] [stderr]    Compiling anyhow v1.0.62
[INFO] [stderr]    Compiling rustc_version v0.4.0
[INFO] [stderr]    Compiling linked-hash-map v0.5.6
[INFO] [stderr]    Compiling byteorder v1.4.3
[INFO] [stderr]    Compiling slog v2.7.0
[INFO] [stderr]    Compiling fixedbitset v0.2.0
[INFO] [stderr]    Compiling futures-io v0.3.23
[INFO] [stderr]    Compiling arraydeque v0.4.5
[INFO] [stderr]    Compiling unsafe-any v0.4.2
[INFO] [stderr]    Compiling spin v0.9.4
[INFO] [stderr]    Compiling tokio v1.20.1
[INFO] [stderr]    Compiling yaml-rust v0.4.5
[INFO] [stderr]    Compiling hash32 v0.2.1
[INFO] [stderr]    Compiling stable_deref_trait v1.2.0
[INFO] [stderr]    Compiling async-trait v0.1.57
[INFO] [stderr]    Compiling iana-time-zone v0.1.46
[INFO] [stderr]    Compiling heapless v0.7.16
[INFO] [stderr]    Compiling convert_case v0.4.0
[INFO] [stderr]    Compiling typemap v0.3.3
[INFO] [stderr]    Compiling petgraph v0.5.1
[INFO] [stderr]    Compiling time v0.1.44
[INFO] [stderr]    Compiling socket2 v0.4.4
[INFO] [stderr]    Compiling thread-id v4.0.0
[INFO] [stderr]    Compiling num_cpus v1.13.1
[INFO] [stderr]    Compiling parking_lot v0.12.1
[INFO] [stderr]    Compiling signal-hook-registry v1.4.0
[INFO] [stderr]    Compiling humantime v2.1.0
[INFO] [stderr]    Compiling log-mdc v0.1.0
[INFO] [stderr]    Compiling arc-swap v1.5.1
[INFO] [stderr]    Compiling fnv v1.0.7
[INFO] [stderr]    Compiling bytes v1.2.1
[INFO] [stderr]    Compiling once_cell v1.13.0
[INFO] [stderr]    Compiling ordered-float v2.10.0
[INFO] [stderr]    Compiling fs-automata v0.1.0 (/opt/rustwide/workdir/workspaces/fs-automata)
[INFO] [stdout] warning: unused variable: `trigger`
[INFO] [stdout]   --> workspaces/fs-automata/src/lib.rs:66:30
[INFO] [stdout]    |
[INFO] [stdout] 66 |     fn transition(&mut self, trigger: &str) {
[INFO] [stdout]    |                              ^^^^^^^ help: if this is intentional, prefix it with an underscore: `_trigger`
[INFO] [stdout]    |
[INFO] [stdout]    = note: `#[warn(unused_variables)]` on by default
[INFO] [stdout] 
[INFO] [stdout] 
[INFO] [stdout] warning: type alias `Result` is never used
[INFO] [stdout]  --> workspaces/fs-automata/src/lib.rs:3:6
[INFO] [stdout]   |
[INFO] [stdout] 3 | type Result<T> = std::result::Result<T, AutomataError>;
[INFO] [stdout]   |      ^^^^^^
[INFO] [stdout]   |
[INFO] [stdout]   = note: `#[warn(dead_code)]` on by default
[INFO] [stdout] 
[INFO] [stdout] 
[INFO] [stdout] warning: struct `Automata` is never constructed
[INFO] [stdout]  --> workspaces/fs-automata/src/lib.rs:8:8
[INFO] [stdout]   |
[INFO] [stdout] 8 | struct Automata {
[INFO] [stdout]   |        ^^^^^^^^
[INFO] [stdout] 
[INFO] [stdout] 
[INFO] [stdout] warning: associated items `new`, `add_state`, `add_transition`, `transition`, `get_states`, and `get_current_state` are never used
[INFO] [stdout]   --> workspaces/fs-automata/src/lib.rs:16:8
[INFO] [stdout]    |
[INFO] [stdout] 15 | impl Automata {
[INFO] [stdout]    | ------------- associated items in this implementation
[INFO] [stdout] 16 |     fn new() -> Automata {
[INFO] [stdout]    |        ^^^
[INFO] [stdout] ...
[INFO] [stdout] 25 |     fn add_state(&mut self, initial: bool, state_name: &str, transitions: HashMap<State, Vec<Transition>>) -> Result<()> {
[INFO] [stdout]    |        ^^^^^^^^^
[INFO] [stdout] ...
[INFO] [stdout] 41 |     fn add_transition(&mut self, start_state: &str, end_state: &str, trigger: &str) -> Result<()>{
[INFO] [stdout]    |        ^^^^^^^^^^^^^^
[INFO] [stdout] ...
[INFO] [stdout] 66 |     fn transition(&mut self, trigger: &str) {
[INFO] [stdout]    |        ^^^^^^^^^^
[INFO] [stdout] ...
[INFO] [stdout] 70 |     fn get_states(&self) -> Vec<&State> {
[INFO] [stdout]    |        ^^^^^^^^^^
[INFO] [stdout] ...
[INFO] [stdout] 74 |     fn get_current_state(&self) -> Option<String> {
[INFO] [stdout]    |        ^^^^^^^^^^^^^^^^^
[INFO] [stdout] 
[INFO] [stdout] 
[INFO] [stdout] warning: associated function `new` is never used
[INFO] [stdout]   --> workspaces/fs-automata/src/lib.rs:88:8
[INFO] [stdout]    |
[INFO] [stdout] 87 | impl State {
[INFO] [stdout]    | ---------- associated function in this implementation
[INFO] [stdout] 88 |     fn new(name: &str) -> State {
[INFO] [stdout]    |        ^^^
[INFO] [stdout] 
[INFO] [stdout] 
[INFO] [stdout] warning: fields `trigger`, `start_state`, and `end_state` are never read
[INFO] [stdout]    --> workspaces/fs-automata/src/lib.rs:103:5
[INFO] [stdout]     |
[INFO] [stdout] 102 | struct Transition {
[INFO] [stdout]     |        ---------- fields in this struct
[INFO] [stdout] 103 |     trigger: String,
[INFO] [stdout]     |     ^^^^^^^
[INFO] [stdout] 104 |     start_state: State,
[INFO] [stdout]     |     ^^^^^^^^^^^
[INFO] [stdout] 105 |     end_state: State,
[INFO] [stdout]     |     ^^^^^^^^^
[INFO] [stdout]     |
[INFO] [stdout]     = note: `Transition` has a derived impl for the trait `Clone`, but this is intentionally ignored during dead code analysis
[INFO] [stdout] 
[INFO] [stdout] 
[INFO] [stdout] warning: 6 warnings emitted
[INFO] [stdout] 
[INFO] [stdout] 
[INFO] [stderr]    Compiling chrono v0.4.22
[INFO] [stderr]    Compiling futures-macro v0.3.23
[INFO] [stderr]    Compiling thiserror-impl v1.0.32
[INFO] [stderr]    Compiling derivative v2.2.0
[INFO] [stderr]    Compiling tokio-macros v1.8.0
[INFO] [stderr]    Compiling derive_more v0.99.17
[INFO] [stderr]    Compiling thiserror v1.0.32
[INFO] [stderr]    Compiling futures-executor v0.3.23
[INFO] [stderr]    Compiling futures v0.3.23
[INFO] [stderr]    Compiling serde_yaml v0.8.26
[INFO] [stderr]    Compiling serde-value v0.7.0
[INFO] [stderr]    Compiling mio v0.8.4
[INFO] [stderr]    Compiling log4rs v1.1.1
[INFO] [stderr]    Compiling finny_derive v0.2.0
[INFO] [stderr]    Compiling finny v0.2.0
[INFO] [stderr]    Compiling emulator v0.1.0 (/opt/rustwide/workdir/workspaces/emulator)
[INFO] [stdout] warning: unused import: `std::sync::Arc`
[INFO] [stdout]  --> workspaces/emulator/src/console/clock.rs:1:5
[INFO] [stdout]   |
[INFO] [stdout] 1 | use std::sync::Arc;
[INFO] [stdout]   |     ^^^^^^^^^^^^^^
[INFO] [stdout]   |
[INFO] [stdout]   = note: `#[warn(unused_imports)]` on by default
[INFO] [stdout] 
[INFO] [stdout] 
[INFO] [stdout] warning: field `event_bus_sender` is never read
[INFO] [stdout]  --> workspaces/emulator/src/console/cpu.rs:7:5
[INFO] [stdout]   |
[INFO] [stdout] 6 | pub struct Cpu {
[INFO] [stdout]   |            --- field in this struct
[INFO] [stdout] 7 |     event_bus_sender: Sender<Event>,
[INFO] [stdout]   |     ^^^^^^^^^^^^^^^^
[INFO] [stdout]   |
[INFO] [stdout]   = note: `#[warn(dead_code)]` on by default
[INFO] [stdout] 
[INFO] [stdout] 
[INFO] [stdout] warning: field `period` is never read
[INFO] [stdout]   --> workspaces/emulator/src/console/clock.rs:10:5
[INFO] [stdout]    |
[INFO] [stdout] 9  | pub struct Clock {
[INFO] [stdout]    |            ----- field in this struct
[INFO] [stdout] 10 |     period: Duration,
[INFO] [stdout]    |     ^^^^^^
[INFO] [stdout] 
[INFO] [stdout] 
[INFO] [stdout] warning: field `event_bus_sender` is never read
[INFO] [stdout]  --> workspaces/emulator/src/console/memory.rs:7:5
[INFO] [stdout]   |
[INFO] [stdout] 6 | pub struct Memory {
[INFO] [stdout]   |            ------ field in this struct
[INFO] [stdout] 7 |     event_bus_sender: Sender<Event>,
[INFO] [stdout]   |     ^^^^^^^^^^^^^^^^
[INFO] [stdout] 
[INFO] [stdout] 
[INFO] [stdout] warning: 4 warnings emitted
[INFO] [stdout] 
[INFO] [stdout] 
[INFO] [stdout] warning: unused import: `std::sync::Arc`
[INFO] [stdout]  --> workspaces/emulator/src/main.rs:1:5
[INFO] [stdout]   |
[INFO] [stdout] 1 | use std::sync::Arc;
[INFO] [stdout]   |     ^^^^^^^^^^^^^^
[INFO] [stdout]   |
[INFO] [stdout]   = note: `#[warn(unused_imports)]` on by default
[INFO] [stdout] 
[INFO] [stdout] 
[INFO] [stdout] warning: unused import: `tokio::task::JoinHandle`
[INFO] [stdout]  --> workspaces/emulator/src/main.rs:3:5
[INFO] [stdout]   |
[INFO] [stdout] 3 | use tokio::task::JoinHandle;
[INFO] [stdout]   |     ^^^^^^^^^^^^^^^^^^^^^^^
[INFO] [stdout] 
[INFO] [stdout] 
[INFO] [stdout] warning: 2 warnings emitted
[INFO] [stdout] 
[INFO] [stdout] 
[INFO] [stderr]     Finished dev [unoptimized + debuginfo] target(s) in 13.03s
[INFO] [stderr] warning: the following packages contain code that will be rejected by a future version of Rust: traitobject v0.1.0
[INFO] [stderr] note: to see what the problems were, use the option `--future-incompat-report`, or run `cargo report future-incompatibilities --id 1`
[INFO] running `Command { std: "docker" "inspect" "a83248147be08a09a746c4f67c6830a3a27b006d9120ecc46d9068fdc33f9ee2", kill_on_drop: false }`
[INFO] running `Command { std: "docker" "rm" "-f" "a83248147be08a09a746c4f67c6830a3a27b006d9120ecc46d9068fdc33f9ee2", kill_on_drop: false }`
[INFO] [stdout] a83248147be08a09a746c4f67c6830a3a27b006d9120ecc46d9068fdc33f9ee2
[INFO] running `Command { std: "docker" "create" "-v" "/var/lib/crater-agent-workspace/builds/worker-1-tc2/target:/opt/rustwide/target:rw,Z" "-v" "/var/lib/crater-agent-workspace/builds/worker-1-tc2/source:/opt/rustwide/workdir:ro,Z" "-v" "/var/lib/crater-agent-workspace/cargo-home:/opt/rustwide/cargo-home:ro,Z" "-v" "/var/lib/crater-agent-workspace/rustup-home:/opt/rustwide/rustup-home:ro,Z" "-e" "SOURCE_DIR=/opt/rustwide/workdir" "-e" "CARGO_TARGET_DIR=/opt/rustwide/target" "-e" "CARGO_INCREMENTAL=0" "-e" "RUST_BACKTRACE=full" "-e" "RUSTFLAGS=--cap-lints=warn" "-e" "RUSTDOCFLAGS=--cap-lints=warn" "-e" "CARGO_HOME=/opt/rustwide/cargo-home" "-e" "RUSTUP_HOME=/opt/rustwide/rustup-home" "-w" "/opt/rustwide/workdir" "-m" "1610612736" "--user" "0:0" "--network" "none" "ghcr.io/rust-lang/crates-build-env/linux@sha256:2788e3201cd34a07e3172128adcd8b3090168a8e3bcc40d7c032b9dda1df7d1c" "/opt/rustwide/cargo-home/bin/cargo" "+beta-2023-12-22" "test" "--frozen" "--no-run" "--message-format=json", kill_on_drop: false }`
[INFO] [stdout] 05eb4aadf1ebaf34639e1a097834fc350e2fc3cf736336370156737790fca4fb
[INFO] running `Command { std: "docker" "start" "-a" "05eb4aadf1ebaf34639e1a097834fc350e2fc3cf736336370156737790fca4fb", kill_on_drop: false }`
[INFO] [stderr] warning: virtual workspace defaulting to `resolver = "1"` despite one or more workspace members being on edition 2021 which implies `resolver = "2"`
[INFO] [stderr] note: to keep the current resolver, specify `workspace.resolver = "1"` in the workspace root's manifest
[INFO] [stderr] note: to use the edition 2021 resolver, specify `workspace.resolver = "2"` in the workspace root's manifest
[INFO] [stderr] note: for more details see https://doc.rust-lang.org/cargo/reference/resolver.html#resolver-versions
[INFO] [stdout] warning: unused variable: `trigger`
[INFO] [stdout]   --> workspaces/fs-automata/src/lib.rs:66:30
[INFO] [stdout]    |
[INFO] [stdout] 66 |     fn transition(&mut self, trigger: &str) {
[INFO] [stdout]    |                              ^^^^^^^ help: if this is intentional, prefix it with an underscore: `_trigger`
[INFO] [stdout]    |
[INFO] [stdout]    = note: `#[warn(unused_variables)]` on by default
[INFO] [stdout] 
[INFO] [stdout] 
[INFO] [stdout] warning: type alias `Result` is never used
[INFO] [stdout]  --> workspaces/fs-automata/src/lib.rs:3:6
[INFO] [stdout]   |
[INFO] [stdout] 3 | type Result<T> = std::result::Result<T, AutomataError>;
[INFO] [stdout]   |      ^^^^^^
[INFO] [stdout]   |
[INFO] [stdout]   = note: `#[warn(dead_code)]` on by default
[INFO] [stdout] 
[INFO] [stdout] 
[INFO] [stdout] warning: struct `Automata` is never constructed
[INFO] [stdout]  --> workspaces/fs-automata/src/lib.rs:8:8
[INFO] [stdout]   |
[INFO] [stdout] 8 | struct Automata {
[INFO] [stdout]   |        ^^^^^^^^
[INFO] [stdout] 
[INFO] [stdout] 
[INFO] [stdout] warning: associated items `new`, `add_state`, `add_transition`, `transition`, `get_states`, and `get_current_state` are never used
[INFO] [stdout]   --> workspaces/fs-automata/src/lib.rs:16:8
[INFO] [stdout]    |
[INFO] [stdout] 15 | impl Automata {
[INFO] [stdout]    | ------------- associated items in this implementation
[INFO] [stdout] 16 |     fn new() -> Automata {
[INFO] [stdout]    |        ^^^
[INFO] [stdout] ...
[INFO] [stdout] 25 |     fn add_state(&mut self, initial: bool, state_name: &str, transitions: HashMap<State, Vec<Transition>>) -> Result<()> {
[INFO] [stdout]    |        ^^^^^^^^^
[INFO] [stdout] ...
[INFO] [stdout] 41 |     fn add_transition(&mut self, start_state: &str, end_state: &str, trigger: &str) -> Result<()>{
[INFO] [stdout]    |        ^^^^^^^^^^^^^^
[INFO] [stdout] ...
[INFO] [stdout] 66 |     fn transition(&mut self, trigger: &str) {
[INFO] [stdout]    |        ^^^^^^^^^^
[INFO] [stdout] ...
[INFO] [stdout] 70 |     fn get_states(&self) -> Vec<&State> {
[INFO] [stdout]    |        ^^^^^^^^^^
[INFO] [stdout] ...
[INFO] [stdout] 74 |     fn get_current_state(&self) -> Option<String> {
[INFO] [stdout]    |        ^^^^^^^^^^^^^^^^^
[INFO] [stdout] 
[INFO] [stdout] 
[INFO] [stdout] warning: associated function `new` is never used
[INFO] [stdout]   --> workspaces/fs-automata/src/lib.rs:88:8
[INFO] [stdout]    |
[INFO] [stdout] 87 | impl State {
[INFO] [stdout]    | ---------- associated function in this implementation
[INFO] [stdout] 88 |     fn new(name: &str) -> State {
[INFO] [stdout]    |        ^^^
[INFO] [stdout] 
[INFO] [stdout] 
[INFO] [stderr]    Compiling fs-automata v0.1.0 (/opt/rustwide/workdir/workspaces/fs-automata)
[INFO] [stdout] warning: fields `trigger`, `start_state`, and `end_state` are never read
[INFO] [stdout]    --> workspaces/fs-automata/src/lib.rs:103:5
[INFO] [stdout]     |
[INFO] [stdout] 102 | struct Transition {
[INFO] [stdout]     |        ---------- fields in this struct
[INFO] [stdout] 103 |     trigger: String,
[INFO] [stdout]     |     ^^^^^^^
[INFO] [stdout] 104 |     start_state: State,
[INFO] [stdout]     |     ^^^^^^^^^^^
[INFO] [stdout] 105 |     end_state: State,
[INFO] [stdout]     |     ^^^^^^^^^
[INFO] [stdout]     |
[INFO] [stdout]     = note: `Transition` has a derived impl for the trait `Clone`, but this is intentionally ignored during dead code analysis
[INFO] [stdout] 
[INFO] [stdout] 
[INFO] [stdout] warning: 6 warnings emitted
[INFO] [stdout] 
[INFO] [stdout] 
[INFO] [stdout] warning: unused import: `std::sync::Arc`
[INFO] [stdout]  --> workspaces/emulator/src/console/clock.rs:1:5
[INFO] [stdout]   |
[INFO] [stdout] 1 | use std::sync::Arc;
[INFO] [stdout]   |     ^^^^^^^^^^^^^^
[INFO] [stdout]   |
[INFO] [stdout]   = note: `#[warn(unused_imports)]` on by default
[INFO] [stdout] 
[INFO] [stdout] 
[INFO] [stdout] warning: field `event_bus_sender` is never read
[INFO] [stdout]  --> workspaces/emulator/src/console/cpu.rs:7:5
[INFO] [stdout]   |
[INFO] [stdout] 6 | pub struct Cpu {
[INFO] [stdout]   |            --- field in this struct
[INFO] [stdout] 7 |     event_bus_sender: Sender<Event>,
[INFO] [stdout]   |     ^^^^^^^^^^^^^^^^
[INFO] [stdout]   |
[INFO] [stdout]   = note: `#[warn(dead_code)]` on by default
[INFO] [stdout] 
[INFO] [stdout] 
[INFO] [stdout] warning: field `period` is never read
[INFO] [stdout]   --> workspaces/emulator/src/console/clock.rs:10:5
[INFO] [stdout]    |
[INFO] [stdout] 9  | pub struct Clock {
[INFO] [stdout]    |            ----- field in this struct
[INFO] [stdout] 10 |     period: Duration,
[INFO] [stdout]    |     ^^^^^^
[INFO] [stdout] 
[INFO] [stdout] 
[INFO] [stdout] warning: field `event_bus_sender` is never read
[INFO] [stdout]  --> workspaces/emulator/src/console/memory.rs:7:5
[INFO] [stdout]   |
[INFO] [stdout] 6 | pub struct Memory {
[INFO] [stdout]   |            ------ field in this struct
[INFO] [stdout] 7 |     event_bus_sender: Sender<Event>,
[INFO] [stdout]   |     ^^^^^^^^^^^^^^^^
[INFO] [stdout] 
[INFO] [stdout] 
[INFO] [stderr]    Compiling emulator v0.1.0 (/opt/rustwide/workdir/workspaces/emulator)
[INFO] [stdout] warning: 4 warnings emitted
[INFO] [stdout] 
[INFO] [stdout] 
[INFO] [stdout] warning: unused import: `std::sync::Arc`
[INFO] [stdout]  --> workspaces/emulator/src/console/clock.rs:1:5
[INFO] [stdout]   |
[INFO] [stdout] 1 | use std::sync::Arc;
[INFO] [stdout]   |     ^^^^^^^^^^^^^^
[INFO] [stdout]   |
[INFO] [stdout]   = note: `#[warn(unused_imports)]` on by default
[INFO] [stdout] 
[INFO] [stdout] 
[INFO] [stdout] warning: unused import: `std::sync::Arc`
[INFO] [stdout]  --> workspaces/emulator/src/main.rs:1:5
[INFO] [stdout]   |
[INFO] [stdout] 1 | use std::sync::Arc;
[INFO] [stdout]   |     ^^^^^^^^^^^^^^
[INFO] [stdout]   |
[INFO] [stdout]   = note: `#[warn(unused_imports)]` on by default
[INFO] [stdout] 
[INFO] [stdout] 
[INFO] [stdout] warning: unused import: `tokio::task::JoinHandle`
[INFO] [stdout]  --> workspaces/emulator/src/main.rs:3:5
[INFO] [stdout]   |
[INFO] [stdout] 3 | use tokio::task::JoinHandle;
[INFO] [stdout]   |     ^^^^^^^^^^^^^^^^^^^^^^^
[INFO] [stdout] 
[INFO] [stdout] 
[INFO] [stdout] warning: unused variable: `trigger`
[INFO] [stdout]   --> workspaces/fs-automata/src/lib.rs:66:30
[INFO] [stdout]    |
[INFO] [stdout] 66 |     fn transition(&mut self, trigger: &str) {
[INFO] [stdout]    |                              ^^^^^^^ help: if this is intentional, prefix it with an underscore: `_trigger`
[INFO] [stdout]    |
[INFO] [stdout]    = note: `#[warn(unused_variables)]` on by default
[INFO] [stdout] 
[INFO] [stdout] 
[INFO] [stdout] warning: field `event_bus_sender` is never read
[INFO] [stdout]  --> workspaces/emulator/src/console/cpu.rs:7:5
[INFO] [stdout]   |
[INFO] [stdout] 6 | pub struct Cpu {
[INFO] [stdout]   |            --- field in this struct
[INFO] [stdout] 7 |     event_bus_sender: Sender<Event>,
[INFO] [stdout]   |     ^^^^^^^^^^^^^^^^
[INFO] [stdout]   |
[INFO] [stdout]   = note: `#[warn(dead_code)]` on by default
[INFO] [stdout] 
[INFO] [stdout] 
[INFO] [stdout] warning: field `period` is never read
[INFO] [stdout]   --> workspaces/emulator/src/console/clock.rs:10:5
[INFO] [stdout]    |
[INFO] [stdout] 9  | pub struct Clock {
[INFO] [stdout]    |            ----- field in this struct
[INFO] [stdout] 10 |     period: Duration,
[INFO] [stdout]    |     ^^^^^^
[INFO] [stdout] 
[INFO] [stdout] 
[INFO] [stdout] warning: field `event_bus_sender` is never read
[INFO] [stdout]  --> workspaces/emulator/src/console/memory.rs:7:5
[INFO] [stdout]   |
[INFO] [stdout] 6 | pub struct Memory {
[INFO] [stdout]   |            ------ field in this struct
[INFO] [stdout] 7 |     event_bus_sender: Sender<Event>,
[INFO] [stdout]   |     ^^^^^^^^^^^^^^^^
[INFO] [stdout] 
[INFO] [stdout] 
[INFO] [stdout] warning: fields `trigger`, `start_state`, and `end_state` are never read
[INFO] [stdout]    --> workspaces/fs-automata/src/lib.rs:103:5
[INFO] [stdout]     |
[INFO] [stdout] 102 | struct Transition {
[INFO] [stdout]     |        ---------- fields in this struct
[INFO] [stdout] 103 |     trigger: String,
[INFO] [stdout]     |     ^^^^^^^
[INFO] [stdout] 104 |     start_state: State,
[INFO] [stdout]     |     ^^^^^^^^^^^
[INFO] [stdout] 105 |     end_state: State,
[INFO] [stdout]     |     ^^^^^^^^^
[INFO] [stdout]     |
[INFO] [stdout]     = note: `Transition` has a derived impl for the trait `Clone`, but this is intentionally ignored during dead code analysis
[INFO] [stdout]     = note: `#[warn(dead_code)]` on by default
[INFO] [stdout] 
[INFO] [stdout] 
[INFO] [stdout] warning: unused `std::result::Result` that must be used
[INFO] [stdout]    --> workspaces/fs-automata/src/lib.rs:159:9
[INFO] [stdout]     |
[INFO] [stdout] 159 |         automata.add_transition("Open", "Closed", "Close Door");
[INFO] [stdout]     |         ^^^^^^^^^^^^^^^^^^^^^^^^^^^^^^^^^^^^^^^^^^^^^^^^^^^^^^^
[INFO] [stdout]     |
[INFO] [stdout]     = note: this `Result` may be an `Err` variant, which should be handled
[INFO] [stdout]     = note: `#[warn(unused_must_use)]` on by default
[INFO] [stdout] help: use `let _ = ...` to ignore the resulting value
[INFO] [stdout]     |
[INFO] [stdout] 159 |         let _ = automata.add_transition("Open", "Closed", "Close Door");
[INFO] [stdout]     |         +++++++
[INFO] [stdout] 
[INFO] [stdout] 
[INFO] [stdout] warning: 2 warnings emitted
[INFO] [stdout] 
[INFO] [stdout] 
[INFO] [stdout] warning: 4 warnings emitted
[INFO] [stdout] 
[INFO] [stdout] 
[INFO] [stdout] warning: 3 warnings emitted
[INFO] [stdout] 
[INFO] [stdout] 
[INFO] [stderr]     Finished test [unoptimized + debuginfo] target(s) in 0.44s
[INFO] [stderr] warning: the following packages contain code that will be rejected by a future version of Rust: traitobject v0.1.0
[INFO] [stderr] note: to see what the problems were, use the option `--future-incompat-report`, or run `cargo report future-incompatibilities --id 1`
[INFO] running `Command { std: "docker" "inspect" "05eb4aadf1ebaf34639e1a097834fc350e2fc3cf736336370156737790fca4fb", kill_on_drop: false }`
[INFO] running `Command { std: "docker" "rm" "-f" "05eb4aadf1ebaf34639e1a097834fc350e2fc3cf736336370156737790fca4fb", kill_on_drop: false }`
[INFO] [stdout] 05eb4aadf1ebaf34639e1a097834fc350e2fc3cf736336370156737790fca4fb
[INFO] running `Command { std: "docker" "create" "-v" "/var/lib/crater-agent-workspace/builds/worker-1-tc2/target:/opt/rustwide/target:rw,Z" "-v" "/var/lib/crater-agent-workspace/builds/worker-1-tc2/source:/opt/rustwide/workdir:ro,Z" "-v" "/var/lib/crater-agent-workspace/cargo-home:/opt/rustwide/cargo-home:ro,Z" "-v" "/var/lib/crater-agent-workspace/rustup-home:/opt/rustwide/rustup-home:ro,Z" "-e" "SOURCE_DIR=/opt/rustwide/workdir" "-e" "CARGO_TARGET_DIR=/opt/rustwide/target" "-e" "CARGO_INCREMENTAL=0" "-e" "RUST_BACKTRACE=full" "-e" "RUSTFLAGS=--cap-lints=warn" "-e" "RUSTDOCFLAGS=--cap-lints=warn" "-e" "CARGO_HOME=/opt/rustwide/cargo-home" "-e" "RUSTUP_HOME=/opt/rustwide/rustup-home" "-w" "/opt/rustwide/workdir" "-m" "1610612736" "--user" "0:0" "--network" "none" "ghcr.io/rust-lang/crates-build-env/linux@sha256:2788e3201cd34a07e3172128adcd8b3090168a8e3bcc40d7c032b9dda1df7d1c" "/opt/rustwide/cargo-home/bin/cargo" "+beta-2023-12-22" "test" "--frozen", kill_on_drop: false }`
[INFO] [stdout] 18f9cbd7cebab6680309ec3e6bac920ae34195fcca3d004fd32a7c064f72c2aa
[INFO] running `Command { std: "docker" "start" "-a" "18f9cbd7cebab6680309ec3e6bac920ae34195fcca3d004fd32a7c064f72c2aa", kill_on_drop: false }`
[INFO] [stderr] warning: virtual workspace defaulting to `resolver = "1"` despite one or more workspace members being on edition 2021 which implies `resolver = "2"`
[INFO] [stderr] note: to keep the current resolver, specify `workspace.resolver = "1"` in the workspace root's manifest
[INFO] [stderr] note: to use the edition 2021 resolver, specify `workspace.resolver = "2"` in the workspace root's manifest
[INFO] [stderr] note: for more details see https://doc.rust-lang.org/cargo/reference/resolver.html#resolver-versions
[INFO] [stderr] warning: unused variable: `trigger`
[INFO] [stderr]   --> workspaces/fs-automata/src/lib.rs:66:30
[INFO] [stderr]    |
[INFO] [stderr] 66 |     fn transition(&mut self, trigger: &str) {
[INFO] [stderr]    |                              ^^^^^^^ help: if this is intentional, prefix it with an underscore: `_trigger`
[INFO] [stderr]    |
[INFO] [stderr]    = note: `#[warn(unused_variables)]` on by default
[INFO] [stderr] 
[INFO] [stderr] warning: type alias `Result` is never used
[INFO] [stderr]  --> workspaces/fs-automata/src/lib.rs:3:6
[INFO] [stderr]   |
[INFO] [stderr] 3 | type Result<T> = std::result::Result<T, AutomataError>;
[INFO] [stderr]   |      ^^^^^^
[INFO] [stderr]   |
[INFO] [stderr]   = note: `#[warn(dead_code)]` on by default
[INFO] [stderr] 
[INFO] [stderr] warning: struct `Automata` is never constructed
[INFO] [stderr]  --> workspaces/fs-automata/src/lib.rs:8:8
[INFO] [stderr]   |
[INFO] [stderr] 8 | struct Automata {
[INFO] [stderr]   |        ^^^^^^^^
[INFO] [stderr] 
[INFO] [stderr] warning: associated items `new`, `add_state`, `add_transition`, `transition`, `get_states`, and `get_current_state` are never used
[INFO] [stderr]   --> workspaces/fs-automata/src/lib.rs:16:8
[INFO] [stderr]    |
[INFO] [stderr] 15 | impl Automata {
[INFO] [stderr]    | ------------- associated items in this implementation
[INFO] [stderr] 16 |     fn new() -> Automata {
[INFO] [stderr]    |        ^^^
[INFO] [stderr] ...
[INFO] [stderr] 25 |     fn add_state(&mut self, initial: bool, state_name: &str, transitions: HashMap<State, Vec<Transition>>) -> Result<()> {
[INFO] [stderr]    |        ^^^^^^^^^
[INFO] [stderr] ...
[INFO] [stderr] 41 |     fn add_transition(&mut self, start_state: &str, end_state: &str, trigger: &str) -> Result<()>{
[INFO] [stderr]    |        ^^^^^^^^^^^^^^
[INFO] [stderr] ...
[INFO] [stderr] 66 |     fn transition(&mut self, trigger: &str) {
[INFO] [stderr]    |        ^^^^^^^^^^
[INFO] [stderr] ...
[INFO] [stderr] 70 |     fn get_states(&self) -> Vec<&State> {
[INFO] [stderr]    |        ^^^^^^^^^^
[INFO] [stderr] ...
[INFO] [stderr] 74 |     fn get_current_state(&self) -> Option<String> {
[INFO] [stderr]    |        ^^^^^^^^^^^^^^^^^
[INFO] [stderr] 
[INFO] [stderr] warning: associated function `new` is never used
[INFO] [stderr]   --> workspaces/fs-automata/src/lib.rs:88:8
[INFO] [stderr]    |
[INFO] [stderr] 87 | impl State {
[INFO] [stderr]    | ---------- associated function in this implementation
[INFO] [stderr] 88 |     fn new(name: &str) -> State {
[INFO] [stderr]    |        ^^^
[INFO] [stderr] 
[INFO] [stderr] warning: fields `trigger`, `start_state`, and `end_state` are never read
[INFO] [stderr]    --> workspaces/fs-automata/src/lib.rs:103:5
[INFO] [stderr]     |
[INFO] [stderr] 102 | struct Transition {
[INFO] [stderr]     |        ---------- fields in this struct
[INFO] [stderr] 103 |     trigger: String,
[INFO] [stderr]     |     ^^^^^^^
[INFO] [stderr] 104 |     start_state: State,
[INFO] [stderr]     |     ^^^^^^^^^^^
[INFO] [stderr] 105 |     end_state: State,
[INFO] [stderr]     |     ^^^^^^^^^
[INFO] [stderr]     |
[INFO] [stderr]     = note: `Transition` has a derived impl for the trait `Clone`, but this is intentionally ignored during dead code analysis
[INFO] [stderr] 
[INFO] [stderr] warning: fields `trigger`, `start_state`, and `end_state` are never read
[INFO] [stderr]    --> workspaces/fs-automata/src/lib.rs:103:5
[INFO] [stderr]     |
[INFO] [stderr] 102 | struct Transition {
[INFO] [stderr]     |        ---------- fields in this struct
[INFO] [stderr] 103 |     trigger: String,
[INFO] [stderr]     |     ^^^^^^^
[INFO] [stderr] 104 |     start_state: State,
[INFO] [stderr]     |     ^^^^^^^^^^^
[INFO] [stderr] 105 |     end_state: State,
[INFO] [stderr]     |     ^^^^^^^^^
[INFO] [stderr]     |
[INFO] [stderr]     = note: `Transition` has a derived impl for the trait `Clone`, but this is intentionally ignored during dead code analysis
[INFO] [stderr]     = note: `#[warn(dead_code)]` on by default
[INFO] [stderr] 
[INFO] [stderr] warning: unused `std::result::Result` that must be used
[INFO] [stderr]    --> workspaces/fs-automata/src/lib.rs:159:9
[INFO] [stderr]     |
[INFO] [stderr] 159 |         automata.add_transition("Open", "Closed", "Close Door");
[INFO] [stderr]     |         ^^^^^^^^^^^^^^^^^^^^^^^^^^^^^^^^^^^^^^^^^^^^^^^^^^^^^^^
[INFO] [stderr]     |
[INFO] [stderr]     = note: this `Result` may be an `Err` variant, which should be handled
[INFO] [stderr]     = note: `#[warn(unused_must_use)]` on by default
[INFO] [stderr] help: use `let _ = ...` to ignore the resulting value
[INFO] [stderr]     |
[INFO] [stderr] 159 |         let _ = automata.add_transition("Open", "Closed", "Close Door");
[INFO] [stderr]     |         +++++++
[INFO] [stderr] 
[INFO] [stderr] warning: `fs-automata` (lib) generated 6 warnings (run `cargo fix --lib -p fs-automata` to apply 1 suggestion)
[INFO] [stderr] warning: `fs-automata` (lib test) generated 3 warnings (1 duplicate)
[INFO] [stderr] warning: unused import: `std::sync::Arc`
[INFO] [stderr]  --> workspaces/emulator/src/console/clock.rs:1:5
[INFO] [stderr]   |
[INFO] [stderr] 1 | use std::sync::Arc;
[INFO] [stderr]   |     ^^^^^^^^^^^^^^
[INFO] [stderr]   |
[INFO] [stderr]   = note: `#[warn(unused_imports)]` on by default
[INFO] [stderr] 
[INFO] [stderr] warning: field `event_bus_sender` is never read
[INFO] [stderr]  --> workspaces/emulator/src/console/cpu.rs:7:5
[INFO] [stderr]   |
[INFO] [stderr] 6 | pub struct Cpu {
[INFO] [stderr]   |            --- field in this struct
[INFO] [stderr] 7 |     event_bus_sender: Sender<Event>,
[INFO] [stderr]   |     ^^^^^^^^^^^^^^^^
[INFO] [stderr]   |
[INFO] [stderr]   = note: `#[warn(dead_code)]` on by default
[INFO] [stderr] 
[INFO] [stderr] warning: field `period` is never read
[INFO] [stderr]   --> workspaces/emulator/src/console/clock.rs:10:5
[INFO] [stderr]    |
[INFO] [stderr] 9  | pub struct Clock {
[INFO] [stderr]    |            ----- field in this struct
[INFO] [stderr] 10 |     period: Duration,
[INFO] [stderr]    |     ^^^^^^
[INFO] [stderr] 
[INFO] [stderr] warning: field `event_bus_sender` is never read
[INFO] [stderr]  --> workspaces/emulator/src/console/memory.rs:7:5
[INFO] [stderr]   |
[INFO] [stderr] 6 | pub struct Memory {
[INFO] [stderr]   |            ------ field in this struct
[INFO] [stderr] 7 |     event_bus_sender: Sender<Event>,
[INFO] [stderr]   |     ^^^^^^^^^^^^^^^^
[INFO] [stderr] 
[INFO] [stderr] warning: `emulator` (lib) generated 4 warnings (run `cargo fix --lib -p emulator` to apply 1 suggestion)
[INFO] [stderr] warning: `emulator` (lib test) generated 4 warnings (4 duplicates)
[INFO] [stderr] warning: unused import: `std::sync::Arc`
[INFO] [stderr]  --> workspaces/emulator/src/main.rs:1:5
[INFO] [stderr]   |
[INFO] [stderr] 1 | use std::sync::Arc;
[INFO] [stderr]   |     ^^^^^^^^^^^^^^
[INFO] [stderr]   |
[INFO] [stderr]   = note: `#[warn(unused_imports)]` on by default
[INFO] [stderr] 
[INFO] [stderr] warning: unused import: `tokio::task::JoinHandle`
[INFO] [stderr]  --> workspaces/emulator/src/main.rs:3:5
[INFO] [stderr]   |
[INFO] [stderr] 3 | use tokio::task::JoinHandle;
[INFO] [stderr]   |     ^^^^^^^^^^^^^^^^^^^^^^^
[INFO] [stderr] 
[INFO] [stderr] warning: `emulator` (bin "emulator" test) generated 2 warnings (run `cargo fix --bin "emulator" --tests` to apply 2 suggestions)
[INFO] [stderr]     Finished test [unoptimized + debuginfo] target(s) in 0.06s
[INFO] [stderr] warning: the following packages contain code that will be rejected by a future version of Rust: traitobject v0.1.0
[INFO] [stderr] note: to see what the problems were, use the option `--future-incompat-report`, or run `cargo report future-incompatibilities --id 1`
[INFO] [stderr]      Running unittests src/lib.rs (/opt/rustwide/target/debug/deps/emulator-21b783a48b155a90)
[INFO] [stdout] 
[INFO] [stdout] running 0 tests
[INFO] [stdout] 
[INFO] [stdout] test result: ok. 0 passed; 0 failed; 0 ignored; 0 measured; 0 filtered out; finished in 0.00s
[INFO] [stdout] 
[INFO] [stderr]      Running unittests src/main.rs (/opt/rustwide/target/debug/deps/emulator-c0f6b94f7d6345e0)
[INFO] [stdout] 
[INFO] [stdout] running 0 tests
[INFO] [stdout] 
[INFO] [stdout] test result: ok. 0 passed; 0 failed; 0 ignored; 0 measured; 0 filtered out; finished in 0.00s
[INFO] [stdout] 
[INFO] [stderr]      Running unittests src/lib.rs (/opt/rustwide/target/debug/deps/fs_automata-a280c1be96700f49)
[INFO] [stdout] 
[INFO] [stdout] running 5 tests
[INFO] [stdout] test tests::test_add_initial_state_sets_current_state ... ok
[INFO] [stdout] test tests::test_add_multiple_states ... ok
[INFO] [stdout] test tests::test_add_state ... ok
[INFO] [stdout] test tests::test_cannot_add_two_initial_states ... ok
[INFO] [stdout] test tests::test_add_transition ... FAILED
[INFO] [stdout] 
[INFO] [stdout] failures:
[INFO] [stdout] 
[INFO] [stdout] ---- tests::test_add_transition stdout ----
[INFO] [stdout] thread 'tests::test_add_transition' panicked at workspaces/fs-automata/src/lib.rs:163:9:
[INFO] [stdout] assertion `left == right` failed
[INFO] [stdout]   left: "Open"
[INFO] [stdout]  right: "Closed"
[INFO] [stdout] stack backtrace:
[INFO] [stdout]    0:     0x55b7a847d9a6 - std::backtrace_rs::backtrace::libunwind::trace::h261606ad26a499c1
[INFO] [stdout]                                at /rustc/0e09125c6c3c2fd70d7de961bcf0e51575235fad/library/std/src/../../backtrace/src/backtrace/libunwind.rs:104:5
[INFO] [stdout]    1:     0x55b7a847d9a6 - std::backtrace_rs::backtrace::trace_unsynchronized::hd183f0625477fb28
[INFO] [stdout]                                at /rustc/0e09125c6c3c2fd70d7de961bcf0e51575235fad/library/std/src/../../backtrace/src/backtrace/mod.rs:66:5
[INFO] [stdout]    2:     0x55b7a847d9a6 - std::sys_common::backtrace::_print_fmt::hd7f8fef21b4eda67
[INFO] [stdout]                                at /rustc/0e09125c6c3c2fd70d7de961bcf0e51575235fad/library/std/src/sys_common/backtrace.rs:68:5
[INFO] [stdout]    3:     0x55b7a847d9a6 - <std::sys_common::backtrace::_print::DisplayBacktrace as core::fmt::Display>::fmt::h623d9b51f2f453f1
[INFO] [stdout]                                at /rustc/0e09125c6c3c2fd70d7de961bcf0e51575235fad/library/std/src/sys_common/backtrace.rs:44:22
[INFO] [stdout]    4:     0x55b7a84a67f0 - core::fmt::rt::Argument::fmt::h9f417ac76a86f368
[INFO] [stdout]                                at /rustc/0e09125c6c3c2fd70d7de961bcf0e51575235fad/library/core/src/fmt/rt.rs:142:9
[INFO] [stdout]    5:     0x55b7a84a67f0 - core::fmt::write::hc9b6faf4ac2aeff7
[INFO] [stdout]                                at /rustc/0e09125c6c3c2fd70d7de961bcf0e51575235fad/library/core/src/fmt/mod.rs:1120:17
[INFO] [stdout]    6:     0x55b7a847b40f - std::io::Write::write_fmt::he04625a3a989fec3
[INFO] [stdout]                                at /rustc/0e09125c6c3c2fd70d7de961bcf0e51575235fad/library/std/src/io/mod.rs:1810:15
[INFO] [stdout]    7:     0x55b7a847d784 - std::sys_common::backtrace::_print::hd5d66399c7df88a2
[INFO] [stdout]                                at /rustc/0e09125c6c3c2fd70d7de961bcf0e51575235fad/library/std/src/sys_common/backtrace.rs:47:5
[INFO] [stdout]    8:     0x55b7a847d784 - std::sys_common::backtrace::print::he81ed2da642d37e5
[INFO] [stdout]                                at /rustc/0e09125c6c3c2fd70d7de961bcf0e51575235fad/library/std/src/sys_common/backtrace.rs:34:9
[INFO] [stdout]    9:     0x55b7a847f4f7 - std::panicking::default_hook::{{closure}}::h85773f4fa117163d
[INFO] [stdout]   10:     0x55b7a847f1dd - std::panicking::default_hook::h6a1694a91d09b278
[INFO] [stdout]                                at /rustc/0e09125c6c3c2fd70d7de961bcf0e51575235fad/library/std/src/panicking.rs:289:9
[INFO] [stdout]   11:     0x55b7a844f3b7 - <alloc::boxed::Box<F,A> as core::ops::function::Fn<Args>>::call::h616ac37fa3cd6c8f
[INFO] [stdout]                                at /rustc/0e09125c6c3c2fd70d7de961bcf0e51575235fad/library/alloc/src/boxed.rs:2029:9
[INFO] [stdout]   12:     0x55b7a844f3b7 - test::test_main::{{closure}}::h00d84697cefdcbb6
[INFO] [stdout]                                at /rustc/0e09125c6c3c2fd70d7de961bcf0e51575235fad/library/test/src/lib.rs:138:21
[INFO] [stdout]   13:     0x55b7a847fb16 - <alloc::boxed::Box<F,A> as core::ops::function::Fn<Args>>::call::hcb3fe3b9bb537ba8
[INFO] [stdout]                                at /rustc/0e09125c6c3c2fd70d7de961bcf0e51575235fad/library/alloc/src/boxed.rs:2029:9
[INFO] [stdout]   14:     0x55b7a847fb16 - std::panicking::rust_panic_with_hook::h0a7ad96e90f7145b
[INFO] [stdout]                                at /rustc/0e09125c6c3c2fd70d7de961bcf0e51575235fad/library/std/src/panicking.rs:783:13
[INFO] [stdout]   15:     0x55b7a847f862 - std::panicking::begin_panic_handler::{{closure}}::h7919090525c6485e
[INFO] [stdout]                                at /rustc/0e09125c6c3c2fd70d7de961bcf0e51575235fad/library/std/src/panicking.rs:657:13
[INFO] [stdout]   16:     0x55b7a847dea6 - std::sys_common::backtrace::__rust_end_short_backtrace::hf3289479464f7dfe
[INFO] [stdout]                                at /rustc/0e09125c6c3c2fd70d7de961bcf0e51575235fad/library/std/src/sys_common/backtrace.rs:171:18
[INFO] [stdout]   17:     0x55b7a847f5c0 - rust_begin_unwind
[INFO] [stdout]                                at /rustc/0e09125c6c3c2fd70d7de961bcf0e51575235fad/library/std/src/panicking.rs:645:5
[INFO] [stdout]   18:     0x55b7a83ffcd5 - core::panicking::panic_fmt::hcc9f77c5c132af55
[INFO] [stdout]                                at /rustc/0e09125c6c3c2fd70d7de961bcf0e51575235fad/library/core/src/panicking.rs:72:14
[INFO] [stdout]   19:     0x55b7a840010b - core::panicking::assert_failed_inner::h9f13e27dd63c3a08
[INFO] [stdout]                                at /rustc/0e09125c6c3c2fd70d7de961bcf0e51575235fad/library/core/src/panicking.rs:342:17
[INFO] [stdout]   20:     0x55b7a840ec22 - core::panicking::assert_failed::hb1db5022d2941c97
[INFO] [stdout]                                at /rustc/0e09125c6c3c2fd70d7de961bcf0e51575235fad/library/core/src/panicking.rs:297:5
[INFO] [stdout]   21:     0x55b7a841aa25 - fs_automata::tests::test_add_transition::h32eb6ee16af437c5
[INFO] [stdout]                                at /opt/rustwide/workdir/workspaces/fs-automata/src/lib.rs:163:9
[INFO] [stdout]   22:     0x55b7a841a7e7 - fs_automata::tests::test_add_transition::{{closure}}::h3ccb87dd86f87950
[INFO] [stdout]                                at /opt/rustwide/workdir/workspaces/fs-automata/src/lib.rs:154:29
[INFO] [stdout]   23:     0x55b7a8412176 - core::ops::function::FnOnce::call_once::hd28f7b6f5aff702b
[INFO] [stdout]                                at /rustc/0e09125c6c3c2fd70d7de961bcf0e51575235fad/library/core/src/ops/function.rs:250:5
[INFO] [stdout]   24:     0x55b7a8454c8f - core::ops::function::FnOnce::call_once::hd64d26f405258157
[INFO] [stdout]                                at /rustc/0e09125c6c3c2fd70d7de961bcf0e51575235fad/library/core/src/ops/function.rs:250:5
[INFO] [stdout]   25:     0x55b7a8454c8f - test::__rust_begin_short_backtrace::he21b0b7a6d731bf9
[INFO] [stdout]                                at /rustc/0e09125c6c3c2fd70d7de961bcf0e51575235fad/library/test/src/lib.rs:627:18
[INFO] [stdout]   26:     0x55b7a8453a11 - test::run_test_in_process::{{closure}}::hf5c73986d7bdfde2
[INFO] [stdout]                                at /rustc/0e09125c6c3c2fd70d7de961bcf0e51575235fad/library/test/src/lib.rs:650:60
[INFO] [stdout]   27:     0x55b7a8453a11 - <core::panic::unwind_safe::AssertUnwindSafe<F> as core::ops::function::FnOnce<()>>::call_once::h330011ad032aadc0
[INFO] [stdout]                                at /rustc/0e09125c6c3c2fd70d7de961bcf0e51575235fad/library/core/src/panic/unwind_safe.rs:272:9
[INFO] [stdout]   28:     0x55b7a8453a11 - std::panicking::try::do_call::he61b0a958b795a41
[INFO] [stdout]                                at /rustc/0e09125c6c3c2fd70d7de961bcf0e51575235fad/library/std/src/panicking.rs:552:40
[INFO] [stdout]   29:     0x55b7a8453a11 - std::panicking::try::h7309da130f906eb7
[INFO] [stdout]                                at /rustc/0e09125c6c3c2fd70d7de961bcf0e51575235fad/library/std/src/panicking.rs:516:19
[INFO] [stdout]   30:     0x55b7a8453a11 - std::panic::catch_unwind::hc5c3a06fdaf0a92a
[INFO] [stdout]                                at /rustc/0e09125c6c3c2fd70d7de961bcf0e51575235fad/library/std/src/panic.rs:142:14
[INFO] [stdout]   31:     0x55b7a8453a11 - test::run_test_in_process::h7e7b7c71c3324e0f
[INFO] [stdout]                                at /rustc/0e09125c6c3c2fd70d7de961bcf0e51575235fad/library/test/src/lib.rs:650:27
[INFO] [stdout]   32:     0x55b7a8453a11 - test::run_test::{{closure}}::h1f509f28f5cf20b1
[INFO] [stdout]                                at /rustc/0e09125c6c3c2fd70d7de961bcf0e51575235fad/library/test/src/lib.rs:573:43
[INFO] [stdout]   33:     0x55b7a841ad46 - test::run_test::{{closure}}::h1754218abf443f6d
[INFO] [stdout]                                at /rustc/0e09125c6c3c2fd70d7de961bcf0e51575235fad/library/test/src/lib.rs:601:41
[INFO] [stdout]   34:     0x55b7a841ad46 - std::sys_common::backtrace::__rust_begin_short_backtrace::h2ee174b9d5954948
[INFO] [stdout]                                at /rustc/0e09125c6c3c2fd70d7de961bcf0e51575235fad/library/std/src/sys_common/backtrace.rs:155:18
[INFO] [stdout]   35:     0x55b7a841fda7 - std::thread::Builder::spawn_unchecked_::{{closure}}::{{closure}}::hf60bee9c1a17ef09
[INFO] [stdout]                                at /rustc/0e09125c6c3c2fd70d7de961bcf0e51575235fad/library/std/src/thread/mod.rs:529:17
[INFO] [stdout]   36:     0x55b7a841fda7 - <core::panic::unwind_safe::AssertUnwindSafe<F> as core::ops::function::FnOnce<()>>::call_once::h33d0dddec5216160
[INFO] [stdout]                                at /rustc/0e09125c6c3c2fd70d7de961bcf0e51575235fad/library/core/src/panic/unwind_safe.rs:272:9
[INFO] [stdout]   37:     0x55b7a841fda7 - std::panicking::try::do_call::h144b3048b546f835
[INFO] [stdout]                                at /rustc/0e09125c6c3c2fd70d7de961bcf0e51575235fad/library/std/src/panicking.rs:552:40
[INFO] [stdout]   38:     0x55b7a841fda7 - std::panicking::try::h978244d04646189f
[INFO] [stdout]                                at /rustc/0e09125c6c3c2fd70d7de961bcf0e51575235fad/library/std/src/panicking.rs:516:19
[INFO] [stdout]   39:     0x55b7a841fda7 - std::panic::catch_unwind::hdf436369d188fe86
[INFO] [stdout]                                at /rustc/0e09125c6c3c2fd70d7de961bcf0e51575235fad/library/std/src/panic.rs:142:14
[INFO] [stdout]   40:     0x55b7a841fda7 - std::thread::Builder::spawn_unchecked_::{{closure}}::h87329cbdd33c79ec
[INFO] [stdout]                                at /rustc/0e09125c6c3c2fd70d7de961bcf0e51575235fad/library/std/src/thread/mod.rs:528:30
[INFO] [stdout]   41:     0x55b7a841fda7 - core::ops::function::FnOnce::call_once{{vtable.shim}}::h401abbe67897d450
[INFO] [stdout]                                at /rustc/0e09125c6c3c2fd70d7de961bcf0e51575235fad/library/core/src/ops/function.rs:250:5
[INFO] [stdout]   42:     0x55b7a84845c5 - <alloc::boxed::Box<F,A> as core::ops::function::FnOnce<Args>>::call_once::h5d7c8f150ab9c84c
[INFO] [stdout]                                at /rustc/0e09125c6c3c2fd70d7de961bcf0e51575235fad/library/alloc/src/boxed.rs:2015:9
[INFO] [stdout]   43:     0x55b7a84845c5 - <alloc::boxed::Box<F,A> as core::ops::function::FnOnce<Args>>::call_once::h570d5b005c242c15
[INFO] [stdout]                                at /rustc/0e09125c6c3c2fd70d7de961bcf0e51575235fad/library/alloc/src/boxed.rs:2015:9
[INFO] [stdout]   44:     0x55b7a84845c5 - std::sys::unix::thread::Thread::new::thread_start::h36b0a20c0b2361ad
[INFO] [stdout]                                at /rustc/0e09125c6c3c2fd70d7de961bcf0e51575235fad/library/std/src/sys/unix/thread.rs:108:17
[INFO] [stdout]   45:     0x7fa980408ac3 - <unknown>
[INFO] [stdout]   46:     0x7fa980499bf4 - __clone
[INFO] [stdout]   47:                0x0 - <unknown>
[INFO] [stdout] 
[INFO] [stdout] 
[INFO] [stdout] failures:
[INFO] [stdout]     tests::test_add_transition
[INFO] [stdout] 
[INFO] [stdout] test result: FAILED. 4 passed; 1 failed; 0 ignored; 0 measured; 0 filtered out; finished in 0.01s
[INFO] [stdout] 
[INFO] [stderr] error: test failed, to rerun pass `-p fs-automata --lib`
[INFO] running `Command { std: "docker" "inspect" "18f9cbd7cebab6680309ec3e6bac920ae34195fcca3d004fd32a7c064f72c2aa", kill_on_drop: false }`
[INFO] running `Command { std: "docker" "rm" "-f" "18f9cbd7cebab6680309ec3e6bac920ae34195fcca3d004fd32a7c064f72c2aa", kill_on_drop: false }`
[INFO] [stdout] 18f9cbd7cebab6680309ec3e6bac920ae34195fcca3d004fd32a7c064f72c2aa
