[INFO] cloning repository https://github.com/jonas089/vrf-noir
[INFO] running `Command { std: "git" "-c" "credential.helper=" "-c" "credential.helper=/workspace/cargo-home/bin/git-credential-null" "clone" "--bare" "https://github.com/jonas089/vrf-noir" "/workspace/cache/git-repos/https%3A%2F%2Fgithub.com%2Fjonas089%2Fvrf-noir", kill_on_drop: false }`
[INFO] [stderr] Cloning into bare repository '/workspace/cache/git-repos/https%3A%2F%2Fgithub.com%2Fjonas089%2Fvrf-noir'...
[INFO] running `Command { std: "git" "rev-parse" "HEAD", kill_on_drop: false }`
[INFO] [stdout] c474c4874a5e3ba29d63072d63225a606928f2b7
[INFO] testing jonas089/vrf-noir against 1.75.0 for beta-1.76-1
[INFO] running `Command { std: "git" "clone" "/workspace/cache/git-repos/https%3A%2F%2Fgithub.com%2Fjonas089%2Fvrf-noir" "/workspace/builds/worker-5-tc1/source", kill_on_drop: false }`
[INFO] [stderr] Cloning into '/workspace/builds/worker-5-tc1/source'...
[INFO] [stderr] done.
[INFO] validating manifest of git repo https://github.com/jonas089/vrf-noir on toolchain 1.75.0
[INFO] running `Command { std: CARGO_HOME="/workspace/cargo-home" RUSTUP_HOME="/workspace/rustup-home" "/workspace/cargo-home/bin/cargo" "+1.75.0" "metadata" "--manifest-path" "Cargo.toml" "--no-deps", kill_on_drop: false }`
[INFO] started tweaking git repo https://github.com/jonas089/vrf-noir
[INFO] finished tweaking git repo https://github.com/jonas089/vrf-noir
[INFO] tweaked toml for git repo https://github.com/jonas089/vrf-noir written to /workspace/builds/worker-5-tc1/source/Cargo.toml
[INFO] crate git repo https://github.com/jonas089/vrf-noir already has a lockfile, it will not be regenerated
[INFO] running `Command { std: CARGO_HOME="/workspace/cargo-home" RUSTUP_HOME="/workspace/rustup-home" "/workspace/cargo-home/bin/cargo" "+1.75.0" "fetch" "--manifest-path" "Cargo.toml", kill_on_drop: false }`
[INFO] [stderr] warning: virtual workspace defaulting to `resolver = "1"` despite one or more workspace members being on edition 2021 which implies `resolver = "2"`
[INFO] [stderr] note: to keep the current resolver, specify `workspace.resolver = "1"` in the workspace root's manifest
[INFO] [stderr] note: to use the edition 2021 resolver, specify `workspace.resolver = "2"` in the workspace root's manifest
[INFO] [stderr] note: for more details see https://doc.rust-lang.org/cargo/reference/resolver.html#resolver-versions
[INFO] [stderr]     Updating git repository `https://github.com/jonas089/ecdsa-circuit-input-lib`
[INFO] running `Command { std: "docker" "create" "-v" "/var/lib/crater-agent-workspace/builds/worker-5-tc1/target:/opt/rustwide/target:rw,Z" "-v" "/var/lib/crater-agent-workspace/builds/worker-5-tc1/source:/opt/rustwide/workdir:ro,Z" "-v" "/var/lib/crater-agent-workspace/cargo-home:/opt/rustwide/cargo-home:ro,Z" "-v" "/var/lib/crater-agent-workspace/rustup-home:/opt/rustwide/rustup-home:ro,Z" "-e" "SOURCE_DIR=/opt/rustwide/workdir" "-e" "CARGO_TARGET_DIR=/opt/rustwide/target" "-e" "CARGO_HOME=/opt/rustwide/cargo-home" "-e" "RUSTUP_HOME=/opt/rustwide/rustup-home" "-w" "/opt/rustwide/workdir" "-m" "1610612736" "--user" "0:0" "--network" "none" "ghcr.io/rust-lang/crates-build-env/linux@sha256:2788e3201cd34a07e3172128adcd8b3090168a8e3bcc40d7c032b9dda1df7d1c" "/opt/rustwide/cargo-home/bin/cargo" "+1.75.0" "metadata" "--no-deps" "--format-version=1", kill_on_drop: false }`
[INFO] [stdout] 8959533b64562e76c32bdd29714d6eb109a3209e77821f4e57091f4a76847bdd
[INFO] running `Command { std: "docker" "start" "-a" "8959533b64562e76c32bdd29714d6eb109a3209e77821f4e57091f4a76847bdd", kill_on_drop: false }`
[INFO] running `Command { std: "docker" "inspect" "8959533b64562e76c32bdd29714d6eb109a3209e77821f4e57091f4a76847bdd", kill_on_drop: false }`
[INFO] running `Command { std: "docker" "rm" "-f" "8959533b64562e76c32bdd29714d6eb109a3209e77821f4e57091f4a76847bdd", kill_on_drop: false }`
[INFO] [stdout] 8959533b64562e76c32bdd29714d6eb109a3209e77821f4e57091f4a76847bdd
[INFO] running `Command { std: "docker" "create" "-v" "/var/lib/crater-agent-workspace/builds/worker-5-tc1/target:/opt/rustwide/target:rw,Z" "-v" "/var/lib/crater-agent-workspace/builds/worker-5-tc1/source:/opt/rustwide/workdir:ro,Z" "-v" "/var/lib/crater-agent-workspace/cargo-home:/opt/rustwide/cargo-home:ro,Z" "-v" "/var/lib/crater-agent-workspace/rustup-home:/opt/rustwide/rustup-home:ro,Z" "-e" "SOURCE_DIR=/opt/rustwide/workdir" "-e" "CARGO_TARGET_DIR=/opt/rustwide/target" "-e" "CARGO_INCREMENTAL=0" "-e" "RUST_BACKTRACE=full" "-e" "RUSTFLAGS=--cap-lints=warn" "-e" "RUSTDOCFLAGS=--cap-lints=warn" "-e" "CARGO_HOME=/opt/rustwide/cargo-home" "-e" "RUSTUP_HOME=/opt/rustwide/rustup-home" "-w" "/opt/rustwide/workdir" "-m" "1610612736" "--user" "0:0" "--network" "none" "ghcr.io/rust-lang/crates-build-env/linux@sha256:2788e3201cd34a07e3172128adcd8b3090168a8e3bcc40d7c032b9dda1df7d1c" "/opt/rustwide/cargo-home/bin/cargo" "+1.75.0" "build" "--frozen" "--message-format=json", kill_on_drop: false }`
[INFO] [stdout] 909c69951e42cc044c9cd3692fb6c3e633fee8ddf62bfc7fcce9e1b85fe45769
[INFO] running `Command { std: "docker" "start" "-a" "909c69951e42cc044c9cd3692fb6c3e633fee8ddf62bfc7fcce9e1b85fe45769", kill_on_drop: false }`
[INFO] [stderr] warning: virtual workspace defaulting to `resolver = "1"` despite one or more workspace members being on edition 2021 which implies `resolver = "2"`
[INFO] [stderr] note: to keep the current resolver, specify `workspace.resolver = "1"` in the workspace root's manifest
[INFO] [stderr] note: to use the edition 2021 resolver, specify `workspace.resolver = "2"` in the workspace root's manifest
[INFO] [stderr] note: for more details see https://doc.rust-lang.org/cargo/reference/resolver.html#resolver-versions
[INFO] [stderr]    Compiling version_check v0.9.4
[INFO] [stderr]    Compiling zeroize v1.7.0
[INFO] [stderr]    Compiling typenum v1.17.0
[INFO] [stderr]    Compiling subtle v2.5.0
[INFO] [stderr]    Compiling const-oid v0.9.6
[INFO] [stderr]    Compiling libc v0.2.151
[INFO] [stderr]    Compiling proc-macro2 v1.0.70
[INFO] [stderr]    Compiling unicode-ident v1.0.12
[INFO] [stderr]    Compiling once_cell v1.19.0
[INFO] [stderr]    Compiling der v0.7.8
[INFO] [stderr]    Compiling vcpkg v0.2.15
[INFO] [stderr]    Compiling bitflags v2.4.1
[INFO] [stderr]    Compiling base16ct v0.2.0
[INFO] [stderr]    Compiling generic-array v0.14.7
[INFO] [stderr]    Compiling ahash v0.8.6
[INFO] [stderr]    Compiling serde v1.0.193
[INFO] [stderr]    Compiling pkg-config v0.3.27
[INFO] [stderr]    Compiling zerocopy v0.7.31
[INFO] [stderr]    Compiling memchr v2.6.4
[INFO] [stderr]    Compiling quote v1.0.33
[INFO] [stderr]    Compiling libsqlite3-sys v0.26.0
[INFO] [stderr]    Compiling allocator-api2 v0.2.16
[INFO] [stderr]    Compiling spki v0.7.3
[INFO] [stderr]    Compiling syn v2.0.41
[INFO] [stderr]    Compiling serde_json v1.0.108
[INFO] [stderr]    Compiling pkcs8 v0.10.2
[INFO] [stderr]    Compiling rustix v0.38.28
[INFO] [stderr]    Compiling hashbrown v0.14.3
[INFO] [stderr]    Compiling aho-corasick v1.1.2
[INFO] [stderr]    Compiling linux-raw-sys v0.4.12
[INFO] [stderr]    Compiling getrandom v0.2.11
[INFO] [stderr]    Compiling rand_core v0.6.4
[INFO] [stderr]    Compiling cpufeatures v0.2.11
[INFO] [stderr]    Compiling ryu v1.0.16
[INFO] [stderr]    Compiling regex-syntax v0.8.2
[INFO] [stderr]    Compiling block-buffer v0.10.4
[INFO] [stderr]    Compiling crypto-common v0.1.6
[INFO] [stderr]    Compiling ff v0.13.0
[INFO] [stderr]    Compiling crypto-bigint v0.5.5
[INFO] [stderr]    Compiling sec1 v0.7.3
[INFO] [stderr]    Compiling digest v0.10.7
[INFO] [stderr]    Compiling group v0.13.0
[INFO] [stderr]    Compiling itoa v1.0.10
[INFO] [stderr]    Compiling hashlink v0.8.4
[INFO] [stderr]    Compiling hmac v0.12.1
[INFO] [stderr]    Compiling rfc6979 v0.4.0
[INFO] [stderr]    Compiling signature v2.2.0
[INFO] [stderr]    Compiling sha2 v0.10.8
[INFO] [stderr]    Compiling fallible-streaming-iterator v0.1.9
[INFO] [stderr]    Compiling smallvec v1.11.2
[INFO] [stderr]    Compiling fastrand v2.0.1
[INFO] [stderr]    Compiling fallible-iterator v0.2.0
[INFO] [stderr]    Compiling dotenv v0.15.0
[INFO] [stderr]    Compiling hex v0.4.3
[INFO] [stderr]    Compiling rusqlite v0.29.0
[INFO] [stderr]    Compiling serde_derive v1.0.193
[INFO] [stderr]    Compiling elliptic-curve v0.13.8
[INFO] [stderr]    Compiling ecdsa v0.16.9
[INFO] [stderr]    Compiling regex-automata v0.4.3
[INFO] [stderr]    Compiling tempfile v3.8.1
[INFO] [stderr]    Compiling k256 v0.13.2
[INFO] [stderr]    Compiling regex v1.10.2
[INFO] [stderr]    Compiling ecdsa-circuit-input-lib v0.1.0 (https://github.com/jonas089/ecdsa-circuit-input-lib?branch=master#9e1dec4c)
[INFO] [stderr]    Compiling vrf-rust v0.1.0 (/opt/rustwide/workdir/vrf-rust)
[INFO] [stdout] warning: unused variable: `error`
[INFO] [stdout]    --> vrf-rust/src/nargo.rs:119:17
[INFO] [stdout]     |
[INFO] [stdout] 119 |             let error = String::from_utf8_lossy(&verify.stderr);
[INFO] [stdout]     |                 ^^^^^ help: if this is intentional, prefix it with an underscore: `_error`
[INFO] [stdout]     |
[INFO] [stdout]     = note: `#[warn(unused_variables)]` on by default
[INFO] [stdout] 
[INFO] [stdout] 
[INFO] [stdout] warning: unused variable: `is_x_public`
[INFO] [stdout]   --> vrf-rust/src/types.rs:25:37
[INFO] [stdout]    |
[INFO] [stdout] 25 |     pub fn get_random_number(&self, is_x_public: bool, is_y_public: bool, is_nonce_public: bool) -> u128{
[INFO] [stdout]    |                                     ^^^^^^^^^^^ help: if this is intentional, prefix it with an underscore: `_is_x_public`
[INFO] [stdout] 
[INFO] [stdout] 
[INFO] [stdout] warning: unused variable: `is_y_public`
[INFO] [stdout]   --> vrf-rust/src/types.rs:25:56
[INFO] [stdout]    |
[INFO] [stdout] 25 |     pub fn get_random_number(&self, is_x_public: bool, is_y_public: bool, is_nonce_public: bool) -> u128{
[INFO] [stdout]    |                                                        ^^^^^^^^^^^ help: if this is intentional, prefix it with an underscore: `_is_y_public`
[INFO] [stdout] 
[INFO] [stdout] 
[INFO] [stdout] warning: unused variable: `is_nonce_public`
[INFO] [stdout]   --> vrf-rust/src/types.rs:25:75
[INFO] [stdout]    |
[INFO] [stdout] 25 |     pub fn get_random_number(&self, is_x_public: bool, is_y_public: bool, is_nonce_public: bool) -> u128{
[INFO] [stdout]    |                                                                           ^^^^^^^^^^^^^^^ help: if this is intentional, prefix it with an underscore: `_is_nonce_public`
[INFO] [stdout] 
[INFO] [stdout] 
[INFO] [stdout] warning: 4 warnings emitted
[INFO] [stdout] 
[INFO] [stdout] 
[INFO] [stderr]    Compiling example v0.1.0 (/opt/rustwide/workdir/example)
[INFO] [stdout] warning: unused import: `db::StoreManager`
[INFO] [stdout]  --> example/src/main.rs:2:105
[INFO] [stdout]   |
[INFO] [stdout] 2 | use ecdsa_circuit_input_lib::{keys::ecdsa::EcdsaKeyManager, core::signatures::{InputGenerator, Inputs}, db::StoreManager};
[INFO] [stdout]   |                                                                                                         ^^^^^^^^^^^^^^^^
[INFO] [stdout]   |
[INFO] [stdout]   = note: `#[warn(unused_imports)]` on by default
[INFO] [stdout] 
[INFO] [stdout] 
[INFO] [stdout] warning: 1 warning emitted
[INFO] [stdout] 
[INFO] [stdout] 
[INFO] [stderr]     Finished dev [unoptimized + debuginfo] target(s) in 8.87s
[INFO] running `Command { std: "docker" "inspect" "909c69951e42cc044c9cd3692fb6c3e633fee8ddf62bfc7fcce9e1b85fe45769", kill_on_drop: false }`
[INFO] running `Command { std: "docker" "rm" "-f" "909c69951e42cc044c9cd3692fb6c3e633fee8ddf62bfc7fcce9e1b85fe45769", kill_on_drop: false }`
[INFO] [stdout] 909c69951e42cc044c9cd3692fb6c3e633fee8ddf62bfc7fcce9e1b85fe45769
[INFO] running `Command { std: "docker" "create" "-v" "/var/lib/crater-agent-workspace/builds/worker-5-tc1/target:/opt/rustwide/target:rw,Z" "-v" "/var/lib/crater-agent-workspace/builds/worker-5-tc1/source:/opt/rustwide/workdir:ro,Z" "-v" "/var/lib/crater-agent-workspace/cargo-home:/opt/rustwide/cargo-home:ro,Z" "-v" "/var/lib/crater-agent-workspace/rustup-home:/opt/rustwide/rustup-home:ro,Z" "-e" "SOURCE_DIR=/opt/rustwide/workdir" "-e" "CARGO_TARGET_DIR=/opt/rustwide/target" "-e" "CARGO_INCREMENTAL=0" "-e" "RUST_BACKTRACE=full" "-e" "RUSTFLAGS=--cap-lints=warn" "-e" "RUSTDOCFLAGS=--cap-lints=warn" "-e" "CARGO_HOME=/opt/rustwide/cargo-home" "-e" "RUSTUP_HOME=/opt/rustwide/rustup-home" "-w" "/opt/rustwide/workdir" "-m" "1610612736" "--user" "0:0" "--network" "none" "ghcr.io/rust-lang/crates-build-env/linux@sha256:2788e3201cd34a07e3172128adcd8b3090168a8e3bcc40d7c032b9dda1df7d1c" "/opt/rustwide/cargo-home/bin/cargo" "+1.75.0" "test" "--frozen" "--no-run" "--message-format=json", kill_on_drop: false }`
[INFO] [stdout] 07d673b0635303ff193f98fc222af19b8473029664b18505c0f9c2091ec71ac2
[INFO] running `Command { std: "docker" "start" "-a" "07d673b0635303ff193f98fc222af19b8473029664b18505c0f9c2091ec71ac2", kill_on_drop: false }`
[INFO] [stderr] warning: virtual workspace defaulting to `resolver = "1"` despite one or more workspace members being on edition 2021 which implies `resolver = "2"`
[INFO] [stderr] note: to keep the current resolver, specify `workspace.resolver = "1"` in the workspace root's manifest
[INFO] [stderr] note: to use the edition 2021 resolver, specify `workspace.resolver = "2"` in the workspace root's manifest
[INFO] [stderr] note: for more details see https://doc.rust-lang.org/cargo/reference/resolver.html#resolver-versions
[INFO] [stdout] warning: unused variable: `error`
[INFO] [stdout]    --> vrf-rust/src/nargo.rs:119:17
[INFO] [stdout]     |
[INFO] [stdout] 119 |             let error = String::from_utf8_lossy(&verify.stderr);
[INFO] [stdout]     |                 ^^^^^ help: if this is intentional, prefix it with an underscore: `_error`
[INFO] [stdout]     |
[INFO] [stdout]     = note: `#[warn(unused_variables)]` on by default
[INFO] [stdout] 
[INFO] [stdout] 
[INFO] [stdout] warning: unused variable: `is_x_public`
[INFO] [stdout]   --> vrf-rust/src/types.rs:25:37
[INFO] [stdout]    |
[INFO] [stdout] 25 |     pub fn get_random_number(&self, is_x_public: bool, is_y_public: bool, is_nonce_public: bool) -> u128{
[INFO] [stdout]    |                                     ^^^^^^^^^^^ help: if this is intentional, prefix it with an underscore: `_is_x_public`
[INFO] [stdout] 
[INFO] [stdout] 
[INFO] [stdout] warning: unused variable: `is_y_public`
[INFO] [stdout]   --> vrf-rust/src/types.rs:25:56
[INFO] [stdout]    |
[INFO] [stdout] 25 |     pub fn get_random_number(&self, is_x_public: bool, is_y_public: bool, is_nonce_public: bool) -> u128{
[INFO] [stdout]    |                                                        ^^^^^^^^^^^ help: if this is intentional, prefix it with an underscore: `_is_y_public`
[INFO] [stdout] 
[INFO] [stdout] 
[INFO] [stdout] warning: unused variable: `is_nonce_public`
[INFO] [stdout]   --> vrf-rust/src/types.rs:25:75
[INFO] [stdout]    |
[INFO] [stdout] 25 |     pub fn get_random_number(&self, is_x_public: bool, is_y_public: bool, is_nonce_public: bool) -> u128{
[INFO] [stdout]    |                                                                           ^^^^^^^^^^^^^^^ help: if this is intentional, prefix it with an underscore: `_is_nonce_public`
[INFO] [stdout] 
[INFO] [stdout] 
[INFO] [stdout] warning: 4 warnings emitted
[INFO] [stdout] 
[INFO] [stdout] 
[INFO] [stderr]    Compiling vrf-rust v0.1.0 (/opt/rustwide/workdir/vrf-rust)
[INFO] [stderr]    Compiling example v0.1.0 (/opt/rustwide/workdir/example)
[INFO] [stdout] warning: unused import: `db::StoreManager`
[INFO] [stdout]  --> example/src/main.rs:2:105
[INFO] [stdout]   |
[INFO] [stdout] 2 | use ecdsa_circuit_input_lib::{keys::ecdsa::EcdsaKeyManager, core::signatures::{InputGenerator, Inputs}, db::StoreManager};
[INFO] [stdout]   |                                                                                                         ^^^^^^^^^^^^^^^^
[INFO] [stdout]   |
[INFO] [stdout]   = note: `#[warn(unused_imports)]` on by default
[INFO] [stdout] 
[INFO] [stdout] 
[INFO] [stdout] warning: unused variable: `error`
[INFO] [stdout]    --> vrf-rust/src/nargo.rs:119:17
[INFO] [stdout]     |
[INFO] [stdout] 119 |             let error = String::from_utf8_lossy(&verify.stderr);
[INFO] [stdout]     |                 ^^^^^ help: if this is intentional, prefix it with an underscore: `_error`
[INFO] [stdout]     |
[INFO] [stdout]     = note: `#[warn(unused_variables)]` on by default
[INFO] [stdout] 
[INFO] [stdout] 
[INFO] [stdout] warning: unused variable: `is_x_public`
[INFO] [stdout]   --> vrf-rust/src/types.rs:25:37
[INFO] [stdout]    |
[INFO] [stdout] 25 |     pub fn get_random_number(&self, is_x_public: bool, is_y_public: bool, is_nonce_public: bool) -> u128{
[INFO] [stdout]    |                                     ^^^^^^^^^^^ help: if this is intentional, prefix it with an underscore: `_is_x_public`
[INFO] [stdout] 
[INFO] [stdout] 
[INFO] [stdout] warning: unused variable: `is_y_public`
[INFO] [stdout]   --> vrf-rust/src/types.rs:25:56
[INFO] [stdout]    |
[INFO] [stdout] 25 |     pub fn get_random_number(&self, is_x_public: bool, is_y_public: bool, is_nonce_public: bool) -> u128{
[INFO] [stdout]    |                                                        ^^^^^^^^^^^ help: if this is intentional, prefix it with an underscore: `_is_y_public`
[INFO] [stdout] 
[INFO] [stdout] 
[INFO] [stdout] warning: unused variable: `is_nonce_public`
[INFO] [stdout]   --> vrf-rust/src/types.rs:25:75
[INFO] [stdout]    |
[INFO] [stdout] 25 |     pub fn get_random_number(&self, is_x_public: bool, is_y_public: bool, is_nonce_public: bool) -> u128{
[INFO] [stdout]    |                                                                           ^^^^^^^^^^^^^^^ help: if this is intentional, prefix it with an underscore: `_is_nonce_public`
[INFO] [stdout] 
[INFO] [stdout] 
[INFO] [stdout] warning: 1 warning emitted
[INFO] [stdout] 
[INFO] [stdout] 
[INFO] [stdout] warning: 4 warnings emitted
[INFO] [stdout] 
[INFO] [stdout] 
[INFO] [stderr]     Finished test [unoptimized + debuginfo] target(s) in 0.60s
[INFO] running `Command { std: "docker" "inspect" "07d673b0635303ff193f98fc222af19b8473029664b18505c0f9c2091ec71ac2", kill_on_drop: false }`
[INFO] running `Command { std: "docker" "rm" "-f" "07d673b0635303ff193f98fc222af19b8473029664b18505c0f9c2091ec71ac2", kill_on_drop: false }`
[INFO] [stdout] 07d673b0635303ff193f98fc222af19b8473029664b18505c0f9c2091ec71ac2
[INFO] running `Command { std: "docker" "create" "-v" "/var/lib/crater-agent-workspace/builds/worker-5-tc1/target:/opt/rustwide/target:rw,Z" "-v" "/var/lib/crater-agent-workspace/builds/worker-5-tc1/source:/opt/rustwide/workdir:ro,Z" "-v" "/var/lib/crater-agent-workspace/cargo-home:/opt/rustwide/cargo-home:ro,Z" "-v" "/var/lib/crater-agent-workspace/rustup-home:/opt/rustwide/rustup-home:ro,Z" "-e" "SOURCE_DIR=/opt/rustwide/workdir" "-e" "CARGO_TARGET_DIR=/opt/rustwide/target" "-e" "CARGO_INCREMENTAL=0" "-e" "RUST_BACKTRACE=full" "-e" "RUSTFLAGS=--cap-lints=warn" "-e" "RUSTDOCFLAGS=--cap-lints=warn" "-e" "CARGO_HOME=/opt/rustwide/cargo-home" "-e" "RUSTUP_HOME=/opt/rustwide/rustup-home" "-w" "/opt/rustwide/workdir" "-m" "1610612736" "--user" "0:0" "--network" "none" "ghcr.io/rust-lang/crates-build-env/linux@sha256:2788e3201cd34a07e3172128adcd8b3090168a8e3bcc40d7c032b9dda1df7d1c" "/opt/rustwide/cargo-home/bin/cargo" "+1.75.0" "test" "--frozen", kill_on_drop: false }`
[INFO] [stdout] 178d6b88ffd2d33741f6f23f0be186df92777f1fdf0a84bbda899483fa61dd91
[INFO] running `Command { std: "docker" "start" "-a" "178d6b88ffd2d33741f6f23f0be186df92777f1fdf0a84bbda899483fa61dd91", kill_on_drop: false }`
[INFO] [stderr] warning: virtual workspace defaulting to `resolver = "1"` despite one or more workspace members being on edition 2021 which implies `resolver = "2"`
[INFO] [stderr] note: to keep the current resolver, specify `workspace.resolver = "1"` in the workspace root's manifest
[INFO] [stderr] note: to use the edition 2021 resolver, specify `workspace.resolver = "2"` in the workspace root's manifest
[INFO] [stderr] note: for more details see https://doc.rust-lang.org/cargo/reference/resolver.html#resolver-versions
[INFO] [stderr] warning: unused variable: `error`
[INFO] [stderr]    --> vrf-rust/src/nargo.rs:119:17
[INFO] [stderr]     |
[INFO] [stderr] 119 |             let error = String::from_utf8_lossy(&verify.stderr);
[INFO] [stderr]     |                 ^^^^^ help: if this is intentional, prefix it with an underscore: `_error`
[INFO] [stderr]     |
[INFO] [stderr]     = note: `#[warn(unused_variables)]` on by default
[INFO] [stderr] 
[INFO] [stderr] warning: unused variable: `is_x_public`
[INFO] [stderr]   --> vrf-rust/src/types.rs:25:37
[INFO] [stderr]    |
[INFO] [stderr] 25 |     pub fn get_random_number(&self, is_x_public: bool, is_y_public: bool, is_nonce_public: bool) -> u128{
[INFO] [stderr]    |                                     ^^^^^^^^^^^ help: if this is intentional, prefix it with an underscore: `_is_x_public`
[INFO] [stderr] 
[INFO] [stderr] warning: unused variable: `is_y_public`
[INFO] [stderr]   --> vrf-rust/src/types.rs:25:56
[INFO] [stderr]    |
[INFO] [stderr] 25 |     pub fn get_random_number(&self, is_x_public: bool, is_y_public: bool, is_nonce_public: bool) -> u128{
[INFO] [stderr]    |                                                        ^^^^^^^^^^^ help: if this is intentional, prefix it with an underscore: `_is_y_public`
[INFO] [stderr] 
[INFO] [stderr] warning: unused variable: `is_nonce_public`
[INFO] [stderr]   --> vrf-rust/src/types.rs:25:75
[INFO] [stderr]    |
[INFO] [stderr] 25 |     pub fn get_random_number(&self, is_x_public: bool, is_y_public: bool, is_nonce_public: bool) -> u128{
[INFO] [stderr]    |                                                                           ^^^^^^^^^^^^^^^ help: if this is intentional, prefix it with an underscore: `_is_nonce_public`
[INFO] [stderr] 
[INFO] [stderr] warning: `vrf-rust` (lib) generated 4 warnings (run `cargo fix --lib -p vrf-rust` to apply 4 suggestions)
[INFO] [stderr] warning: `vrf-rust` (lib test) generated 4 warnings (4 duplicates)
[INFO] [stderr] warning: unused import: `db::StoreManager`
[INFO] [stderr]  --> example/src/main.rs:2:105
[INFO] [stderr]   |
[INFO] [stderr] 2 | use ecdsa_circuit_input_lib::{keys::ecdsa::EcdsaKeyManager, core::signatures::{InputGenerator, Inputs}, db::StoreManager};
[INFO] [stderr]   |                                                                                                         ^^^^^^^^^^^^^^^^
[INFO] [stderr]   |
[INFO] [stderr]   = note: `#[warn(unused_imports)]` on by default
[INFO] [stderr] 
[INFO] [stderr] warning: `example` (bin "example" test) generated 1 warning (run `cargo fix --bin "example" --tests` to apply 1 suggestion)
[INFO] [stderr]     Finished test [unoptimized + debuginfo] target(s) in 0.04s
[INFO] [stderr]      Running unittests src/main.rs (/opt/rustwide/target/debug/deps/example-8fa91ba2812c9f9b)
[INFO] [stdout] 
[INFO] [stdout] running 0 tests
[INFO] [stdout] 
[INFO] [stdout] test result: ok. 0 passed; 0 failed; 0 ignored; 0 measured; 0 filtered out; finished in 0.00s
[INFO] [stdout] 
[INFO] [stderr]      Running unittests src/lib.rs (/opt/rustwide/target/debug/deps/vrf_rust-4f7ec4473d658ee3)
[INFO] [stdout] 
[INFO] [stdout] running 1 test
[INFO] [stdout] test nargo::test_generator_with_verification ... FAILED
[INFO] [stdout] 
[INFO] [stdout] failures:
[INFO] [stdout] 
[INFO] [stdout] ---- nargo::test_generator_with_verification stdout ----
[INFO] [stdout] thread 'nargo::test_generator_with_verification' panicked at vrf-rust/src/nargo.rs:20:63:
[INFO] [stdout] called `Result::unwrap()` on an `Err` value: Os { code: 2, kind: NotFound, message: "No such file or directory" }
[INFO] [stdout] stack backtrace:
[INFO] [stdout]    0:     0x5644cfbde4fc - std::backtrace_rs::backtrace::libunwind::trace::ha637c64ce894333a
[INFO] [stdout]                                at /rustc/82e1608dfa6e0b5569232559e3d385fea5a93112/library/std/src/../../backtrace/src/backtrace/libunwind.rs:104:5
[INFO] [stdout]    1:     0x5644cfbde4fc - std::backtrace_rs::backtrace::trace_unsynchronized::h47f62dea28e0c88d
[INFO] [stdout]                                at /rustc/82e1608dfa6e0b5569232559e3d385fea5a93112/library/std/src/../../backtrace/src/backtrace/mod.rs:66:5
[INFO] [stdout]    2:     0x5644cfbde4fc - std::sys_common::backtrace::_print_fmt::h9eef0abe20ede486
[INFO] [stdout]                                at /rustc/82e1608dfa6e0b5569232559e3d385fea5a93112/library/std/src/sys_common/backtrace.rs:67:5
[INFO] [stdout]    3:     0x5644cfbde4fc - <std::sys_common::backtrace::_print::DisplayBacktrace as core::fmt::Display>::fmt::hed7f999df88cc644
[INFO] [stdout]                                at /rustc/82e1608dfa6e0b5569232559e3d385fea5a93112/library/std/src/sys_common/backtrace.rs:44:22
[INFO] [stdout]    4:     0x5644cfc09790 - core::fmt::rt::Argument::fmt::h1539a9308b8d058d
[INFO] [stdout]                                at /rustc/82e1608dfa6e0b5569232559e3d385fea5a93112/library/core/src/fmt/rt.rs:142:9
[INFO] [stdout]    5:     0x5644cfc09790 - core::fmt::write::h3a39390d8560d9c9
[INFO] [stdout]                                at /rustc/82e1608dfa6e0b5569232559e3d385fea5a93112/library/core/src/fmt/mod.rs:1120:17
[INFO] [stdout]    6:     0x5644cfbdbc0f - std::io::Write::write_fmt::h040b369f3a0f9cbc
[INFO] [stdout]                                at /rustc/82e1608dfa6e0b5569232559e3d385fea5a93112/library/std/src/io/mod.rs:1762:15
[INFO] [stdout]    7:     0x5644cfbde2e4 - std::sys_common::backtrace::_print::h894006fb5c6f3d45
[INFO] [stdout]                                at /rustc/82e1608dfa6e0b5569232559e3d385fea5a93112/library/std/src/sys_common/backtrace.rs:47:5
[INFO] [stdout]    8:     0x5644cfbde2e4 - std::sys_common::backtrace::print::h23a2d212c6fff936
[INFO] [stdout]                                at /rustc/82e1608dfa6e0b5569232559e3d385fea5a93112/library/std/src/sys_common/backtrace.rs:34:9
[INFO] [stdout]    9:     0x5644cfbdffa7 - std::panicking::default_hook::{{closure}}::h8a1d2ee00185001a
[INFO] [stdout]   10:     0x5644cfbdfc93 - std::panicking::default_hook::h6038f2eba384e475
[INFO] [stdout]                                at /rustc/82e1608dfa6e0b5569232559e3d385fea5a93112/library/std/src/panicking.rs:289:9
[INFO] [stdout]   11:     0x5644cfba3197 - <alloc::boxed::Box<F,A> as core::ops::function::Fn<Args>>::call::h0ad024c9bdc6d768
[INFO] [stdout]                                at /rustc/82e1608dfa6e0b5569232559e3d385fea5a93112/library/alloc/src/boxed.rs:2021:9
[INFO] [stdout]   12:     0x5644cfba3197 - test::test_main::{{closure}}::h7500b54257359db6
[INFO] [stdout]                                at /rustc/82e1608dfa6e0b5569232559e3d385fea5a93112/library/test/src/lib.rs:138:21
[INFO] [stdout]   13:     0x5644cfbe05b8 - <alloc::boxed::Box<F,A> as core::ops::function::Fn<Args>>::call::h1f8f335eaa9cfaee
[INFO] [stdout]                                at /rustc/82e1608dfa6e0b5569232559e3d385fea5a93112/library/alloc/src/boxed.rs:2021:9
[INFO] [stdout]   14:     0x5644cfbe05b8 - std::panicking::rust_panic_with_hook::h2b5517d590cab22e
[INFO] [stdout]                                at /rustc/82e1608dfa6e0b5569232559e3d385fea5a93112/library/std/src/panicking.rs:783:13
[INFO] [stdout]   15:     0x5644cfbe030e - std::panicking::begin_panic_handler::{{closure}}::h233112c06e0ef43e
[INFO] [stdout]                                at /rustc/82e1608dfa6e0b5569232559e3d385fea5a93112/library/std/src/panicking.rs:657:13
[INFO] [stdout]   16:     0x5644cfbde9c6 - std::sys_common::backtrace::__rust_end_short_backtrace::h6e893f24d7ebbff8
[INFO] [stdout]                                at /rustc/82e1608dfa6e0b5569232559e3d385fea5a93112/library/std/src/sys_common/backtrace.rs:170:18
[INFO] [stdout]   17:     0x5644cfbe0072 - rust_begin_unwind
[INFO] [stdout]                                at /rustc/82e1608dfa6e0b5569232559e3d385fea5a93112/library/std/src/panicking.rs:645:5
[INFO] [stdout]   18:     0x5644cfb512b5 - core::panicking::panic_fmt::hbf0e066aabfa482c
[INFO] [stdout]                                at /rustc/82e1608dfa6e0b5569232559e3d385fea5a93112/library/core/src/panicking.rs:72:14
[INFO] [stdout]   19:     0x5644cfb51753 - core::result::unwrap_failed::hddb4fea594200c52
[INFO] [stdout]                                at /rustc/82e1608dfa6e0b5569232559e3d385fea5a93112/library/core/src/result.rs:1653:5
[INFO] [stdout]   20:     0x5644cfb53e7c - core::result::Result<T,E>::unwrap::h76d343c18bf6f95f
[INFO] [stdout]                                at /rustc/82e1608dfa6e0b5569232559e3d385fea5a93112/library/core/src/result.rs:1077:23
[INFO] [stdout]   21:     0x5644cfb56e68 - vrf_rust::nargo::VerifiableRandomGenerator::generate::hf7655b20c87f0950
[INFO] [stdout]                                at /opt/rustwide/workdir/vrf-rust/src/nargo.rs:20:23
[INFO] [stdout]   22:     0x5644cfb59a38 - vrf_rust::nargo::test_generator_with_verification::h47660500301ec7d0
[INFO] [stdout]                                at /opt/rustwide/workdir/vrf-rust/src/nargo.rs:142:24
[INFO] [stdout]   23:     0x5644cfb59377 - vrf_rust::nargo::test_generator_with_verification::{{closure}}::h1a238e83ccc7fb57
[INFO] [stdout]                                at /opt/rustwide/workdir/vrf-rust/src/nargo.rs:126:38
[INFO] [stdout]   24:     0x5644cfb52c46 - core::ops::function::FnOnce::call_once::h1aeeca23b565ad68
[INFO] [stdout]                                at /rustc/82e1608dfa6e0b5569232559e3d385fea5a93112/library/core/src/ops/function.rs:250:5
[INFO] [stdout]   25:     0x5644cfba87ef - core::ops::function::FnOnce::call_once::h2b5d431d5046312d
[INFO] [stdout]                                at /rustc/82e1608dfa6e0b5569232559e3d385fea5a93112/library/core/src/ops/function.rs:250:5
[INFO] [stdout]   26:     0x5644cfba87ef - test::__rust_begin_short_backtrace::h7714669af176e207
[INFO] [stdout]                                at /rustc/82e1608dfa6e0b5569232559e3d385fea5a93112/library/test/src/lib.rs:628:18
[INFO] [stdout]   27:     0x5644cfba7805 - test::run_test_in_process::{{closure}}::h85218797dcbcec12
[INFO] [stdout]                                at /rustc/82e1608dfa6e0b5569232559e3d385fea5a93112/library/test/src/lib.rs:651:60
[INFO] [stdout]   28:     0x5644cfba7805 - <core::panic::unwind_safe::AssertUnwindSafe<F> as core::ops::function::FnOnce<()>>::call_once::h76c106ea31c14d7b
[INFO] [stdout]                                at /rustc/82e1608dfa6e0b5569232559e3d385fea5a93112/library/core/src/panic/unwind_safe.rs:272:9
[INFO] [stdout]   29:     0x5644cfba7805 - std::panicking::try::do_call::h3bd5d0f6620ee946
[INFO] [stdout]                                at /rustc/82e1608dfa6e0b5569232559e3d385fea5a93112/library/std/src/panicking.rs:552:40
[INFO] [stdout]   30:     0x5644cfba7805 - std::panicking::try::h232e535e4744fe31
[INFO] [stdout]                                at /rustc/82e1608dfa6e0b5569232559e3d385fea5a93112/library/std/src/panicking.rs:516:19
[INFO] [stdout]   31:     0x5644cfba7805 - std::panic::catch_unwind::h3ce3bd6ca8dbac68
[INFO] [stdout]                                at /rustc/82e1608dfa6e0b5569232559e3d385fea5a93112/library/std/src/panic.rs:142:14
[INFO] [stdout]   32:     0x5644cfba7805 - test::run_test_in_process::hc97b257c9621286a
[INFO] [stdout]                                at /rustc/82e1608dfa6e0b5569232559e3d385fea5a93112/library/test/src/lib.rs:651:27
[INFO] [stdout]   33:     0x5644cfba7805 - test::run_test::{{closure}}::h2aa798823a438d38
[INFO] [stdout]                                at /rustc/82e1608dfa6e0b5569232559e3d385fea5a93112/library/test/src/lib.rs:574:43
[INFO] [stdout]   34:     0x5644cfb6fac6 - test::run_test::{{closure}}::h87d231c78fb59832
[INFO] [stdout]                                at /rustc/82e1608dfa6e0b5569232559e3d385fea5a93112/library/test/src/lib.rs:602:41
[INFO] [stdout]   35:     0x5644cfb6fac6 - std::sys_common::backtrace::__rust_begin_short_backtrace::he6df152596625789
[INFO] [stdout]                                at /rustc/82e1608dfa6e0b5569232559e3d385fea5a93112/library/std/src/sys_common/backtrace.rs:154:18
[INFO] [stdout]   36:     0x5644cfb74b77 - std::thread::Builder::spawn_unchecked_::{{closure}}::{{closure}}::ha94be15d1e0acf36
[INFO] [stdout]                                at /rustc/82e1608dfa6e0b5569232559e3d385fea5a93112/library/std/src/thread/mod.rs:529:17
[INFO] [stdout]   37:     0x5644cfb74b77 - <core::panic::unwind_safe::AssertUnwindSafe<F> as core::ops::function::FnOnce<()>>::call_once::h9dc6bd6372f16606
[INFO] [stdout]                                at /rustc/82e1608dfa6e0b5569232559e3d385fea5a93112/library/core/src/panic/unwind_safe.rs:272:9
[INFO] [stdout]   38:     0x5644cfb74b77 - std::panicking::try::do_call::h9057517f80303cd4
[INFO] [stdout]                                at /rustc/82e1608dfa6e0b5569232559e3d385fea5a93112/library/std/src/panicking.rs:552:40
[INFO] [stdout]   39:     0x5644cfb74b77 - std::panicking::try::he3a30b11ee45340c
[INFO] [stdout]                                at /rustc/82e1608dfa6e0b5569232559e3d385fea5a93112/library/std/src/panicking.rs:516:19
[INFO] [stdout]   40:     0x5644cfb74b77 - std::panic::catch_unwind::h410458cfd3528b8b
[INFO] [stdout]                                at /rustc/82e1608dfa6e0b5569232559e3d385fea5a93112/library/std/src/panic.rs:142:14
[INFO] [stdout]   41:     0x5644cfb74b77 - std::thread::Builder::spawn_unchecked_::{{closure}}::h72ac3bdb567b737b
[INFO] [stdout]                                at /rustc/82e1608dfa6e0b5569232559e3d385fea5a93112/library/std/src/thread/mod.rs:528:30
[INFO] [stdout]   42:     0x5644cfb74b77 - core::ops::function::FnOnce::call_once{{vtable.shim}}::h38f34da3654a8344
[INFO] [stdout]                                at /rustc/82e1608dfa6e0b5569232559e3d385fea5a93112/library/core/src/ops/function.rs:250:5
[INFO] [stdout]   43:     0x5644cfbe6685 - <alloc::boxed::Box<F,A> as core::ops::function::FnOnce<Args>>::call_once::hc7eafaff61e32df9
[INFO] [stdout]                                at /rustc/82e1608dfa6e0b5569232559e3d385fea5a93112/library/alloc/src/boxed.rs:2007:9
[INFO] [stdout]   44:     0x5644cfbe6685 - <alloc::boxed::Box<F,A> as core::ops::function::FnOnce<Args>>::call_once::h6ba4a5de48dd2304
[INFO] [stdout]                                at /rustc/82e1608dfa6e0b5569232559e3d385fea5a93112/library/alloc/src/boxed.rs:2007:9
[INFO] [stdout]   45:     0x5644cfbe6685 - std::sys::unix::thread::Thread::new::thread_start::he469335aef763e45
[INFO] [stdout]                                at /rustc/82e1608dfa6e0b5569232559e3d385fea5a93112/library/std/src/sys/unix/thread.rs:108:17
[INFO] [stdout]   46:     0x7fd11c063ac3 - <unknown>
[INFO] [stdout]   47:     0x7fd11c0f4bf4 - __clone
[INFO] [stdout]   48:                0x0 - <unknown>
[INFO] [stdout] 
[INFO] [stdout] 
[INFO] [stdout] failures:
[INFO] [stdout]     nargo::test_generator_with_verification
[INFO] [stdout] 
[INFO] [stdout] test result: FAILED. 0 passed; 1 failed; 0 ignored; 0 measured; 0 filtered out; finished in 0.02s
[INFO] [stdout] 
[INFO] [stderr] error: test failed, to rerun pass `-p vrf-rust --lib`
[INFO] running `Command { std: "docker" "inspect" "178d6b88ffd2d33741f6f23f0be186df92777f1fdf0a84bbda899483fa61dd91", kill_on_drop: false }`
[INFO] running `Command { std: "docker" "rm" "-f" "178d6b88ffd2d33741f6f23f0be186df92777f1fdf0a84bbda899483fa61dd91", kill_on_drop: false }`
[INFO] [stdout] 178d6b88ffd2d33741f6f23f0be186df92777f1fdf0a84bbda899483fa61dd91
