[INFO] cloning repository https://github.com/johncarmack1984/rust-upload-progress
[INFO] running `Command { std: "git" "-c" "credential.helper=" "-c" "credential.helper=/workspace/cargo-home/bin/git-credential-null" "clone" "--bare" "https://github.com/johncarmack1984/rust-upload-progress" "/workspace/cache/git-repos/https%3A%2F%2Fgithub.com%2Fjohncarmack1984%2Frust-upload-progress", kill_on_drop: false }`
[INFO] [stderr] Cloning into bare repository '/workspace/cache/git-repos/https%3A%2F%2Fgithub.com%2Fjohncarmack1984%2Frust-upload-progress'...
[INFO] running `Command { std: "git" "rev-parse" "HEAD", kill_on_drop: false }`
[INFO] [stdout] 3ae93ba6afde459c2850fb3ef081bff845d48892
[INFO] testing johncarmack1984/rust-upload-progress against 1.75.0 for beta-1.76-1
[INFO] running `Command { std: "git" "clone" "/workspace/cache/git-repos/https%3A%2F%2Fgithub.com%2Fjohncarmack1984%2Frust-upload-progress" "/workspace/builds/worker-3-tc1/source", kill_on_drop: false }`
[INFO] [stderr] Cloning into '/workspace/builds/worker-3-tc1/source'...
[INFO] [stderr] done.
[INFO] validating manifest of git repo https://github.com/johncarmack1984/rust-upload-progress on toolchain 1.75.0
[INFO] running `Command { std: CARGO_HOME="/workspace/cargo-home" RUSTUP_HOME="/workspace/rustup-home" "/workspace/cargo-home/bin/cargo" "+1.75.0" "metadata" "--manifest-path" "Cargo.toml" "--no-deps", kill_on_drop: false }`
[INFO] started tweaking git repo https://github.com/johncarmack1984/rust-upload-progress
[INFO] finished tweaking git repo https://github.com/johncarmack1984/rust-upload-progress
[INFO] tweaked toml for git repo https://github.com/johncarmack1984/rust-upload-progress written to /workspace/builds/worker-3-tc1/source/Cargo.toml
[INFO] crate git repo https://github.com/johncarmack1984/rust-upload-progress already has a lockfile, it will not be regenerated
[INFO] running `Command { std: CARGO_HOME="/workspace/cargo-home" RUSTUP_HOME="/workspace/rustup-home" "/workspace/cargo-home/bin/cargo" "+1.75.0" "fetch" "--manifest-path" "Cargo.toml", kill_on_drop: false }`
[INFO] [stderr]  Downloading crates ...
[INFO] [stderr]   Downloaded tauri-winrt-notification v0.1.1
[INFO] [stderr]   Downloaded watchexec v1.17.2
[INFO] [stderr]   Downloaded cargo-watch v8.4.0
[INFO] running `Command { std: "docker" "create" "-v" "/var/lib/crater-agent-workspace/builds/worker-3-tc1/target:/opt/rustwide/target:rw,Z" "-v" "/var/lib/crater-agent-workspace/builds/worker-3-tc1/source:/opt/rustwide/workdir:ro,Z" "-v" "/var/lib/crater-agent-workspace/cargo-home:/opt/rustwide/cargo-home:ro,Z" "-v" "/var/lib/crater-agent-workspace/rustup-home:/opt/rustwide/rustup-home:ro,Z" "-e" "SOURCE_DIR=/opt/rustwide/workdir" "-e" "CARGO_TARGET_DIR=/opt/rustwide/target" "-e" "CARGO_HOME=/opt/rustwide/cargo-home" "-e" "RUSTUP_HOME=/opt/rustwide/rustup-home" "-w" "/opt/rustwide/workdir" "-m" "1610612736" "--user" "0:0" "--network" "none" "ghcr.io/rust-lang/crates-build-env/linux@sha256:2788e3201cd34a07e3172128adcd8b3090168a8e3bcc40d7c032b9dda1df7d1c" "/opt/rustwide/cargo-home/bin/cargo" "+1.75.0" "metadata" "--no-deps" "--format-version=1", kill_on_drop: false }`
[INFO] [stdout] 8ba02f8484d3e9ef908c713fd949a7e43d3fb18b73271f1e3df76739d55af01c
[INFO] running `Command { std: "docker" "start" "-a" "8ba02f8484d3e9ef908c713fd949a7e43d3fb18b73271f1e3df76739d55af01c", kill_on_drop: false }`
[INFO] running `Command { std: "docker" "inspect" "8ba02f8484d3e9ef908c713fd949a7e43d3fb18b73271f1e3df76739d55af01c", kill_on_drop: false }`
[INFO] running `Command { std: "docker" "rm" "-f" "8ba02f8484d3e9ef908c713fd949a7e43d3fb18b73271f1e3df76739d55af01c", kill_on_drop: false }`
[INFO] [stdout] 8ba02f8484d3e9ef908c713fd949a7e43d3fb18b73271f1e3df76739d55af01c
[INFO] running `Command { std: "docker" "create" "-v" "/var/lib/crater-agent-workspace/builds/worker-3-tc1/target:/opt/rustwide/target:rw,Z" "-v" "/var/lib/crater-agent-workspace/builds/worker-3-tc1/source:/opt/rustwide/workdir:ro,Z" "-v" "/var/lib/crater-agent-workspace/cargo-home:/opt/rustwide/cargo-home:ro,Z" "-v" "/var/lib/crater-agent-workspace/rustup-home:/opt/rustwide/rustup-home:ro,Z" "-e" "SOURCE_DIR=/opt/rustwide/workdir" "-e" "CARGO_TARGET_DIR=/opt/rustwide/target" "-e" "CARGO_INCREMENTAL=0" "-e" "RUST_BACKTRACE=full" "-e" "RUSTFLAGS=--cap-lints=warn" "-e" "RUSTDOCFLAGS=--cap-lints=warn" "-e" "CARGO_HOME=/opt/rustwide/cargo-home" "-e" "RUSTUP_HOME=/opt/rustwide/rustup-home" "-w" "/opt/rustwide/workdir" "-m" "1610612736" "--user" "0:0" "--network" "none" "ghcr.io/rust-lang/crates-build-env/linux@sha256:2788e3201cd34a07e3172128adcd8b3090168a8e3bcc40d7c032b9dda1df7d1c" "/opt/rustwide/cargo-home/bin/cargo" "+1.75.0" "build" "--frozen" "--message-format=json", kill_on_drop: false }`
[INFO] [stdout] 67837beb6f48467d2c70eaac437e0bc846efed8894c91d5b9ff3df8c582e7558
[INFO] running `Command { std: "docker" "start" "-a" "67837beb6f48467d2c70eaac437e0bc846efed8894c91d5b9ff3df8c582e7558", kill_on_drop: false }`
[INFO] [stderr] warning: rust-upload-progress v0.1.0 (/opt/rustwide/workdir) ignoring invalid dependency `cargo-watch` which is missing a lib target
[INFO] [stderr]    Compiling autocfg v1.1.0
[INFO] [stderr]    Compiling libc v0.2.146
[INFO] [stderr]    Compiling proc-macro2 v1.0.63
[INFO] [stderr]    Compiling quote v1.0.28
[INFO] [stderr]    Compiling unicode-ident v1.0.9
[INFO] [stderr]    Compiling cfg-if v1.0.0
[INFO] [stderr]    Compiling pin-project-lite v0.2.9
[INFO] [stderr]    Compiling once_cell v1.18.0
[INFO] [stderr]    Compiling bytes v1.4.0
[INFO] [stderr]    Compiling futures-core v0.3.28
[INFO] [stderr]    Compiling parking_lot_core v0.9.8
[INFO] [stderr]    Compiling smallvec v1.10.0
[INFO] [stderr]    Compiling memchr v2.5.0
[INFO] [stderr]    Compiling scopeguard v1.1.0
[INFO] [stderr]    Compiling cc v1.0.79
[INFO] [stderr]    Compiling futures-channel v0.3.28
[INFO] [stderr]    Compiling futures-sink v0.3.28
[INFO] [stderr]    Compiling futures-task v0.3.28
[INFO] [stderr]    Compiling itoa v1.0.6
[INFO] [stderr]    Compiling log v0.4.19
[INFO] [stderr]    Compiling futures-util v0.3.28
[INFO] [stderr]    Compiling futures-io v0.3.28
[INFO] [stderr]    Compiling pin-utils v0.1.0
[INFO] [stderr]    Compiling tracing-core v0.1.31
[INFO] [stderr]    Compiling fnv v1.0.7
[INFO] [stderr]    Compiling ryu v1.0.13
[INFO] [stderr]    Compiling time-core v0.1.1
[INFO] [stderr]    Compiling outref v0.5.1
[INFO] [stderr]    Compiling hashbrown v0.12.3
[INFO] [stderr]    Compiling vsimd v0.8.0
[INFO] [stderr]    Compiling httparse v1.8.0
[INFO] [stderr]    Compiling lock_api v0.4.10
[INFO] [stderr]    Compiling tokio v1.28.2
[INFO] [stderr]    Compiling slab v0.4.8
[INFO] [stderr]    Compiling num-traits v0.2.15
[INFO] [stderr]    Compiling num-integer v0.1.45
[INFO] [stderr]    Compiling indexmap v1.9.3
[INFO] [stderr]    Compiling http v0.2.9
[INFO] [stderr]    Compiling time v0.3.22
[INFO] [stderr]    Compiling tower-service v0.3.2
[INFO] [stderr]    Compiling try-lock v0.2.4
[INFO] [stderr]    Compiling want v0.3.1
[INFO] [stderr]    Compiling typenum v1.16.0
[INFO] [stderr]    Compiling semver v1.0.17
[INFO] [stderr]    Compiling base64-simd v0.8.0
[INFO] [stderr]    Compiling percent-encoding v2.3.0
[INFO] [stderr]    Compiling version_check v0.9.4
[INFO] [stderr]    Compiling syn v2.0.22
[INFO] [stderr]    Compiling httpdate v1.0.2
[INFO] [stderr]    Compiling crc32fast v1.3.2
[INFO] [stderr]    Compiling openssl-probe v0.1.5
[INFO] [stderr]    Compiling untrusted v0.7.1
[INFO] [stderr]    Compiling spin v0.5.2
[INFO] [stderr]    Compiling either v1.8.1
[INFO] [stderr]    Compiling rustls v0.20.8
[INFO] [stderr]    Compiling generic-array v0.14.7
[INFO] [stderr]    Compiling base64 v0.21.2
[INFO] [stderr]    Compiling http-body v0.4.5
[INFO] [stderr]    Compiling ring v0.16.20
[INFO] [stderr]    Compiling subtle v2.5.0
[INFO] [stderr]    Compiling rustc_version v0.4.0
[INFO] [stderr]    Compiling bytes-utils v0.1.3
[INFO] [stderr]    Compiling tower-layer v0.3.2
[INFO] [stderr]    Compiling lazy_static v1.4.0
[INFO] [stderr]    Compiling fastrand v1.9.0
[INFO] [stderr]    Compiling pkg-config v0.3.27
[INFO] [stderr]    Compiling form_urlencoded v1.2.0
[INFO] [stderr]    Compiling rustls-pemfile v1.0.2
[INFO] [stderr]    Compiling cpufeatures v0.2.8
[INFO] [stderr]    Compiling zeroize v1.6.0
[INFO] [stderr]    Compiling aws-types v0.55.3
[INFO] [stderr]    Compiling rustls-native-certs v0.6.3
[INFO] [stderr]    Compiling aho-corasick v1.0.2
[INFO] [stderr]    Compiling regex-syntax v0.7.2
[INFO] [stderr]    Compiling hex v0.4.3
[INFO] [stderr]    Compiling openssl v0.10.55
[INFO] [stderr]    Compiling num_cpus v1.15.0
[INFO] [stderr]    Compiling socket2 v0.4.9
[INFO] [stderr]    Compiling signal-hook-registry v1.4.1
[INFO] [stderr]    Compiling mio v0.8.8
[INFO] [stderr]    Compiling parking_lot v0.12.1
[INFO] [stderr]    Compiling aws-smithy-types v0.55.3
[INFO] [stderr]    Compiling foreign-types-shared v0.1.1
[INFO] [stderr]    Compiling tinyvec_macros v0.1.1
[INFO] [stderr]    Compiling tinyvec v1.6.0
[INFO] [stderr]    Compiling openssl-sys v0.9.90
[INFO] [stderr]    Compiling foreign-types v0.3.2
[INFO] [stderr]    Compiling bitflags v1.3.2
[INFO] [stderr]    Compiling native-tls v0.2.11
[INFO] [stderr]    Compiling crc32c v0.6.3
[INFO] [stderr]    Compiling unicode-bidi v0.3.13
[INFO] [stderr]    Compiling aws-smithy-eventstream v0.55.3
[INFO] [stderr]    Compiling aws-smithy-json v0.55.3
[INFO] [stderr]    Compiling serde v1.0.164
[INFO] [stderr]    Compiling xmlparser v0.13.5
[INFO] [stderr]    Compiling getrandom v0.2.10
[INFO] [stderr]    Compiling urlencoding v2.1.2
[INFO] [stderr]    Compiling portable-atomic v1.3.3
[INFO] [stderr]    Compiling aws-smithy-xml v0.55.3
[INFO] [stderr]    Compiling rand_core v0.6.4
[INFO] [stderr]    Compiling aws-smithy-query v0.55.3
[INFO] [stderr]    Compiling ppv-lite86 v0.2.17
[INFO] [stderr]    Compiling crypto-common v0.1.6
[INFO] [stderr]    Compiling block-buffer v0.10.4
[INFO] [stderr]    Compiling unicode-normalization v0.1.22
[INFO] [stderr]    Compiling unicode-width v0.1.10
[INFO] [stderr]    Compiling encoding_rs v0.8.32
[INFO] [stderr]    Compiling ipnet v2.7.2
[INFO] [stderr]    Compiling digest v0.10.7
[INFO] [stderr]    Compiling number_prefix v0.4.0
[INFO] [stderr]    Compiling console v0.15.7
[INFO] [stderr]    Compiling mime v0.3.17
[INFO] [stderr]    Compiling uuid v1.3.4
[INFO] [stderr]    Compiling sha2 v0.10.7
[INFO] [stderr]    Compiling hmac v0.12.1
[INFO] [stderr]    Compiling sha1 v0.10.5
[INFO] [stderr]    Compiling md-5 v0.10.5
[INFO] [stderr]    Compiling rand_chacha v0.3.1
[INFO] [stderr]    Compiling idna v0.4.0
[INFO] [stderr]    Compiling regex v1.8.4
[INFO] [stderr]    Compiling rand v0.8.5
[INFO] [stderr]    Compiling url v2.4.0
[INFO] [stderr]    Compiling indicatif v0.17.5
[INFO] [stderr]    Compiling tokio-macros v2.1.0
[INFO] [stderr]    Compiling futures-macro v0.3.28
[INFO] [stderr]    Compiling tracing-attributes v0.1.26
[INFO] [stderr]    Compiling pin-project-internal v1.1.0
[INFO] [stderr]    Compiling openssl-macros v0.1.1
[INFO] [stderr]    Compiling serde_derive v1.0.164
[INFO] [stderr]    Compiling sct v0.7.0
[INFO] [stderr]    Compiling webpki v0.22.0
[INFO] [stderr]    Compiling pin-project v1.1.0
[INFO] [stderr]    Compiling tracing v0.1.37
[INFO] [stderr]    Compiling futures-executor v0.3.28
[INFO] [stderr]    Compiling futures v0.3.28
[INFO] [stderr]    Compiling tokio-util v0.7.8
[INFO] [stderr]    Compiling tokio-stream v0.1.14
[INFO] [stderr]    Compiling tower v0.4.13
[INFO] [stderr]    Compiling tokio-rustls v0.23.4
[INFO] [stderr]    Compiling tokio-native-tls v0.3.1
[INFO] [stderr]    Compiling aws-smithy-async v0.55.3
[INFO] [stderr]    Compiling h2 v0.3.19
[INFO] [stderr]    Compiling aws-credential-types v0.55.3
[INFO] [stderr]    Compiling serde_urlencoded v0.7.1
[INFO] [stderr]    Compiling hyper v0.14.26
[INFO] [stderr]    Compiling aws-smithy-http v0.55.3
[INFO] [stderr]    Compiling hyper-rustls v0.23.2
[INFO] [stderr]    Compiling hyper-tls v0.5.0
[INFO] [stderr]    Compiling reqwest v0.11.18
[INFO] [stderr]    Compiling aws-smithy-http-tower v0.55.3
[INFO] [stderr]    Compiling aws-sigv4 v0.55.3
[INFO] [stderr]    Compiling aws-smithy-checksums v0.55.3
[INFO] [stderr]    Compiling aws-smithy-client v0.55.3
[INFO] [stderr]    Compiling aws-endpoint v0.55.3
[INFO] [stderr]    Compiling aws-sig-auth v0.55.3
[INFO] [stderr]    Compiling aws-http v0.55.3
[INFO] [stderr]    Compiling aws-sdk-sts v0.28.0
[INFO] [stderr]    Compiling aws-sdk-sso v0.28.0
[INFO] [stderr]    Compiling aws-sdk-s3 v0.28.0
[INFO] [stderr]    Compiling aws-config v0.55.3
[INFO] [stderr]    Compiling rust-upload-progress v0.1.0 (/opt/rustwide/workdir)
[INFO] [stdout] warning: unused imports: `Rng`, `distributions::Alphanumeric`, `thread_rng`
[INFO] [stdout]   --> src/main.rs:11:12
[INFO] [stdout]    |
[INFO] [stdout] 11 | use rand::{distributions::Alphanumeric, thread_rng, Rng};
[INFO] [stdout]    |            ^^^^^^^^^^^^^^^^^^^^^^^^^^^  ^^^^^^^^^^  ^^^
[INFO] [stdout]    |
[INFO] [stdout]    = note: `#[warn(unused_imports)]` on by default
[INFO] [stdout] 
[INFO] [stdout] 
[INFO] [stdout] warning: unused import: `rust_upload_progress::TrackableBodyStream`
[INFO] [stdout]   --> src/main.rs:12:5
[INFO] [stdout]    |
[INFO] [stdout] 12 | use rust_upload_progress::TrackableBodyStream;
[INFO] [stdout]    |     ^^^^^^^^^^^^^^^^^^^^^^^^^^^^^^^^^^^^^^^^^
[INFO] [stdout] 
[INFO] [stdout] 
[INFO] [stdout] warning: unused imports: `PathBuf`, `fs::File`, `io::Write`
[INFO] [stdout]   --> src/main.rs:14:5
[INFO] [stdout]    |
[INFO] [stdout] 14 |     fs::File,
[INFO] [stdout]    |     ^^^^^^^^
[INFO] [stdout] 15 |     io::Write,
[INFO] [stdout]    |     ^^^^^^^^^
[INFO] [stdout] 16 |     path::{Path, PathBuf},
[INFO] [stdout]    |                  ^^^^^^^
[INFO] [stdout] 
[INFO] [stdout] 
[INFO] [stdout] warning: 3 warnings emitted
[INFO] [stdout] 
[INFO] [stdout] 
[INFO] [stderr]     Finished dev [unoptimized + debuginfo] target(s) in 41.11s
[INFO] running `Command { std: "docker" "inspect" "67837beb6f48467d2c70eaac437e0bc846efed8894c91d5b9ff3df8c582e7558", kill_on_drop: false }`
[INFO] running `Command { std: "docker" "rm" "-f" "67837beb6f48467d2c70eaac437e0bc846efed8894c91d5b9ff3df8c582e7558", kill_on_drop: false }`
[INFO] [stdout] 67837beb6f48467d2c70eaac437e0bc846efed8894c91d5b9ff3df8c582e7558
[INFO] running `Command { std: "docker" "create" "-v" "/var/lib/crater-agent-workspace/builds/worker-3-tc1/target:/opt/rustwide/target:rw,Z" "-v" "/var/lib/crater-agent-workspace/builds/worker-3-tc1/source:/opt/rustwide/workdir:ro,Z" "-v" "/var/lib/crater-agent-workspace/cargo-home:/opt/rustwide/cargo-home:ro,Z" "-v" "/var/lib/crater-agent-workspace/rustup-home:/opt/rustwide/rustup-home:ro,Z" "-e" "SOURCE_DIR=/opt/rustwide/workdir" "-e" "CARGO_TARGET_DIR=/opt/rustwide/target" "-e" "CARGO_INCREMENTAL=0" "-e" "RUST_BACKTRACE=full" "-e" "RUSTFLAGS=--cap-lints=warn" "-e" "RUSTDOCFLAGS=--cap-lints=warn" "-e" "CARGO_HOME=/opt/rustwide/cargo-home" "-e" "RUSTUP_HOME=/opt/rustwide/rustup-home" "-w" "/opt/rustwide/workdir" "-m" "1610612736" "--user" "0:0" "--network" "none" "ghcr.io/rust-lang/crates-build-env/linux@sha256:2788e3201cd34a07e3172128adcd8b3090168a8e3bcc40d7c032b9dda1df7d1c" "/opt/rustwide/cargo-home/bin/cargo" "+1.75.0" "test" "--frozen" "--no-run" "--message-format=json", kill_on_drop: false }`
[INFO] [stdout] 8a3abb7da1f84c0e89890d14eeb08ada93f6eb6e649d315dbe1265bd4f180b4d
[INFO] running `Command { std: "docker" "start" "-a" "8a3abb7da1f84c0e89890d14eeb08ada93f6eb6e649d315dbe1265bd4f180b4d", kill_on_drop: false }`
[INFO] [stderr] warning: rust-upload-progress v0.1.0 (/opt/rustwide/workdir) ignoring invalid dependency `cargo-watch` which is missing a lib target
[INFO] [stderr]    Compiling rust-upload-progress v0.1.0 (/opt/rustwide/workdir)
[INFO] [stdout] warning: unused imports: `Rng`, `distributions::Alphanumeric`, `thread_rng`
[INFO] [stdout]   --> src/main.rs:11:12
[INFO] [stdout]    |
[INFO] [stdout] 11 | use rand::{distributions::Alphanumeric, thread_rng, Rng};
[INFO] [stdout]    |            ^^^^^^^^^^^^^^^^^^^^^^^^^^^  ^^^^^^^^^^  ^^^
[INFO] [stdout]    |
[INFO] [stdout]    = note: `#[warn(unused_imports)]` on by default
[INFO] [stdout] 
[INFO] [stdout] 
[INFO] [stdout] warning: unused import: `rust_upload_progress::TrackableBodyStream`
[INFO] [stdout]   --> src/main.rs:12:5
[INFO] [stdout]    |
[INFO] [stdout] 12 | use rust_upload_progress::TrackableBodyStream;
[INFO] [stdout]    |     ^^^^^^^^^^^^^^^^^^^^^^^^^^^^^^^^^^^^^^^^^
[INFO] [stdout] 
[INFO] [stdout] 
[INFO] [stdout] warning: unused imports: `PathBuf`, `fs::File`, `io::Write`
[INFO] [stdout]   --> src/main.rs:14:5
[INFO] [stdout]    |
[INFO] [stdout] 14 |     fs::File,
[INFO] [stdout]    |     ^^^^^^^^
[INFO] [stdout] 15 |     io::Write,
[INFO] [stdout]    |     ^^^^^^^^^
[INFO] [stdout] 16 |     path::{Path, PathBuf},
[INFO] [stdout]    |                  ^^^^^^^
[INFO] [stdout] 
[INFO] [stdout] 
[INFO] [stdout] warning: 3 warnings emitted
[INFO] [stdout] 
[INFO] [stdout] 
[INFO] [stderr]     Finished test [unoptimized + debuginfo] target(s) in 0.71s
[INFO] running `Command { std: "docker" "inspect" "8a3abb7da1f84c0e89890d14eeb08ada93f6eb6e649d315dbe1265bd4f180b4d", kill_on_drop: false }`
[INFO] running `Command { std: "docker" "rm" "-f" "8a3abb7da1f84c0e89890d14eeb08ada93f6eb6e649d315dbe1265bd4f180b4d", kill_on_drop: false }`
[INFO] [stdout] 8a3abb7da1f84c0e89890d14eeb08ada93f6eb6e649d315dbe1265bd4f180b4d
[INFO] running `Command { std: "docker" "create" "-v" "/var/lib/crater-agent-workspace/builds/worker-3-tc1/target:/opt/rustwide/target:rw,Z" "-v" "/var/lib/crater-agent-workspace/builds/worker-3-tc1/source:/opt/rustwide/workdir:ro,Z" "-v" "/var/lib/crater-agent-workspace/cargo-home:/opt/rustwide/cargo-home:ro,Z" "-v" "/var/lib/crater-agent-workspace/rustup-home:/opt/rustwide/rustup-home:ro,Z" "-e" "SOURCE_DIR=/opt/rustwide/workdir" "-e" "CARGO_TARGET_DIR=/opt/rustwide/target" "-e" "CARGO_INCREMENTAL=0" "-e" "RUST_BACKTRACE=full" "-e" "RUSTFLAGS=--cap-lints=warn" "-e" "RUSTDOCFLAGS=--cap-lints=warn" "-e" "CARGO_HOME=/opt/rustwide/cargo-home" "-e" "RUSTUP_HOME=/opt/rustwide/rustup-home" "-w" "/opt/rustwide/workdir" "-m" "1610612736" "--user" "0:0" "--network" "none" "ghcr.io/rust-lang/crates-build-env/linux@sha256:2788e3201cd34a07e3172128adcd8b3090168a8e3bcc40d7c032b9dda1df7d1c" "/opt/rustwide/cargo-home/bin/cargo" "+1.75.0" "test" "--frozen", kill_on_drop: false }`
[INFO] [stdout] da09ad1bea9bb9da0269dfd614ae5981b26cbac63edfa2b829408d95ddae9e15
[INFO] running `Command { std: "docker" "start" "-a" "da09ad1bea9bb9da0269dfd614ae5981b26cbac63edfa2b829408d95ddae9e15", kill_on_drop: false }`
[INFO] [stderr] warning: rust-upload-progress v0.1.0 (/opt/rustwide/workdir) ignoring invalid dependency `cargo-watch` which is missing a lib target
[INFO] [stderr] warning: unused imports: `Rng`, `distributions::Alphanumeric`, `thread_rng`
[INFO] [stderr]   --> src/main.rs:11:12
[INFO] [stderr]    |
[INFO] [stderr] 11 | use rand::{distributions::Alphanumeric, thread_rng, Rng};
[INFO] [stderr]    |            ^^^^^^^^^^^^^^^^^^^^^^^^^^^  ^^^^^^^^^^  ^^^
[INFO] [stderr]    |
[INFO] [stderr]    = note: `#[warn(unused_imports)]` on by default
[INFO] [stderr] 
[INFO] [stderr] warning: unused import: `rust_upload_progress::TrackableBodyStream`
[INFO] [stderr]   --> src/main.rs:12:5
[INFO] [stderr]    |
[INFO] [stderr] 12 | use rust_upload_progress::TrackableBodyStream;
[INFO] [stderr]    |     ^^^^^^^^^^^^^^^^^^^^^^^^^^^^^^^^^^^^^^^^^
[INFO] [stderr] 
[INFO] [stderr] warning: unused imports: `PathBuf`, `fs::File`, `io::Write`
[INFO] [stderr]   --> src/main.rs:14:5
[INFO] [stderr]    |
[INFO] [stderr] 14 |     fs::File,
[INFO] [stderr]    |     ^^^^^^^^
[INFO] [stderr] 15 |     io::Write,
[INFO] [stderr]    |     ^^^^^^^^^
[INFO] [stderr] 16 |     path::{Path, PathBuf},
[INFO] [stderr]    |                  ^^^^^^^
[INFO] [stderr] 
[INFO] [stderr] warning: `rust-upload-progress` (bin "rust-upload-progress" test) generated 3 warnings (run `cargo fix --bin "rust-upload-progress" --tests` to apply 3 suggestions)
[INFO] [stderr]     Finished test [unoptimized + debuginfo] target(s) in 0.16s
[INFO] [stderr]      Running unittests src/lib.rs (/opt/rustwide/target/debug/deps/rust_upload_progress-434d9d7437c3bf4c)
[INFO] [stdout] 
[INFO] [stdout] running 0 tests
[INFO] [stdout] 
[INFO] [stdout] test result: ok. 0 passed; 0 failed; 0 ignored; 0 measured; 0 filtered out; finished in 0.00s
[INFO] [stdout] 
[INFO] [stderr]      Running unittests src/main.rs (/opt/rustwide/target/debug/deps/rust_upload_progress-bcacb9a9da6b9715)
[INFO] [stdout] 
[INFO] [stdout] running 0 tests
[INFO] [stdout] 
[INFO] [stdout] test result: ok. 0 passed; 0 failed; 0 ignored; 0 measured; 0 filtered out; finished in 0.00s
[INFO] [stdout] 
[INFO] [stderr]    Doc-tests rust-upload-progress
[INFO] [stdout] 
[INFO] [stdout] running 1 test
[INFO] [stdout] test src/lib.rs - TrackableBodyStream (line 28) ... FAILED
[INFO] [stdout] 
[INFO] [stdout] failures:
[INFO] [stdout] 
[INFO] [stdout] ---- src/lib.rs - TrackableBodyStream (line 28) stdout ----
[INFO] [stdout] error[E0433]: failed to resolve: use of undeclared type `TrackableBodyStream`
[INFO] [stdout]  --> src/lib.rs:29:16
[INFO] [stdout]   |
[INFO] [stdout] 3 | let mut body = TrackableBodyStream::try_from(PathBuf::from("./examples/sample.jpeg"))?;
[INFO] [stdout]   |                ^^^^^^^^^^^^^^^^^^^ use of undeclared type `TrackableBodyStream`
[INFO] [stdout]   |
[INFO] [stdout] help: consider importing this struct
[INFO] [stdout]   |
[INFO] [stdout] 2 + use rust_upload_progress::TrackableBodyStream;
[INFO] [stdout]   |
[INFO] [stdout] 
[INFO] [stdout] error[E0433]: failed to resolve: use of undeclared type `PathBuf`
[INFO] [stdout]  --> src/lib.rs:29:46
[INFO] [stdout]   |
[INFO] [stdout] 3 | let mut body = TrackableBodyStream::try_from(PathBuf::from("./examples/sample.jpeg"))?;
[INFO] [stdout]   |                                              ^^^^^^^ use of undeclared type `PathBuf`
[INFO] [stdout]   |
[INFO] [stdout] help: consider importing this struct
[INFO] [stdout]   |
[INFO] [stdout] 2 + use std::path::PathBuf;
[INFO] [stdout]   |
[INFO] [stdout] 
[INFO] [stdout] error[E0433]: failed to resolve: use of undeclared type `ProgressBar`
[INFO] [stdout]  --> src/lib.rs:30:11
[INFO] [stdout]   |
[INFO] [stdout] 4 | let bar = ProgressBar::new(body.content_length() as u64);
[INFO] [stdout]   |           ^^^^^^^^^^^ use of undeclared type `ProgressBar`
[INFO] [stdout]   |
[INFO] [stdout] help: consider importing this struct
[INFO] [stdout]   |
[INFO] [stdout] 2 + use indicatif::ProgressBar;
[INFO] [stdout]   |
[INFO] [stdout] 
[INFO] [stdout] error: aborting due to 3 previous errors
[INFO] [stdout] 
[INFO] [stdout] For more information about this error, try `rustc --explain E0433`.
[INFO] [stdout] Couldn't compile the test.
[INFO] [stdout] 
[INFO] [stdout] failures:
[INFO] [stdout]     src/lib.rs - TrackableBodyStream (line 28)
[INFO] [stdout] 
[INFO] [stdout] test result: FAILED. 0 passed; 1 failed; 0 ignored; 0 measured; 0 filtered out; finished in 0.12s
[INFO] [stdout] 
[INFO] [stderr] error: doctest failed, to rerun pass `--doc`
[INFO] running `Command { std: "docker" "inspect" "da09ad1bea9bb9da0269dfd614ae5981b26cbac63edfa2b829408d95ddae9e15", kill_on_drop: false }`
[INFO] running `Command { std: "docker" "rm" "-f" "da09ad1bea9bb9da0269dfd614ae5981b26cbac63edfa2b829408d95ddae9e15", kill_on_drop: false }`
[INFO] [stdout] da09ad1bea9bb9da0269dfd614ae5981b26cbac63edfa2b829408d95ddae9e15
