[INFO] cloning repository https://github.com/joelparkerhenderson/ToDoBy
[INFO] running `Command { std: "git" "-c" "credential.helper=" "-c" "credential.helper=/workspace/cargo-home/bin/git-credential-null" "clone" "--bare" "https://github.com/joelparkerhenderson/ToDoBy" "/workspace/cache/git-repos/https%3A%2F%2Fgithub.com%2Fjoelparkerhenderson%2FToDoBy", kill_on_drop: false }`
[INFO] [stderr] Cloning into bare repository '/workspace/cache/git-repos/https%3A%2F%2Fgithub.com%2Fjoelparkerhenderson%2FToDoBy'...
[INFO] running `Command { std: "git" "rev-parse" "HEAD", kill_on_drop: false }`
[INFO] [stdout] 8e65fc7491727218617c28ae5dd0fff738a548dd
[INFO] testing joelparkerhenderson/ToDoBy against 1.75.0 for beta-1.76-1
[INFO] running `Command { std: "git" "clone" "/workspace/cache/git-repos/https%3A%2F%2Fgithub.com%2Fjoelparkerhenderson%2FToDoBy" "/workspace/builds/worker-7-tc1/source", kill_on_drop: false }`
[INFO] [stderr] Cloning into '/workspace/builds/worker-7-tc1/source'...
[INFO] [stderr] done.
[INFO] validating manifest of git repo https://github.com/joelparkerhenderson/ToDoBy on toolchain 1.75.0
[INFO] running `Command { std: CARGO_HOME="/workspace/cargo-home" RUSTUP_HOME="/workspace/rustup-home" "/workspace/cargo-home/bin/cargo" "+1.75.0" "metadata" "--manifest-path" "Cargo.toml" "--no-deps", kill_on_drop: false }`
[INFO] started tweaking git repo https://github.com/joelparkerhenderson/ToDoBy
[INFO] finished tweaking git repo https://github.com/joelparkerhenderson/ToDoBy
[INFO] tweaked toml for git repo https://github.com/joelparkerhenderson/ToDoBy written to /workspace/builds/worker-7-tc1/source/Cargo.toml
[INFO] crate git repo https://github.com/joelparkerhenderson/ToDoBy already has a lockfile, it will not be regenerated
[INFO] running `Command { std: CARGO_HOME="/workspace/cargo-home" RUSTUP_HOME="/workspace/rustup-home" "/workspace/cargo-home/bin/cargo" "+1.75.0" "fetch" "--manifest-path" "Cargo.toml", kill_on_drop: false }`
[INFO] [stderr]     Updating crates.io index
[INFO] [stderr]  Downloading crates ...
[INFO] [stderr]   Downloaded once-cell-regex v0.2.1
[INFO] [stderr]   Downloaded cxxbridge-flags v1.0.78
[INFO] [stderr]   Downloaded iana-time-zone-haiku v0.1.0
[INFO] [stderr]   Downloaded cxxbridge-macro v1.0.78
[INFO] [stderr]   Downloaded cxx-build v1.0.78
[INFO] [stderr]   Downloaded cursive-tabs v0.7.0
[INFO] [stderr]   Downloaded cxx v1.0.78
[INFO] [stderr]   Downloaded cursive_calendar_view v0.8.0
[INFO] running `Command { std: "docker" "create" "-v" "/var/lib/crater-agent-workspace/builds/worker-7-tc1/target:/opt/rustwide/target:rw,Z" "-v" "/var/lib/crater-agent-workspace/builds/worker-7-tc1/source:/opt/rustwide/workdir:ro,Z" "-v" "/var/lib/crater-agent-workspace/cargo-home:/opt/rustwide/cargo-home:ro,Z" "-v" "/var/lib/crater-agent-workspace/rustup-home:/opt/rustwide/rustup-home:ro,Z" "-e" "SOURCE_DIR=/opt/rustwide/workdir" "-e" "CARGO_TARGET_DIR=/opt/rustwide/target" "-e" "CARGO_HOME=/opt/rustwide/cargo-home" "-e" "RUSTUP_HOME=/opt/rustwide/rustup-home" "-w" "/opt/rustwide/workdir" "-m" "1610612736" "--user" "0:0" "--network" "none" "ghcr.io/rust-lang/crates-build-env/linux@sha256:2788e3201cd34a07e3172128adcd8b3090168a8e3bcc40d7c032b9dda1df7d1c" "/opt/rustwide/cargo-home/bin/cargo" "+1.75.0" "metadata" "--no-deps" "--format-version=1", kill_on_drop: false }`
[INFO] [stdout] c3676789041d0d76dec6f3b49b869b91caecfef9ec8742d8abbf8e7fd62be897
[INFO] running `Command { std: "docker" "start" "-a" "c3676789041d0d76dec6f3b49b869b91caecfef9ec8742d8abbf8e7fd62be897", kill_on_drop: false }`
[INFO] running `Command { std: "docker" "inspect" "c3676789041d0d76dec6f3b49b869b91caecfef9ec8742d8abbf8e7fd62be897", kill_on_drop: false }`
[INFO] running `Command { std: "docker" "rm" "-f" "c3676789041d0d76dec6f3b49b869b91caecfef9ec8742d8abbf8e7fd62be897", kill_on_drop: false }`
[INFO] [stdout] c3676789041d0d76dec6f3b49b869b91caecfef9ec8742d8abbf8e7fd62be897
[INFO] running `Command { std: "docker" "create" "-v" "/var/lib/crater-agent-workspace/builds/worker-7-tc1/target:/opt/rustwide/target:rw,Z" "-v" "/var/lib/crater-agent-workspace/builds/worker-7-tc1/source:/opt/rustwide/workdir:ro,Z" "-v" "/var/lib/crater-agent-workspace/cargo-home:/opt/rustwide/cargo-home:ro,Z" "-v" "/var/lib/crater-agent-workspace/rustup-home:/opt/rustwide/rustup-home:ro,Z" "-e" "SOURCE_DIR=/opt/rustwide/workdir" "-e" "CARGO_TARGET_DIR=/opt/rustwide/target" "-e" "CARGO_INCREMENTAL=0" "-e" "RUST_BACKTRACE=full" "-e" "RUSTFLAGS=--cap-lints=warn" "-e" "RUSTDOCFLAGS=--cap-lints=warn" "-e" "CARGO_HOME=/opt/rustwide/cargo-home" "-e" "RUSTUP_HOME=/opt/rustwide/rustup-home" "-w" "/opt/rustwide/workdir" "-m" "1610612736" "--user" "0:0" "--network" "none" "ghcr.io/rust-lang/crates-build-env/linux@sha256:2788e3201cd34a07e3172128adcd8b3090168a8e3bcc40d7c032b9dda1df7d1c" "/opt/rustwide/cargo-home/bin/cargo" "+1.75.0" "build" "--frozen" "--message-format=json", kill_on_drop: false }`
[INFO] [stdout] 66fe2a09804b110271d26dfee39789b58cd0d9911eeb43ac46363ce6f9998502
[INFO] running `Command { std: "docker" "start" "-a" "66fe2a09804b110271d26dfee39789b58cd0d9911eeb43ac46363ce6f9998502", kill_on_drop: false }`
[INFO] [stderr]    Compiling autocfg v1.1.0
[INFO] [stderr]    Compiling cfg-if v1.0.0
[INFO] [stderr]    Compiling proc-macro2 v1.0.46
[INFO] [stderr]    Compiling unicode-ident v1.0.5
[INFO] [stderr]    Compiling quote v1.0.21
[INFO] [stderr]    Compiling syn v1.0.102
[INFO] [stderr]    Compiling libc v0.2.135
[INFO] [stderr]    Compiling getrandom v0.1.16
[INFO] [stderr]    Compiling ppv-lite86 v0.2.16
[INFO] [stderr]    Compiling siphasher v0.3.10
[INFO] [stderr]    Compiling once_cell v1.15.0
[INFO] [stderr]    Compiling num-traits v0.2.15
[INFO] [stderr]    Compiling num-integer v0.1.45
[INFO] [stderr]    Compiling crossbeam-utils v0.8.12
[INFO] [stderr]    Compiling log v0.4.17
[INFO] [stderr]    Compiling scopeguard v1.1.0
[INFO] [stderr]    Compiling ident_case v1.0.1
[INFO] [stderr]    Compiling fnv v1.0.7
[INFO] [stderr]    Compiling phf_shared v0.8.0
[INFO] [stderr]    Compiling phf_shared v0.10.0
[INFO] [stderr]    Compiling num-bigint v0.4.3
[INFO] [stderr]    Compiling getrandom v0.2.7
[INFO] [stderr]    Compiling rand_core v0.5.1
[INFO] [stderr]    Compiling rand_core v0.6.4
[INFO] [stderr]    Compiling serde_derive v1.0.145
[INFO] [stderr]    Compiling lock_api v0.4.9
[INFO] [stderr]    Compiling rand_chacha v0.2.2
[INFO] [stderr]    Compiling rand_pcg v0.2.1
[INFO] [stderr]    Compiling rand_chacha v0.3.1
[INFO] [stderr]    Compiling num-iter v0.1.43
[INFO] [stderr]    Compiling num-rational v0.4.1
[INFO] [stderr]    Compiling serde v1.0.145
[INFO] [stderr]    Compiling rand v0.7.3
[INFO] [stderr]    Compiling rand v0.8.5
[INFO] [stderr]    Compiling parking_lot_core v0.9.3
[INFO] [stderr]    Compiling version_check v0.9.4
[INFO] [stderr]    Compiling itoa v1.0.4
[INFO] [stderr]    Compiling smallvec v1.10.0
[INFO] [stderr]    Compiling ahash v0.8.0
[INFO] [stderr]    Compiling new_debug_unreachable v1.0.4
[INFO] [stderr]    Compiling num-complex v0.4.2
[INFO] [stderr]    Compiling phf_generator v0.8.0
[INFO] [stderr]    Compiling phf_generator v0.10.0
[INFO] [stderr]    Compiling phf_codegen v0.8.0
[INFO] [stderr]    Compiling crossbeam-channel v0.5.6
[INFO] [stderr]    Compiling string_cache_codegen v0.5.2
[INFO] [stderr]    Compiling num_threads v0.1.6
[INFO] [stderr]    Compiling stable_deref_trait v1.2.0
[INFO] [stderr]    Compiling mac v0.1.1
[INFO] [stderr]    Compiling unicode-width v0.1.10
[INFO] [stderr]    Compiling owning_ref v0.4.1
[INFO] [stderr]    Compiling futf v0.1.5
[INFO] [stderr]    Compiling time v0.3.15
[INFO] [stderr]    Compiling parking_lot v0.12.1
[INFO] [stderr]    Compiling unicode-segmentation v1.10.0
[INFO] [stderr]    Compiling markup5ever v0.10.1
[INFO] [stderr]    Compiling xi-unicode v0.3.0
[INFO] [stderr]    Compiling precomputed-hash v0.1.1
[INFO] [stderr]    Compiling utf-8 v0.7.6
[INFO] [stderr]    Compiling lazy_static v1.4.0
[INFO] [stderr]    Compiling memchr v2.5.0
[INFO] [stderr]    Compiling tendril v0.4.3
[INFO] [stderr]    Compiling time v0.1.44
[INFO] [stderr]    Compiling phf v0.8.0
[INFO] [stderr]    Compiling memoffset v0.6.5
[INFO] [stderr]    Compiling num v0.4.0
[INFO] [stderr]    Compiling crossbeam-epoch v0.9.11
[INFO] [stderr]    Compiling crossbeam-queue v0.3.6
[INFO] [stderr]    Compiling pkg-config v0.3.25
[INFO] [stderr]    Compiling unicode-xid v0.0.4
[INFO] [stderr]    Compiling cc v1.0.73
[INFO] [stderr]    Compiling synom v0.11.3
[INFO] [stderr]    Compiling quote v0.3.15
[INFO] [stderr]    Compiling darling_core v0.14.1
[INFO] [stderr]    Compiling signal-hook v0.3.14
[INFO] [stderr]    Compiling syn v0.11.11
[INFO] [stderr]    Compiling crossbeam-deque v0.8.2
[INFO] [stderr]    Compiling aho-corasick v0.7.19
[INFO] [stderr]    Compiling signal-hook-registry v1.4.0
[INFO] [stderr]    Compiling regex-syntax v0.6.27
[INFO] [stderr]    Compiling minimal-lexical v0.2.1
[INFO] [stderr]    Compiling serde_json v1.0.86
[INFO] [stderr]    Compiling iana-time-zone v0.1.51
[INFO] [stderr]    Compiling chrono v0.4.22
[INFO] [stderr]    Compiling ncurses v5.101.0
[INFO] [stderr]    Compiling nom v7.1.1
[INFO] [stderr]    Compiling debug_stub_derive v0.3.0
[INFO] [stderr]    Compiling crossbeam v0.8.2
[INFO] [stderr]    Compiling term_size v0.3.2
[INFO] [stderr]    Compiling ryu v1.0.11
[INFO] [stderr]    Compiling maplit v1.0.2
[INFO] [stderr]    Compiling regex v1.6.0
[INFO] [stderr]    Compiling indoc v1.0.7
[INFO] [stderr]    Compiling darling_macro v0.14.1
[INFO] [stderr]    Compiling enum-map-derive v0.10.0
[INFO] [stderr]    Compiling html5ever v0.25.2
[INFO] [stderr]    Compiling nom-unicode v0.3.0
[INFO] [stderr]    Compiling once-cell-regex v0.2.1
[INFO] [stderr]    Compiling darling v0.14.1
[INFO] [stderr]    Compiling enum-map v2.4.1
[INFO] [stderr]    Compiling enumset_derive v0.6.1
[INFO] [stderr]    Compiling enumset v1.0.12
[INFO] [stderr]    Compiling cursive_core v0.3.5
[INFO] [stderr]    Compiling cursive-tabs v0.7.0
[INFO] [stderr]    Compiling cursive_table_view v0.14.0
[INFO] [stderr]    Compiling cursive_tree_view v0.8.0
[INFO] [stderr]    Compiling cursive v0.20.0
[INFO] [stderr]    Compiling cursive_calendar_view v0.8.0
[INFO] [stderr]    Compiling string_cache v0.8.4
[INFO] [stderr]    Compiling xml5ever v0.16.2
[INFO] [stderr]    Compiling markup5ever_rcdom v0.1.0
[INFO] [stderr]    Compiling html2text v0.2.1
[INFO] [stderr]    Compiling cursive-markup v0.3.0
[INFO] [stderr]    Compiling todoby v0.1.0 (/opt/rustwide/workdir)
[INFO] [stdout] warning: unused import: `std::io::BufReader`
[INFO] [stdout]  --> src/load.rs:3:5
[INFO] [stdout]   |
[INFO] [stdout] 3 | use std::io::BufReader;
[INFO] [stdout]   |     ^^^^^^^^^^^^^^^^^^
[INFO] [stdout]   |
[INFO] [stdout]   = note: `#[warn(unused_imports)]` on by default
[INFO] [stdout] 
[INFO] [stdout] 
[INFO] [stdout] warning: static `NEST_DEFAULT` is never used
[INFO] [stdout]   --> src/item/item.rs:12:8
[INFO] [stdout]    |
[INFO] [stdout] 12 | static NEST_DEFAULT: i8 = 0;
[INFO] [stdout]    |        ^^^^^^^^^^^^
[INFO] [stdout]    |
[INFO] [stdout]    = note: `#[warn(dead_code)]` on by default
[INFO] [stdout] 
[INFO] [stdout] 
[INFO] [stdout] warning: function `indent` is never used
[INFO] [stdout]   --> src/item/item_parser.rs:14:8
[INFO] [stdout]    |
[INFO] [stdout] 14 | pub fn indent(input: &str) -> nom::IResult<&str, &str> {
[INFO] [stdout]    |        ^^^^^^
[INFO] [stdout] 
[INFO] [stdout] 
[INFO] [stdout] warning: function `list_marker` is never used
[INFO] [stdout]   --> src/item/item_parser.rs:29:8
[INFO] [stdout]    |
[INFO] [stdout] 29 | pub fn list_marker(input: &str) -> nom::IResult<&str, &str> {
[INFO] [stdout]    |        ^^^^^^^^^^^
[INFO] [stdout] 
[INFO] [stdout] 
[INFO] [stdout] warning: function `checkbox` is never used
[INFO] [stdout]   --> src/item/item_parser.rs:51:8
[INFO] [stdout]    |
[INFO] [stdout] 51 | pub fn checkbox(input: &str) -> nom::IResult<&str, (&str, &str, &str)> {
[INFO] [stdout]    |        ^^^^^^^^
[INFO] [stdout] 
[INFO] [stdout] 
[INFO] [stdout] warning: function `checkbox_open` is never used
[INFO] [stdout]   --> src/item/item_parser.rs:66:8
[INFO] [stdout]    |
[INFO] [stdout] 66 | pub fn checkbox_open(input: &str) -> nom::IResult<&str, &str> {
[INFO] [stdout]    |        ^^^^^^^^^^^^^
[INFO] [stdout] 
[INFO] [stdout] 
[INFO] [stdout] warning: function `checkbox_mark` is never used
[INFO] [stdout]   --> src/item/item_parser.rs:86:8
[INFO] [stdout]    |
[INFO] [stdout] 86 | pub fn checkbox_mark(input: &str) -> nom::IResult<&str, &str> {
[INFO] [stdout]    |        ^^^^^^^^^^^^^
[INFO] [stdout] 
[INFO] [stdout] 
[INFO] [stdout] warning: function `checkbox_shut` is never used
[INFO] [stdout]    --> src/item/item_parser.rs:101:8
[INFO] [stdout]     |
[INFO] [stdout] 101 | pub fn checkbox_shut(input: &str) -> nom::IResult<&str, &str> {
[INFO] [stdout]     |        ^^^^^^^^^^^^^
[INFO] [stdout] 
[INFO] [stdout] 
[INFO] [stdout] warning: function `label1` is never used
[INFO] [stdout]    --> src/item/item_parser.rs:123:8
[INFO] [stdout]     |
[INFO] [stdout] 123 | pub fn label1(input: &str) -> nom::IResult<&str, (&str, &str)> {
[INFO] [stdout]     |        ^^^^^^
[INFO] [stdout] 
[INFO] [stdout] 
[INFO] [stdout] warning: function `label2` is never used
[INFO] [stdout]    --> src/item/item_parser.rs:146:8
[INFO] [stdout]     |
[INFO] [stdout] 146 | pub fn label2(input: &str) -> nom::IResult<&str, (&str, &str, &str, &str)> {
[INFO] [stdout]     |        ^^^^^^
[INFO] [stdout] 
[INFO] [stdout] 
[INFO] [stdout] warning: function `label3` is never used
[INFO] [stdout]    --> src/item/item_parser.rs:173:8
[INFO] [stdout]     |
[INFO] [stdout] 173 | pub fn label3(input: &str) -> nom::IResult<&str, (&str, &str, &str, &str, &str, &str)> {
[INFO] [stdout]     |        ^^^^^^
[INFO] [stdout] 
[INFO] [stdout] 
[INFO] [stdout] warning: function `label_open` is never used
[INFO] [stdout]    --> src/item/item_parser.rs:188:8
[INFO] [stdout]     |
[INFO] [stdout] 188 | pub fn label_open(input: &str) -> nom::IResult<&str, &str> {
[INFO] [stdout]     |        ^^^^^^^^^^
[INFO] [stdout] 
[INFO] [stdout] 
[INFO] [stdout] warning: function `label_phrase` is never used
[INFO] [stdout]    --> src/item/item_parser.rs:206:8
[INFO] [stdout]     |
[INFO] [stdout] 206 | pub fn label_phrase(input: &str) -> nom::IResult<&str, &str> {
[INFO] [stdout]     |        ^^^^^^^^^^^^
[INFO] [stdout] 
[INFO] [stdout] 
[INFO] [stdout] warning: function `label_splitter` is never used
[INFO] [stdout]    --> src/item/item_parser.rs:221:8
[INFO] [stdout]     |
[INFO] [stdout] 221 | pub fn label_splitter(input: &str) -> nom::IResult<&str, &str> {
[INFO] [stdout]     |        ^^^^^^^^^^^^^^
[INFO] [stdout] 
[INFO] [stdout] 
[INFO] [stdout] warning: function `memo` is never used
[INFO] [stdout]    --> src/item/item_parser.rs:240:8
[INFO] [stdout]     |
[INFO] [stdout] 240 | pub fn memo(input: &str) -> nom::IResult<&str, &str> {
[INFO] [stdout]     |        ^^^^
[INFO] [stdout] 
[INFO] [stdout] 
[INFO] [stdout] warning: function `one` is never used
[INFO] [stdout]    --> src/item/item_parser.rs:260:8
[INFO] [stdout]     |
[INFO] [stdout] 260 | pub fn one(input: &str) -> nom::IResult<&str, Item> {
[INFO] [stdout]     |        ^^^
[INFO] [stdout] 
[INFO] [stdout] 
[INFO] [stdout] warning: function `many0` is never used
[INFO] [stdout]    --> src/item/item_parser.rs:288:8
[INFO] [stdout]     |
[INFO] [stdout] 288 | pub fn many0(input: &str) -> nom::IResult<&str, Vec<Item>> {
[INFO] [stdout]     |        ^^^^^
[INFO] [stdout] 
[INFO] [stdout] 
[INFO] [stdout] warning: function `load_items_via_str` is never used
[INFO] [stdout]   --> src/load.rs:66:8
[INFO] [stdout]    |
[INFO] [stdout] 66 | pub fn load_items_via_str(str: &str) -> ::std::io::Result<Vec<Item>> {
[INFO] [stdout]    |        ^^^^^^^^^^^^^^^^^^
[INFO] [stdout] 
[INFO] [stdout] 
[INFO] [stdout] warning: function `load_items_via_read` is never used
[INFO] [stdout]   --> src/load.rs:77:8
[INFO] [stdout]    |
[INFO] [stdout] 77 | pub fn load_items_via_read(read: impl ::std::io::Read) -> ::std::io::Result<Vec<Item>> {
[INFO] [stdout]    |        ^^^^^^^^^^^^^^^^^^^
[INFO] [stdout] 
[INFO] [stdout] 
[INFO] [stdout] warning: function `demo_items` is never used
[INFO] [stdout]   --> src/ui.rs:23:4
[INFO] [stdout]    |
[INFO] [stdout] 23 | fn demo_items() -> Vec<Item> {
[INFO] [stdout]    |    ^^^^^^^^^^
[INFO] [stdout] 
[INFO] [stdout] 
[INFO] [stdout] warning: function `ui` is never used
[INFO] [stdout]   --> src/ui.rs:49:4
[INFO] [stdout]    |
[INFO] [stdout] 49 | fn ui() {
[INFO] [stdout]    |    ^^
[INFO] [stdout] 
[INFO] [stdout] 
[INFO] [stdout] warning: function `add_name` is never used
[INFO] [stdout]   --> src/ui.rs:76:4
[INFO] [stdout]    |
[INFO] [stdout] 76 | fn add_name(s: &mut Cursive) {
[INFO] [stdout]    |    ^^^^^^^^
[INFO] [stdout] 
[INFO] [stdout] 
[INFO] [stdout] warning: function `delete_name` is never used
[INFO] [stdout]    --> src/ui.rs:101:4
[INFO] [stdout]     |
[INFO] [stdout] 101 | fn delete_name(s: &mut Cursive) {
[INFO] [stdout]     |    ^^^^^^^^^^^
[INFO] [stdout] 
[INFO] [stdout] 
[INFO] [stdout] warning: function `on_submit` is never used
[INFO] [stdout]    --> src/ui.rs:111:4
[INFO] [stdout]     |
[INFO] [stdout] 111 | fn on_submit(s: &mut Cursive, name: &str) {
[INFO] [stdout]     |    ^^^^^^^^^
[INFO] [stdout] 
[INFO] [stdout] 
[INFO] [stdout] warning: 24 warnings emitted
[INFO] [stdout] 
[INFO] [stdout] 
[INFO] [stderr]     Finished dev [unoptimized + debuginfo] target(s) in 17.61s
[INFO] [stderr] warning: the following packages contain code that will be rejected by a future version of Rust: xml5ever v0.16.2
[INFO] [stderr] note: to see what the problems were, use the option `--future-incompat-report`, or run `cargo report future-incompatibilities --id 1`
[INFO] running `Command { std: "docker" "inspect" "66fe2a09804b110271d26dfee39789b58cd0d9911eeb43ac46363ce6f9998502", kill_on_drop: false }`
[INFO] running `Command { std: "docker" "rm" "-f" "66fe2a09804b110271d26dfee39789b58cd0d9911eeb43ac46363ce6f9998502", kill_on_drop: false }`
[INFO] [stdout] 66fe2a09804b110271d26dfee39789b58cd0d9911eeb43ac46363ce6f9998502
[INFO] running `Command { std: "docker" "create" "-v" "/var/lib/crater-agent-workspace/builds/worker-7-tc1/target:/opt/rustwide/target:rw,Z" "-v" "/var/lib/crater-agent-workspace/builds/worker-7-tc1/source:/opt/rustwide/workdir:ro,Z" "-v" "/var/lib/crater-agent-workspace/cargo-home:/opt/rustwide/cargo-home:ro,Z" "-v" "/var/lib/crater-agent-workspace/rustup-home:/opt/rustwide/rustup-home:ro,Z" "-e" "SOURCE_DIR=/opt/rustwide/workdir" "-e" "CARGO_TARGET_DIR=/opt/rustwide/target" "-e" "CARGO_INCREMENTAL=0" "-e" "RUST_BACKTRACE=full" "-e" "RUSTFLAGS=--cap-lints=warn" "-e" "RUSTDOCFLAGS=--cap-lints=warn" "-e" "CARGO_HOME=/opt/rustwide/cargo-home" "-e" "RUSTUP_HOME=/opt/rustwide/rustup-home" "-w" "/opt/rustwide/workdir" "-m" "1610612736" "--user" "0:0" "--network" "none" "ghcr.io/rust-lang/crates-build-env/linux@sha256:2788e3201cd34a07e3172128adcd8b3090168a8e3bcc40d7c032b9dda1df7d1c" "/opt/rustwide/cargo-home/bin/cargo" "+1.75.0" "test" "--frozen" "--no-run" "--message-format=json", kill_on_drop: false }`
[INFO] [stdout] 64f02b7910ed833ad6bdf28bcf5bb7c255148b7e753ef6faa56b05184dbfbf27
[INFO] running `Command { std: "docker" "start" "-a" "64f02b7910ed833ad6bdf28bcf5bb7c255148b7e753ef6faa56b05184dbfbf27", kill_on_drop: false }`
[INFO] [stderr]    Compiling todoby v0.1.0 (/opt/rustwide/workdir)
[INFO] [stdout] warning: unused import: `std::io::BufReader`
[INFO] [stdout]  --> src/load.rs:3:5
[INFO] [stdout]   |
[INFO] [stdout] 3 | use std::io::BufReader;
[INFO] [stdout]   |     ^^^^^^^^^^^^^^^^^^
[INFO] [stdout]   |
[INFO] [stdout]   = note: `#[warn(unused_imports)]` on by default
[INFO] [stdout] 
[INFO] [stdout] 
[INFO] [stdout] warning: static `NEST_DEFAULT` is never used
[INFO] [stdout]   --> src/item/item.rs:12:8
[INFO] [stdout]    |
[INFO] [stdout] 12 | static NEST_DEFAULT: i8 = 0;
[INFO] [stdout]    |        ^^^^^^^^^^^^
[INFO] [stdout]    |
[INFO] [stdout]    = note: `#[warn(dead_code)]` on by default
[INFO] [stdout] 
[INFO] [stdout] 
[INFO] [stdout] warning: function `demo_items` is never used
[INFO] [stdout]   --> src/ui.rs:23:4
[INFO] [stdout]    |
[INFO] [stdout] 23 | fn demo_items() -> Vec<Item> {
[INFO] [stdout]    |    ^^^^^^^^^^
[INFO] [stdout] 
[INFO] [stdout] 
[INFO] [stdout] warning: function `ui` is never used
[INFO] [stdout]   --> src/ui.rs:49:4
[INFO] [stdout]    |
[INFO] [stdout] 49 | fn ui() {
[INFO] [stdout]    |    ^^
[INFO] [stdout] 
[INFO] [stdout] 
[INFO] [stdout] warning: function `add_name` is never used
[INFO] [stdout]   --> src/ui.rs:76:4
[INFO] [stdout]    |
[INFO] [stdout] 76 | fn add_name(s: &mut Cursive) {
[INFO] [stdout]    |    ^^^^^^^^
[INFO] [stdout] 
[INFO] [stdout] 
[INFO] [stdout] warning: function `delete_name` is never used
[INFO] [stdout]    --> src/ui.rs:101:4
[INFO] [stdout]     |
[INFO] [stdout] 101 | fn delete_name(s: &mut Cursive) {
[INFO] [stdout]     |    ^^^^^^^^^^^
[INFO] [stdout] 
[INFO] [stdout] 
[INFO] [stdout] warning: function `on_submit` is never used
[INFO] [stdout]    --> src/ui.rs:111:4
[INFO] [stdout]     |
[INFO] [stdout] 111 | fn on_submit(s: &mut Cursive, name: &str) {
[INFO] [stdout]     |    ^^^^^^^^^
[INFO] [stdout] 
[INFO] [stdout] 
[INFO] [stdout] warning: 7 warnings emitted
[INFO] [stdout] 
[INFO] [stdout] 
[INFO] [stderr]     Finished test [unoptimized + debuginfo] target(s) in 1.92s
[INFO] [stderr] warning: the following packages contain code that will be rejected by a future version of Rust: xml5ever v0.16.2
[INFO] [stderr] note: to see what the problems were, use the option `--future-incompat-report`, or run `cargo report future-incompatibilities --id 1`
[INFO] running `Command { std: "docker" "inspect" "64f02b7910ed833ad6bdf28bcf5bb7c255148b7e753ef6faa56b05184dbfbf27", kill_on_drop: false }`
[INFO] running `Command { std: "docker" "rm" "-f" "64f02b7910ed833ad6bdf28bcf5bb7c255148b7e753ef6faa56b05184dbfbf27", kill_on_drop: false }`
[INFO] [stdout] 64f02b7910ed833ad6bdf28bcf5bb7c255148b7e753ef6faa56b05184dbfbf27
[INFO] running `Command { std: "docker" "create" "-v" "/var/lib/crater-agent-workspace/builds/worker-7-tc1/target:/opt/rustwide/target:rw,Z" "-v" "/var/lib/crater-agent-workspace/builds/worker-7-tc1/source:/opt/rustwide/workdir:ro,Z" "-v" "/var/lib/crater-agent-workspace/cargo-home:/opt/rustwide/cargo-home:ro,Z" "-v" "/var/lib/crater-agent-workspace/rustup-home:/opt/rustwide/rustup-home:ro,Z" "-e" "SOURCE_DIR=/opt/rustwide/workdir" "-e" "CARGO_TARGET_DIR=/opt/rustwide/target" "-e" "CARGO_INCREMENTAL=0" "-e" "RUST_BACKTRACE=full" "-e" "RUSTFLAGS=--cap-lints=warn" "-e" "RUSTDOCFLAGS=--cap-lints=warn" "-e" "CARGO_HOME=/opt/rustwide/cargo-home" "-e" "RUSTUP_HOME=/opt/rustwide/rustup-home" "-w" "/opt/rustwide/workdir" "-m" "1610612736" "--user" "0:0" "--network" "none" "ghcr.io/rust-lang/crates-build-env/linux@sha256:2788e3201cd34a07e3172128adcd8b3090168a8e3bcc40d7c032b9dda1df7d1c" "/opt/rustwide/cargo-home/bin/cargo" "+1.75.0" "test" "--frozen", kill_on_drop: false }`
[INFO] [stdout] aa87943db4e8251583d6263624a30e33e3f8fe6ad36ec3f473814159bbec78bf
[INFO] running `Command { std: "docker" "start" "-a" "aa87943db4e8251583d6263624a30e33e3f8fe6ad36ec3f473814159bbec78bf", kill_on_drop: false }`
[INFO] [stderr] warning: unused import: `std::io::BufReader`
[INFO] [stderr]  --> src/load.rs:3:5
[INFO] [stderr]   |
[INFO] [stderr] 3 | use std::io::BufReader;
[INFO] [stderr]   |     ^^^^^^^^^^^^^^^^^^
[INFO] [stderr]   |
[INFO] [stderr]   = note: `#[warn(unused_imports)]` on by default
[INFO] [stderr] 
[INFO] [stderr] warning: static `NEST_DEFAULT` is never used
[INFO] [stderr]   --> src/item/item.rs:12:8
[INFO] [stderr]    |
[INFO] [stderr] 12 | static NEST_DEFAULT: i8 = 0;
[INFO] [stderr]    |        ^^^^^^^^^^^^
[INFO] [stderr]    |
[INFO] [stderr]    = note: `#[warn(dead_code)]` on by default
[INFO] [stderr] 
[INFO] [stderr] warning: function `demo_items` is never used
[INFO] [stderr]   --> src/ui.rs:23:4
[INFO] [stderr]    |
[INFO] [stderr] 23 | fn demo_items() -> Vec<Item> {
[INFO] [stderr]    |    ^^^^^^^^^^
[INFO] [stderr] 
[INFO] [stderr] warning: function `ui` is never used
[INFO] [stderr]   --> src/ui.rs:49:4
[INFO] [stderr]    |
[INFO] [stderr] 49 | fn ui() {
[INFO] [stderr]    |    ^^
[INFO] [stderr] 
[INFO] [stderr] warning: function `add_name` is never used
[INFO] [stderr]   --> src/ui.rs:76:4
[INFO] [stderr]    |
[INFO] [stderr] 76 | fn add_name(s: &mut Cursive) {
[INFO] [stderr]    |    ^^^^^^^^
[INFO] [stderr] 
[INFO] [stderr] warning: function `delete_name` is never used
[INFO] [stderr]    --> src/ui.rs:101:4
[INFO] [stderr]     |
[INFO] [stderr] 101 | fn delete_name(s: &mut Cursive) {
[INFO] [stderr]     |    ^^^^^^^^^^^
[INFO] [stderr] 
[INFO] [stderr] warning: function `on_submit` is never used
[INFO] [stderr]    --> src/ui.rs:111:4
[INFO] [stderr]     |
[INFO] [stderr] 111 | fn on_submit(s: &mut Cursive, name: &str) {
[INFO] [stderr]     |    ^^^^^^^^^
[INFO] [stderr] 
[INFO] [stderr] warning: `todoby` (bin "todoby" test) generated 7 warnings (run `cargo fix --bin "todoby" --tests` to apply 1 suggestion)
[INFO] [stderr]     Finished test [unoptimized + debuginfo] target(s) in 0.10s
[INFO] [stderr] warning: the following packages contain code that will be rejected by a future version of Rust: xml5ever v0.16.2
[INFO] [stderr] note: to see what the problems were, use the option `--future-incompat-report`, or run `cargo report future-incompatibilities --id 1`
[INFO] [stderr]      Running unittests src/main.rs (/opt/rustwide/target/debug/deps/todoby-90ce41a7f516361a)
[INFO] [stdout] 
[INFO] [stdout] running 40 tests
[INFO] [stdout] test item::item::tests::test_fmt_with_custom_attributes ... ok
[INFO] [stdout] test item::item_parser::tests::test_checkbox_open_with_high_unicode ... ok
[INFO] [stdout] test item::item_parser::tests::test_checkbox_mark_with_high_unicode ... ok
[INFO] [stdout] test item::item_parser::tests::test_checkbox_mark ... ok
[INFO] [stdout] test item::item_parser::tests::test_checkbox_open ... ok
[INFO] [stdout] test item::item::tests::test_serde_json_to_string ... ok
[INFO] [stdout] test item::item::tests::test_fmt_with_default_attributes ... ok
[INFO] [stdout] test item::item_parser::tests::test_checkbox ... ok
[INFO] [stdout] test item::item::tests::test_serde_json_from_str ... ok
[INFO] [stdout] test item::item_parser::tests::test_checkbox_shut ... ok
[INFO] [stdout] test item::item_parser::tests::test_checkbox_shut_with_high_unicode ... ok
[INFO] [stdout] test item::item_parser::tests::test_indent_with_0_spaces ... ok
[INFO] [stdout] test item::item_parser::tests::test_checkbox_with_high_unicode ... ok
[INFO] [stdout] test item::item_parser::tests::test_label1_with_high_unicode ... ok
[INFO] [stdout] test item::item_parser::tests::test_label3 ... ok
[INFO] [stdout] test item::item_parser::tests::test_label2 ... ok
[INFO] [stdout] test item::item_parser::tests::test_label_open ... ok
[INFO] [stdout] test item::item_parser::tests::test_indent_with_2_spaces ... ok
[INFO] [stdout] test item::item_parser::tests::test_label1 ... ok
[INFO] [stdout] test item::item_parser::tests::test_label_phrase_with_high_unicode ... ok
[INFO] [stdout] test item::item_parser::tests::test_label_open_with_high_unicode ... ok
[INFO] [stdout] test item::item_parser::tests::test_label_phrase ... ok
[INFO] [stdout] test item::item_parser::tests::test_label_splitter ... ok
[INFO] [stdout] test item::item_parser::tests::test_label_splitter_with_high_unicode ... ok
[INFO] [stdout] test item::item_parser::tests::test_list_marker ... ok
[INFO] [stdout] test item::item_parser::tests::test_list_marker_with_high_unicode ... ok
[INFO] [stdout] test item::item_parser::tests::test_memo ... ok
[INFO] [stdout] test load::tests::test_indent_with_spaces ... ok
[INFO] [stdout] test load::tests::test_indent_with_tabs ... ok
[INFO] [stdout] test item::item_parser::tests::test_one_with_list_marker ... ok
[INFO] [stdout] test load::tests::test_load_items_via_str ... ok
[INFO] [stdout] test load::tests::test_list_markers ... ok
[INFO] [stdout] test load::tests::test_parsing_with_1_content_line::with_1_between ... ok
[INFO] [stdout] test load::tests::test_parsing_with_2_content_line::with_0_between ... ok
[INFO] [stdout] test load::tests::test_load_items_via_read ... ok
[INFO] [stdout] test load::tests::test_parsing_with_1_content_line::with_0_between ... ok
[INFO] [stdout] test load::tests::test_whitespace_to_nest ... ok
[INFO] [stdout] test load::tests::test_parsing_with_2_content_line::with_1_between ... ok
[INFO] [stdout] test item::item_parser::tests::test_one ... FAILED
[INFO] [stdout] test item::item_parser::tests::test_many0 ... FAILED
[INFO] [stdout] 
[INFO] [stdout] failures:
[INFO] [stdout] 
[INFO] [stdout] ---- item::item_parser::tests::test_one stdout ----
[INFO] [stdout] thread 'item::item_parser::tests::test_one' panicked at src/item/item_parser.rs:528:9:
[INFO] [stdout] assertion `left == right` failed
[INFO] [stdout]   left: Err(Error(Error { input: "[x] foo\n", code: Tag }))
[INFO] [stdout]  right: Ok(("", Item { nest: Some(0), mark: Some("x"), memo: Some("foo"), label1s: None, label2s: None }))
[INFO] [stdout] stack backtrace:
[INFO] [stdout]    0:     0x561b34dacc5c - std::backtrace_rs::backtrace::libunwind::trace::ha637c64ce894333a
[INFO] [stdout]                                at /rustc/82e1608dfa6e0b5569232559e3d385fea5a93112/library/std/src/../../backtrace/src/backtrace/libunwind.rs:104:5
[INFO] [stdout]    1:     0x561b34dacc5c - std::backtrace_rs::backtrace::trace_unsynchronized::h47f62dea28e0c88d
[INFO] [stdout]                                at /rustc/82e1608dfa6e0b5569232559e3d385fea5a93112/library/std/src/../../backtrace/src/backtrace/mod.rs:66:5
[INFO] [stdout]    2:     0x561b34dacc5c - std::sys_common::backtrace::_print_fmt::h9eef0abe20ede486
[INFO] [stdout]                                at /rustc/82e1608dfa6e0b5569232559e3d385fea5a93112/library/std/src/sys_common/backtrace.rs:67:5
[INFO] [stdout]    3:     0x561b34dacc5c - <std::sys_common::backtrace::_print::DisplayBacktrace as core::fmt::Display>::fmt::hed7f999df88cc644
[INFO] [stdout]                                at /rustc/82e1608dfa6e0b5569232559e3d385fea5a93112/library/std/src/sys_common/backtrace.rs:44:22
[INFO] [stdout]    4:     0x561b34dd6800 - core::fmt::rt::Argument::fmt::h1539a9308b8d058d
[INFO] [stdout]                                at /rustc/82e1608dfa6e0b5569232559e3d385fea5a93112/library/core/src/fmt/rt.rs:142:9
[INFO] [stdout]    5:     0x561b34dd6800 - core::fmt::write::h3a39390d8560d9c9
[INFO] [stdout]                                at /rustc/82e1608dfa6e0b5569232559e3d385fea5a93112/library/core/src/fmt/mod.rs:1120:17
[INFO] [stdout]    6:     0x561b34daa60f - std::io::Write::write_fmt::h040b369f3a0f9cbc
[INFO] [stdout]                                at /rustc/82e1608dfa6e0b5569232559e3d385fea5a93112/library/std/src/io/mod.rs:1762:15
[INFO] [stdout]    7:     0x561b34daca44 - std::sys_common::backtrace::_print::h894006fb5c6f3d45
[INFO] [stdout]                                at /rustc/82e1608dfa6e0b5569232559e3d385fea5a93112/library/std/src/sys_common/backtrace.rs:47:5
[INFO] [stdout]    8:     0x561b34daca44 - std::sys_common::backtrace::print::h23a2d212c6fff936
[INFO] [stdout]                                at /rustc/82e1608dfa6e0b5569232559e3d385fea5a93112/library/std/src/sys_common/backtrace.rs:34:9
[INFO] [stdout]    9:     0x561b34dae707 - std::panicking::default_hook::{{closure}}::h8a1d2ee00185001a
[INFO] [stdout]   10:     0x561b34dae3f3 - std::panicking::default_hook::h6038f2eba384e475
[INFO] [stdout]                                at /rustc/82e1608dfa6e0b5569232559e3d385fea5a93112/library/std/src/panicking.rs:289:9
[INFO] [stdout]   11:     0x561b34bfb917 - <alloc::boxed::Box<F,A> as core::ops::function::Fn<Args>>::call::h0ad024c9bdc6d768
[INFO] [stdout]                                at /rustc/82e1608dfa6e0b5569232559e3d385fea5a93112/library/alloc/src/boxed.rs:2021:9
[INFO] [stdout]   12:     0x561b34bfb917 - test::test_main::{{closure}}::h7500b54257359db6
[INFO] [stdout]                                at /rustc/82e1608dfa6e0b5569232559e3d385fea5a93112/library/test/src/lib.rs:138:21
[INFO] [stdout]   13:     0x561b34daed18 - <alloc::boxed::Box<F,A> as core::ops::function::Fn<Args>>::call::h1f8f335eaa9cfaee
[INFO] [stdout]                                at /rustc/82e1608dfa6e0b5569232559e3d385fea5a93112/library/alloc/src/boxed.rs:2021:9
[INFO] [stdout]   14:     0x561b34daed18 - std::panicking::rust_panic_with_hook::h2b5517d590cab22e
[INFO] [stdout]                                at /rustc/82e1608dfa6e0b5569232559e3d385fea5a93112/library/std/src/panicking.rs:783:13
[INFO] [stdout]   15:     0x561b34daea6e - std::panicking::begin_panic_handler::{{closure}}::h233112c06e0ef43e
[INFO] [stdout]                                at /rustc/82e1608dfa6e0b5569232559e3d385fea5a93112/library/std/src/panicking.rs:657:13
[INFO] [stdout]   16:     0x561b34dad126 - std::sys_common::backtrace::__rust_end_short_backtrace::h6e893f24d7ebbff8
[INFO] [stdout]                                at /rustc/82e1608dfa6e0b5569232559e3d385fea5a93112/library/std/src/sys_common/backtrace.rs:170:18
[INFO] [stdout]   17:     0x561b34dae7d2 - rust_begin_unwind
[INFO] [stdout]                                at /rustc/82e1608dfa6e0b5569232559e3d385fea5a93112/library/std/src/panicking.rs:645:5
[INFO] [stdout]   18:     0x561b34b8c225 - core::panicking::panic_fmt::hbf0e066aabfa482c
[INFO] [stdout]                                at /rustc/82e1608dfa6e0b5569232559e3d385fea5a93112/library/core/src/panicking.rs:72:14
[INFO] [stdout]   19:     0x561b34b8c67b - core::panicking::assert_failed_inner::h0bba8b7c26ee4492
[INFO] [stdout]   20:     0x561b34ba9dbe - core::panicking::assert_failed::h9c60f8b2af84b71b
[INFO] [stdout]                                at /rustc/82e1608dfa6e0b5569232559e3d385fea5a93112/library/core/src/panicking.rs:279:5
[INFO] [stdout]   21:     0x561b34bb8b0a - todoby::item::item_parser::tests::test_one::h08e5373ea51e36f2
[INFO] [stdout]                                at /opt/rustwide/workdir/src/item/item_parser.rs:528:9
[INFO] [stdout]   22:     0x561b34bb86f7 - todoby::item::item_parser::tests::test_one::{{closure}}::h5d6c5004b7ba8006
[INFO] [stdout]                                at /opt/rustwide/workdir/src/item/item_parser.rs:515:18
[INFO] [stdout]   23:     0x561b34b9bc76 - core::ops::function::FnOnce::call_once::hdb075b4f7b349abd
[INFO] [stdout]                                at /rustc/82e1608dfa6e0b5569232559e3d385fea5a93112/library/core/src/ops/function.rs:250:5
[INFO] [stdout]   24:     0x561b34c00f6f - core::ops::function::FnOnce::call_once::h2b5d431d5046312d
[INFO] [stdout]                                at /rustc/82e1608dfa6e0b5569232559e3d385fea5a93112/library/core/src/ops/function.rs:250:5
[INFO] [stdout]   25:     0x561b34c00f6f - test::__rust_begin_short_backtrace::h7714669af176e207
[INFO] [stdout]                                at /rustc/82e1608dfa6e0b5569232559e3d385fea5a93112/library/test/src/lib.rs:628:18
[INFO] [stdout]   26:     0x561b34bfff85 - test::run_test_in_process::{{closure}}::h85218797dcbcec12
[INFO] [stdout]                                at /rustc/82e1608dfa6e0b5569232559e3d385fea5a93112/library/test/src/lib.rs:651:60
[INFO] [stdout]   27:     0x561b34bfff85 - <core::panic::unwind_safe::AssertUnwindSafe<F> as core::ops::function::FnOnce<()>>::call_once::h76c106ea31c14d7b
[INFO] [stdout]                                at /rustc/82e1608dfa6e0b5569232559e3d385fea5a93112/library/core/src/panic/unwind_safe.rs:272:9
[INFO] [stdout]   28:     0x561b34bfff85 - std::panicking::try::do_call::h3bd5d0f6620ee946
[INFO] [stdout]                                at /rustc/82e1608dfa6e0b5569232559e3d385fea5a93112/library/std/src/panicking.rs:552:40
[INFO] [stdout]   29:     0x561b34bfff85 - std::panicking::try::h232e535e4744fe31
[INFO] [stdout]                                at /rustc/82e1608dfa6e0b5569232559e3d385fea5a93112/library/std/src/panicking.rs:516:19
[INFO] [stdout]   30:     0x561b34bfff85 - std::panic::catch_unwind::h3ce3bd6ca8dbac68
[INFO] [stdout]                                at /rustc/82e1608dfa6e0b5569232559e3d385fea5a93112/library/std/src/panic.rs:142:14
[INFO] [stdout]   31:     0x561b34bfff85 - test::run_test_in_process::hc97b257c9621286a
[INFO] [stdout]                                at /rustc/82e1608dfa6e0b5569232559e3d385fea5a93112/library/test/src/lib.rs:651:27
[INFO] [stdout]   32:     0x561b34bfff85 - test::run_test::{{closure}}::h2aa798823a438d38
[INFO] [stdout]                                at /rustc/82e1608dfa6e0b5569232559e3d385fea5a93112/library/test/src/lib.rs:574:43
[INFO] [stdout]   33:     0x561b34bc8246 - test::run_test::{{closure}}::h87d231c78fb59832
[INFO] [stdout]                                at /rustc/82e1608dfa6e0b5569232559e3d385fea5a93112/library/test/src/lib.rs:602:41
[INFO] [stdout]   34:     0x561b34bc8246 - std::sys_common::backtrace::__rust_begin_short_backtrace::he6df152596625789
[INFO] [stdout]                                at /rustc/82e1608dfa6e0b5569232559e3d385fea5a93112/library/std/src/sys_common/backtrace.rs:154:18
[INFO] [stdout]   35:     0x561b34bcd2f7 - std::thread::Builder::spawn_unchecked_::{{closure}}::{{closure}}::ha94be15d1e0acf36
[INFO] [stdout]                                at /rustc/82e1608dfa6e0b5569232559e3d385fea5a93112/library/std/src/thread/mod.rs:529:17
[INFO] [stdout]   36:     0x561b34bcd2f7 - <core::panic::unwind_safe::AssertUnwindSafe<F> as core::ops::function::FnOnce<()>>::call_once::h9dc6bd6372f16606
[INFO] [stdout]                                at /rustc/82e1608dfa6e0b5569232559e3d385fea5a93112/library/core/src/panic/unwind_safe.rs:272:9
[INFO] [stdout]   37:     0x561b34bcd2f7 - std::panicking::try::do_call::h9057517f80303cd4
[INFO] [stdout]                                at /rustc/82e1608dfa6e0b5569232559e3d385fea5a93112/library/std/src/panicking.rs:552:40
[INFO] [stdout]   38:     0x561b34bcd2f7 - std::panicking::try::he3a30b11ee45340c
[INFO] [stdout]                                at /rustc/82e1608dfa6e0b5569232559e3d385fea5a93112/library/std/src/panicking.rs:516:19
[INFO] [stdout]   39:     0x561b34bcd2f7 - std::panic::catch_unwind::h410458cfd3528b8b
[INFO] [stdout]                                at /rustc/82e1608dfa6e0b5569232559e3d385fea5a93112/library/std/src/panic.rs:142:14
[INFO] [stdout]   40:     0x561b34bcd2f7 - std::thread::Builder::spawn_unchecked_::{{closure}}::h72ac3bdb567b737b
[INFO] [stdout]                                at /rustc/82e1608dfa6e0b5569232559e3d385fea5a93112/library/std/src/thread/mod.rs:528:30
[INFO] [stdout]   41:     0x561b34bcd2f7 - core::ops::function::FnOnce::call_once{{vtable.shim}}::h38f34da3654a8344
[INFO] [stdout]                                at /rustc/82e1608dfa6e0b5569232559e3d385fea5a93112/library/core/src/ops/function.rs:250:5
[INFO] [stdout]   42:     0x561b34db37d5 - <alloc::boxed::Box<F,A> as core::ops::function::FnOnce<Args>>::call_once::hc7eafaff61e32df9
[INFO] [stdout]                                at /rustc/82e1608dfa6e0b5569232559e3d385fea5a93112/library/alloc/src/boxed.rs:2007:9
[INFO] [stdout]   43:     0x561b34db37d5 - <alloc::boxed::Box<F,A> as core::ops::function::FnOnce<Args>>::call_once::h6ba4a5de48dd2304
[INFO] [stdout]                                at /rustc/82e1608dfa6e0b5569232559e3d385fea5a93112/library/alloc/src/boxed.rs:2007:9
[INFO] [stdout]   44:     0x561b34db37d5 - std::sys::unix::thread::Thread::new::thread_start::he469335aef763e45
[INFO] [stdout]                                at /rustc/82e1608dfa6e0b5569232559e3d385fea5a93112/library/std/src/sys/unix/thread.rs:108:17
[INFO] [stdout]   45:     0x7febcd451ac3 - <unknown>
[INFO] [stdout]   46:     0x7febcd4e2bf4 - __clone
[INFO] [stdout]   47:                0x0 - <unknown>
[INFO] [stdout] 
[INFO] [stdout] ---- item::item_parser::tests::test_many0 stdout ----
[INFO] [stdout] thread 'item::item_parser::tests::test_many0' panicked at src/item/item_parser.rs:582:9:
[INFO] [stdout] assertion `left == right` failed
[INFO] [stdout]   left: Ok(("[ ] foo\n\n[!] goo\n\n[x] hoo\n", []))
[INFO] [stdout]  right: Ok(("", [Item { nest: Some(0), mark: Some(" "), memo: Some("foo"), label1s: None, label2s: None }, Item { nest: Some(0), mark: Some("!"), memo: Some("goo"), label1s: None, label2s: None }, Item { nest: Some(0), mark: Some("x"), memo: Some("hoo"), label1s: None, label2s: None }]))
[INFO] [stdout] stack backtrace:
[INFO] [stdout]    0:     0x561b34dacc5c - std::backtrace_rs::backtrace::libunwind::trace::ha637c64ce894333a
[INFO] [stdout]                                at /rustc/82e1608dfa6e0b5569232559e3d385fea5a93112/library/std/src/../../backtrace/src/backtrace/libunwind.rs:104:5
[INFO] [stdout]    1:     0x561b34dacc5c - std::backtrace_rs::backtrace::trace_unsynchronized::h47f62dea28e0c88d
[INFO] [stdout]                                at /rustc/82e1608dfa6e0b5569232559e3d385fea5a93112/library/std/src/../../backtrace/src/backtrace/mod.rs:66:5
[INFO] [stdout]    2:     0x561b34dacc5c - std::sys_common::backtrace::_print_fmt::h9eef0abe20ede486
[INFO] [stdout]                                at /rustc/82e1608dfa6e0b5569232559e3d385fea5a93112/library/std/src/sys_common/backtrace.rs:67:5
[INFO] [stdout]    3:     0x561b34dacc5c - <std::sys_common::backtrace::_print::DisplayBacktrace as core::fmt::Display>::fmt::hed7f999df88cc644
[INFO] [stdout]                                at /rustc/82e1608dfa6e0b5569232559e3d385fea5a93112/library/std/src/sys_common/backtrace.rs:44:22
[INFO] [stdout]    4:     0x561b34dd6800 - core::fmt::rt::Argument::fmt::h1539a9308b8d058d
[INFO] [stdout]                                at /rustc/82e1608dfa6e0b5569232559e3d385fea5a93112/library/core/src/fmt/rt.rs:142:9
[INFO] [stdout]    5:     0x561b34dd6800 - core::fmt::write::h3a39390d8560d9c9
[INFO] [stdout]                                at /rustc/82e1608dfa6e0b5569232559e3d385fea5a93112/library/core/src/fmt/mod.rs:1120:17
[INFO] [stdout]    6:     0x561b34daa60f - std::io::Write::write_fmt::h040b369f3a0f9cbc
[INFO] [stdout]                                at /rustc/82e1608dfa6e0b5569232559e3d385fea5a93112/library/std/src/io/mod.rs:1762:15
[INFO] [stdout]    7:     0x561b34daca44 - std::sys_common::backtrace::_print::h894006fb5c6f3d45
[INFO] [stdout]                                at /rustc/82e1608dfa6e0b5569232559e3d385fea5a93112/library/std/src/sys_common/backtrace.rs:47:5
[INFO] [stdout]    8:     0x561b34daca44 - std::sys_common::backtrace::print::h23a2d212c6fff936
[INFO] [stdout]                                at /rustc/82e1608dfa6e0b5569232559e3d385fea5a93112/library/std/src/sys_common/backtrace.rs:34:9
[INFO] [stdout]    9:     0x561b34dae707 - std::panicking::default_hook::{{closure}}::h8a1d2ee00185001a
[INFO] [stdout]   10:     0x561b34dae3f3 - std::panicking::default_hook::h6038f2eba384e475
[INFO] [stdout]                                at /rustc/82e1608dfa6e0b5569232559e3d385fea5a93112/library/std/src/panicking.rs:289:9
[INFO] [stdout]   11:     0x561b34bfb917 - <alloc::boxed::Box<F,A> as core::ops::function::Fn<Args>>::call::h0ad024c9bdc6d768
[INFO] [stdout]                                at /rustc/82e1608dfa6e0b5569232559e3d385fea5a93112/library/alloc/src/boxed.rs:2021:9
[INFO] [stdout]   12:     0x561b34bfb917 - test::test_main::{{closure}}::h7500b54257359db6
[INFO] [stdout]                                at /rustc/82e1608dfa6e0b5569232559e3d385fea5a93112/library/test/src/lib.rs:138:21
[INFO] [stdout]   13:     0x561b34daed18 - <alloc::boxed::Box<F,A> as core::ops::function::Fn<Args>>::call::h1f8f335eaa9cfaee
[INFO] [stdout]                                at /rustc/82e1608dfa6e0b5569232559e3d385fea5a93112/library/alloc/src/boxed.rs:2021:9
[INFO] [stdout]   14:     0x561b34daed18 - std::panicking::rust_panic_with_hook::h2b5517d590cab22e
[INFO] [stdout]                                at /rustc/82e1608dfa6e0b5569232559e3d385fea5a93112/library/std/src/panicking.rs:783:13
[INFO] [stdout]   15:     0x561b34daea6e - std::panicking::begin_panic_handler::{{closure}}::h233112c06e0ef43e
[INFO] [stdout]                                at /rustc/82e1608dfa6e0b5569232559e3d385fea5a93112/library/std/src/panicking.rs:657:13
[INFO] [stdout]   16:     0x561b34dad126 - std::sys_common::backtrace::__rust_end_short_backtrace::h6e893f24d7ebbff8
[INFO] [stdout]                                at /rustc/82e1608dfa6e0b5569232559e3d385fea5a93112/library/std/src/sys_common/backtrace.rs:170:18
[INFO] [stdout]   17:     0x561b34dae7d2 - rust_begin_unwind
[INFO] [stdout]                                at /rustc/82e1608dfa6e0b5569232559e3d385fea5a93112/library/std/src/panicking.rs:645:5
[INFO] [stdout]   18:     0x561b34b8c225 - core::panicking::panic_fmt::hbf0e066aabfa482c
[INFO] [stdout]                                at /rustc/82e1608dfa6e0b5569232559e3d385fea5a93112/library/core/src/panicking.rs:72:14
[INFO] [stdout]   19:     0x561b34b8c67b - core::panicking::assert_failed_inner::h0bba8b7c26ee4492
[INFO] [stdout]   20:     0x561b34ba9e3e - core::panicking::assert_failed::hf9bed7fa9893681a
[INFO] [stdout]                                at /rustc/82e1608dfa6e0b5569232559e3d385fea5a93112/library/core/src/panicking.rs:279:5
[INFO] [stdout]   21:     0x561b34bb98a0 - todoby::item::item_parser::tests::test_many0::h5bcdbb8836a3194f
[INFO] [stdout]                                at /opt/rustwide/workdir/src/item/item_parser.rs:582:9
[INFO] [stdout]   22:     0x561b34bb9057 - todoby::item::item_parser::tests::test_many0::{{closure}}::h0f214dcbfc2f5392
[INFO] [stdout]                                at /opt/rustwide/workdir/src/item/item_parser.rs:549:20
[INFO] [stdout]   23:     0x561b34b9b756 - core::ops::function::FnOnce::call_once::h836cc68c551c686b
[INFO] [stdout]                                at /rustc/82e1608dfa6e0b5569232559e3d385fea5a93112/library/core/src/ops/function.rs:250:5
[INFO] [stdout]   24:     0x561b34c00f6f - core::ops::function::FnOnce::call_once::h2b5d431d5046312d
[INFO] [stdout]                                at /rustc/82e1608dfa6e0b5569232559e3d385fea5a93112/library/core/src/ops/function.rs:250:5
[INFO] [stdout]   25:     0x561b34c00f6f - test::__rust_begin_short_backtrace::h7714669af176e207
[INFO] [stdout]                                at /rustc/82e1608dfa6e0b5569232559e3d385fea5a93112/library/test/src/lib.rs:628:18
[INFO] [stdout]   26:     0x561b34bfff85 - test::run_test_in_process::{{closure}}::h85218797dcbcec12
[INFO] [stdout]                                at /rustc/82e1608dfa6e0b5569232559e3d385fea5a93112/library/test/src/lib.rs:651:60
[INFO] [stdout]   27:     0x561b34bfff85 - <core::panic::unwind_safe::AssertUnwindSafe<F> as core::ops::function::FnOnce<()>>::call_once::h76c106ea31c14d7b
[INFO] [stdout]                                at /rustc/82e1608dfa6e0b5569232559e3d385fea5a93112/library/core/src/panic/unwind_safe.rs:272:9
[INFO] [stdout]   28:     0x561b34bfff85 - std::panicking::try::do_call::h3bd5d0f6620ee946
[INFO] [stdout]                                at /rustc/82e1608dfa6e0b5569232559e3d385fea5a93112/library/std/src/panicking.rs:552:40
[INFO] [stdout]   29:     0x561b34bfff85 - std::panicking::try::h232e535e4744fe31
[INFO] [stdout]                                at /rustc/82e1608dfa6e0b5569232559e3d385fea5a93112/library/std/src/panicking.rs:516:19
[INFO] [stdout]   30:     0x561b34bfff85 - std::panic::catch_unwind::h3ce3bd6ca8dbac68
[INFO] [stdout]                                at /rustc/82e1608dfa6e0b5569232559e3d385fea5a93112/library/std/src/panic.rs:142:14
[INFO] [stdout]   31:     0x561b34bfff85 - test::run_test_in_process::hc97b257c9621286a
[INFO] [stdout]                                at /rustc/82e1608dfa6e0b5569232559e3d385fea5a93112/library/test/src/lib.rs:651:27
[INFO] [stdout]   32:     0x561b34bfff85 - test::run_test::{{closure}}::h2aa798823a438d38
[INFO] [stdout]                                at /rustc/82e1608dfa6e0b5569232559e3d385fea5a93112/library/test/src/lib.rs:574:43
[INFO] [stdout]   33:     0x561b34bc8246 - test::run_test::{{closure}}::h87d231c78fb59832
[INFO] [stdout]                                at /rustc/82e1608dfa6e0b5569232559e3d385fea5a93112/library/test/src/lib.rs:602:41
[INFO] [stdout]   34:     0x561b34bc8246 - std::sys_common::backtrace::__rust_begin_short_backtrace::he6df152596625789
[INFO] [stdout]                                at /rustc/82e1608dfa6e0b5569232559e3d385fea5a93112/library/std/src/sys_common/backtrace.rs:154:18
[INFO] [stdout]   35:     0x561b34bcd2f7 - std::thread::Builder::spawn_unchecked_::{{closure}}::{{closure}}::ha94be15d1e0acf36
[INFO] [stdout]                                at /rustc/82e1608dfa6e0b5569232559e3d385fea5a93112/library/std/src/thread/mod.rs:529:17
[INFO] [stdout]   36:     0x561b34bcd2f7 - <core::panic::unwind_safe::AssertUnwindSafe<F> as core::ops::function::FnOnce<()>>::call_once::h9dc6bd6372f16606
[INFO] [stdout]                                at /rustc/82e1608dfa6e0b5569232559e3d385fea5a93112/library/core/src/panic/unwind_safe.rs:272:9
[INFO] [stdout]   37:     0x561b34bcd2f7 - std::panicking::try::do_call::h9057517f80303cd4
[INFO] [stdout]                                at /rustc/82e1608dfa6e0b5569232559e3d385fea5a93112/library/std/src/panicking.rs:552:40
[INFO] [stdout]   38:     0x561b34bcd2f7 - std::panicking::try::he3a30b11ee45340c
[INFO] [stdout]                                at /rustc/82e1608dfa6e0b5569232559e3d385fea5a93112/library/std/src/panicking.rs:516:19
[INFO] [stdout]   39:     0x561b34bcd2f7 - std::panic::catch_unwind::h410458cfd3528b8b
[INFO] [stdout]                                at /rustc/82e1608dfa6e0b5569232559e3d385fea5a93112/library/std/src/panic.rs:142:14
[INFO] [stdout]   40:     0x561b34bcd2f7 - std::thread::Builder::spawn_unchecked_::{{closure}}::h72ac3bdb567b737b
[INFO] [stdout]                                at /rustc/82e1608dfa6e0b5569232559e3d385fea5a93112/library/std/src/thread/mod.rs:528:30
[INFO] [stdout]   41:     0x561b34bcd2f7 - core::ops::function::FnOnce::call_once{{vtable.shim}}::h38f34da3654a8344
[INFO] [stdout]                                at /rustc/82e1608dfa6e0b5569232559e3d385fea5a93112/library/core/src/ops/function.rs:250:5
[INFO] [stdout]   42:     0x561b34db37d5 - <alloc::boxed::Box<F,A> as core::ops::function::FnOnce<Args>>::call_once::hc7eafaff61e32df9
[INFO] [stdout]                                at /rustc/82e1608dfa6e0b5569232559e3d385fea5a93112/library/alloc/src/boxed.rs:2007:9
[INFO] [stdout]   43:     0x561b34db37d5 - <alloc::boxed::Box<F,A> as core::ops::function::FnOnce<Args>>::call_once::h6ba4a5de48dd2304
[INFO] [stdout]                                at /rustc/82e1608dfa6e0b5569232559e3d385fea5a93112/library/alloc/src/boxed.rs:2007:9
[INFO] [stdout]   44:     0x561b34db37d5 - std::sys::unix::thread::Thread::new::thread_start::he469335aef763e45
[INFO] [stdout]                                at /rustc/82e1608dfa6e0b5569232559e3d385fea5a93112/library/std/src/sys/unix/thread.rs:108:17
[INFO] [stdout]   45:     0x7febcd451ac3 - <unknown>
[INFO] [stdout]   46:     0x7febcd4e2bf4 - __clone
[INFO] [stdout]   47:                0x0 - <unknown>
[INFO] [stdout] 
[INFO] [stdout] 
[INFO] [stdout] failures:
[INFO] [stdout]     item::item_parser::tests::test_many0
[INFO] [stdout]     item::item_parser::tests::test_one
[INFO] [stdout] 
[INFO] [stdout] test result: FAILED. 38 passed; 2 failed; 0 ignored; 0 measured; 0 filtered out; finished in 0.05s
[INFO] [stdout] 
[INFO] [stderr] error: test failed, to rerun pass `--bin todoby`
[INFO] running `Command { std: "docker" "inspect" "aa87943db4e8251583d6263624a30e33e3f8fe6ad36ec3f473814159bbec78bf", kill_on_drop: false }`
[INFO] running `Command { std: "docker" "rm" "-f" "aa87943db4e8251583d6263624a30e33e3f8fe6ad36ec3f473814159bbec78bf", kill_on_drop: false }`
[INFO] [stdout] aa87943db4e8251583d6263624a30e33e3f8fe6ad36ec3f473814159bbec78bf
