[INFO] cloning repository https://github.com/jochasinga/chum-runtime
[INFO] running `Command { std: "git" "-c" "credential.helper=" "-c" "credential.helper=/workspace/cargo-home/bin/git-credential-null" "clone" "--bare" "https://github.com/jochasinga/chum-runtime" "/workspace/cache/git-repos/https%3A%2F%2Fgithub.com%2Fjochasinga%2Fchum-runtime", kill_on_drop: false }`
[INFO] [stderr] Cloning into bare repository '/workspace/cache/git-repos/https%3A%2F%2Fgithub.com%2Fjochasinga%2Fchum-runtime'...
[INFO] running `Command { std: "git" "rev-parse" "HEAD", kill_on_drop: false }`
[INFO] [stdout] cde8469ee26c6ff69b613c61b0c08b9f62f2c9cf
[INFO] testing jochasinga/chum-runtime against 1.75.0 for beta-1.76-1
[INFO] running `Command { std: "git" "clone" "/workspace/cache/git-repos/https%3A%2F%2Fgithub.com%2Fjochasinga%2Fchum-runtime" "/workspace/builds/worker-4-tc1/source", kill_on_drop: false }`
[INFO] [stderr] Cloning into '/workspace/builds/worker-4-tc1/source'...
[INFO] [stderr] done.
[INFO] validating manifest of git repo https://github.com/jochasinga/chum-runtime on toolchain 1.75.0
[INFO] running `Command { std: CARGO_HOME="/workspace/cargo-home" RUSTUP_HOME="/workspace/rustup-home" "/workspace/cargo-home/bin/cargo" "+1.75.0" "metadata" "--manifest-path" "Cargo.toml" "--no-deps", kill_on_drop: false }`
[INFO] started tweaking git repo https://github.com/jochasinga/chum-runtime
[INFO] finished tweaking git repo https://github.com/jochasinga/chum-runtime
[INFO] tweaked toml for git repo https://github.com/jochasinga/chum-runtime written to /workspace/builds/worker-4-tc1/source/Cargo.toml
[INFO] crate git repo https://github.com/jochasinga/chum-runtime already has a lockfile, it will not be regenerated
[INFO] running `Command { std: CARGO_HOME="/workspace/cargo-home" RUSTUP_HOME="/workspace/rustup-home" "/workspace/cargo-home/bin/cargo" "+1.75.0" "fetch" "--manifest-path" "Cargo.toml", kill_on_drop: false }`
[INFO] [stderr]     Updating crates.io index
[INFO] [stderr]  Downloading crates ...
[INFO] [stderr]   Downloaded wiggle-macro v13.0.0
[INFO] [stderr]   Downloaded wiggle v13.0.0
[INFO] [stderr]   Downloaded cap-net-ext v2.0.0
[INFO] [stderr]   Downloaded wasi-cap-std-sync v13.0.0
[INFO] [stderr]   Downloaded wasmprinter v0.2.67
[INFO] [stderr]   Downloaded wasmtime-wasi v13.0.0
[INFO] [stderr]   Downloaded wiggle-generate v13.0.0
[INFO] [stderr]   Downloaded wasi-common v13.0.0
[INFO] [stderr]   Downloaded winch-codegen v0.11.0
[INFO] [stderr]   Downloaded wasmparser v0.113.2
[INFO] [stderr]   Downloaded wasmtime-winch v13.0.0
[INFO] running `Command { std: "docker" "create" "-v" "/var/lib/crater-agent-workspace/builds/worker-4-tc1/target:/opt/rustwide/target:rw,Z" "-v" "/var/lib/crater-agent-workspace/builds/worker-4-tc1/source:/opt/rustwide/workdir:ro,Z" "-v" "/var/lib/crater-agent-workspace/cargo-home:/opt/rustwide/cargo-home:ro,Z" "-v" "/var/lib/crater-agent-workspace/rustup-home:/opt/rustwide/rustup-home:ro,Z" "-e" "SOURCE_DIR=/opt/rustwide/workdir" "-e" "CARGO_TARGET_DIR=/opt/rustwide/target" "-e" "CARGO_HOME=/opt/rustwide/cargo-home" "-e" "RUSTUP_HOME=/opt/rustwide/rustup-home" "-w" "/opt/rustwide/workdir" "-m" "1610612736" "--user" "0:0" "--network" "none" "ghcr.io/rust-lang/crates-build-env/linux@sha256:2788e3201cd34a07e3172128adcd8b3090168a8e3bcc40d7c032b9dda1df7d1c" "/opt/rustwide/cargo-home/bin/cargo" "+1.75.0" "metadata" "--no-deps" "--format-version=1", kill_on_drop: false }`
[INFO] [stdout] ce9baba14ebe20cb07c8c25ce60a22904db412c4dc1d6ce35650184346658470
[INFO] running `Command { std: "docker" "start" "-a" "ce9baba14ebe20cb07c8c25ce60a22904db412c4dc1d6ce35650184346658470", kill_on_drop: false }`
[INFO] running `Command { std: "docker" "inspect" "ce9baba14ebe20cb07c8c25ce60a22904db412c4dc1d6ce35650184346658470", kill_on_drop: false }`
[INFO] running `Command { std: "docker" "rm" "-f" "ce9baba14ebe20cb07c8c25ce60a22904db412c4dc1d6ce35650184346658470", kill_on_drop: false }`
[INFO] [stdout] ce9baba14ebe20cb07c8c25ce60a22904db412c4dc1d6ce35650184346658470
[INFO] running `Command { std: "docker" "create" "-v" "/var/lib/crater-agent-workspace/builds/worker-4-tc1/target:/opt/rustwide/target:rw,Z" "-v" "/var/lib/crater-agent-workspace/builds/worker-4-tc1/source:/opt/rustwide/workdir:ro,Z" "-v" "/var/lib/crater-agent-workspace/cargo-home:/opt/rustwide/cargo-home:ro,Z" "-v" "/var/lib/crater-agent-workspace/rustup-home:/opt/rustwide/rustup-home:ro,Z" "-e" "SOURCE_DIR=/opt/rustwide/workdir" "-e" "CARGO_TARGET_DIR=/opt/rustwide/target" "-e" "CARGO_INCREMENTAL=0" "-e" "RUST_BACKTRACE=full" "-e" "RUSTFLAGS=--cap-lints=warn" "-e" "RUSTDOCFLAGS=--cap-lints=warn" "-e" "CARGO_HOME=/opt/rustwide/cargo-home" "-e" "RUSTUP_HOME=/opt/rustwide/rustup-home" "-w" "/opt/rustwide/workdir" "-m" "1610612736" "--user" "0:0" "--network" "none" "ghcr.io/rust-lang/crates-build-env/linux@sha256:2788e3201cd34a07e3172128adcd8b3090168a8e3bcc40d7c032b9dda1df7d1c" "/opt/rustwide/cargo-home/bin/cargo" "+1.75.0" "build" "--frozen" "--message-format=json", kill_on_drop: false }`
[INFO] [stdout] 9d2e25c69c0a2c2c7bc799e22d464a08aa83f2048480d9535e374986b8d9685d
[INFO] running `Command { std: "docker" "start" "-a" "9d2e25c69c0a2c2c7bc799e22d464a08aa83f2048480d9535e374986b8d9685d", kill_on_drop: false }`
[INFO] [stderr]    Compiling proc-macro2 v1.0.67
[INFO] [stderr]    Compiling unicode-ident v1.0.12
[INFO] [stderr]    Compiling libc v0.2.148
[INFO] [stderr]    Compiling version_check v0.9.4
[INFO] [stderr]    Compiling once_cell v1.18.0
[INFO] [stderr]    Compiling serde v1.0.188
[INFO] [stderr]    Compiling equivalent v1.0.1
[INFO] [stderr]    Compiling itoa v1.0.9
[INFO] [stderr]    Compiling log v0.4.20
[INFO] [stderr]    Compiling anyhow v1.0.75
[INFO] [stderr]    Compiling bitflags v2.4.0
[INFO] [stderr]    Compiling rustix v0.38.15
[INFO] [stderr]    Compiling ahash v0.8.3
[INFO] [stderr]    Compiling semver v1.0.19
[INFO] [stderr]    Compiling linux-raw-sys v0.4.8
[INFO] [stderr]    Compiling leb128 v0.2.5
[INFO] [stderr]    Compiling memchr v2.6.3
[INFO] [stderr]    Compiling thiserror v1.0.49
[INFO] [stderr]    Compiling autocfg v1.1.0
[INFO] [stderr]    Compiling quote v1.0.33
[INFO] [stderr]    Compiling hashbrown v0.14.1
[INFO] [stderr]    Compiling syn v2.0.37
[INFO] [stderr]    Compiling jobserver v0.1.26
[INFO] [stderr]    Compiling target-lexicon v0.12.11
[INFO] [stderr]    Compiling cranelift-isle v0.100.0
[INFO] [stderr]    Compiling cranelift-codegen-shared v0.100.0
[INFO] [stderr]    Compiling crc32fast v1.3.2
[INFO] [stderr]    Compiling cc v1.0.83
[INFO] [stderr]    Compiling cranelift-codegen-meta v0.100.0
[INFO] [stderr]    Compiling memoffset v0.9.0
[INFO] [stderr]    Compiling smallvec v1.11.1
[INFO] [stderr]    Compiling typenum v1.17.0
[INFO] [stderr]    Compiling io-lifetimes v2.0.2
[INFO] [stderr]    Compiling hashbrown v0.13.2
[INFO] [stderr]    Compiling generic-array v0.14.7
[INFO] [stderr]    Compiling tinyvec_macros v0.1.1
[INFO] [stderr]    Compiling arbitrary v1.3.0
[INFO] [stderr]    Compiling slice-group-by v0.3.1
[INFO] [stderr]    Compiling pkg-config v0.3.27
[INFO] [stderr]    Compiling rustc-hash v1.1.0
[INFO] [stderr]    Compiling regalloc2 v0.9.2
[INFO] [stderr]    Compiling tinyvec v1.6.0
[INFO] [stderr]    Compiling zstd-sys v2.0.8+zstd.1.5.5
[INFO] [stderr]    Compiling cranelift-control v0.100.0
[INFO] [stderr]    Compiling getrandom v0.2.10
[INFO] [stderr]    Compiling unicase v2.7.0
[INFO] [stderr]    Compiling crossbeam-utils v0.8.16
[INFO] [stderr]    Compiling io-extras v0.18.0
[INFO] [stderr]    Compiling serde_json v1.0.107
[INFO] [stderr]    Compiling bumpalo v3.14.0
[INFO] [stderr]    Compiling wasmtime-component-util v13.0.0
[INFO] [stderr]    Compiling rand_core v0.6.4
[INFO] [stderr]    Compiling unicode-normalization v0.1.22
[INFO] [stderr]    Compiling crossbeam-epoch v0.9.15
[INFO] [stderr]    Compiling wasm-encoder v0.32.0
[INFO] [stderr]    Compiling cap-primitives v2.0.0
[INFO] [stderr]    Compiling percent-encoding v2.3.0
[INFO] [stderr]    Compiling ambient-authority v0.0.2
[INFO] [stderr]    Compiling unicode-bidi v0.3.13
[INFO] [stderr]    Compiling cranelift-codegen v0.100.0
[INFO] [stderr]    Compiling pulldown-cmark v0.9.3
[INFO] [stderr]    Compiling ryu v1.0.15
[INFO] [stderr]    Compiling rand_chacha v0.3.1
[INFO] [stderr]    Compiling form_urlencoded v1.2.0
[INFO] [stderr]    Compiling idna v0.4.0
[INFO] [stderr]    Compiling ittapi-sys v0.3.4
[INFO] [stderr]    Compiling scopeguard v1.2.0
[INFO] [stderr]    Compiling either v1.9.0
[INFO] [stderr]    Compiling heck v0.4.1
[INFO] [stderr]    Compiling fs-set-times v0.20.0
[INFO] [stderr]    Compiling ipnet v2.8.0
[INFO] [stderr]    Compiling maybe-owned v0.3.4
[INFO] [stderr]    Compiling bitflags v1.3.2
[INFO] [stderr]    Compiling zstd-safe v5.0.2+zstd.1.5.2
[INFO] [stderr]    Compiling paste v1.0.14
[INFO] [stderr]    Compiling url v2.4.1
[INFO] [stderr]    Compiling rand v0.8.5
[INFO] [stderr]    Compiling crypto-common v0.1.6
[INFO] [stderr]    Compiling block-buffer v0.10.4
[INFO] [stderr]    Compiling dirs-sys v0.3.7
[INFO] [stderr]    Compiling serde_derive v1.0.188
[INFO] [stderr]    Compiling thiserror-impl v1.0.49
[INFO] [stderr]    Compiling wasmtime-versioned-export-macros v13.0.0
[INFO] [stderr]    Compiling wasmtime-asm-macros v13.0.0
[INFO] [stderr]    Compiling id-arena v2.2.1
[INFO] [stderr]    Compiling unicode-xid v0.2.4
[INFO] [stderr]    Compiling rayon-core v1.12.0
[INFO] [stderr]    Compiling pin-project-lite v0.2.13
[INFO] [stderr]    Compiling cpp_demangle v0.3.5
[INFO] [stderr]    Compiling cap-std v2.0.0
[INFO] [stderr]    Compiling dirs v4.0.0
[INFO] [stderr]    Compiling digest v0.10.7
[INFO] [stderr]    Compiling crossbeam-deque v0.8.3
[INFO] [stderr]    Compiling wasmtime-fiber v13.0.0
[INFO] [stderr]    Compiling wasmtime-runtime v13.0.0
[INFO] [stderr]    Compiling itertools v0.10.5
[INFO] [stderr]    Compiling memfd v0.6.4
[INFO] [stderr]    Compiling psm v0.1.21
[INFO] [stderr]    Compiling dirs-sys-next v0.1.2
[INFO] [stderr]    Compiling wast v35.0.2
[INFO] [stderr]    Compiling wasm-encoder v0.33.2
[INFO] [stderr]    Compiling encoding_rs v0.8.33
[INFO] [stderr]    Compiling wasmtime-cache v13.0.0
[INFO] [stderr]    Compiling byteorder v1.4.3
[INFO] [stderr]    Compiling uuid v1.4.1
[INFO] [stderr]    Compiling cpufeatures v0.2.9
[INFO] [stderr]    Compiling wasmtime-wmemcheck v13.0.0
[INFO] [stderr]    Compiling async-trait v0.1.73
[INFO] [stderr]    Compiling unicode-width v0.1.11
[INFO] [stderr]    Compiling sptr v0.3.2
[INFO] [stderr]    Compiling debugid v0.8.0
[INFO] [stderr]    Compiling wast v65.0.2
[INFO] [stderr]    Compiling witx v0.9.1
[INFO] [stderr]    Compiling sha2 v0.10.8
[INFO] [stderr]    Compiling fxhash v0.2.1
[INFO] [stderr]    Compiling directories-next v2.0.0
[INFO] [stderr]    Compiling shellexpand v2.1.2
[INFO] [stderr]    Compiling wasmtime-jit-icache-coherence v13.0.0
[INFO] [stderr]    Compiling base64 v0.21.4
[INFO] [stderr]    Compiling rustc-demangle v0.1.23
[INFO] [stderr]    Compiling futures-core v0.3.28
[INFO] [stderr]    Compiling wiggle-generate v13.0.0
[INFO] [stderr]    Compiling rayon v1.8.0
[INFO] [stderr]    Compiling tracing-attributes v0.1.26
[INFO] [stderr]    Compiling tracing-core v0.1.31
[INFO] [stderr]    Compiling futures-task v0.3.28
[INFO] [stderr]    Compiling wasi-common v13.0.0
[INFO] [stderr]    Compiling wiggle-macro v13.0.0
[INFO] [stderr]    Compiling system-interface v0.26.0
[INFO] [stderr]    Compiling futures-channel v0.3.28
[INFO] [stderr]    Compiling futures-util v0.3.28
[INFO] [stderr]    Compiling futures-sink v0.3.28
[INFO] [stderr]    Compiling cap-fs-ext v2.0.0
[INFO] [stderr]    Compiling indexmap v2.0.2
[INFO] [stderr]    Compiling cranelift-entity v0.100.0
[INFO] [stderr]    Compiling bincode v1.3.3
[INFO] [stderr]    Compiling cranelift-bforest v0.100.0
[INFO] [stderr]    Compiling toml v0.5.11
[INFO] [stderr]    Compiling gimli v0.28.0
[INFO] [stderr]    Compiling wasmparser v0.112.0
[INFO] [stderr]    Compiling wasmparser v0.113.2
[INFO] [stderr]    Compiling object v0.32.1
[INFO] [stderr]    Compiling wat v1.0.74
[INFO] [stderr]    Compiling wit-parser v0.11.3
[INFO] [stderr]    Compiling fxprof-processed-profile v0.6.0
[INFO] [stderr]    Compiling wasmtime-wit-bindgen v13.0.0
[INFO] [stderr]    Compiling tracing v0.1.37
[INFO] [stderr]    Compiling addr2line v0.21.0
[INFO] [stderr]    Compiling wasmtime-types v13.0.0
[INFO] [stderr]    Compiling wasmprinter v0.2.67
[INFO] [stderr]    Compiling wasmtime-jit-debug v13.0.0
[INFO] [stderr]    Compiling wasmtime-component-macro v13.0.0
[INFO] [stderr]    Compiling wasmtime-environ v13.0.0
[INFO] [stderr]    Compiling cap-rand v2.0.0
[INFO] [stderr]    Compiling pin-utils v0.1.0
[INFO] [stderr]    Compiling cap-time-ext v2.0.0
[INFO] [stderr]    Compiling is-terminal v0.4.9
[INFO] [stderr]    Compiling num_cpus v1.16.0
[INFO] [stderr]    Compiling socket2 v0.5.4
[INFO] [stderr]    Compiling mio v0.8.8
[INFO] [stderr]    Compiling bytes v1.5.0
[INFO] [stderr]    Compiling futures-io v0.3.28
[INFO] [stderr]    Compiling wasmtime-wasi v13.0.0
[INFO] [stderr]    Compiling futures v0.3.28
[INFO] [stderr]    Compiling tokio v1.32.0
[INFO] [stderr]    Compiling cap-net-ext v2.0.0
[INFO] [stderr]    Compiling ittapi v0.3.4
[INFO] [stderr]    Compiling wasmtime-jit v13.0.0
[INFO] [stderr]    Compiling cranelift-frontend v0.100.0
[INFO] [stderr]    Compiling cranelift-native v0.100.0
[INFO] [stderr]    Compiling wasmtime-cranelift-shared v13.0.0
[INFO] [stderr]    Compiling cranelift-wasm v0.100.0
[INFO] [stderr]    Compiling wasmtime-cranelift v13.0.0
[INFO] [stderr]    Compiling zstd v0.11.2+zstd.1.5.2
[INFO] [stderr]    Compiling wasmtime v13.0.0
[INFO] [stderr]    Compiling wiggle v13.0.0
[INFO] [stderr]    Compiling wasi-cap-std-sync v13.0.0
[INFO] [stderr]    Compiling rts v0.1.0 (/opt/rustwide/workdir)
[INFO] [stderr]     Finished dev [unoptimized + debuginfo] target(s) in 1m 16s
[INFO] running `Command { std: "docker" "inspect" "9d2e25c69c0a2c2c7bc799e22d464a08aa83f2048480d9535e374986b8d9685d", kill_on_drop: false }`
[INFO] running `Command { std: "docker" "rm" "-f" "9d2e25c69c0a2c2c7bc799e22d464a08aa83f2048480d9535e374986b8d9685d", kill_on_drop: false }`
[INFO] [stdout] 9d2e25c69c0a2c2c7bc799e22d464a08aa83f2048480d9535e374986b8d9685d
[INFO] running `Command { std: "docker" "create" "-v" "/var/lib/crater-agent-workspace/builds/worker-4-tc1/target:/opt/rustwide/target:rw,Z" "-v" "/var/lib/crater-agent-workspace/builds/worker-4-tc1/source:/opt/rustwide/workdir:ro,Z" "-v" "/var/lib/crater-agent-workspace/cargo-home:/opt/rustwide/cargo-home:ro,Z" "-v" "/var/lib/crater-agent-workspace/rustup-home:/opt/rustwide/rustup-home:ro,Z" "-e" "SOURCE_DIR=/opt/rustwide/workdir" "-e" "CARGO_TARGET_DIR=/opt/rustwide/target" "-e" "CARGO_INCREMENTAL=0" "-e" "RUST_BACKTRACE=full" "-e" "RUSTFLAGS=--cap-lints=warn" "-e" "RUSTDOCFLAGS=--cap-lints=warn" "-e" "CARGO_HOME=/opt/rustwide/cargo-home" "-e" "RUSTUP_HOME=/opt/rustwide/rustup-home" "-w" "/opt/rustwide/workdir" "-m" "1610612736" "--user" "0:0" "--network" "none" "ghcr.io/rust-lang/crates-build-env/linux@sha256:2788e3201cd34a07e3172128adcd8b3090168a8e3bcc40d7c032b9dda1df7d1c" "/opt/rustwide/cargo-home/bin/cargo" "+1.75.0" "test" "--frozen" "--no-run" "--message-format=json", kill_on_drop: false }`
[INFO] [stdout] 44eeef6128027c824d388f5d7f27cbf4f9f1d4d6e9f75a78084f48b29a17e0f4
[INFO] running `Command { std: "docker" "start" "-a" "44eeef6128027c824d388f5d7f27cbf4f9f1d4d6e9f75a78084f48b29a17e0f4", kill_on_drop: false }`
[INFO] [stderr]    Compiling rts v0.1.0 (/opt/rustwide/workdir)
[INFO] [stdout] warning: unused variable: `expected`
[INFO] [stdout]    --> src/lib/asm_x86_64.rs:233:13
[INFO] [stdout]     |
[INFO] [stdout] 233 |         let expected: i32 = 1; // true
[INFO] [stdout]     |             ^^^^^^^^ help: if this is intentional, prefix it with an underscore: `_expected`
[INFO] [stdout]     |
[INFO] [stdout]     = note: `#[warn(unused_variables)]` on by default
[INFO] [stdout] 
[INFO] [stdout] 
[INFO] [stdout] warning: function `init_test` is never used
[INFO] [stdout]  --> src/lib/asm_x86_64.rs:8:8
[INFO] [stdout]   |
[INFO] [stdout] 8 |     fn init_test() -> Result<(Engine, Linker<WasiCtx>, Module, Module, WasiCtx)> {
[INFO] [stdout]   |        ^^^^^^^^^
[INFO] [stdout]   |
[INFO] [stdout]   = note: `#[warn(dead_code)]` on by default
[INFO] [stdout] 
[INFO] [stdout] 
[INFO] [stdout] warning: 2 warnings emitted
[INFO] [stdout] 
[INFO] [stdout] 
[INFO] [stderr]     Finished test [unoptimized + debuginfo] target(s) in 15.55s
[INFO] running `Command { std: "docker" "inspect" "44eeef6128027c824d388f5d7f27cbf4f9f1d4d6e9f75a78084f48b29a17e0f4", kill_on_drop: false }`
[INFO] running `Command { std: "docker" "rm" "-f" "44eeef6128027c824d388f5d7f27cbf4f9f1d4d6e9f75a78084f48b29a17e0f4", kill_on_drop: false }`
[INFO] [stdout] 44eeef6128027c824d388f5d7f27cbf4f9f1d4d6e9f75a78084f48b29a17e0f4
[INFO] running `Command { std: "docker" "create" "-v" "/var/lib/crater-agent-workspace/builds/worker-4-tc1/target:/opt/rustwide/target:rw,Z" "-v" "/var/lib/crater-agent-workspace/builds/worker-4-tc1/source:/opt/rustwide/workdir:ro,Z" "-v" "/var/lib/crater-agent-workspace/cargo-home:/opt/rustwide/cargo-home:ro,Z" "-v" "/var/lib/crater-agent-workspace/rustup-home:/opt/rustwide/rustup-home:ro,Z" "-e" "SOURCE_DIR=/opt/rustwide/workdir" "-e" "CARGO_TARGET_DIR=/opt/rustwide/target" "-e" "CARGO_INCREMENTAL=0" "-e" "RUST_BACKTRACE=full" "-e" "RUSTFLAGS=--cap-lints=warn" "-e" "RUSTDOCFLAGS=--cap-lints=warn" "-e" "CARGO_HOME=/opt/rustwide/cargo-home" "-e" "RUSTUP_HOME=/opt/rustwide/rustup-home" "-w" "/opt/rustwide/workdir" "-m" "1610612736" "--user" "0:0" "--network" "none" "ghcr.io/rust-lang/crates-build-env/linux@sha256:2788e3201cd34a07e3172128adcd8b3090168a8e3bcc40d7c032b9dda1df7d1c" "/opt/rustwide/cargo-home/bin/cargo" "+1.75.0" "test" "--frozen", kill_on_drop: false }`
[INFO] [stdout] 4d46749603241568d2b96820402389525da97e7cc6f53e5bb583818760517f5f
[INFO] running `Command { std: "docker" "start" "-a" "4d46749603241568d2b96820402389525da97e7cc6f53e5bb583818760517f5f", kill_on_drop: false }`
[INFO] [stderr] warning: unused variable: `expected`
[INFO] [stderr]    --> src/lib/asm_x86_64.rs:233:13
[INFO] [stderr]     |
[INFO] [stderr] 233 |         let expected: i32 = 1; // true
[INFO] [stderr]     |             ^^^^^^^^ help: if this is intentional, prefix it with an underscore: `_expected`
[INFO] [stderr]     |
[INFO] [stderr]     = note: `#[warn(unused_variables)]` on by default
[INFO] [stderr] 
[INFO] [stderr] warning: function `init_test` is never used
[INFO] [stderr]  --> src/lib/asm_x86_64.rs:8:8
[INFO] [stderr]   |
[INFO] [stderr] 8 |     fn init_test() -> Result<(Engine, Linker<WasiCtx>, Module, Module, WasiCtx)> {
[INFO] [stderr]   |        ^^^^^^^^^
[INFO] [stderr]   |
[INFO] [stderr]   = note: `#[warn(dead_code)]` on by default
[INFO] [stderr] 
[INFO] [stderr] warning: `rts` (lib test) generated 2 warnings (run `cargo fix --lib -p rts --tests` to apply 1 suggestion)
[INFO] [stderr]     Finished test [unoptimized + debuginfo] target(s) in 0.27s
[INFO] [stderr]      Running unittests src/lib/asm_x86_64.rs (/opt/rustwide/target/debug/deps/asm_x86_64-c8a12d4a3fcf2680)
[INFO] [stdout] 
[INFO] [stdout] running 9 tests
[INFO] [stdout] test tests::test_sall ... FAILED
[INFO] [stdout] test tests::test_linking_cmpl ... FAILED
[INFO] [stdout] test tests::test_linking_sete_ne ... FAILED
[INFO] [stdout] test tests::test_emit_is_equal_to ... FAILED
[INFO] [stdout] test tests::test_sete ... FAILED
[INFO] [stdout] test tests::test_linking_sall ... FAILED
[INFO] [stdout] test tests::test_linking_sete_eq ... FAILED
[INFO] [stdout] test tests::test_cmpl ... FAILED
[INFO] [stdout] test tests::test_setl ... FAILED
[INFO] [stdout] 
[INFO] [stdout] failures:
[INFO] [stdout] 
[INFO] [stdout] ---- tests::test_sall stdout ----
[INFO] [stdout] Error: failed to read input file: ../modules/lib/asm_x86.wat
[INFO] [stdout] 
[INFO] [stdout] Caused by:
[INFO] [stdout]     No such file or directory (os error 2)
[INFO] [stdout] 
[INFO] [stdout] ---- tests::test_linking_cmpl stdout ----
[INFO] [stdout] Error: failed to read input file: ../modules/lib/tests.wat
[INFO] [stdout] 
[INFO] [stdout] Caused by:
[INFO] [stdout]     No such file or directory (os error 2)
[INFO] [stdout] 
[INFO] [stdout] ---- tests::test_linking_sete_ne stdout ----
[INFO] [stdout] Error: failed to read input file: ../modules/lib/tests.wat
[INFO] [stdout] 
[INFO] [stdout] Caused by:
[INFO] [stdout]     No such file or directory (os error 2)
[INFO] [stdout] 
[INFO] [stdout] ---- tests::test_emit_is_equal_to stdout ----
[INFO] [stdout] Error: failed to read input file: ../modules/lib/tests.wat
[INFO] [stdout] 
[INFO] [stdout] Caused by:
[INFO] [stdout]     No such file or directory (os error 2)
[INFO] [stdout] 
[INFO] [stdout] ---- tests::test_sete stdout ----
[INFO] [stdout] Error: failed to read input file: ../modules/lib/asm_x86.wat
[INFO] [stdout] 
[INFO] [stdout] Caused by:
[INFO] [stdout]     No such file or directory (os error 2)
[INFO] [stdout] 
[INFO] [stdout] ---- tests::test_linking_sall stdout ----
[INFO] [stdout] Error: failed to read input file: ../modules/lib/tests.wat
[INFO] [stdout] 
[INFO] [stdout] Caused by:
[INFO] [stdout]     No such file or directory (os error 2)
[INFO] [stdout] 
[INFO] [stdout] ---- tests::test_linking_sete_eq stdout ----
[INFO] [stdout] Error: failed to read input file: ../modules/lib/tests.wat
[INFO] [stdout] 
[INFO] [stdout] Caused by:
[INFO] [stdout]     No such file or directory (os error 2)
[INFO] [stdout] 
[INFO] [stdout] ---- tests::test_cmpl stdout ----
[INFO] [stdout] Error: failed to read input file: ../modules/lib/asm_x86.wat
[INFO] [stdout] 
[INFO] [stdout] Caused by:
[INFO] [stdout]     No such file or directory (os error 2)
[INFO] [stdout] 
[INFO] [stdout] ---- tests::test_setl stdout ----
[INFO] [stdout] Error: failed to read input file: ../modules/lib/tests.wat
[INFO] [stdout] 
[INFO] [stdout] Caused by:
[INFO] [stdout]     No such file or directory (os error 2)
[INFO] [stdout] 
[INFO] [stdout] 
[INFO] [stdout] failures:
[INFO] [stdout]     tests::test_cmpl
[INFO] [stdout]     tests::test_emit_is_equal_to
[INFO] [stdout]     tests::test_linking_cmpl
[INFO] [stdout]     tests::test_linking_sall
[INFO] [stdout]     tests::test_linking_sete_eq
[INFO] [stdout]     tests::test_linking_sete_ne
[INFO] [stdout]     tests::test_sall
[INFO] [stdout]     tests::test_sete
[INFO] [stdout]     tests::test_setl
[INFO] [stdout] 
[INFO] [stdout] test result: FAILED. 0 passed; 9 failed; 0 ignored; 0 measured; 0 filtered out; finished in 0.00s
[INFO] [stdout] 
[INFO] [stderr] error: test failed, to rerun pass `--lib`
[INFO] running `Command { std: "docker" "inspect" "4d46749603241568d2b96820402389525da97e7cc6f53e5bb583818760517f5f", kill_on_drop: false }`
[INFO] running `Command { std: "docker" "rm" "-f" "4d46749603241568d2b96820402389525da97e7cc6f53e5bb583818760517f5f", kill_on_drop: false }`
[INFO] [stdout] 4d46749603241568d2b96820402389525da97e7cc6f53e5bb583818760517f5f
