[INFO] cloning repository https://github.com/jo12bar/aoc2022
[INFO] running `Command { std: "git" "-c" "credential.helper=" "-c" "credential.helper=/workspace/cargo-home/bin/git-credential-null" "clone" "--bare" "https://github.com/jo12bar/aoc2022" "/workspace/cache/git-repos/https%3A%2F%2Fgithub.com%2Fjo12bar%2Faoc2022", kill_on_drop: false }`
[INFO] [stderr] Cloning into bare repository '/workspace/cache/git-repos/https%3A%2F%2Fgithub.com%2Fjo12bar%2Faoc2022'...
[INFO] running `Command { std: "git" "rev-parse" "HEAD", kill_on_drop: false }`
[INFO] [stdout] 9aa83c1e29ab4a2ffc2dccb4937e6e0b8117863e
[INFO] testing jo12bar/aoc2022 against 1.75.0 for beta-1.76-1
[INFO] running `Command { std: "git" "clone" "/workspace/cache/git-repos/https%3A%2F%2Fgithub.com%2Fjo12bar%2Faoc2022" "/workspace/builds/worker-6-tc1/source", kill_on_drop: false }`
[INFO] [stderr] Cloning into '/workspace/builds/worker-6-tc1/source'...
[INFO] [stderr] done.
[INFO] validating manifest of git repo https://github.com/jo12bar/aoc2022 on toolchain 1.75.0
[INFO] running `Command { std: CARGO_HOME="/workspace/cargo-home" RUSTUP_HOME="/workspace/rustup-home" "/workspace/cargo-home/bin/cargo" "+1.75.0" "metadata" "--manifest-path" "Cargo.toml" "--no-deps", kill_on_drop: false }`
[INFO] started tweaking git repo https://github.com/jo12bar/aoc2022
[INFO] finished tweaking git repo https://github.com/jo12bar/aoc2022
[INFO] tweaked toml for git repo https://github.com/jo12bar/aoc2022 written to /workspace/builds/worker-6-tc1/source/Cargo.toml
[INFO] crate git repo https://github.com/jo12bar/aoc2022 already has a lockfile, it will not be regenerated
[INFO] running `Command { std: CARGO_HOME="/workspace/cargo-home" RUSTUP_HOME="/workspace/rustup-home" "/workspace/cargo-home/bin/cargo" "+1.75.0" "fetch" "--manifest-path" "Cargo.toml", kill_on_drop: false }`
[INFO] [stderr]  Downloading crates ...
[INFO] [stderr]   Downloaded nalgebra-glm v0.17.0
[INFO] [stderr]   Downloaded accesskit_macos v0.3.0
[INFO] [stderr]   Downloaded accesskit_windows v0.10.2
[INFO] [stderr]   Downloaded objc-sys v0.2.0-beta.3
[INFO] [stderr]   Downloaded objc2-encode v2.0.0-pre.3
[INFO] [stderr]   Downloaded accesskit_consumer v0.11.0
[INFO] [stderr]   Downloaded accesskit_winit v0.7.2
[INFO] [stderr]   Downloaded block2 v0.2.0-alpha.7
[INFO] [stderr]   Downloaded block-sys v0.1.0-beta.2
[INFO] [stderr]   Downloaded objc2 v0.3.0-beta.4
[INFO] running `Command { std: "docker" "create" "-v" "/var/lib/crater-agent-workspace/builds/worker-6-tc1/target:/opt/rustwide/target:rw,Z" "-v" "/var/lib/crater-agent-workspace/builds/worker-6-tc1/source:/opt/rustwide/workdir:ro,Z" "-v" "/var/lib/crater-agent-workspace/cargo-home:/opt/rustwide/cargo-home:ro,Z" "-v" "/var/lib/crater-agent-workspace/rustup-home:/opt/rustwide/rustup-home:ro,Z" "-e" "SOURCE_DIR=/opt/rustwide/workdir" "-e" "CARGO_TARGET_DIR=/opt/rustwide/target" "-e" "CARGO_HOME=/opt/rustwide/cargo-home" "-e" "RUSTUP_HOME=/opt/rustwide/rustup-home" "-w" "/opt/rustwide/workdir" "-m" "1610612736" "--user" "0:0" "--network" "none" "ghcr.io/rust-lang/crates-build-env/linux@sha256:2788e3201cd34a07e3172128adcd8b3090168a8e3bcc40d7c032b9dda1df7d1c" "/opt/rustwide/cargo-home/bin/cargo" "+1.75.0" "metadata" "--no-deps" "--format-version=1", kill_on_drop: false }`
[INFO] [stdout] 049b68931e24504a52d402634aebcd880b8ffd6d38711d4605765952912942df
[INFO] running `Command { std: "docker" "start" "-a" "049b68931e24504a52d402634aebcd880b8ffd6d38711d4605765952912942df", kill_on_drop: false }`
[INFO] running `Command { std: "docker" "inspect" "049b68931e24504a52d402634aebcd880b8ffd6d38711d4605765952912942df", kill_on_drop: false }`
[INFO] running `Command { std: "docker" "rm" "-f" "049b68931e24504a52d402634aebcd880b8ffd6d38711d4605765952912942df", kill_on_drop: false }`
[INFO] [stdout] 049b68931e24504a52d402634aebcd880b8ffd6d38711d4605765952912942df
[INFO] running `Command { std: "docker" "create" "-v" "/var/lib/crater-agent-workspace/builds/worker-6-tc1/target:/opt/rustwide/target:rw,Z" "-v" "/var/lib/crater-agent-workspace/builds/worker-6-tc1/source:/opt/rustwide/workdir:ro,Z" "-v" "/var/lib/crater-agent-workspace/cargo-home:/opt/rustwide/cargo-home:ro,Z" "-v" "/var/lib/crater-agent-workspace/rustup-home:/opt/rustwide/rustup-home:ro,Z" "-e" "SOURCE_DIR=/opt/rustwide/workdir" "-e" "CARGO_TARGET_DIR=/opt/rustwide/target" "-e" "CARGO_INCREMENTAL=0" "-e" "RUST_BACKTRACE=full" "-e" "RUSTFLAGS=--cap-lints=warn" "-e" "RUSTDOCFLAGS=--cap-lints=warn" "-e" "CARGO_HOME=/opt/rustwide/cargo-home" "-e" "RUSTUP_HOME=/opt/rustwide/rustup-home" "-w" "/opt/rustwide/workdir" "-m" "1610612736" "--user" "0:0" "--network" "none" "ghcr.io/rust-lang/crates-build-env/linux@sha256:2788e3201cd34a07e3172128adcd8b3090168a8e3bcc40d7c032b9dda1df7d1c" "/opt/rustwide/cargo-home/bin/cargo" "+1.75.0" "build" "--frozen" "--message-format=json", kill_on_drop: false }`
[INFO] [stdout] 56a58f75e10fe383fba925a91aa623280ee00b3881ca4535082ebf7799de4c09
[INFO] running `Command { std: "docker" "start" "-a" "56a58f75e10fe383fba925a91aa623280ee00b3881ca4535082ebf7799de4c09", kill_on_drop: false }`
[INFO] [stderr]    Compiling proc-macro2 v1.0.47
[INFO] [stderr]    Compiling unicode-ident v1.0.5
[INFO] [stderr]    Compiling libc v0.2.138
[INFO] [stderr]    Compiling syn v1.0.105
[INFO] [stderr]    Compiling pkg-config v0.3.26
[INFO] [stderr]    Compiling once_cell v1.16.0
[INFO] [stderr]    Compiling log v0.4.17
[INFO] [stderr]    Compiling xml-rs v0.8.4
[INFO] [stderr]    Compiling cc v1.0.77
[INFO] [stderr]    Compiling memchr v2.5.0
[INFO] [stderr]    Compiling libloading v0.7.4
[INFO] [stderr]    Compiling parking_lot_core v0.9.5
[INFO] [stderr]    Compiling cmake v0.1.49
[INFO] [stderr]    Compiling dlib v0.5.0
[INFO] [stderr]    Compiling wayland-sys v0.29.5
[INFO] [stderr]    Compiling adler v1.0.2
[INFO] [stderr]    Compiling quote v1.0.21
[INFO] [stderr]    Compiling wayland-scanner v0.29.5
[INFO] [stderr]    Compiling thiserror v1.0.37
[INFO] [stderr]    Compiling nom v7.1.1
[INFO] [stderr]    Compiling freetype-sys v0.13.1
[INFO] [stderr]    Compiling expat-sys v2.1.6
[INFO] [stderr]    Compiling fnv v1.0.7
[INFO] [stderr]    Compiling ident_case v1.0.1
[INFO] [stderr]    Compiling khronos_api v3.1.0
[INFO] [stderr]    Compiling nix v0.24.3
[INFO] [stderr]    Compiling slotmap v1.0.6
[INFO] [stderr]    Compiling crc32fast v1.3.2
[INFO] [stderr]    Compiling parking_lot v0.12.1
[INFO] [stderr]    Compiling scoped-tls v1.0.1
[INFO] [stderr]    Compiling downcast-rs v1.2.0
[INFO] [stderr]    Compiling servo-fontconfig-sys v5.1.0
[INFO] [stderr]    Compiling tracing-core v0.1.30
[INFO] [stderr]    Compiling wayland-client v0.29.5
[INFO] [stderr]    Compiling wayland-protocols v0.29.5
[INFO] [stderr]    Compiling num-traits v0.2.15
[INFO] [stderr]    Compiling arrayvec v0.7.2
[INFO] [stderr]    Compiling gl_generator v0.14.0
[INFO] [stderr]    Compiling xcursor v0.3.4
[INFO] [stderr]    Compiling nix v0.25.1
[INFO] [stderr]    Compiling miniz_oxide v0.6.2
[INFO] [stderr]    Compiling smithay-client-toolkit v0.16.0
[INFO] [stderr]    Compiling x11-dl v2.20.1
[INFO] [stderr]    Compiling ahash v0.7.6
[INFO] [stderr]    Compiling tracing v0.1.37
[INFO] [stderr]    Compiling flate2 v1.0.25
[INFO] [stderr]    Compiling getrandom v0.2.8
[INFO] [stderr]    Compiling darling_core v0.14.2
[INFO] [stderr]    Compiling mio v0.8.5
[INFO] [stderr]    Compiling memmap2 v0.5.8
[INFO] [stderr]    Compiling crossfont v0.5.1
[INFO] [stderr]    Compiling ahash v0.8.2
[INFO] [stderr]    Compiling regex-syntax v0.6.28
[INFO] [stderr]    Compiling wayland-commons v0.29.5
[INFO] [stderr]    Compiling tinyvec_macros v0.1.0
[INFO] [stderr]    Compiling crossbeam-utils v0.8.14
[INFO] [stderr]    Compiling ttf-parser v0.17.1
[INFO] [stderr]    Compiling arrayref v0.3.6
[INFO] [stderr]    Compiling cty v0.2.2
[INFO] [stderr]    Compiling foreign-types-shared v0.3.1
[INFO] [stderr]    Compiling tinyvec v1.6.0
[INFO] [stderr]    Compiling wayland-cursor v0.29.5
[INFO] [stderr]    Compiling aho-corasick v0.7.20
[INFO] [stderr]    Compiling servo-fontconfig v0.5.1
[INFO] [stderr]    Compiling png v0.17.7
[INFO] [stderr]    Compiling bytemuck_derive v1.3.0
[INFO] [stderr]    Compiling thiserror-impl v1.0.37
[INFO] [stderr]    Compiling darling_macro v0.14.2
[INFO] [stderr]    Compiling bytemuck v1.12.3
[INFO] [stderr]    Compiling foreign-types-macros v0.2.2
[INFO] [stderr]    Compiling safe_arch v0.5.2
[INFO] [stderr]    Compiling tiny-skia-path v0.7.0
[INFO] [stderr]    Compiling owned_ttf_parser v0.17.1
[INFO] [stderr]    Compiling kurbo v0.8.3
[INFO] [stderr]    Compiling freetype-rs v0.26.0
[INFO] [stderr]    Compiling darling v0.14.2
[INFO] [stderr]    Compiling enumset_derive v0.6.1
[INFO] [stderr]    Compiling foreign-types v0.5.0
[INFO] [stderr]    Compiling memoffset v0.7.1
[INFO] [stderr]    Compiling arrayvec v0.5.2
[INFO] [stderr]    Compiling ab_glyph_rasterizer v0.1.7
[INFO] [stderr]    Compiling ab_glyph v0.2.18
[INFO] [stderr]    Compiling ecolor v0.20.0
[INFO] [stderr]    Compiling tiny-skia v0.7.0
[INFO] [stderr]    Compiling emath v0.20.0
[INFO] [stderr]    Compiling regex v1.7.0
[INFO] [stderr]    Compiling unicode-normalization v0.1.22
[INFO] [stderr]    Compiling calloop v0.10.4
[INFO] [stderr]    Compiling enumset v1.0.12
[INFO] [stderr]    Compiling hashbrown v0.12.3
[INFO] [stderr]    Compiling accesskit v0.8.1
[INFO] [stderr]    Compiling raw-window-handle v0.5.0
[INFO] [stderr]    Compiling crossbeam-epoch v0.9.13
[INFO] [stderr]    Compiling num-integer v0.1.45
[INFO] [stderr]    Compiling unicode-bidi v0.3.8
[INFO] [stderr]    Compiling signal-hook v0.3.14
[INFO] [stderr]    Compiling nohash-hasher v0.2.0
[INFO] [stderr]    Compiling paste v1.0.11
[INFO] [stderr]    Compiling epaint v0.20.0
[INFO] [stderr]    Compiling idna v0.3.0
[INFO] [stderr]    Compiling safe_arch v0.6.0
[INFO] [stderr]    Compiling raw-window-handle v0.4.3
[INFO] [stderr]    Compiling x11rb-protocol v0.10.0
[INFO] [stderr]    Compiling glutin_egl_sys v0.3.1
[INFO] [stderr]    Compiling glutin_glx_sys v0.3.0
[INFO] [stderr]    Compiling signal-hook-registry v1.4.0
[INFO] [stderr]    Compiling atty v0.2.14
[INFO] [stderr]    Compiling gethostname v0.2.3
[INFO] [stderr]    Compiling backtrace v0.3.66
[INFO] [stderr]    Compiling wayland-sys v0.30.1
[INFO] [stderr]    Compiling thread_local v1.1.4
[INFO] [stderr]    Compiling num-rational v0.4.1
[INFO] [stderr]    Compiling instant v0.1.12
[INFO] [stderr]    Compiling serde_derive v1.0.151
[INFO] [stderr]    Compiling cfg_aliases v0.1.1
[INFO] [stderr]    Compiling gimli v0.26.2
[INFO] [stderr]    Compiling typenum v1.16.0
[INFO] [stderr]    Compiling glutin v0.30.3
[INFO] [stderr]    Compiling tracing-subscriber v0.3.16
[INFO] [stderr]    Compiling egui v0.20.1
[INFO] [stderr]    Compiling url v2.3.1
[INFO] [stderr]    Compiling unicode-linebreak v0.1.4
[INFO] [stderr]    Compiling wide v0.7.5
[INFO] [stderr]    Compiling addr2line v0.17.0
[INFO] [stderr]    Compiling approx v0.5.1
[INFO] [stderr]    Compiling num-complex v0.4.2
[INFO] [stderr]    Compiling object v0.29.0
[INFO] [stderr]    Compiling miniz_oxide v0.5.4
[INFO] [stderr]    Compiling serde v1.0.151
[INFO] [stderr]    Compiling x11rb v0.10.1
[INFO] [stderr]    Compiling rawpointer v0.2.1
[INFO] [stderr]    Compiling rayon-core v1.10.1
[INFO] [stderr]    Compiling rustc-demangle v0.1.21
[INFO] [stderr]    Compiling eyre v0.6.8
[INFO] [stderr]    Compiling owo-colors v3.5.0
[INFO] [stderr]    Compiling unicode-width v0.1.10
[INFO] [stderr]    Compiling arboard v3.2.0
[INFO] [stderr]    Compiling matrixmultiply v0.3.2
[INFO] [stderr]    Compiling simba v0.7.3
[INFO] [stderr]    Compiling crossbeam-deque v0.8.2
[INFO] [stderr]    Compiling webbrowser v0.8.2
[INFO] [stderr]    Compiling tracing-error v0.2.0
[INFO] [stderr]    Compiling signal-hook-mio v0.2.3
[INFO] [stderr]    Compiling crossbeam-channel v0.5.6
[INFO] [stderr]    Compiling num_cpus v1.15.0
[INFO] [stderr]    Compiling is_ci v1.1.1
[INFO] [stderr]    Compiling indenter v0.3.3
[INFO] [stderr]    Compiling smawk v0.3.1
[INFO] [stderr]    Compiling camino v1.1.1
[INFO] [stderr]    Compiling glow v0.11.2
[INFO] [stderr]    Compiling serde_json v1.0.91
[INFO] [stderr]    Compiling either v1.8.0
[INFO] [stderr]    Compiling textwrap v0.15.2
[INFO] [stderr]    Compiling supports-color v1.3.1
[INFO] [stderr]    Compiling crossterm v0.25.0
[INFO] [stderr]    Compiling egui_glow v0.20.1
[INFO] [stderr]    Compiling color-spantrace v0.2.0
[INFO] [stderr]    Compiling supports-unicode v1.0.2
[INFO] [stderr]    Compiling supports-hyperlinks v1.2.0
[INFO] [stderr]    Compiling miette-derive v5.5.0
[INFO] [stderr]    Compiling brownstone v3.0.0
[INFO] [stderr]    Compiling terminal_size v0.1.17
[INFO] [stderr]    Compiling itoa v1.0.5
[INFO] [stderr]    Compiling cassowary v0.3.0
[INFO] [stderr]    Compiling joinery v2.1.0
[INFO] [stderr]    Compiling snowflake v1.3.0
[INFO] [stderr]    Compiling convert_case v0.4.0
[INFO] [stderr]    Compiling genawaiter-macro v0.99.1
[INFO] [stderr]    Compiling bytecount v0.6.3
[INFO] [stderr]    Compiling nalgebra v0.31.4
[INFO] [stderr]    Compiling indent_write v2.2.0
[INFO] [stderr]    Compiling ryu v1.0.12
[INFO] [stderr]    Compiling unicode-segmentation v1.10.0
[INFO] [stderr]    Compiling nom-supreme v0.8.0
[INFO] [stderr]    Compiling derive_more v0.99.17
[INFO] [stderr]    Compiling tui v0.19.0
[INFO] [stderr]    Compiling nom_locate v4.0.0
[INFO] [stderr]    Compiling genawaiter v0.99.1
[INFO] [stderr]    Compiling id_tree v1.8.0
[INFO] [stderr]    Compiling miette v5.5.0
[INFO] [stderr]    Compiling color-eyre v0.6.2
[INFO] [stderr]    Compiling rayon v1.6.1
[INFO] [stderr]    Compiling itertools v0.10.5
[INFO] [stderr]    Compiling pico-args v0.5.0
[INFO] [stderr]    Compiling nalgebra-glm v0.17.0
[INFO] [stderr]    Compiling sctk-adwaita v0.4.3
[INFO] [stderr]    Compiling smithay-clipboard v0.6.6
[INFO] [stderr]    Compiling winit v0.27.5
[INFO] [stderr]    Compiling accesskit_winit v0.7.2
[INFO] [stderr]    Compiling egui-winit v0.20.1
[INFO] [stderr]    Compiling eframe v0.20.1
[INFO] [stderr]    Compiling aoc2022 v0.1.0 (/opt/rustwide/workdir)
[INFO] [stderr]     Finished dev [unoptimized + debuginfo] target(s) in 1m 31s
[INFO] running `Command { std: "docker" "inspect" "56a58f75e10fe383fba925a91aa623280ee00b3881ca4535082ebf7799de4c09", kill_on_drop: false }`
[INFO] running `Command { std: "docker" "rm" "-f" "56a58f75e10fe383fba925a91aa623280ee00b3881ca4535082ebf7799de4c09", kill_on_drop: false }`
[INFO] [stdout] 56a58f75e10fe383fba925a91aa623280ee00b3881ca4535082ebf7799de4c09
[INFO] running `Command { std: "docker" "create" "-v" "/var/lib/crater-agent-workspace/builds/worker-6-tc1/target:/opt/rustwide/target:rw,Z" "-v" "/var/lib/crater-agent-workspace/builds/worker-6-tc1/source:/opt/rustwide/workdir:ro,Z" "-v" "/var/lib/crater-agent-workspace/cargo-home:/opt/rustwide/cargo-home:ro,Z" "-v" "/var/lib/crater-agent-workspace/rustup-home:/opt/rustwide/rustup-home:ro,Z" "-e" "SOURCE_DIR=/opt/rustwide/workdir" "-e" "CARGO_TARGET_DIR=/opt/rustwide/target" "-e" "CARGO_INCREMENTAL=0" "-e" "RUST_BACKTRACE=full" "-e" "RUSTFLAGS=--cap-lints=warn" "-e" "RUSTDOCFLAGS=--cap-lints=warn" "-e" "CARGO_HOME=/opt/rustwide/cargo-home" "-e" "RUSTUP_HOME=/opt/rustwide/rustup-home" "-w" "/opt/rustwide/workdir" "-m" "1610612736" "--user" "0:0" "--network" "none" "ghcr.io/rust-lang/crates-build-env/linux@sha256:2788e3201cd34a07e3172128adcd8b3090168a8e3bcc40d7c032b9dda1df7d1c" "/opt/rustwide/cargo-home/bin/cargo" "+1.75.0" "test" "--frozen" "--no-run" "--message-format=json", kill_on_drop: false }`
[INFO] [stdout] 23553d81e4b42769e53c5b22ce7842f3e7c9eab628ad42777997ccbb9af6c0ca
[INFO] running `Command { std: "docker" "start" "-a" "23553d81e4b42769e53c5b22ce7842f3e7c9eab628ad42777997ccbb9af6c0ca", kill_on_drop: false }`
[INFO] [stderr]    Compiling aoc2022 v0.1.0 (/opt/rustwide/workdir)
[INFO] [stderr]     Finished test [unoptimized + debuginfo] target(s) in 5.76s
[INFO] running `Command { std: "docker" "inspect" "23553d81e4b42769e53c5b22ce7842f3e7c9eab628ad42777997ccbb9af6c0ca", kill_on_drop: false }`
[INFO] running `Command { std: "docker" "rm" "-f" "23553d81e4b42769e53c5b22ce7842f3e7c9eab628ad42777997ccbb9af6c0ca", kill_on_drop: false }`
[INFO] [stdout] 23553d81e4b42769e53c5b22ce7842f3e7c9eab628ad42777997ccbb9af6c0ca
[INFO] running `Command { std: "docker" "create" "-v" "/var/lib/crater-agent-workspace/builds/worker-6-tc1/target:/opt/rustwide/target:rw,Z" "-v" "/var/lib/crater-agent-workspace/builds/worker-6-tc1/source:/opt/rustwide/workdir:ro,Z" "-v" "/var/lib/crater-agent-workspace/cargo-home:/opt/rustwide/cargo-home:ro,Z" "-v" "/var/lib/crater-agent-workspace/rustup-home:/opt/rustwide/rustup-home:ro,Z" "-e" "SOURCE_DIR=/opt/rustwide/workdir" "-e" "CARGO_TARGET_DIR=/opt/rustwide/target" "-e" "CARGO_INCREMENTAL=0" "-e" "RUST_BACKTRACE=full" "-e" "RUSTFLAGS=--cap-lints=warn" "-e" "RUSTDOCFLAGS=--cap-lints=warn" "-e" "CARGO_HOME=/opt/rustwide/cargo-home" "-e" "RUSTUP_HOME=/opt/rustwide/rustup-home" "-w" "/opt/rustwide/workdir" "-m" "1610612736" "--user" "0:0" "--network" "none" "ghcr.io/rust-lang/crates-build-env/linux@sha256:2788e3201cd34a07e3172128adcd8b3090168a8e3bcc40d7c032b9dda1df7d1c" "/opt/rustwide/cargo-home/bin/cargo" "+1.75.0" "test" "--frozen", kill_on_drop: false }`
[INFO] [stdout] 67c2c79ab95d36763bb1638571ab6801f2d8b9d3a6eb5d80d1f038d6dabbee73
[INFO] running `Command { std: "docker" "start" "-a" "67c2c79ab95d36763bb1638571ab6801f2d8b9d3a6eb5d80d1f038d6dabbee73", kill_on_drop: false }`
[INFO] [stderr]     Finished test [unoptimized + debuginfo] target(s) in 0.12s
[INFO] [stderr]      Running unittests src/main.rs (/opt/rustwide/target/debug/deps/aoc2022-98c8e651723985ad)
[INFO] [stdout] 
[INFO] [stdout] running 11 tests
[INFO] [stdout] test solver::solver03::test_item_priority ... ok
[INFO] [stdout] test solver::solver10::test_sprite_value ... ok
[INFO] [stdout] test solver::solver19::tests::test_a ... FAILED
[INFO] [stdout] test solver::solver19::tests::test_b ... ok
[INFO] [stdout] test solver::solver20::tests::test_a ... FAILED
[INFO] [stdout] test solver::solver20::tests::test_b ... FAILED
[INFO] [stdout] test solver::solver21::tests::test_b ... FAILED
[INFO] [stdout] test solver::solver21::tests::test_a ... FAILED
[INFO] [stdout] test solver::solver21::tests::ops_get_value ... FAILED
[INFO] [stdout] test solver::solver21::tests::ops_get_expected_rhs ... FAILED
[INFO] [stdout] test solver::solver21::tests::ops_get_expected_lhs ... FAILED
[INFO] [stdout] 
[INFO] [stdout] failures:
[INFO] [stdout] 
[INFO] [stdout] ---- solver::solver19::tests::test_a stdout ----
[INFO] [stdout] thread 'solver::solver19::tests::test_a' panicked at /opt/rustwide/cargo-home/registry/src/index.crates.io-6f17d22bba15001f/color-eyre-0.6.2/src/config.rs:756:55:
[INFO] [stdout] could not set the provided `Theme` via `color_spantrace::set_theme` globally as another was already set: InstallThemeError
[INFO] [stdout] stack backtrace:
[INFO] [stdout]    0:     0x5643f17be66c - std::backtrace_rs::backtrace::libunwind::trace::ha637c64ce894333a
[INFO] [stdout]                                at /rustc/82e1608dfa6e0b5569232559e3d385fea5a93112/library/std/src/../../backtrace/src/backtrace/libunwind.rs:104:5
[INFO] [stdout]    1:     0x5643f17be66c - std::backtrace_rs::backtrace::trace_unsynchronized::h47f62dea28e0c88d
[INFO] [stdout]                                at /rustc/82e1608dfa6e0b5569232559e3d385fea5a93112/library/std/src/../../backtrace/src/backtrace/mod.rs:66:5
[INFO] [stdout]    2:     0x5643f17be66c - std::sys_common::backtrace::_print_fmt::h9eef0abe20ede486
[INFO] [stdout]                                at /rustc/82e1608dfa6e0b5569232559e3d385fea5a93112/library/std/src/sys_common/backtrace.rs:67:5
[INFO] [stdout]    3:     0x5643f17be66c - <std::sys_common::backtrace::_print::DisplayBacktrace as core::fmt::Display>::fmt::hed7f999df88cc644
[INFO] [stdout]                                at /rustc/82e1608dfa6e0b5569232559e3d385fea5a93112/library/std/src/sys_common/backtrace.rs:44:22
[INFO] [stdout]    4:     0x5643f17e8990 - core::fmt::rt::Argument::fmt::h1539a9308b8d058d
[INFO] [stdout]                                at /rustc/82e1608dfa6e0b5569232559e3d385fea5a93112/library/core/src/fmt/rt.rs:142:9
[INFO] [stdout]    5:     0x5643f17e8990 - core::fmt::write::h3a39390d8560d9c9
[INFO] [stdout]                                at /rustc/82e1608dfa6e0b5569232559e3d385fea5a93112/library/core/src/fmt/mod.rs:1120:17
[INFO] [stdout]    6:     0x5643f17bbcaf - std::io::Write::write_fmt::h040b369f3a0f9cbc
[INFO] [stdout]                                at /rustc/82e1608dfa6e0b5569232559e3d385fea5a93112/library/std/src/io/mod.rs:1762:15
[INFO] [stdout]    7:     0x5643f17be454 - std::sys_common::backtrace::_print::h894006fb5c6f3d45
[INFO] [stdout]                                at /rustc/82e1608dfa6e0b5569232559e3d385fea5a93112/library/std/src/sys_common/backtrace.rs:47:5
[INFO] [stdout]    8:     0x5643f17be454 - std::sys_common::backtrace::print::h23a2d212c6fff936
[INFO] [stdout]                                at /rustc/82e1608dfa6e0b5569232559e3d385fea5a93112/library/std/src/sys_common/backtrace.rs:34:9
[INFO] [stdout]    9:     0x5643f17c0117 - std::panicking::default_hook::{{closure}}::h8a1d2ee00185001a
[INFO] [stdout]   10:     0x5643f17bfe03 - std::panicking::default_hook::h6038f2eba384e475
[INFO] [stdout]                                at /rustc/82e1608dfa6e0b5569232559e3d385fea5a93112/library/std/src/panicking.rs:289:9
[INFO] [stdout]   11:     0x5643f15d6c57 - <alloc::boxed::Box<F,A> as core::ops::function::Fn<Args>>::call::h0ad024c9bdc6d768
[INFO] [stdout]                                at /rustc/82e1608dfa6e0b5569232559e3d385fea5a93112/library/alloc/src/boxed.rs:2021:9
[INFO] [stdout]   12:     0x5643f15d6c57 - test::test_main::{{closure}}::h7500b54257359db6
[INFO] [stdout]                                at /rustc/82e1608dfa6e0b5569232559e3d385fea5a93112/library/test/src/lib.rs:138:21
[INFO] [stdout]   13:     0x5643f17c0728 - <alloc::boxed::Box<F,A> as core::ops::function::Fn<Args>>::call::h1f8f335eaa9cfaee
[INFO] [stdout]                                at /rustc/82e1608dfa6e0b5569232559e3d385fea5a93112/library/alloc/src/boxed.rs:2021:9
[INFO] [stdout]   14:     0x5643f17c0728 - std::panicking::rust_panic_with_hook::h2b5517d590cab22e
[INFO] [stdout]                                at /rustc/82e1608dfa6e0b5569232559e3d385fea5a93112/library/std/src/panicking.rs:783:13
[INFO] [stdout]   15:     0x5643f17c047e - std::panicking::begin_panic_handler::{{closure}}::h233112c06e0ef43e
[INFO] [stdout]                                at /rustc/82e1608dfa6e0b5569232559e3d385fea5a93112/library/std/src/panicking.rs:657:13
[INFO] [stdout]   16:     0x5643f17beb36 - std::sys_common::backtrace::__rust_end_short_backtrace::h6e893f24d7ebbff8
[INFO] [stdout]                                at /rustc/82e1608dfa6e0b5569232559e3d385fea5a93112/library/std/src/sys_common/backtrace.rs:170:18
[INFO] [stdout]   17:     0x5643f17c01e2 - rust_begin_unwind
[INFO] [stdout]                                at /rustc/82e1608dfa6e0b5569232559e3d385fea5a93112/library/std/src/panicking.rs:645:5
[INFO] [stdout]   18:     0x5643f1543225 - core::panicking::panic_fmt::hbf0e066aabfa482c
[INFO] [stdout]                                at /rustc/82e1608dfa6e0b5569232559e3d385fea5a93112/library/core/src/panicking.rs:72:14
[INFO] [stdout]   19:     0x5643f15437b3 - core::result::unwrap_failed::hddb4fea594200c52
[INFO] [stdout]                                at /rustc/82e1608dfa6e0b5569232559e3d385fea5a93112/library/core/src/result.rs:1653:5
[INFO] [stdout]   20:     0x5643f16aa8be - core::result::Result<T,E>::expect::hb2e3399984bf605c
[INFO] [stdout]                                at /rustc/82e1608dfa6e0b5569232559e3d385fea5a93112/library/core/src/result.rs:1034:23
[INFO] [stdout]   21:     0x5643f16b668c - color_eyre::config::HookBuilder::into_hooks::h3ac77f3ce8d591cb
[INFO] [stdout]                                at /opt/rustwide/cargo-home/registry/src/index.crates.io-6f17d22bba15001f/color-eyre-0.6.2/src/config.rs:756:9
[INFO] [stdout]   22:     0x5643f16b5ed0 - color_eyre::config::HookBuilder::install::h4f8a5422668bf64c
[INFO] [stdout]                                at /opt/rustwide/cargo-home/registry/src/index.crates.io-6f17d22bba15001f/color-eyre-0.6.2/src/config.rs:703:39
[INFO] [stdout]   23:     0x5643f16a132d - color_eyre::install::h4deb50dac095c85e
[INFO] [stdout]                                at /opt/rustwide/cargo-home/registry/src/index.crates.io-6f17d22bba15001f/color-eyre-0.6.2/src/lib.rs:461:5
[INFO] [stdout]   24:     0x5643f157d0ad - aoc2022::solver::solver19::tests::test_a::hcb16e479ec22df9c
[INFO] [stdout]                                at /opt/rustwide/workdir/src/solver/macros.rs:20:17
[INFO] [stdout]   25:     0x5643f157d087 - aoc2022::solver::solver19::tests::test_a::{{closure}}::hcfa0b333ce383363
[INFO] [stdout]                                at /opt/rustwide/workdir/src/solver/macros.rs:19:28
[INFO] [stdout]   26:     0x5643f1599306 - core::ops::function::FnOnce::call_once::h15a7517ed18476cc
[INFO] [stdout]                                at /rustc/82e1608dfa6e0b5569232559e3d385fea5a93112/library/core/src/ops/function.rs:250:5
[INFO] [stdout]   27:     0x5643f15dc2af - core::ops::function::FnOnce::call_once::h2b5d431d5046312d
[INFO] [stdout]                                at /rustc/82e1608dfa6e0b5569232559e3d385fea5a93112/library/core/src/ops/function.rs:250:5
[INFO] [stdout]   28:     0x5643f15dc2af - test::__rust_begin_short_backtrace::h7714669af176e207
[INFO] [stdout]                                at /rustc/82e1608dfa6e0b5569232559e3d385fea5a93112/library/test/src/lib.rs:628:18
[INFO] [stdout]   29:     0x5643f15db2c5 - test::run_test_in_process::{{closure}}::h85218797dcbcec12
[INFO] [stdout]                                at /rustc/82e1608dfa6e0b5569232559e3d385fea5a93112/library/test/src/lib.rs:651:60
[INFO] [stdout]   30:     0x5643f15db2c5 - <core::panic::unwind_safe::AssertUnwindSafe<F> as core::ops::function::FnOnce<()>>::call_once::h76c106ea31c14d7b
[INFO] [stdout]                                at /rustc/82e1608dfa6e0b5569232559e3d385fea5a93112/library/core/src/panic/unwind_safe.rs:272:9
[INFO] [stdout]   31:     0x5643f15db2c5 - std::panicking::try::do_call::h3bd5d0f6620ee946
[INFO] [stdout]                                at /rustc/82e1608dfa6e0b5569232559e3d385fea5a93112/library/std/src/panicking.rs:552:40
[INFO] [stdout]   32:     0x5643f15db2c5 - std::panicking::try::h232e535e4744fe31
[INFO] [stdout]                                at /rustc/82e1608dfa6e0b5569232559e3d385fea5a93112/library/std/src/panicking.rs:516:19
[INFO] [stdout]   33:     0x5643f15db2c5 - std::panic::catch_unwind::h3ce3bd6ca8dbac68
[INFO] [stdout]                                at /rustc/82e1608dfa6e0b5569232559e3d385fea5a93112/library/std/src/panic.rs:142:14
[INFO] [stdout]   34:     0x5643f15db2c5 - test::run_test_in_process::hc97b257c9621286a
[INFO] [stdout]                                at /rustc/82e1608dfa6e0b5569232559e3d385fea5a93112/library/test/src/lib.rs:651:27
[INFO] [stdout]   35:     0x5643f15db2c5 - test::run_test::{{closure}}::h2aa798823a438d38
[INFO] [stdout]                                at /rustc/82e1608dfa6e0b5569232559e3d385fea5a93112/library/test/src/lib.rs:574:43
[INFO] [stdout]   36:     0x5643f15a3586 - test::run_test::{{closure}}::h87d231c78fb59832
[INFO] [stdout]                                at /rustc/82e1608dfa6e0b5569232559e3d385fea5a93112/library/test/src/lib.rs:602:41
[INFO] [stdout]   37:     0x5643f15a3586 - std::sys_common::backtrace::__rust_begin_short_backtrace::he6df152596625789
[INFO] [stdout]                                at /rustc/82e1608dfa6e0b5569232559e3d385fea5a93112/library/std/src/sys_common/backtrace.rs:154:18
[INFO] [stdout]   38:     0x5643f15a8637 - std::thread::Builder::spawn_unchecked_::{{closure}}::{{closure}}::ha94be15d1e0acf36
[INFO] [stdout]                                at /rustc/82e1608dfa6e0b5569232559e3d385fea5a93112/library/std/src/thread/mod.rs:529:17
[INFO] [stdout]   39:     0x5643f15a8637 - <core::panic::unwind_safe::AssertUnwindSafe<F> as core::ops::function::FnOnce<()>>::call_once::h9dc6bd6372f16606
[INFO] [stdout]                                at /rustc/82e1608dfa6e0b5569232559e3d385fea5a93112/library/core/src/panic/unwind_safe.rs:272:9
[INFO] [stdout]   40:     0x5643f15a8637 - std::panicking::try::do_call::h9057517f80303cd4
[INFO] [stdout]                                at /rustc/82e1608dfa6e0b5569232559e3d385fea5a93112/library/std/src/panicking.rs:552:40
[INFO] [stdout]   41:     0x5643f15a8637 - std::panicking::try::he3a30b11ee45340c
[INFO] [stdout]                                at /rustc/82e1608dfa6e0b5569232559e3d385fea5a93112/library/std/src/panicking.rs:516:19
[INFO] [stdout]   42:     0x5643f15a8637 - std::panic::catch_unwind::h410458cfd3528b8b
[INFO] [stdout]                                at /rustc/82e1608dfa6e0b5569232559e3d385fea5a93112/library/std/src/panic.rs:142:14
[INFO] [stdout]   43:     0x5643f15a8637 - std::thread::Builder::spawn_unchecked_::{{closure}}::h72ac3bdb567b737b
[INFO] [stdout]                                at /rustc/82e1608dfa6e0b5569232559e3d385fea5a93112/library/std/src/thread/mod.rs:528:30
[INFO] [stdout]   44:     0x5643f15a8637 - core::ops::function::FnOnce::call_once{{vtable.shim}}::h38f34da3654a8344
[INFO] [stdout]                                at /rustc/82e1608dfa6e0b5569232559e3d385fea5a93112/library/core/src/ops/function.rs:250:5
[INFO] [stdout]   45:     0x5643f17c5355 - <alloc::boxed::Box<F,A> as core::ops::function::FnOnce<Args>>::call_once::hc7eafaff61e32df9
[INFO] [stdout]                                at /rustc/82e1608dfa6e0b5569232559e3d385fea5a93112/library/alloc/src/boxed.rs:2007:9
[INFO] [stdout]   46:     0x5643f17c5355 - <alloc::boxed::Box<F,A> as core::ops::function::FnOnce<Args>>::call_once::h6ba4a5de48dd2304
[INFO] [stdout]                                at /rustc/82e1608dfa6e0b5569232559e3d385fea5a93112/library/alloc/src/boxed.rs:2007:9
[INFO] [stdout]   47:     0x5643f17c5355 - std::sys::unix::thread::Thread::new::thread_start::he469335aef763e45
[INFO] [stdout]                                at /rustc/82e1608dfa6e0b5569232559e3d385fea5a93112/library/std/src/sys/unix/thread.rs:108:17
[INFO] [stdout]   48:     0x7f91b022dac3 - <unknown>
[INFO] [stdout]   49:     0x7f91b02bebf4 - __clone
[INFO] [stdout]   50:                0x0 - <unknown>
[INFO] [stdout] 
[INFO] [stdout] ---- solver::solver20::tests::test_a stdout ----
[INFO] [stdout] [31mThe application panicked (crashed).[0m
[INFO] [stdout] Message:  [36mcould not set the provided `Theme` via `color_spantrace::set_theme` globally as another was already set: InstallThemeError[0m
[INFO] [stdout] Location: [35m/opt/rustwide/cargo-home/registry/src/index.crates.io-6f17d22bba15001f/color-eyre-0.6.2/src/config.rs[0m:[35m756[0m
[INFO] [stdout] 
[INFO] [stdout]   ━━━━━━━━━━━━━━━━━━━━━━━━━━━━━━━━━━ BACKTRACE ━━━━━━━━━━━━━━━━━━━━━━━━━━━━━━━━━━━
[INFO] [stdout]   [96m                              ⋮ 9 frames hidden ⋮                               [0m
[INFO] [stdout]   10: [32mcore::result::Result<T,E>::expect[0m[90m::hb2e3399984bf605c[0m
[INFO] [stdout]       at [35m/rustc/82e1608dfa6e0b5569232559e3d385fea5a93112/library/core/src/result.rs[0m:[35m1034[0m
[INFO] [stdout]   [96m                              ⋮ 3 frames hidden ⋮                               [0m
[INFO] [stdout]   14: [91maoc2022::solver::solver20::tests::test_a[0m[90m::h04fc33ca68a6f174[0m
[INFO] [stdout]       at [35m/opt/rustwide/workdir/src/solver/macros.rs[0m:[35m20[0m
[INFO] [stdout]         18 │             #[test]
[INFO] [stdout]         19 │             fn test_a() -> color_eyre::Result<()> {
[INFO] [stdout]   [37;1m      20[0m [37;1m>[0m [37;1m                color_eyre::install()?;[0m
[INFO] [stdout]         21 │                 let mut input = Cursor::new(SAMPLE_INPUT);
[INFO] [stdout]         22 │                 let mut solver = $challenge_solver;
[INFO] [stdout]   15: [91maoc2022::solver::solver20::tests::test_a::{{closure}}[0m[90m::h1960a1a6eefef802[0m
[INFO] [stdout]       at [35m/opt/rustwide/workdir/src/solver/macros.rs[0m:[35m19[0m
[INFO] [stdout]         17 │ 
[INFO] [stdout]         18 │             #[test]
[INFO] [stdout]   [37;1m      19[0m [37;1m>[0m [37;1m            fn test_a() -> color_eyre::Result<()> {[0m
[INFO] [stdout]         20 │                 color_eyre::install()?;
[INFO] [stdout]         21 │                 let mut input = Cursor::new(SAMPLE_INPUT);
[INFO] [stdout]   16: [32mcore::ops::function::FnOnce::call_once[0m[90m::h20020cf4282dc1c4[0m
[INFO] [stdout]       at [35m/rustc/82e1608dfa6e0b5569232559e3d385fea5a93112/library/core/src/ops/function.rs[0m:[35m250[0m
[INFO] [stdout]   17: [32mcore::ops::function::FnOnce::call_once[0m[90m::h2b5d431d5046312d[0m
[INFO] [stdout]       at [35m/rustc/82e1608dfa6e0b5569232559e3d385fea5a93112/library/core/src/ops/function.rs[0m:[35m250[0m
[INFO] [stdout]   18: [32mtest::__rust_begin_short_backtrace[0m[90m::h7714669af176e207[0m
[INFO] [stdout]       at [35m/rustc/82e1608dfa6e0b5569232559e3d385fea5a93112/library/test/src/lib.rs[0m:[35m628[0m
[INFO] [stdout]   19: [32mtest::run_test_in_process::{{closure}}[0m[90m::h85218797dcbcec12[0m
[INFO] [stdout]       at [35m/rustc/82e1608dfa6e0b5569232559e3d385fea5a93112/library/test/src/lib.rs[0m:[35m651[0m
[INFO] [stdout]   20: [32m<core::panic::unwind_safe::AssertUnwindSafe<F> as core::ops::function::FnOnce<()>>::call_once[0m[90m::h76c106ea31c14d7b[0m
[INFO] [stdout]       at [35m/rustc/82e1608dfa6e0b5569232559e3d385fea5a93112/library/core/src/panic/unwind_safe.rs[0m:[35m272[0m
[INFO] [stdout]   21: [32mstd::panicking::try::do_call[0m[90m::h3bd5d0f6620ee946[0m
[INFO] [stdout]       at [35m/rustc/82e1608dfa6e0b5569232559e3d385fea5a93112/library/std/src/panicking.rs[0m:[35m552[0m
[INFO] [stdout]   22: [32mstd::panicking::try[0m[90m::h232e535e4744fe31[0m
[INFO] [stdout]       at [35m/rustc/82e1608dfa6e0b5569232559e3d385fea5a93112/library/std/src/panicking.rs[0m:[35m516[0m
[INFO] [stdout]   23: [32mstd::panic::catch_unwind[0m[90m::h3ce3bd6ca8dbac68[0m
[INFO] [stdout]       at [35m/rustc/82e1608dfa6e0b5569232559e3d385fea5a93112/library/std/src/panic.rs[0m:[35m142[0m
[INFO] [stdout]   24: [32mtest::run_test_in_process[0m[90m::hc97b257c9621286a[0m
[INFO] [stdout]       at [35m/rustc/82e1608dfa6e0b5569232559e3d385fea5a93112/library/test/src/lib.rs[0m:[35m651[0m
[INFO] [stdout]   25: [32mtest::run_test::{{closure}}[0m[90m::h2aa798823a438d38[0m
[INFO] [stdout]       at [35m/rustc/82e1608dfa6e0b5569232559e3d385fea5a93112/library/test/src/lib.rs[0m:[35m574[0m
[INFO] [stdout]   26: [32mtest::run_test::{{closure}}[0m[90m::h87d231c78fb59832[0m
[INFO] [stdout]       at [35m/rustc/82e1608dfa6e0b5569232559e3d385fea5a93112/library/test/src/lib.rs[0m:[35m602[0m
[INFO] [stdout]   [96m                              ⋮ 12 frames hidden ⋮                              [0m
[INFO] [stdout] 
[INFO] [stdout] Run with COLORBT_SHOW_HIDDEN=1 environment variable to disable frame filtering.
[INFO] [stdout] 
[INFO] [stdout] ---- solver::solver20::tests::test_b stdout ----
[INFO] [stdout] [31mThe application panicked (crashed).[0m
[INFO] [stdout] Message:  [36mcould not set the provided `Theme` via `color_spantrace::set_theme` globally as another was already set: InstallThemeError[0m
[INFO] [stdout] Location: [35m/opt/rustwide/cargo-home/registry/src/index.crates.io-6f17d22bba15001f/color-eyre-0.6.2/src/config.rs[0m:[35m756[0m
[INFO] [stdout] 
[INFO] [stdout]   ━━━━━━━━━━━━━━━━━━━━━━━━━━━━━━━━━━ BACKTRACE ━━━━━━━━━━━━━━━━━━━━━━━━━━━━━━━━━━━
[INFO] [stdout]   [96m                              ⋮ 9 frames hidden ⋮                               [0m
[INFO] [stdout]   10: [32mcore::result::Result<T,E>::expect[0m[90m::hb2e3399984bf605c[0m
[INFO] [stdout]       at [35m/rustc/82e1608dfa6e0b5569232559e3d385fea5a93112/library/core/src/result.rs[0m:[35m1034[0m
[INFO] [stdout]   [96m                              ⋮ 3 frames hidden ⋮                               [0m
[INFO] [stdout]   14: [91maoc2022::solver::solver20::tests::test_b[0m[90m::ha079d88438a89721[0m
[INFO] [stdout]       at [35m/opt/rustwide/workdir/src/solver/macros.rs[0m:[35m40[0m
[INFO] [stdout]         38 │             #[test]
[INFO] [stdout]         39 │             fn test_b() -> color_eyre::Result<()> {
[INFO] [stdout]   [37;1m      40[0m [37;1m>[0m [37;1m                color_eyre::install()?;[0m
[INFO] [stdout]         41 │                 let mut input = Cursor::new(SAMPLE_INPUT);
[INFO] [stdout]         42 │                 let mut solver = $challenge_solver;
[INFO] [stdout]   15: [91maoc2022::solver::solver20::tests::test_b::{{closure}}[0m[90m::hcf0a84a161e227a5[0m
[INFO] [stdout]       at [35m/opt/rustwide/workdir/src/solver/macros.rs[0m:[35m39[0m
[INFO] [stdout]         37 │ 
[INFO] [stdout]         38 │             #[test]
[INFO] [stdout]   [37;1m      39[0m [37;1m>[0m [37;1m            fn test_b() -> color_eyre::Result<()> {[0m
[INFO] [stdout]         40 │                 color_eyre::install()?;
[INFO] [stdout]         41 │                 let mut input = Cursor::new(SAMPLE_INPUT);
[INFO] [stdout]   16: [32mcore::ops::function::FnOnce::call_once[0m[90m::h97165ef376ffef90[0m
[INFO] [stdout]       at [35m/rustc/82e1608dfa6e0b5569232559e3d385fea5a93112/library/core/src/ops/function.rs[0m:[35m250[0m
[INFO] [stdout]   17: [32mcore::ops::function::FnOnce::call_once[0m[90m::h2b5d431d5046312d[0m
[INFO] [stdout]       at [35m/rustc/82e1608dfa6e0b5569232559e3d385fea5a93112/library/core/src/ops/function.rs[0m:[35m250[0m
[INFO] [stdout]   18: [32mtest::__rust_begin_short_backtrace[0m[90m::h7714669af176e207[0m
[INFO] [stdout]       at [35m/rustc/82e1608dfa6e0b5569232559e3d385fea5a93112/library/test/src/lib.rs[0m:[35m628[0m
[INFO] [stdout]   19: [32mtest::run_test_in_process::{{closure}}[0m[90m::h85218797dcbcec12[0m
[INFO] [stdout]       at [35m/rustc/82e1608dfa6e0b5569232559e3d385fea5a93112/library/test/src/lib.rs[0m:[35m651[0m
[INFO] [stdout]   20: [32m<core::panic::unwind_safe::AssertUnwindSafe<F> as core::ops::function::FnOnce<()>>::call_once[0m[90m::h76c106ea31c14d7b[0m
[INFO] [stdout]       at [35m/rustc/82e1608dfa6e0b5569232559e3d385fea5a93112/library/core/src/panic/unwind_safe.rs[0m:[35m272[0m
[INFO] [stdout]   21: [32mstd::panicking::try::do_call[0m[90m::h3bd5d0f6620ee946[0m
[INFO] [stdout]       at [35m/rustc/82e1608dfa6e0b5569232559e3d385fea5a93112/library/std/src/panicking.rs[0m:[35m552[0m
[INFO] [stdout]   22: [32mstd::panicking::try[0m[90m::h232e535e4744fe31[0m
[INFO] [stdout]       at [35m/rustc/82e1608dfa6e0b5569232559e3d385fea5a93112/library/std/src/panicking.rs[0m:[35m516[0m
[INFO] [stdout]   23: [32mstd::panic::catch_unwind[0m[90m::h3ce3bd6ca8dbac68[0m
[INFO] [stdout]       at [35m/rustc/82e1608dfa6e0b5569232559e3d385fea5a93112/library/std/src/panic.rs[0m:[35m142[0m
[INFO] [stdout]   24: [32mtest::run_test_in_process[0m[90m::hc97b257c9621286a[0m
[INFO] [stdout]       at [35m/rustc/82e1608dfa6e0b5569232559e3d385fea5a93112/library/test/src/lib.rs[0m:[35m651[0m
[INFO] [stdout]   25: [32mtest::run_test::{{closure}}[0m[90m::h2aa798823a438d38[0m
[INFO] [stdout]       at [35m/rustc/82e1608dfa6e0b5569232559e3d385fea5a93112/library/test/src/lib.rs[0m:[35m574[0m
[INFO] [stdout]   26: [32mtest::run_test::{{closure}}[0m[90m::h87d231c78fb59832[0m
[INFO] [stdout]       at [35m/rustc/82e1608dfa6e0b5569232559e3d385fea5a93112/library/test/src/lib.rs[0m:[35m602[0m
[INFO] [stdout]   [96m                              ⋮ 12 frames hidden ⋮                              [0m
[INFO] [stdout] 
[INFO] [stdout] Run with COLORBT_SHOW_HIDDEN=1 environment variable to disable frame filtering.
[INFO] [stdout] 
[INFO] [stdout] ---- solver::solver21::tests::test_b stdout ----
[INFO] [stdout] [31mThe application panicked (crashed).[0m
[INFO] [stdout] Message:  [36mcould not set the provided `Theme` via `color_spantrace::set_theme` globally as another was already set: InstallThemeError[0m
[INFO] [stdout] Location: [35m/opt/rustwide/cargo-home/registry/src/index.crates.io-6f17d22bba15001f/color-eyre-0.6.2/src/config.rs[0m:[35m756[0m
[INFO] [stdout] 
[INFO] [stdout]   ━━━━━━━━━━━━━━━━━━━━━━━━━━━━━━━━━━ BACKTRACE ━━━━━━━━━━━━━━━━━━━━━━━━━━━━━━━━━━━
[INFO] [stdout]   [96m                              ⋮ 9 frames hidden ⋮                               [0m
[INFO] [stdout]   10: [32mcore::result::Result<T,E>::expect[0m[90m::hb2e3399984bf605c[0m
[INFO] [stdout]       at [35m/rustc/82e1608dfa6e0b5569232559e3d385fea5a93112/library/core/src/result.rs[0m:[35m1034[0m
[INFO] [stdout]   [96m                              ⋮ 3 frames hidden ⋮                               [0m
[INFO] [stdout]   14: [91maoc2022::solver::solver21::tests::test_b[0m[90m::h19697684a9a30fdb[0m
[INFO] [stdout]       at [35m/opt/rustwide/workdir/src/solver/macros.rs[0m:[35m40[0m
[INFO] [stdout]         38 │             #[test]
[INFO] [stdout]         39 │             fn test_b() -> color_eyre::Result<()> {
[INFO] [stdout]   [37;1m      40[0m [37;1m>[0m [37;1m                color_eyre::install()?;[0m
[INFO] [stdout]         41 │                 let mut input = Cursor::new(SAMPLE_INPUT);
[INFO] [stdout]         42 │                 let mut solver = $challenge_solver;
[INFO] [stdout]   15: [91maoc2022::solver::solver21::tests::test_b::{{closure}}[0m[90m::h0c101cca874c48da[0m
[INFO] [stdout]       at [35m/opt/rustwide/workdir/src/solver/macros.rs[0m:[35m39[0m
[INFO] [stdout]         37 │ 
[INFO] [stdout]         38 │             #[test]
[INFO] [stdout]   [37;1m      39[0m [37;1m>[0m [37;1m            fn test_b() -> color_eyre::Result<()> {[0m
[INFO] [stdout]         40 │                 color_eyre::install()?;
[INFO] [stdout]         41 │                 let mut input = Cursor::new(SAMPLE_INPUT);
[INFO] [stdout]   16: [32mcore::ops::function::FnOnce::call_once[0m[90m::h93367d6200b016df[0m
[INFO] [stdout]       at [35m/rustc/82e1608dfa6e0b5569232559e3d385fea5a93112/library/core/src/ops/function.rs[0m:[35m250[0m
[INFO] [stdout]   17: [32mcore::ops::function::FnOnce::call_once[0m[90m::h2b5d431d5046312d[0m
[INFO] [stdout]       at [35m/rustc/82e1608dfa6e0b5569232559e3d385fea5a93112/library/core/src/ops/function.rs[0m:[35m250[0m
[INFO] [stdout]   18: [32mtest::__rust_begin_short_backtrace[0m[90m::h7714669af176e207[0m
[INFO] [stdout]       at [35m/rustc/82e1608dfa6e0b5569232559e3d385fea5a93112/library/test/src/lib.rs[0m:[35m628[0m
[INFO] [stdout]   19: [32mtest::run_test_in_process::{{closure}}[0m[90m::h85218797dcbcec12[0m
[INFO] [stdout]       at [35m/rustc/82e1608dfa6e0b5569232559e3d385fea5a93112/library/test/src/lib.rs[0m:[35m651[0m
[INFO] [stdout]   20: [32m<core::panic::unwind_safe::AssertUnwindSafe<F> as core::ops::function::FnOnce<()>>::call_once[0m[90m::h76c106ea31c14d7b[0m
[INFO] [stdout]       at [35m/rustc/82e1608dfa6e0b5569232559e3d385fea5a93112/library/core/src/panic/unwind_safe.rs[0m:[35m272[0m
[INFO] [stdout]   21: [32mstd::panicking::try::do_call[0m[90m::h3bd5d0f6620ee946[0m
[INFO] [stdout]       at [35m/rustc/82e1608dfa6e0b5569232559e3d385fea5a93112/library/std/src/panicking.rs[0m:[35m552[0m
[INFO] [stdout]   22: [32mstd::panicking::try[0m[90m::h232e535e4744fe31[0m
[INFO] [stdout]       at [35m/rustc/82e1608dfa6e0b5569232559e3d385fea5a93112/library/std/src/panicking.rs[0m:[35m516[0m
[INFO] [stdout]   23: [32mstd::panic::catch_unwind[0m[90m::h3ce3bd6ca8dbac68[0m
[INFO] [stdout]       at [35m/rustc/82e1608dfa6e0b5569232559e3d385fea5a93112/library/std/src/panic.rs[0m:[35m142[0m
[INFO] [stdout]   24: [32mtest::run_test_in_process[0m[90m::hc97b257c9621286a[0m
[INFO] [stdout]       at [35m/rustc/82e1608dfa6e0b5569232559e3d385fea5a93112/library/test/src/lib.rs[0m:[35m651[0m
[INFO] [stdout]   25: [32mtest::run_test::{{closure}}[0m[90m::h2aa798823a438d38[0m
[INFO] [stdout]       at [35m/rustc/82e1608dfa6e0b5569232559e3d385fea5a93112/library/test/src/lib.rs[0m:[35m574[0m
[INFO] [stdout]   26: [32mtest::run_test::{{closure}}[0m[90m::h87d231c78fb59832[0m
[INFO] [stdout]       at [35m/rustc/82e1608dfa6e0b5569232559e3d385fea5a93112/library/test/src/lib.rs[0m:[35m602[0m
[INFO] [stdout]   [96m                              ⋮ 12 frames hidden ⋮                              [0m
[INFO] [stdout] 
[INFO] [stdout] Run with COLORBT_SHOW_HIDDEN=1 environment variable to disable frame filtering.
[INFO] [stdout] 
[INFO] [stdout] ---- solver::solver21::tests::test_a stdout ----
[INFO] [stdout] [31mThe application panicked (crashed).[0m
[INFO] [stdout] Message:  [36mcould not set the provided `Theme` via `color_spantrace::set_theme` globally as another was already set: InstallThemeError[0m
[INFO] [stdout] Location: [35m/opt/rustwide/cargo-home/registry/src/index.crates.io-6f17d22bba15001f/color-eyre-0.6.2/src/config.rs[0m:[35m756[0m
[INFO] [stdout] 
[INFO] [stdout]   ━━━━━━━━━━━━━━━━━━━━━━━━━━━━━━━━━━ BACKTRACE ━━━━━━━━━━━━━━━━━━━━━━━━━━━━━━━━━━━
[INFO] [stdout]   [96m                              ⋮ 9 frames hidden ⋮                               [0m
[INFO] [stdout]   10: [32mcore::result::Result<T,E>::expect[0m[90m::hb2e3399984bf605c[0m
[INFO] [stdout]       at [35m/rustc/82e1608dfa6e0b5569232559e3d385fea5a93112/library/core/src/result.rs[0m:[35m1034[0m
[INFO] [stdout]   [96m                              ⋮ 3 frames hidden ⋮                               [0m
[INFO] [stdout]   14: [91maoc2022::solver::solver21::tests::test_a[0m[90m::hc0a17be4fccd8ab1[0m
[INFO] [stdout]       at [35m/opt/rustwide/workdir/src/solver/macros.rs[0m:[35m20[0m
[INFO] [stdout]         18 │             #[test]
[INFO] [stdout]         19 │             fn test_a() -> color_eyre::Result<()> {
[INFO] [stdout]   [37;1m      20[0m [37;1m>[0m [37;1m                color_eyre::install()?;[0m
[INFO] [stdout]         21 │                 let mut input = Cursor::new(SAMPLE_INPUT);
[INFO] [stdout]         22 │                 let mut solver = $challenge_solver;
[INFO] [stdout]   15: [91maoc2022::solver::solver21::tests::test_a::{{closure}}[0m[90m::hf64b1b4e75eae7ea[0m
[INFO] [stdout]       at [35m/opt/rustwide/workdir/src/solver/macros.rs[0m:[35m19[0m
[INFO] [stdout]         17 │ 
[INFO] [stdout]         18 │             #[test]
[INFO] [stdout]   [37;1m      19[0m [37;1m>[0m [37;1m            fn test_a() -> color_eyre::Result<()> {[0m
[INFO] [stdout]         20 │                 color_eyre::install()?;
[INFO] [stdout]         21 │                 let mut input = Cursor::new(SAMPLE_INPUT);
[INFO] [stdout]   16: [32mcore::ops::function::FnOnce::call_once[0m[90m::ha97e1f5f4ce70f08[0m
[INFO] [stdout]       at [35m/rustc/82e1608dfa6e0b5569232559e3d385fea5a93112/library/core/src/ops/function.rs[0m:[35m250[0m
[INFO] [stdout]   17: [32mcore::ops::function::FnOnce::call_once[0m[90m::h2b5d431d5046312d[0m
[INFO] [stdout]       at [35m/rustc/82e1608dfa6e0b5569232559e3d385fea5a93112/library/core/src/ops/function.rs[0m:[35m250[0m
[INFO] [stdout]   18: [32mtest::__rust_begin_short_backtrace[0m[90m::h7714669af176e207[0m
[INFO] [stdout]       at [35m/rustc/82e1608dfa6e0b5569232559e3d385fea5a93112/library/test/src/lib.rs[0m:[35m628[0m
[INFO] [stdout]   19: [32mtest::run_test_in_process::{{closure}}[0m[90m::h85218797dcbcec12[0m
[INFO] [stdout]       at [35m/rustc/82e1608dfa6e0b5569232559e3d385fea5a93112/library/test/src/lib.rs[0m:[35m651[0m
[INFO] [stdout]   20: [32m<core::panic::unwind_safe::AssertUnwindSafe<F> as core::ops::function::FnOnce<()>>::call_once[0m[90m::h76c106ea31c14d7b[0m
[INFO] [stdout]       at [35m/rustc/82e1608dfa6e0b5569232559e3d385fea5a93112/library/core/src/panic/unwind_safe.rs[0m:[35m272[0m
[INFO] [stdout]   21: [32mstd::panicking::try::do_call[0m[90m::h3bd5d0f6620ee946[0m
[INFO] [stdout]       at [35m/rustc/82e1608dfa6e0b5569232559e3d385fea5a93112/library/std/src/panicking.rs[0m:[35m552[0m
[INFO] [stdout]   22: [32mstd::panicking::try[0m[90m::h232e535e4744fe31[0m
[INFO] [stdout]       at [35m/rustc/82e1608dfa6e0b5569232559e3d385fea5a93112/library/std/src/panicking.rs[0m:[35m516[0m
[INFO] [stdout]   23: [32mstd::panic::catch_unwind[0m[90m::h3ce3bd6ca8dbac68[0m
[INFO] [stdout]       at [35m/rustc/82e1608dfa6e0b5569232559e3d385fea5a93112/library/std/src/panic.rs[0m:[35m142[0m
[INFO] [stdout]   24: [32mtest::run_test_in_process[0m[90m::hc97b257c9621286a[0m
[INFO] [stdout]       at [35m/rustc/82e1608dfa6e0b5569232559e3d385fea5a93112/library/test/src/lib.rs[0m:[35m651[0m
[INFO] [stdout]   25: [32mtest::run_test::{{closure}}[0m[90m::h2aa798823a438d38[0m
[INFO] [stdout]       at [35m/rustc/82e1608dfa6e0b5569232559e3d385fea5a93112/library/test/src/lib.rs[0m:[35m574[0m
[INFO] [stdout]   26: [32mtest::run_test::{{closure}}[0m[90m::h87d231c78fb59832[0m
[INFO] [stdout]       at [35m/rustc/82e1608dfa6e0b5569232559e3d385fea5a93112/library/test/src/lib.rs[0m:[35m602[0m
[INFO] [stdout]   [96m                              ⋮ 12 frames hidden ⋮                              [0m
[INFO] [stdout] 
[INFO] [stdout] Run with COLORBT_SHOW_HIDDEN=1 environment variable to disable frame filtering.
[INFO] [stdout] 
[INFO] [stdout] ---- solver::solver21::tests::ops_get_value stdout ----
[INFO] [stdout] [31mThe application panicked (crashed).[0m
[INFO] [stdout] Message:  [36mcould not set the provided `Theme` via `color_spantrace::set_theme` globally as another was already set: InstallThemeError[0m
[INFO] [stdout] Location: [35m/opt/rustwide/cargo-home/registry/src/index.crates.io-6f17d22bba15001f/color-eyre-0.6.2/src/config.rs[0m:[35m756[0m
[INFO] [stdout] 
[INFO] [stdout]   ━━━━━━━━━━━━━━━━━━━━━━━━━━━━━━━━━━ BACKTRACE ━━━━━━━━━━━━━━━━━━━━━━━━━━━━━━━━━━━
[INFO] [stdout]   [96m                              ⋮ 9 frames hidden ⋮                               [0m
[INFO] [stdout]   10: [32mcore::result::Result<T,E>::expect[0m[90m::hb2e3399984bf605c[0m
[INFO] [stdout]       at [35m/rustc/82e1608dfa6e0b5569232559e3d385fea5a93112/library/core/src/result.rs[0m:[35m1034[0m
[INFO] [stdout]   [96m                              ⋮ 3 frames hidden ⋮                               [0m
[INFO] [stdout]   14: [91maoc2022::solver::solver21::tests::ops_get_value[0m[90m::he3bfe6590e4f84fa[0m
[INFO] [stdout]       at [35m/opt/rustwide/workdir/src/solver/solver21.rs[0m:[35m474[0m
[INFO] [stdout]        472 │     #[test]
[INFO] [stdout]        473 │     fn ops_get_value() -> color_eyre::Result<()> {
[INFO] [stdout]   [37;1m     474[0m [37;1m>[0m [37;1m        color_eyre::install()?;[0m
[INFO] [stdout]        475 │ 
[INFO] [stdout]        476 │         let mut monkeys = parse::parse_input(OPS_TEST_INPUT)?;
[INFO] [stdout]   15: [91maoc2022::solver::solver21::tests::ops_get_value::{{closure}}[0m[90m::h7eb2c221ae470350[0m
[INFO] [stdout]       at [35m/opt/rustwide/workdir/src/solver/solver21.rs[0m:[35m473[0m
[INFO] [stdout]        471 │ 
[INFO] [stdout]        472 │     #[test]
[INFO] [stdout]   [37;1m     473[0m [37;1m>[0m [37;1m    fn ops_get_value() -> color_eyre::Result<()> {[0m
[INFO] [stdout]        474 │         color_eyre::install()?;
[INFO] [stdout]        475 │ 
[INFO] [stdout]   16: [32mcore::ops::function::FnOnce::call_once[0m[90m::h99a98e63e628a686[0m
[INFO] [stdout]       at [35m/rustc/82e1608dfa6e0b5569232559e3d385fea5a93112/library/core/src/ops/function.rs[0m:[35m250[0m
[INFO] [stdout]   17: [32mcore::ops::function::FnOnce::call_once[0m[90m::h2b5d431d5046312d[0m
[INFO] [stdout]       at [35m/rustc/82e1608dfa6e0b5569232559e3d385fea5a93112/library/core/src/ops/function.rs[0m:[35m250[0m
[INFO] [stdout]   18: [32mtest::__rust_begin_short_backtrace[0m[90m::h7714669af176e207[0m
[INFO] [stdout]       at [35m/rustc/82e1608dfa6e0b5569232559e3d385fea5a93112/library/test/src/lib.rs[0m:[35m628[0m
[INFO] [stdout]   19: [32mtest::run_test_in_process::{{closure}}[0m[90m::h85218797dcbcec12[0m
[INFO] [stdout]       at [35m/rustc/82e1608dfa6e0b5569232559e3d385fea5a93112/library/test/src/lib.rs[0m:[35m651[0m
[INFO] [stdout]   20: [32m<core::panic::unwind_safe::AssertUnwindSafe<F> as core::ops::function::FnOnce<()>>::call_once[0m[90m::h76c106ea31c14d7b[0m
[INFO] [stdout]       at [35m/rustc/82e1608dfa6e0b5569232559e3d385fea5a93112/library/core/src/panic/unwind_safe.rs[0m:[35m272[0m
[INFO] [stdout]   21: [32mstd::panicking::try::do_call[0m[90m::h3bd5d0f6620ee946[0m
[INFO] [stdout]       at [35m/rustc/82e1608dfa6e0b5569232559e3d385fea5a93112/library/std/src/panicking.rs[0m:[35m552[0m
[INFO] [stdout]   22: [32mstd::panicking::try[0m[90m::h232e535e4744fe31[0m
[INFO] [stdout]       at [35m/rustc/82e1608dfa6e0b5569232559e3d385fea5a93112/library/std/src/panicking.rs[0m:[35m516[0m
[INFO] [stdout]   23: [32mstd::panic::catch_unwind[0m[90m::h3ce3bd6ca8dbac68[0m
[INFO] [stdout]       at [35m/rustc/82e1608dfa6e0b5569232559e3d385fea5a93112/library/std/src/panic.rs[0m:[35m142[0m
[INFO] [stdout]   24: [32mtest::run_test_in_process[0m[90m::hc97b257c9621286a[0m
[INFO] [stdout]       at [35m/rustc/82e1608dfa6e0b5569232559e3d385fea5a93112/library/test/src/lib.rs[0m:[35m651[0m
[INFO] [stdout]   25: [32mtest::run_test::{{closure}}[0m[90m::h2aa798823a438d38[0m
[INFO] [stdout]       at [35m/rustc/82e1608dfa6e0b5569232559e3d385fea5a93112/library/test/src/lib.rs[0m:[35m574[0m
[INFO] [stdout]   26: [32mtest::run_test::{{closure}}[0m[90m::h87d231c78fb59832[0m
[INFO] [stdout]       at [35m/rustc/82e1608dfa6e0b5569232559e3d385fea5a93112/library/test/src/lib.rs[0m:[35m602[0m
[INFO] [stdout]   [96m                              ⋮ 12 frames hidden ⋮                              [0m
[INFO] [stdout] 
[INFO] [stdout] Run with COLORBT_SHOW_HIDDEN=1 environment variable to disable frame filtering.
[INFO] [stdout] 
[INFO] [stdout] ---- solver::solver21::tests::ops_get_expected_rhs stdout ----
[INFO] [stdout] [31mThe application panicked (crashed).[0m
[INFO] [stdout] Message:  [36mcould not set the provided `Theme` via `color_spantrace::set_theme` globally as another was already set: InstallThemeError[0m
[INFO] [stdout] Location: [35m/opt/rustwide/cargo-home/registry/src/index.crates.io-6f17d22bba15001f/color-eyre-0.6.2/src/config.rs[0m:[35m756[0m
[INFO] [stdout] 
[INFO] [stdout]   ━━━━━━━━━━━━━━━━━━━━━━━━━━━━━━━━━━ BACKTRACE ━━━━━━━━━━━━━━━━━━━━━━━━━━━━━━━━━━━
[INFO] [stdout]   [96m                              ⋮ 9 frames hidden ⋮                               [0m
[INFO] [stdout]   10: [32mcore::result::Result<T,E>::expect[0m[90m::hb2e3399984bf605c[0m
[INFO] [stdout]       at [35m/rustc/82e1608dfa6e0b5569232559e3d385fea5a93112/library/core/src/result.rs[0m:[35m1034[0m
[INFO] [stdout]   [96m                              ⋮ 3 frames hidden ⋮                               [0m
[INFO] [stdout]   14: [91maoc2022::solver::solver21::tests::ops_get_expected_rhs[0m[90m::h762262b025cedd7f[0m
[INFO] [stdout]       at [35m/opt/rustwide/workdir/src/solver/solver21.rs[0m:[35m524[0m
[INFO] [stdout]        522 │     #[test]
[INFO] [stdout]        523 │     fn ops_get_expected_rhs() -> color_eyre::Result<()> {
[INFO] [stdout]   [37;1m     524[0m [37;1m>[0m [37;1m        color_eyre::install()?;[0m
[INFO] [stdout]        525 │ 
[INFO] [stdout]        526 │         let mut monkeys = parse::parse_input(OPS_TEST_INPUT)?;
[INFO] [stdout]   15: [91maoc2022::solver::solver21::tests::ops_get_expected_rhs::{{closure}}[0m[90m::hfad56310e0f8d216[0m
[INFO] [stdout]       at [35m/opt/rustwide/workdir/src/solver/solver21.rs[0m:[35m523[0m
[INFO] [stdout]        521 │ 
[INFO] [stdout]        522 │     #[test]
[INFO] [stdout]   [37;1m     523[0m [37;1m>[0m [37;1m    fn ops_get_expected_rhs() -> color_eyre::Result<()> {[0m
[INFO] [stdout]        524 │         color_eyre::install()?;
[INFO] [stdout]        525 │ 
[INFO] [stdout]   16: [32mcore::ops::function::FnOnce::call_once[0m[90m::ha5849775630ca940[0m
[INFO] [stdout]       at [35m/rustc/82e1608dfa6e0b5569232559e3d385fea5a93112/library/core/src/ops/function.rs[0m:[35m250[0m
[INFO] [stdout]   17: [32mcore::ops::function::FnOnce::call_once[0m[90m::h2b5d431d5046312d[0m
[INFO] [stdout]       at [35m/rustc/82e1608dfa6e0b5569232559e3d385fea5a93112/library/core/src/ops/function.rs[0m:[35m250[0m
[INFO] [stdout]   18: [32mtest::__rust_begin_short_backtrace[0m[90m::h7714669af176e207[0m
[INFO] [stdout]       at [35m/rustc/82e1608dfa6e0b5569232559e3d385fea5a93112/library/test/src/lib.rs[0m:[35m628[0m
[INFO] [stdout]   19: [32mtest::run_test_in_process::{{closure}}[0m[90m::h85218797dcbcec12[0m
[INFO] [stdout]       at [35m/rustc/82e1608dfa6e0b5569232559e3d385fea5a93112/library/test/src/lib.rs[0m:[35m651[0m
[INFO] [stdout]   20: [32m<core::panic::unwind_safe::AssertUnwindSafe<F> as core::ops::function::FnOnce<()>>::call_once[0m[90m::h76c106ea31c14d7b[0m
[INFO] [stdout]       at [35m/rustc/82e1608dfa6e0b5569232559e3d385fea5a93112/library/core/src/panic/unwind_safe.rs[0m:[35m272[0m
[INFO] [stdout]   21: [32mstd::panicking::try::do_call[0m[90m::h3bd5d0f6620ee946[0m
[INFO] [stdout]       at [35m/rustc/82e1608dfa6e0b5569232559e3d385fea5a93112/library/std/src/panicking.rs[0m:[35m552[0m
[INFO] [stdout]   22: [32mstd::panicking::try[0m[90m::h232e535e4744fe31[0m
[INFO] [stdout]       at [35m/rustc/82e1608dfa6e0b5569232559e3d385fea5a93112/library/std/src/panicking.rs[0m:[35m516[0m
[INFO] [stdout]   23: [32mstd::panic::catch_unwind[0m[90m::h3ce3bd6ca8dbac68[0m
[INFO] [stdout]       at [35m/rustc/82e1608dfa6e0b5569232559e3d385fea5a93112/library/std/src/panic.rs[0m:[35m142[0m
[INFO] [stdout]   24: [32mtest::run_test_in_process[0m[90m::hc97b257c9621286a[0m
[INFO] [stdout]       at [35m/rustc/82e1608dfa6e0b5569232559e3d385fea5a93112/library/test/src/lib.rs[0m:[35m651[0m
[INFO] [stdout]   25: [32mtest::run_test::{{closure}}[0m[90m::h2aa798823a438d38[0m
[INFO] [stdout]       at [35m/rustc/82e1608dfa6e0b5569232559e3d385fea5a93112/library/test/src/lib.rs[0m:[35m574[0m
[INFO] [stdout]   26: [32mtest::run_test::{{closure}}[0m[90m::h87d231c78fb59832[0m
[INFO] [stdout]       at [35m/rustc/82e1608dfa6e0b5569232559e3d385fea5a93112/library/test/src/lib.rs[0m:[35m602[0m
[INFO] [stdout]   [96m                              ⋮ 12 frames hidden ⋮                              [0m
[INFO] [stdout] 
[INFO] [stdout] Run with COLORBT_SHOW_HIDDEN=1 environment variable to disable frame filtering.
[INFO] [stdout] 
[INFO] [stdout] ---- solver::solver21::tests::ops_get_expected_lhs stdout ----
[INFO] [stdout] [31mThe application panicked (crashed).[0m
[INFO] [stdout] Message:  [36mcould not set the provided `Theme` via `color_spantrace::set_theme` globally as another was already set: InstallThemeError[0m
[INFO] [stdout] Location: [35m/opt/rustwide/cargo-home/registry/src/index.crates.io-6f17d22bba15001f/color-eyre-0.6.2/src/config.rs[0m:[35m756[0m
[INFO] [stdout] 
[INFO] [stdout]   ━━━━━━━━━━━━━━━━━━━━━━━━━━━━━━━━━━ BACKTRACE ━━━━━━━━━━━━━━━━━━━━━━━━━━━━━━━━━━━
[INFO] [stdout]   [96m                              ⋮ 9 frames hidden ⋮                               [0m
[INFO] [stdout]   10: [32mcore::result::Result<T,E>::expect[0m[90m::hb2e3399984bf605c[0m
[INFO] [stdout]       at [35m/rustc/82e1608dfa6e0b5569232559e3d385fea5a93112/library/core/src/result.rs[0m:[35m1034[0m
[INFO] [stdout]   [96m                              ⋮ 3 frames hidden ⋮                               [0m
[INFO] [stdout]   14: [91maoc2022::solver::solver21::tests::ops_get_expected_lhs[0m[90m::h1b7f31fcfaac4064[0m
[INFO] [stdout]       at [35m/opt/rustwide/workdir/src/solver/solver21.rs[0m:[35m499[0m
[INFO] [stdout]        497 │     #[test]
[INFO] [stdout]        498 │     fn ops_get_expected_lhs() -> color_eyre::Result<()> {
[INFO] [stdout]   [37;1m     499[0m [37;1m>[0m [37;1m        color_eyre::install()?;[0m
[INFO] [stdout]        500 │ 
[INFO] [stdout]        501 │         let mut monkeys = parse::parse_input(OPS_TEST_INPUT)?;
[INFO] [stdout]   15: [91maoc2022::solver::solver21::tests::ops_get_expected_lhs::{{closure}}[0m[90m::h789f3737a9aff4a0[0m
[INFO] [stdout]       at [35m/opt/rustwide/workdir/src/solver/solver21.rs[0m:[35m498[0m
[INFO] [stdout]        496 │ 
[INFO] [stdout]        497 │     #[test]
[INFO] [stdout]   [37;1m     498[0m [37;1m>[0m [37;1m    fn ops_get_expected_lhs() -> color_eyre::Result<()> {[0m
[INFO] [stdout]        499 │         color_eyre::install()?;
[INFO] [stdout]        500 │ 
[INFO] [stdout]   16: [32mcore::ops::function::FnOnce::call_once[0m[90m::h802e5cb70e6de70a[0m
[INFO] [stdout]       at [35m/rustc/82e1608dfa6e0b5569232559e3d385fea5a93112/library/core/src/ops/function.rs[0m:[35m250[0m
[INFO] [stdout]   17: [32mcore::ops::function::FnOnce::call_once[0m[90m::h2b5d431d5046312d[0m
[INFO] [stdout]       at [35m/rustc/82e1608dfa6e0b5569232559e3d385fea5a93112/library/core/src/ops/function.rs[0m:[35m250[0m
[INFO] [stdout]   18: [32mtest::__rust_begin_short_backtrace[0m[90m::h7714669af176e207[0m
[INFO] [stdout]       at [35m/rustc/82e1608dfa6e0b5569232559e3d385fea5a93112/library/test/src/lib.rs[0m:[35m628[0m
[INFO] [stdout]   19: [32mtest::run_test_in_process::{{closure}}[0m[90m::h85218797dcbcec12[0m
[INFO] [stdout]       at [35m/rustc/82e1608dfa6e0b5569232559e3d385fea5a93112/library/test/src/lib.rs[0m:[35m651[0m
[INFO] [stdout]   20: [32m<core::panic::unwind_safe::AssertUnwindSafe<F> as core::ops::function::FnOnce<()>>::call_once[0m[90m::h76c106ea31c14d7b[0m
[INFO] [stdout]       at [35m/rustc/82e1608dfa6e0b5569232559e3d385fea5a93112/library/core/src/panic/unwind_safe.rs[0m:[35m272[0m
[INFO] [stdout]   21: [32mstd::panicking::try::do_call[0m[90m::h3bd5d0f6620ee946[0m
[INFO] [stdout]       at [35m/rustc/82e1608dfa6e0b5569232559e3d385fea5a93112/library/std/src/panicking.rs[0m:[35m552[0m
[INFO] [stdout]   22: [32mstd::panicking::try[0m[90m::h232e535e4744fe31[0m
[INFO] [stdout]       at [35m/rustc/82e1608dfa6e0b5569232559e3d385fea5a93112/library/std/src/panicking.rs[0m:[35m516[0m
[INFO] [stdout]   23: [32mstd::panic::catch_unwind[0m[90m::h3ce3bd6ca8dbac68[0m
[INFO] [stdout]       at [35m/rustc/82e1608dfa6e0b5569232559e3d385fea5a93112/library/std/src/panic.rs[0m:[35m142[0m
[INFO] [stdout]   24: [32mtest::run_test_in_process[0m[90m::hc97b257c9621286a[0m
[INFO] [stdout]       at [35m/rustc/82e1608dfa6e0b5569232559e3d385fea5a93112/library/test/src/lib.rs[0m:[35m651[0m
[INFO] [stdout]   25: [32mtest::run_test::{{closure}}[0m[90m::h2aa798823a438d38[0m
[INFO] [stdout]       at [35m/rustc/82e1608dfa6e0b5569232559e3d385fea5a93112/library/test/src/lib.rs[0m:[35m574[0m
[INFO] [stdout]   26: [32mtest::run_test::{{closure}}[0m[90m::h87d231c78fb59832[0m
[INFO] [stdout]       at [35m/rustc/82e1608dfa6e0b5569232559e3d385fea5a93112/library/test/src/lib.rs[0m:[35m602[0m
[INFO] [stdout]   [96m                              ⋮ 12 frames hidden ⋮                              [0m
[INFO] [stdout] 
[INFO] [stdout] Run with COLORBT_SHOW_HIDDEN=1 environment variable to disable frame filtering.
[INFO] [stdout] 
[INFO] [stdout] 
[INFO] [stdout] failures:
[INFO] [stdout]     solver::solver19::tests::test_a
[INFO] [stdout]     solver::solver20::tests::test_a
[INFO] [stdout]     solver::solver20::tests::test_b
[INFO] [stdout]     solver::solver21::tests::ops_get_expected_lhs
[INFO] [stdout]     solver::solver21::tests::ops_get_expected_rhs
[INFO] [stdout]     solver::solver21::tests::ops_get_value
[INFO] [stdout]     solver::solver21::tests::test_a
[INFO] [stdout]     solver::solver21::tests::test_b
[INFO] [stdout] 
[INFO] [stdout] test result: FAILED. 3 passed; 8 failed; 0 ignored; 0 measured; 0 filtered out; finished in 0.29s
[INFO] [stdout] 
[INFO] [stderr] error: test failed, to rerun pass `--bin aoc2022`
[INFO] running `Command { std: "docker" "inspect" "67c2c79ab95d36763bb1638571ab6801f2d8b9d3a6eb5d80d1f038d6dabbee73", kill_on_drop: false }`
[INFO] running `Command { std: "docker" "rm" "-f" "67c2c79ab95d36763bb1638571ab6801f2d8b9d3a6eb5d80d1f038d6dabbee73", kill_on_drop: false }`
[INFO] [stdout] 67c2c79ab95d36763bb1638571ab6801f2d8b9d3a6eb5d80d1f038d6dabbee73
