[INFO] cloning repository https://github.com/jmg-duarte/sealed-rs
[INFO] running `Command { std: "git" "-c" "credential.helper=" "-c" "credential.helper=/workspace/cargo-home/bin/git-credential-null" "clone" "--bare" "https://github.com/jmg-duarte/sealed-rs" "/workspace/cache/git-repos/https%3A%2F%2Fgithub.com%2Fjmg-duarte%2Fsealed-rs", kill_on_drop: false }`
[INFO] [stderr] Cloning into bare repository '/workspace/cache/git-repos/https%3A%2F%2Fgithub.com%2Fjmg-duarte%2Fsealed-rs'...
[INFO] running `Command { std: "git" "rev-parse" "HEAD", kill_on_drop: false }`
[INFO] [stdout] cd857a3090851b4d9b376f6d496468d5ee991070
[INFO] testing jmg-duarte/sealed-rs against 1.75.0 for beta-1.76-1
[INFO] running `Command { std: "git" "clone" "/workspace/cache/git-repos/https%3A%2F%2Fgithub.com%2Fjmg-duarte%2Fsealed-rs" "/workspace/builds/worker-6-tc1/source", kill_on_drop: false }`
[INFO] [stderr] Cloning into '/workspace/builds/worker-6-tc1/source'...
[INFO] [stderr] done.
[INFO] validating manifest of git repo https://github.com/jmg-duarte/sealed-rs on toolchain 1.75.0
[INFO] running `Command { std: CARGO_HOME="/workspace/cargo-home" RUSTUP_HOME="/workspace/rustup-home" "/workspace/cargo-home/bin/cargo" "+1.75.0" "metadata" "--manifest-path" "Cargo.toml" "--no-deps", kill_on_drop: false }`
[INFO] removed /workspace/builds/worker-6-tc1/source/rust-toolchain
[INFO] started tweaking git repo https://github.com/jmg-duarte/sealed-rs
[INFO] finished tweaking git repo https://github.com/jmg-duarte/sealed-rs
[INFO] tweaked toml for git repo https://github.com/jmg-duarte/sealed-rs written to /workspace/builds/worker-6-tc1/source/Cargo.toml
[INFO] crate git repo https://github.com/jmg-duarte/sealed-rs already has a lockfile, it will not be regenerated
[INFO] running `Command { std: CARGO_HOME="/workspace/cargo-home" RUSTUP_HOME="/workspace/rustup-home" "/workspace/cargo-home/bin/cargo" "+1.75.0" "fetch" "--manifest-path" "Cargo.toml", kill_on_drop: false }`
[INFO] running `Command { std: "docker" "create" "-v" "/var/lib/crater-agent-workspace/builds/worker-6-tc1/target:/opt/rustwide/target:rw,Z" "-v" "/var/lib/crater-agent-workspace/builds/worker-6-tc1/source:/opt/rustwide/workdir:ro,Z" "-v" "/var/lib/crater-agent-workspace/cargo-home:/opt/rustwide/cargo-home:ro,Z" "-v" "/var/lib/crater-agent-workspace/rustup-home:/opt/rustwide/rustup-home:ro,Z" "-e" "SOURCE_DIR=/opt/rustwide/workdir" "-e" "CARGO_TARGET_DIR=/opt/rustwide/target" "-e" "CARGO_HOME=/opt/rustwide/cargo-home" "-e" "RUSTUP_HOME=/opt/rustwide/rustup-home" "-w" "/opt/rustwide/workdir" "-m" "1610612736" "--user" "0:0" "--network" "none" "ghcr.io/rust-lang/crates-build-env/linux@sha256:2788e3201cd34a07e3172128adcd8b3090168a8e3bcc40d7c032b9dda1df7d1c" "/opt/rustwide/cargo-home/bin/cargo" "+1.75.0" "metadata" "--no-deps" "--format-version=1", kill_on_drop: false }`
[INFO] [stdout] 1c19ea08170597b5c2f45d0832ae2f66d764f2f2373e8f8c21f4baade0a50f4e
[INFO] running `Command { std: "docker" "start" "-a" "1c19ea08170597b5c2f45d0832ae2f66d764f2f2373e8f8c21f4baade0a50f4e", kill_on_drop: false }`
[INFO] running `Command { std: "docker" "inspect" "1c19ea08170597b5c2f45d0832ae2f66d764f2f2373e8f8c21f4baade0a50f4e", kill_on_drop: false }`
[INFO] running `Command { std: "docker" "rm" "-f" "1c19ea08170597b5c2f45d0832ae2f66d764f2f2373e8f8c21f4baade0a50f4e", kill_on_drop: false }`
[INFO] [stdout] 1c19ea08170597b5c2f45d0832ae2f66d764f2f2373e8f8c21f4baade0a50f4e
[INFO] running `Command { std: "docker" "create" "-v" "/var/lib/crater-agent-workspace/builds/worker-6-tc1/target:/opt/rustwide/target:rw,Z" "-v" "/var/lib/crater-agent-workspace/builds/worker-6-tc1/source:/opt/rustwide/workdir:ro,Z" "-v" "/var/lib/crater-agent-workspace/cargo-home:/opt/rustwide/cargo-home:ro,Z" "-v" "/var/lib/crater-agent-workspace/rustup-home:/opt/rustwide/rustup-home:ro,Z" "-e" "SOURCE_DIR=/opt/rustwide/workdir" "-e" "CARGO_TARGET_DIR=/opt/rustwide/target" "-e" "CARGO_INCREMENTAL=0" "-e" "RUST_BACKTRACE=full" "-e" "RUSTFLAGS=--cap-lints=warn" "-e" "RUSTDOCFLAGS=--cap-lints=warn" "-e" "CARGO_HOME=/opt/rustwide/cargo-home" "-e" "RUSTUP_HOME=/opt/rustwide/rustup-home" "-w" "/opt/rustwide/workdir" "-m" "1610612736" "--user" "0:0" "--network" "none" "ghcr.io/rust-lang/crates-build-env/linux@sha256:2788e3201cd34a07e3172128adcd8b3090168a8e3bcc40d7c032b9dda1df7d1c" "/opt/rustwide/cargo-home/bin/cargo" "+1.75.0" "build" "--frozen" "--message-format=json", kill_on_drop: false }`
[INFO] [stdout] 79221154cd0c3c18998f48d7bd49dbdc7f377972de98e6d7622f6d4a02a97cb3
[INFO] running `Command { std: "docker" "start" "-a" "79221154cd0c3c18998f48d7bd49dbdc7f377972de98e6d7622f6d4a02a97cb3", kill_on_drop: false }`
[INFO] [stderr]    Compiling proc-macro2 v1.0.70
[INFO] [stderr]    Compiling heck v0.4.1
[INFO] [stderr]    Compiling quote v1.0.33
[INFO] [stderr]    Compiling syn v2.0.41
[INFO] [stderr]    Compiling sealed v0.5.0 (/opt/rustwide/workdir)
[INFO] [stderr]     Finished dev [unoptimized + debuginfo] target(s) in 3.49s
[INFO] running `Command { std: "docker" "inspect" "79221154cd0c3c18998f48d7bd49dbdc7f377972de98e6d7622f6d4a02a97cb3", kill_on_drop: false }`
[INFO] running `Command { std: "docker" "rm" "-f" "79221154cd0c3c18998f48d7bd49dbdc7f377972de98e6d7622f6d4a02a97cb3", kill_on_drop: false }`
[INFO] [stdout] 79221154cd0c3c18998f48d7bd49dbdc7f377972de98e6d7622f6d4a02a97cb3
[INFO] running `Command { std: "docker" "create" "-v" "/var/lib/crater-agent-workspace/builds/worker-6-tc1/target:/opt/rustwide/target:rw,Z" "-v" "/var/lib/crater-agent-workspace/builds/worker-6-tc1/source:/opt/rustwide/workdir:ro,Z" "-v" "/var/lib/crater-agent-workspace/cargo-home:/opt/rustwide/cargo-home:ro,Z" "-v" "/var/lib/crater-agent-workspace/rustup-home:/opt/rustwide/rustup-home:ro,Z" "-e" "SOURCE_DIR=/opt/rustwide/workdir" "-e" "CARGO_TARGET_DIR=/opt/rustwide/target" "-e" "CARGO_INCREMENTAL=0" "-e" "RUST_BACKTRACE=full" "-e" "RUSTFLAGS=--cap-lints=warn" "-e" "RUSTDOCFLAGS=--cap-lints=warn" "-e" "CARGO_HOME=/opt/rustwide/cargo-home" "-e" "RUSTUP_HOME=/opt/rustwide/rustup-home" "-w" "/opt/rustwide/workdir" "-m" "1610612736" "--user" "0:0" "--network" "none" "ghcr.io/rust-lang/crates-build-env/linux@sha256:2788e3201cd34a07e3172128adcd8b3090168a8e3bcc40d7c032b9dda1df7d1c" "/opt/rustwide/cargo-home/bin/cargo" "+1.75.0" "test" "--frozen" "--no-run" "--message-format=json", kill_on_drop: false }`
[INFO] [stdout] d3f03fbf48d71c192ac69e31f0e34a13a2ba294376b4d61a4958849e83144284
[INFO] running `Command { std: "docker" "start" "-a" "d3f03fbf48d71c192ac69e31f0e34a13a2ba294376b4d61a4958849e83144284", kill_on_drop: false }`
[INFO] [stderr]    Compiling proc-macro2 v1.0.70
[INFO] [stderr]    Compiling unicode-ident v1.0.12
[INFO] [stderr]    Compiling serde v1.0.193
[INFO] [stderr]    Compiling serde_json v1.0.108
[INFO] [stderr]    Compiling ryu v1.0.16
[INFO] [stderr]    Compiling itoa v1.0.10
[INFO] [stderr]    Compiling trybuild v1.0.85
[INFO] [stderr]    Compiling once_cell v1.17.2
[INFO] [stderr]    Compiling heck v0.4.1
[INFO] [stderr]    Compiling dissimilar v1.0.7
[INFO] [stderr]    Compiling termcolor v1.4.0
[INFO] [stderr]    Compiling glob v0.3.1
[INFO] [stderr]    Compiling quote v1.0.33
[INFO] [stderr]    Compiling syn v2.0.41
[INFO] [stderr]    Compiling basic-toml v0.1.7
[INFO] [stderr]    Compiling serde_derive v1.0.193
[INFO] [stderr]    Compiling sealed v0.5.0 (/opt/rustwide/workdir)
[INFO] [stderr]     Finished test [unoptimized + debuginfo] target(s) in 10.41s
[INFO] running `Command { std: "docker" "inspect" "d3f03fbf48d71c192ac69e31f0e34a13a2ba294376b4d61a4958849e83144284", kill_on_drop: false }`
[INFO] running `Command { std: "docker" "rm" "-f" "d3f03fbf48d71c192ac69e31f0e34a13a2ba294376b4d61a4958849e83144284", kill_on_drop: false }`
[INFO] [stdout] d3f03fbf48d71c192ac69e31f0e34a13a2ba294376b4d61a4958849e83144284
[INFO] running `Command { std: "docker" "create" "-v" "/var/lib/crater-agent-workspace/builds/worker-6-tc1/target:/opt/rustwide/target:rw,Z" "-v" "/var/lib/crater-agent-workspace/builds/worker-6-tc1/source:/opt/rustwide/workdir:ro,Z" "-v" "/var/lib/crater-agent-workspace/cargo-home:/opt/rustwide/cargo-home:ro,Z" "-v" "/var/lib/crater-agent-workspace/rustup-home:/opt/rustwide/rustup-home:ro,Z" "-e" "SOURCE_DIR=/opt/rustwide/workdir" "-e" "CARGO_TARGET_DIR=/opt/rustwide/target" "-e" "CARGO_INCREMENTAL=0" "-e" "RUST_BACKTRACE=full" "-e" "RUSTFLAGS=--cap-lints=warn" "-e" "RUSTDOCFLAGS=--cap-lints=warn" "-e" "CARGO_HOME=/opt/rustwide/cargo-home" "-e" "RUSTUP_HOME=/opt/rustwide/rustup-home" "-w" "/opt/rustwide/workdir" "-m" "1610612736" "--user" "0:0" "--network" "none" "ghcr.io/rust-lang/crates-build-env/linux@sha256:2788e3201cd34a07e3172128adcd8b3090168a8e3bcc40d7c032b9dda1df7d1c" "/opt/rustwide/cargo-home/bin/cargo" "+1.75.0" "test" "--frozen", kill_on_drop: false }`
[INFO] [stdout] c5f0720eb3f986b1bbcf53981635c9836ac934872c4e82348d42e59ef0fcfb27
[INFO] running `Command { std: "docker" "start" "-a" "c5f0720eb3f986b1bbcf53981635c9836ac934872c4e82348d42e59ef0fcfb27", kill_on_drop: false }`
[INFO] [stderr]     Finished test [unoptimized + debuginfo] target(s) in 0.06s
[INFO] [stderr]      Running unittests src/lib.rs (/opt/rustwide/target/debug/deps/sealed-f883439a3371a2b4)
[INFO] [stdout] 
[INFO] [stdout] running 0 tests
[INFO] [stdout] 
[INFO] [stdout] test result: ok. 0 passed; 0 failed; 0 ignored; 0 measured; 0 filtered out; finished in 0.00s
[INFO] [stdout] 
[INFO] [stderr]      Running tests/test.rs (/opt/rustwide/target/debug/deps/test-15436f24415ecdfa)
[INFO] [stdout] 
[INFO] [stdout] running 1 test
[INFO] [stderr]    Compiling proc-macro2 v1.0.70
[INFO] [stderr]    Compiling unicode-ident v1.0.12
[INFO] [stderr]    Compiling heck v0.4.1
[INFO] [stderr]    Compiling quote v1.0.33
[INFO] [stderr]    Compiling syn v2.0.41
[INFO] [stderr]    Compiling sealed v0.5.0 (/opt/rustwide/workdir)
[INFO] [stderr]    Compiling sealed-tests v0.0.0 (/opt/rustwide/target/tests/trybuild/sealed)
[INFO] [stderr]     Finished dev [unoptimized + debuginfo] target(s) in 6.68s
[INFO] [stderr] 
[INFO] [stderr] 
[INFO] [stderr] test tests/pass/01-long-name.rs [should pass] ... ok
[INFO] [stderr] test tests/pass/02-nesting.rs [should pass] ... ok
[INFO] [stderr] test tests/pass/03-generics.rs [should pass] ... ok
[INFO] [stderr] test tests/pass/04-multiple-traits.rs [should pass] ... ok
[INFO] [stderr] test tests/pass/05-raw-ident.rs [should pass] ... ok
[INFO] [stderr] test tests/pass/06-bounds.rs [should pass] ... ok
[INFO] [stderr] test tests/pass/07-bound-erasure.rs [should pass] ... ok
[INFO] [stderr] test tests/pass/08-bound-erasure-fn.rs [should pass] ... ok
[INFO] [stderr] test tests/pass/09-enum.rs [should pass] ... ok
[INFO] [stderr] test tests/pass/10-all-arguments.rs [should pass] ... ok
[INFO] [stderr] test tests/pass/11-where.rs [should pass] ... ok
[INFO] [stderr] test tests/pass/12-lifetime.rs [should pass] ... ok
[INFO] [stderr] test tests/pass/13-const-generics.rs [should pass] ... ok
[INFO] [stderr] test tests/fail/01-general.rs [should fail to compile] ... mismatch
[INFO] [stderr] 
[INFO] [stderr] EXPECTED:
[INFO] [stderr] ┈┈┈┈┈┈┈┈┈┈┈┈┈┈┈┈┈┈┈┈┈┈┈┈┈┈┈┈┈┈┈┈┈┈┈┈┈┈┈┈┈┈┈┈┈┈┈┈┈┈┈┈┈┈┈┈┈┈┈┈
[INFO] [stderr] error[E0277]: the trait bound `C: Sealed` is not satisfied
[INFO] [stderr]   --> tests/fail/01-general.rs:20:6
[INFO] [stderr]    |
[INFO] [stderr] 20 | impl T for C {}
[INFO] [stderr]    |      ^ the trait `Sealed` is not implemented for `C`
[INFO] [stderr]    |
[INFO] [stderr] note: required by a bound in `T`
[INFO] [stderr]   --> tests/fail/01-general.rs:11:1
[INFO] [stderr]    |
[INFO] [stderr] 11 | #[sealed]
[INFO] [stderr]    | ^^^^^^^^^ required by this bound in `T`
[INFO] [stderr] 12 | trait T {}
[INFO] [stderr]    |       - required by a bound in this
[INFO] [stderr]    = note: this error originates in the attribute macro `sealed` (in Nightly builds, run with -Z macro-backtrace for more info)
[INFO] [stderr] ┈┈┈┈┈┈┈┈┈┈┈┈┈┈┈┈┈┈┈┈┈┈┈┈┈┈┈┈┈┈┈┈┈┈┈┈┈┈┈┈┈┈┈┈┈┈┈┈┈┈┈┈┈┈┈┈┈┈┈┈
[INFO] [stderr] 
[INFO] [stderr] ACTUAL OUTPUT:
[INFO] [stderr] ┈┈┈┈┈┈┈┈┈┈┈┈┈┈┈┈┈┈┈┈┈┈┈┈┈┈┈┈┈┈┈┈┈┈┈┈┈┈┈┈┈┈┈┈┈┈┈┈┈┈┈┈┈┈┈┈┈┈┈┈
[INFO] [stderr] error[E0277]: the trait bound `C: Sealed` is not satisfied
[INFO] [stderr]   --> tests/fail/01-general.rs:20:12
[INFO] [stderr]    |
[INFO] [stderr] 20 | impl T for C {}
[INFO] [stderr]    |            ^ the trait `Sealed` is not implemented for `C`
[INFO] [stderr]    |
[INFO] [stderr]    = help: the following other types implement trait `Sealed`:
[INFO] [stderr]              A
[INFO] [stderr]              B
[INFO] [stderr] note: required by a bound in `T`
[INFO] [stderr]   --> tests/fail/01-general.rs:11:1
[INFO] [stderr]    |
[INFO] [stderr] 11 | #[sealed]
[INFO] [stderr]    | ^^^^^^^^^ required by this bound in `T`
[INFO] [stderr] 12 | trait T {}
[INFO] [stderr]    |       - required by a bound in this trait
[INFO] [stderr]    = note: `T` is a "sealed trait", because to implement it you also need to implement `__seal_t::Sealed`, which is not accessible; this is usually done to force you to use one of the provided types that already implement it
[INFO] [stderr]    = help: the following types implement the trait:
[INFO] [stderr]              A
[INFO] [stderr]              B
[INFO] [stderr]    = note: this error originates in the attribute macro `sealed` (in Nightly builds, run with -Z macro-backtrace for more info)
[INFO] [stderr] ┈┈┈┈┈┈┈┈┈┈┈┈┈┈┈┈┈┈┈┈┈┈┈┈┈┈┈┈┈┈┈┈┈┈┈┈┈┈┈┈┈┈┈┈┈┈┈┈┈┈┈┈┈┈┈┈┈┈┈┈
[INFO] [stderr] note: If the actual output is the correct output you can bless it by rerunning
[INFO] [stderr]       your test with the environment variable TRYBUILD=overwrite
[INFO] [stderr] 
[INFO] [stderr] test tests/fail/02-nesting.rs [should fail to compile] ... mismatch
[INFO] [stderr] 
[INFO] [stderr] EXPECTED:
[INFO] [stderr] ┈┈┈┈┈┈┈┈┈┈┈┈┈┈┈┈┈┈┈┈┈┈┈┈┈┈┈┈┈┈┈┈┈┈┈┈┈┈┈┈┈┈┈┈┈┈┈┈┈┈┈┈┈┈┈┈┈┈┈┈
[INFO] [stderr] error[E0277]: the trait bound `C: Sealed` is not satisfied
[INFO] [stderr]   --> tests/fail/02-nesting.rs:26:6
[INFO] [stderr]    |
[INFO] [stderr] 26 | impl lets::attempt::some::nesting::T for C {}
[INFO] [stderr]    |      ^^^^^^^^^^^^^^^^^^^^^^^^^^^^^^^ the trait `Sealed` is not implemented for `C`
[INFO] [stderr]    |
[INFO] [stderr] note: required by a bound in `T`
[INFO] [stderr]   --> tests/fail/02-nesting.rs:8:17
[INFO] [stderr]    |
[INFO] [stderr] 8  |                 #[sealed(pub(crate))]
[INFO] [stderr]    |                 ^^^^^^^^^^^^^^^^^^^^^ required by this bound in `T`
[INFO] [stderr] 9  |                 pub trait T {}
[INFO] [stderr]    |                           - required by a bound in this
[INFO] [stderr]    = note: this error originates in the attribute macro `sealed` (in Nightly builds, run with -Z macro-backtrace for more info)
[INFO] [stderr] ┈┈┈┈┈┈┈┈┈┈┈┈┈┈┈┈┈┈┈┈┈┈┈┈┈┈┈┈┈┈┈┈┈┈┈┈┈┈┈┈┈┈┈┈┈┈┈┈┈┈┈┈┈┈┈┈┈┈┈┈
[INFO] [stderr] 
[INFO] [stderr] ACTUAL OUTPUT:
[INFO] [stderr] ┈┈┈┈┈┈┈┈┈┈┈┈┈┈┈┈┈┈┈┈┈┈┈┈┈┈┈┈┈┈┈┈┈┈┈┈┈┈┈┈┈┈┈┈┈┈┈┈┈┈┈┈┈┈┈┈┈┈┈┈
[INFO] [stderr] error[E0277]: the trait bound `C: Sealed` is not satisfied
[INFO] [stderr]   --> tests/fail/02-nesting.rs:26:42
[INFO] [stderr]    |
[INFO] [stderr] 26 | impl lets::attempt::some::nesting::T for C {}
[INFO] [stderr]    |                                          ^ the trait `Sealed` is not implemented for `C`
[INFO] [stderr]    |
[INFO] [stderr]    = help: the following other types implement trait `Sealed`:
[INFO] [stderr]              A
[INFO] [stderr]              B
[INFO] [stderr] note: required by a bound in `T`
[INFO] [stderr]   --> tests/fail/02-nesting.rs:8:17
[INFO] [stderr]    |
[INFO] [stderr] 8  |                 #[sealed(pub(crate))]
[INFO] [stderr]    |                 ^^^^^^^^^^^^^^^^^^^^^ required by this bound in `T`
[INFO] [stderr] 9  |                 pub trait T {}
[INFO] [stderr]    |                           - required by a bound in this trait
[INFO] [stderr]    = note: `T` is a "sealed trait", because to implement it you also need to implement `lets::attempt::some::nesting::__seal_t::Sealed`, which is not accessible; this is usually done to force you to use one of the provided types that already implement it
[INFO] [stderr]    = help: the following types implement the trait:
[INFO] [stderr]              A
[INFO] [stderr]              B
[INFO] [stderr]    = note: this error originates in the attribute macro `sealed` (in Nightly builds, run with -Z macro-backtrace for more info)
[INFO] [stderr] ┈┈┈┈┈┈┈┈┈┈┈┈┈┈┈┈┈┈┈┈┈┈┈┈┈┈┈┈┈┈┈┈┈┈┈┈┈┈┈┈┈┈┈┈┈┈┈┈┈┈┈┈┈┈┈┈┈┈┈┈
[INFO] [stderr] note: If the actual output is the correct output you can bless it by rerunning
[INFO] [stderr]       your test with the environment variable TRYBUILD=overwrite
[INFO] [stderr] 
[INFO] [stderr] test tests/fail/03-private-by-default.rs [should fail to compile] ... mismatch
[INFO] [stderr] 
[INFO] [stderr] EXPECTED:
[INFO] [stderr] ┈┈┈┈┈┈┈┈┈┈┈┈┈┈┈┈┈┈┈┈┈┈┈┈┈┈┈┈┈┈┈┈┈┈┈┈┈┈┈┈┈┈┈┈┈┈┈┈┈┈┈┈┈┈┈┈┈┈┈┈
[INFO] [stderr] error[E0603]: module `__seal_t` is private
[INFO] [stderr]   --> tests/fail/03-private-by-default.rs:17:1
[INFO] [stderr]    |
[INFO] [stderr] 17 | #[sealed]
[INFO] [stderr]    | ^^^^^^^^^ private module
[INFO] [stderr]    |
[INFO] [stderr] note: the module `__seal_t` is defined here
[INFO] [stderr]   --> tests/fail/03-private-by-default.rs:8:17
[INFO] [stderr]    |
[INFO] [stderr] 8  |                 #[sealed]
[INFO] [stderr]    |                 ^^^^^^^^^
[INFO] [stderr]    = note: this error originates in the attribute macro `sealed` (in Nightly builds, run with -Z macro-backtrace for more info)
[INFO] [stderr] ┈┈┈┈┈┈┈┈┈┈┈┈┈┈┈┈┈┈┈┈┈┈┈┈┈┈┈┈┈┈┈┈┈┈┈┈┈┈┈┈┈┈┈┈┈┈┈┈┈┈┈┈┈┈┈┈┈┈┈┈
[INFO] [stderr] 
[INFO] [stderr] ACTUAL OUTPUT:
[INFO] [stderr] ┈┈┈┈┈┈┈┈┈┈┈┈┈┈┈┈┈┈┈┈┈┈┈┈┈┈┈┈┈┈┈┈┈┈┈┈┈┈┈┈┈┈┈┈┈┈┈┈┈┈┈┈┈┈┈┈┈┈┈┈
[INFO] [stderr] error[E0603]: module `__seal_t` is private
[INFO] [stderr]   --> tests/fail/03-private-by-default.rs:17:1
[INFO] [stderr]    |
[INFO] [stderr] 17 | #[sealed]
[INFO] [stderr]    | ^^^^^^^^^
[INFO] [stderr]    | |
[INFO] [stderr]    | private module
[INFO] [stderr]    | trait `Sealed` is not publicly re-exported
[INFO] [stderr]    |
[INFO] [stderr] note: the module `__seal_t` is defined here
[INFO] [stderr]   --> tests/fail/03-private-by-default.rs:8:17
[INFO] [stderr]    |
[INFO] [stderr] 8  |                 #[sealed]
[INFO] [stderr]    |                 ^^^^^^^^^
[INFO] [stderr]    = note: this error originates in the attribute macro `sealed` (in Nightly builds, run with -Z macro-backtrace for more info)
[INFO] [stderr] ┈┈┈┈┈┈┈┈┈┈┈┈┈┈┈┈┈┈┈┈┈┈┈┈┈┈┈┈┈┈┈┈┈┈┈┈┈┈┈┈┈┈┈┈┈┈┈┈┈┈┈┈┈┈┈┈┈┈┈┈
[INFO] [stderr] note: If the actual output is the correct output you can bless it by rerunning
[INFO] [stderr]       your test with the environment variable TRYBUILD=overwrite
[INFO] [stderr] 
[INFO] [stderr] test tests/fail/04-no-full-pub.rs [should fail to compile] ... mismatch
[INFO] [stderr] 
[INFO] [stderr] EXPECTED:
[INFO] [stderr] ┈┈┈┈┈┈┈┈┈┈┈┈┈┈┈┈┈┈┈┈┈┈┈┈┈┈┈┈┈┈┈┈┈┈┈┈┈┈┈┈┈┈┈┈┈┈┈┈┈┈┈┈┈┈┈┈┈┈┈┈
[INFO] [stderr] error: `pub` visibility breaks the seal as allows to use it outside its crate.
[INFO] [stderr] Consider tightening the visibility (e.g. `pub(crate)`) if you actually need sealing.
[INFO] [stderr]  --> tests/fail/04-no-full-pub.rs:8:26
[INFO] [stderr]   |
[INFO] [stderr] 8 |                 #[sealed(pub)]
[INFO] [stderr]   |                          ^^^
[INFO] [stderr] 
[INFO] [stderr] error[E0433]: failed to resolve: could not find `__seal_t` in `nesting`
[INFO] [stderr]   --> tests/fail/04-no-full-pub.rs:17:1
[INFO] [stderr]    |
[INFO] [stderr] 17 | #[sealed]
[INFO] [stderr]    | ^^^^^^^^^ could not find `__seal_t` in `nesting`
[INFO] [stderr]    |
[INFO] [stderr]    = note: this error originates in the attribute macro `sealed` (in Nightly builds, run with -Z macro-backtrace for more info)
[INFO] [stderr] 
[INFO] [stderr] error[E0405]: cannot find trait `T` in module `lets::attempt::some::nesting`
[INFO] [stderr]   --> tests/fail/04-no-full-pub.rs:18:36
[INFO] [stderr]    |
[INFO] [stderr] 18 | impl lets::attempt::some::nesting::T for A {}
[INFO] [stderr]    |                                    ^ not found in `lets::attempt::some::nesting`
[INFO] [stderr] ┈┈┈┈┈┈┈┈┈┈┈┈┈┈┈┈┈┈┈┈┈┈┈┈┈┈┈┈┈┈┈┈┈┈┈┈┈┈┈┈┈┈┈┈┈┈┈┈┈┈┈┈┈┈┈┈┈┈┈┈
[INFO] [stderr] 
[INFO] [stderr] ACTUAL OUTPUT:
[INFO] [stderr] ┈┈┈┈┈┈┈┈┈┈┈┈┈┈┈┈┈┈┈┈┈┈┈┈┈┈┈┈┈┈┈┈┈┈┈┈┈┈┈┈┈┈┈┈┈┈┈┈┈┈┈┈┈┈┈┈┈┈┈┈
[INFO] [stderr] error: `pub` visibility breaks the seal as allows to use it outside its crate.
[INFO] [stderr]        Consider tightening the visibility (e.g. `pub(crate)`) if you actually need sealing.
[INFO] [stderr]  --> tests/fail/04-no-full-pub.rs:8:26
[INFO] [stderr]   |
[INFO] [stderr] 8 |                 #[sealed(pub)]
[INFO] [stderr]   |                          ^^^
[INFO] [stderr] 
[INFO] [stderr] error[E0433]: failed to resolve: could not find `__seal_t` in `nesting`
[INFO] [stderr]   --> tests/fail/04-no-full-pub.rs:17:1
[INFO] [stderr]    |
[INFO] [stderr] 17 | #[sealed]
[INFO] [stderr]    | ^^^^^^^^^ could not find `__seal_t` in `nesting`
[INFO] [stderr]    |
[INFO] [stderr]    = note: this error originates in the attribute macro `sealed` (in Nightly builds, run with -Z macro-backtrace for more info)
[INFO] [stderr] 
[INFO] [stderr] error[E0405]: cannot find trait `T` in module `lets::attempt::some::nesting`
[INFO] [stderr]   --> tests/fail/04-no-full-pub.rs:18:36
[INFO] [stderr]    |
[INFO] [stderr] 18 | impl lets::attempt::some::nesting::T for A {}
[INFO] [stderr]    |                                    ^ not found in `lets::attempt::some::nesting`
[INFO] [stderr] ┈┈┈┈┈┈┈┈┈┈┈┈┈┈┈┈┈┈┈┈┈┈┈┈┈┈┈┈┈┈┈┈┈┈┈┈┈┈┈┈┈┈┈┈┈┈┈┈┈┈┈┈┈┈┈┈┈┈┈┈
[INFO] [stderr] note: If the actual output is the correct output you can bless it by rerunning
[INFO] [stderr]       your test with the environment variable TRYBUILD=overwrite
[INFO] [stderr] 
[INFO] [stderr] test tests/fail/05-no-comma.rs [should fail to compile] ... ok
[INFO] [stderr] test tests/fail/06-wrong-argument.rs [should fail to compile] ... mismatch
[INFO] [stderr] 
[INFO] [stderr] EXPECTED:
[INFO] [stderr] ┈┈┈┈┈┈┈┈┈┈┈┈┈┈┈┈┈┈┈┈┈┈┈┈┈┈┈┈┈┈┈┈┈┈┈┈┈┈┈┈┈┈┈┈┈┈┈┈┈┈┈┈┈┈┈┈┈┈┈┈
[INFO] [stderr] error: unknown `erased` attribute argument
[INFO] [stderr]  --> tests/fail/06-wrong-argument.rs:3:10
[INFO] [stderr]   |
[INFO] [stderr] 3 | #[sealed(erased)]
[INFO] [stderr]   |          ^^^^^^
[INFO] [stderr] 
[INFO] [stderr] error[E0433]: failed to resolve: use of undeclared crate or module `__seal_t`
[INFO] [stderr]  --> tests/fail/06-wrong-argument.rs:8:1
[INFO] [stderr]   |
[INFO] [stderr] 8 | #[sealed]
[INFO] [stderr]   | ^^^^^^^^^ use of undeclared crate or module `__seal_t`
[INFO] [stderr]   |
[INFO] [stderr]   = note: this error originates in the attribute macro `sealed` (in Nightly builds, run with -Z macro-backtrace for more info)
[INFO] [stderr] 
[INFO] [stderr] error[E0405]: cannot find trait `T` in this scope
[INFO] [stderr]  --> tests/fail/06-wrong-argument.rs:9:6
[INFO] [stderr]   |
[INFO] [stderr] 9 | impl T for A {}
[INFO] [stderr]   |      ^ not found in this scope
[INFO] [stderr] ┈┈┈┈┈┈┈┈┈┈┈┈┈┈┈┈┈┈┈┈┈┈┈┈┈┈┈┈┈┈┈┈┈┈┈┈┈┈┈┈┈┈┈┈┈┈┈┈┈┈┈┈┈┈┈┈┈┈┈┈
[INFO] [stderr] 
[INFO] [stderr] ACTUAL OUTPUT:
[INFO] [stderr] ┈┈┈┈┈┈┈┈┈┈┈┈┈┈┈┈┈┈┈┈┈┈┈┈┈┈┈┈┈┈┈┈┈┈┈┈┈┈┈┈┈┈┈┈┈┈┈┈┈┈┈┈┈┈┈┈┈┈┈┈
[INFO] [stderr] error: unknown `erased` attribute argument
[INFO] [stderr]  --> tests/fail/06-wrong-argument.rs:3:10
[INFO] [stderr]   |
[INFO] [stderr] 3 | #[sealed(erased)]
[INFO] [stderr]   |          ^^^^^^
[INFO] [stderr] 
[INFO] [stderr] error[E0405]: cannot find trait `T` in this scope
[INFO] [stderr]  --> tests/fail/06-wrong-argument.rs:9:6
[INFO] [stderr]   |
[INFO] [stderr] 9 | impl T for A {}
[INFO] [stderr]   |      ^ not found in this scope
[INFO] [stderr] 
[INFO] [stderr] error[E0433]: failed to resolve: use of undeclared crate or module `__seal_t`
[INFO] [stderr]  --> tests/fail/06-wrong-argument.rs:8:1
[INFO] [stderr]   |
[INFO] [stderr] 8 | #[sealed]
[INFO] [stderr]   | ^^^^^^^^^ use of undeclared crate or module `__seal_t`
[INFO] [stderr]   |
[INFO] [stderr]   = note: this error originates in the attribute macro `sealed` (in Nightly builds, run with -Z macro-backtrace for more info)
[INFO] [stderr] ┈┈┈┈┈┈┈┈┈┈┈┈┈┈┈┈┈┈┈┈┈┈┈┈┈┈┈┈┈┈┈┈┈┈┈┈┈┈┈┈┈┈┈┈┈┈┈┈┈┈┈┈┈┈┈┈┈┈┈┈
[INFO] [stderr] note: If the actual output is the correct output you can bless it by rerunning
[INFO] [stderr]       your test with the environment variable TRYBUILD=overwrite
[INFO] [stderr] 
[INFO] [stderr] 
[INFO] [stderr] 
[INFO] [stdout] test compile_test ... FAILED
[INFO] [stdout] 
[INFO] [stdout] failures:
[INFO] [stdout] 
[INFO] [stdout] ---- compile_test stdout ----
[INFO] [stdout] thread 'compile_test' panicked at /opt/rustwide/cargo-home/registry/src/index.crates.io-6f17d22bba15001f/trybuild-1.0.85/src/run.rs:101:13:
[INFO] [stdout] 5 of 19 tests failed
[INFO] [stdout] stack backtrace:
[INFO] [stdout]    0:     0x55d778ee252c - std::backtrace_rs::backtrace::libunwind::trace::ha637c64ce894333a
[INFO] [stdout]                                at /rustc/82e1608dfa6e0b5569232559e3d385fea5a93112/library/std/src/../../backtrace/src/backtrace/libunwind.rs:104:5
[INFO] [stdout]    1:     0x55d778ee252c - std::backtrace_rs::backtrace::trace_unsynchronized::h47f62dea28e0c88d
[INFO] [stdout]                                at /rustc/82e1608dfa6e0b5569232559e3d385fea5a93112/library/std/src/../../backtrace/src/backtrace/mod.rs:66:5
[INFO] [stdout]    2:     0x55d778ee252c - std::sys_common::backtrace::_print_fmt::h9eef0abe20ede486
[INFO] [stdout]                                at /rustc/82e1608dfa6e0b5569232559e3d385fea5a93112/library/std/src/sys_common/backtrace.rs:67:5
[INFO] [stdout]    3:     0x55d778ee252c - <std::sys_common::backtrace::_print::DisplayBacktrace as core::fmt::Display>::fmt::hed7f999df88cc644
[INFO] [stdout]                                at /rustc/82e1608dfa6e0b5569232559e3d385fea5a93112/library/std/src/sys_common/backtrace.rs:44:22
[INFO] [stdout]    4:     0x55d778f0e960 - core::fmt::rt::Argument::fmt::h1539a9308b8d058d
[INFO] [stdout]                                at /rustc/82e1608dfa6e0b5569232559e3d385fea5a93112/library/core/src/fmt/rt.rs:142:9
[INFO] [stdout]    5:     0x55d778f0e960 - core::fmt::write::h3a39390d8560d9c9
[INFO] [stdout]                                at /rustc/82e1608dfa6e0b5569232559e3d385fea5a93112/library/core/src/fmt/mod.rs:1120:17
[INFO] [stdout]    6:     0x55d778edf3df - std::io::Write::write_fmt::h040b369f3a0f9cbc
[INFO] [stdout]                                at /rustc/82e1608dfa6e0b5569232559e3d385fea5a93112/library/std/src/io/mod.rs:1762:15
[INFO] [stdout]    7:     0x55d778ee2314 - std::sys_common::backtrace::_print::h894006fb5c6f3d45
[INFO] [stdout]                                at /rustc/82e1608dfa6e0b5569232559e3d385fea5a93112/library/std/src/sys_common/backtrace.rs:47:5
[INFO] [stdout]    8:     0x55d778ee2314 - std::sys_common::backtrace::print::h23a2d212c6fff936
[INFO] [stdout]                                at /rustc/82e1608dfa6e0b5569232559e3d385fea5a93112/library/std/src/sys_common/backtrace.rs:34:9
[INFO] [stdout]    9:     0x55d778ee3fd7 - std::panicking::default_hook::{{closure}}::h8a1d2ee00185001a
[INFO] [stdout]   10:     0x55d778ee3cc3 - std::panicking::default_hook::h6038f2eba384e475
[INFO] [stdout]                                at /rustc/82e1608dfa6e0b5569232559e3d385fea5a93112/library/std/src/panicking.rs:289:9
[INFO] [stdout]   11:     0x55d778eb27c7 - <alloc::boxed::Box<F,A> as core::ops::function::Fn<Args>>::call::h0ad024c9bdc6d768
[INFO] [stdout]                                at /rustc/82e1608dfa6e0b5569232559e3d385fea5a93112/library/alloc/src/boxed.rs:2021:9
[INFO] [stdout]   12:     0x55d778eb27c7 - test::test_main::{{closure}}::h7500b54257359db6
[INFO] [stdout]                                at /rustc/82e1608dfa6e0b5569232559e3d385fea5a93112/library/test/src/lib.rs:138:21
[INFO] [stdout]   13:     0x55d778ee45e8 - <alloc::boxed::Box<F,A> as core::ops::function::Fn<Args>>::call::h1f8f335eaa9cfaee
[INFO] [stdout]                                at /rustc/82e1608dfa6e0b5569232559e3d385fea5a93112/library/alloc/src/boxed.rs:2021:9
[INFO] [stdout]   14:     0x55d778ee45e8 - std::panicking::rust_panic_with_hook::h2b5517d590cab22e
[INFO] [stdout]                                at /rustc/82e1608dfa6e0b5569232559e3d385fea5a93112/library/std/src/panicking.rs:783:13
[INFO] [stdout]   15:     0x55d778ee433e - std::panicking::begin_panic_handler::{{closure}}::h233112c06e0ef43e
[INFO] [stdout]                                at /rustc/82e1608dfa6e0b5569232559e3d385fea5a93112/library/std/src/panicking.rs:657:13
[INFO] [stdout]   16:     0x55d778ee29f6 - std::sys_common::backtrace::__rust_end_short_backtrace::h6e893f24d7ebbff8
[INFO] [stdout]                                at /rustc/82e1608dfa6e0b5569232559e3d385fea5a93112/library/std/src/sys_common/backtrace.rs:170:18
[INFO] [stdout]   17:     0x55d778ee40a2 - rust_begin_unwind
[INFO] [stdout]                                at /rustc/82e1608dfa6e0b5569232559e3d385fea5a93112/library/std/src/panicking.rs:645:5
[INFO] [stdout]   18:     0x55d778c79fc5 - core::panicking::panic_fmt::hbf0e066aabfa482c
[INFO] [stdout]                                at /rustc/82e1608dfa6e0b5569232559e3d385fea5a93112/library/core/src/panicking.rs:72:14
[INFO] [stdout]   19:     0x55d778cd5b2b - trybuild::run::<impl trybuild::Runner>::run::h4c555884aae9f331
[INFO] [stdout]                                at /opt/rustwide/cargo-home/registry/src/index.crates.io-6f17d22bba15001f/trybuild-1.0.85/src/run.rs:101:13
[INFO] [stdout]   20:     0x55d778cdb1e8 - <trybuild::TestCases as core::ops::drop::Drop>::drop::h4b6e4e2a4d2f06d2
[INFO] [stdout]                                at /opt/rustwide/cargo-home/registry/src/index.crates.io-6f17d22bba15001f/trybuild-1.0.85/src/lib.rs:315:13
[INFO] [stdout]   21:     0x55d778c7abc7 - core::ptr::drop_in_place<trybuild::TestCases>::h1fc6b0490f10e403
[INFO] [stdout]                                at /rustc/82e1608dfa6e0b5569232559e3d385fea5a93112/library/core/src/ptr/mod.rs:498:1
[INFO] [stdout]   22:     0x55d778c7bcab - test::compile_test::h04f76befc5f0f0c1
[INFO] [stdout]                                at /opt/rustwide/workdir/tests/test.rs:6:1
[INFO] [stdout]   23:     0x55d778c7bc27 - test::compile_test::{{closure}}::h0ccf01e042abaef5
[INFO] [stdout]                                at /opt/rustwide/workdir/tests/test.rs:2:18
[INFO] [stdout]   24:     0x55d778c7ab76 - core::ops::function::FnOnce::call_once::hf4435502f8ee769e
[INFO] [stdout]                                at /rustc/82e1608dfa6e0b5569232559e3d385fea5a93112/library/core/src/ops/function.rs:250:5
[INFO] [stdout]   25:     0x55d778eb7e1f - core::ops::function::FnOnce::call_once::h2b5d431d5046312d
[INFO] [stdout]                                at /rustc/82e1608dfa6e0b5569232559e3d385fea5a93112/library/core/src/ops/function.rs:250:5
[INFO] [stdout]   26:     0x55d778eb7e1f - test::__rust_begin_short_backtrace::h7714669af176e207
[INFO] [stdout]                                at /rustc/82e1608dfa6e0b5569232559e3d385fea5a93112/library/test/src/lib.rs:628:18
[INFO] [stdout]   27:     0x55d778eb6e35 - test::run_test_in_process::{{closure}}::h85218797dcbcec12
[INFO] [stdout]                                at /rustc/82e1608dfa6e0b5569232559e3d385fea5a93112/library/test/src/lib.rs:651:60
[INFO] [stdout]   28:     0x55d778eb6e35 - <core::panic::unwind_safe::AssertUnwindSafe<F> as core::ops::function::FnOnce<()>>::call_once::h76c106ea31c14d7b
[INFO] [stdout]                                at /rustc/82e1608dfa6e0b5569232559e3d385fea5a93112/library/core/src/panic/unwind_safe.rs:272:9
[INFO] [stdout]   29:     0x55d778eb6e35 - std::panicking::try::do_call::h3bd5d0f6620ee946
[INFO] [stdout]                                at /rustc/82e1608dfa6e0b5569232559e3d385fea5a93112/library/std/src/panicking.rs:552:40
[INFO] [stdout]   30:     0x55d778eb6e35 - std::panicking::try::h232e535e4744fe31
[INFO] [stdout]                                at /rustc/82e1608dfa6e0b5569232559e3d385fea5a93112/library/std/src/panicking.rs:516:19
[INFO] [stdout]   31:     0x55d778eb6e35 - std::panic::catch_unwind::h3ce3bd6ca8dbac68
[INFO] [stdout]                                at /rustc/82e1608dfa6e0b5569232559e3d385fea5a93112/library/std/src/panic.rs:142:14
[INFO] [stdout]   32:     0x55d778eb6e35 - test::run_test_in_process::hc97b257c9621286a
[INFO] [stdout]                                at /rustc/82e1608dfa6e0b5569232559e3d385fea5a93112/library/test/src/lib.rs:651:27
[INFO] [stdout]   33:     0x55d778eb6e35 - test::run_test::{{closure}}::h2aa798823a438d38
[INFO] [stdout]                                at /rustc/82e1608dfa6e0b5569232559e3d385fea5a93112/library/test/src/lib.rs:574:43
[INFO] [stdout]   34:     0x55d778e7f0f6 - test::run_test::{{closure}}::h87d231c78fb59832
[INFO] [stdout]                                at /rustc/82e1608dfa6e0b5569232559e3d385fea5a93112/library/test/src/lib.rs:602:41
[INFO] [stdout]   35:     0x55d778e7f0f6 - std::sys_common::backtrace::__rust_begin_short_backtrace::he6df152596625789
[INFO] [stdout]                                at /rustc/82e1608dfa6e0b5569232559e3d385fea5a93112/library/std/src/sys_common/backtrace.rs:154:18
[INFO] [stdout]   36:     0x55d778e841a7 - std::thread::Builder::spawn_unchecked_::{{closure}}::{{closure}}::ha94be15d1e0acf36
[INFO] [stdout]                                at /rustc/82e1608dfa6e0b5569232559e3d385fea5a93112/library/std/src/thread/mod.rs:529:17
[INFO] [stdout]   37:     0x55d778e841a7 - <core::panic::unwind_safe::AssertUnwindSafe<F> as core::ops::function::FnOnce<()>>::call_once::h9dc6bd6372f16606
[INFO] [stdout]                                at /rustc/82e1608dfa6e0b5569232559e3d385fea5a93112/library/core/src/panic/unwind_safe.rs:272:9
[INFO] [stdout]   38:     0x55d778e841a7 - std::panicking::try::do_call::h9057517f80303cd4
[INFO] [stdout]                                at /rustc/82e1608dfa6e0b5569232559e3d385fea5a93112/library/std/src/panicking.rs:552:40
[INFO] [stdout]   39:     0x55d778e841a7 - std::panicking::try::he3a30b11ee45340c
[INFO] [stdout]                                at /rustc/82e1608dfa6e0b5569232559e3d385fea5a93112/library/std/src/panicking.rs:516:19
[INFO] [stdout]   40:     0x55d778e841a7 - std::panic::catch_unwind::h410458cfd3528b8b
[INFO] [stdout]                                at /rustc/82e1608dfa6e0b5569232559e3d385fea5a93112/library/std/src/panic.rs:142:14
[INFO] [stdout]   41:     0x55d778e841a7 - std::thread::Builder::spawn_unchecked_::{{closure}}::h72ac3bdb567b737b
[INFO] [stdout]                                at /rustc/82e1608dfa6e0b5569232559e3d385fea5a93112/library/std/src/thread/mod.rs:528:30
[INFO] [stdout]   42:     0x55d778e841a7 - core::ops::function::FnOnce::call_once{{vtable.shim}}::h38f34da3654a8344
[INFO] [stdout]                                at /rustc/82e1608dfa6e0b5569232559e3d385fea5a93112/library/core/src/ops/function.rs:250:5
[INFO] [stdout]   43:     0x55d778eea1c5 - <alloc::boxed::Box<F,A> as core::ops::function::FnOnce<Args>>::call_once::hc7eafaff61e32df9
[INFO] [stdout]                                at /rustc/82e1608dfa6e0b5569232559e3d385fea5a93112/library/alloc/src/boxed.rs:2007:9
[INFO] [stdout]   44:     0x55d778eea1c5 - <alloc::boxed::Box<F,A> as core::ops::function::FnOnce<Args>>::call_once::h6ba4a5de48dd2304
[INFO] [stdout]                                at /rustc/82e1608dfa6e0b5569232559e3d385fea5a93112/library/alloc/src/boxed.rs:2007:9
[INFO] [stdout]   45:     0x55d778eea1c5 - std::sys::unix::thread::Thread::new::thread_start::he469335aef763e45
[INFO] [stdout]                                at /rustc/82e1608dfa6e0b5569232559e3d385fea5a93112/library/std/src/sys/unix/thread.rs:108:17
[INFO] [stdout]   46:     0x7f02e8ab0ac3 - <unknown>
[INFO] [stdout]   47:     0x7f02e8b41bf4 - __clone
[INFO] [stdout]   48:                0x0 - <unknown>
[INFO] [stdout] 
[INFO] [stdout] 
[INFO] [stdout] failures:
[INFO] [stdout]     compile_test
[INFO] [stdout] 
[INFO] [stdout] test result: FAILED. 0 passed; 1 failed; 0 ignored; 0 measured; 0 filtered out; finished in 12.06s
[INFO] [stdout] 
[INFO] [stderr] error: test failed, to rerun pass `--test test`
[INFO] running `Command { std: "docker" "inspect" "c5f0720eb3f986b1bbcf53981635c9836ac934872c4e82348d42e59ef0fcfb27", kill_on_drop: false }`
[INFO] running `Command { std: "docker" "rm" "-f" "c5f0720eb3f986b1bbcf53981635c9836ac934872c4e82348d42e59ef0fcfb27", kill_on_drop: false }`
[INFO] [stdout] c5f0720eb3f986b1bbcf53981635c9836ac934872c4e82348d42e59ef0fcfb27
