[INFO] cloning repository https://github.com/jladan/simple-markdown-server
[INFO] running `Command { std: "git" "-c" "credential.helper=" "-c" "credential.helper=/workspace/cargo-home/bin/git-credential-null" "clone" "--bare" "https://github.com/jladan/simple-markdown-server" "/workspace/cache/git-repos/https%3A%2F%2Fgithub.com%2Fjladan%2Fsimple-markdown-server", kill_on_drop: false }`
[INFO] [stderr] Cloning into bare repository '/workspace/cache/git-repos/https%3A%2F%2Fgithub.com%2Fjladan%2Fsimple-markdown-server'...
[INFO] running `Command { std: "git" "rev-parse" "HEAD", kill_on_drop: false }`
[INFO] [stdout] 9bfb8d6638b974443ff9799a1694b241ea6455f3
[INFO] testing jladan/simple-markdown-server against 1.75.0 for beta-1.76-1
[INFO] running `Command { std: "git" "clone" "/workspace/cache/git-repos/https%3A%2F%2Fgithub.com%2Fjladan%2Fsimple-markdown-server" "/workspace/builds/worker-5-tc1/source", kill_on_drop: false }`
[INFO] [stderr] Cloning into '/workspace/builds/worker-5-tc1/source'...
[INFO] [stderr] done.
[INFO] validating manifest of git repo https://github.com/jladan/simple-markdown-server on toolchain 1.75.0
[INFO] running `Command { std: CARGO_HOME="/workspace/cargo-home" RUSTUP_HOME="/workspace/rustup-home" "/workspace/cargo-home/bin/cargo" "+1.75.0" "metadata" "--manifest-path" "Cargo.toml" "--no-deps", kill_on_drop: false }`
[INFO] started tweaking git repo https://github.com/jladan/simple-markdown-server
[INFO] finished tweaking git repo https://github.com/jladan/simple-markdown-server
[INFO] tweaked toml for git repo https://github.com/jladan/simple-markdown-server written to /workspace/builds/worker-5-tc1/source/Cargo.toml
[INFO] crate git repo https://github.com/jladan/simple-markdown-server already has a lockfile, it will not be regenerated
[INFO] running `Command { std: CARGO_HOME="/workspace/cargo-home" RUSTUP_HOME="/workspace/rustup-home" "/workspace/cargo-home/bin/cargo" "+1.75.0" "fetch" "--manifest-path" "Cargo.toml", kill_on_drop: false }`
[INFO] running `Command { std: "docker" "create" "-v" "/var/lib/crater-agent-workspace/builds/worker-5-tc1/target:/opt/rustwide/target:rw,Z" "-v" "/var/lib/crater-agent-workspace/builds/worker-5-tc1/source:/opt/rustwide/workdir:ro,Z" "-v" "/var/lib/crater-agent-workspace/cargo-home:/opt/rustwide/cargo-home:ro,Z" "-v" "/var/lib/crater-agent-workspace/rustup-home:/opt/rustwide/rustup-home:ro,Z" "-e" "SOURCE_DIR=/opt/rustwide/workdir" "-e" "CARGO_TARGET_DIR=/opt/rustwide/target" "-e" "CARGO_HOME=/opt/rustwide/cargo-home" "-e" "RUSTUP_HOME=/opt/rustwide/rustup-home" "-w" "/opt/rustwide/workdir" "-m" "1610612736" "--user" "0:0" "--network" "none" "ghcr.io/rust-lang/crates-build-env/linux@sha256:2788e3201cd34a07e3172128adcd8b3090168a8e3bcc40d7c032b9dda1df7d1c" "/opt/rustwide/cargo-home/bin/cargo" "+1.75.0" "metadata" "--no-deps" "--format-version=1", kill_on_drop: false }`
[INFO] [stdout] 6af289501d79b2ee41a904ccb88637e625bf6355e26d26d4c6584b10261aeede
[INFO] running `Command { std: "docker" "start" "-a" "6af289501d79b2ee41a904ccb88637e625bf6355e26d26d4c6584b10261aeede", kill_on_drop: false }`
[INFO] running `Command { std: "docker" "inspect" "6af289501d79b2ee41a904ccb88637e625bf6355e26d26d4c6584b10261aeede", kill_on_drop: false }`
[INFO] running `Command { std: "docker" "rm" "-f" "6af289501d79b2ee41a904ccb88637e625bf6355e26d26d4c6584b10261aeede", kill_on_drop: false }`
[INFO] [stdout] 6af289501d79b2ee41a904ccb88637e625bf6355e26d26d4c6584b10261aeede
[INFO] running `Command { std: "docker" "create" "-v" "/var/lib/crater-agent-workspace/builds/worker-5-tc1/target:/opt/rustwide/target:rw,Z" "-v" "/var/lib/crater-agent-workspace/builds/worker-5-tc1/source:/opt/rustwide/workdir:ro,Z" "-v" "/var/lib/crater-agent-workspace/cargo-home:/opt/rustwide/cargo-home:ro,Z" "-v" "/var/lib/crater-agent-workspace/rustup-home:/opt/rustwide/rustup-home:ro,Z" "-e" "SOURCE_DIR=/opt/rustwide/workdir" "-e" "CARGO_TARGET_DIR=/opt/rustwide/target" "-e" "CARGO_INCREMENTAL=0" "-e" "RUST_BACKTRACE=full" "-e" "RUSTFLAGS=--cap-lints=warn" "-e" "RUSTDOCFLAGS=--cap-lints=warn" "-e" "CARGO_HOME=/opt/rustwide/cargo-home" "-e" "RUSTUP_HOME=/opt/rustwide/rustup-home" "-w" "/opt/rustwide/workdir" "-m" "1610612736" "--user" "0:0" "--network" "none" "ghcr.io/rust-lang/crates-build-env/linux@sha256:2788e3201cd34a07e3172128adcd8b3090168a8e3bcc40d7c032b9dda1df7d1c" "/opt/rustwide/cargo-home/bin/cargo" "+1.75.0" "build" "--frozen" "--message-format=json", kill_on_drop: false }`
[INFO] [stdout] 1bfa557d7d162e0411fe6d5633a0764d92016a0c5e8958c44a34fd1aec5d695e
[INFO] running `Command { std: "docker" "start" "-a" "1bfa557d7d162e0411fe6d5633a0764d92016a0c5e8958c44a34fd1aec5d695e", kill_on_drop: false }`
[INFO] [stderr]    Compiling version_check v0.9.4
[INFO] [stderr]    Compiling cfg-if v1.0.0
[INFO] [stderr]    Compiling proc-macro2 v1.0.58
[INFO] [stderr]    Compiling quote v1.0.27
[INFO] [stderr]    Compiling libc v0.2.144
[INFO] [stderr]    Compiling unicode-ident v1.0.9
[INFO] [stderr]    Compiling memchr v2.5.0
[INFO] [stderr]    Compiling siphasher v0.3.10
[INFO] [stderr]    Compiling ppv-lite86 v0.2.17
[INFO] [stderr]    Compiling thiserror v1.0.40
[INFO] [stderr]    Compiling uncased v0.9.9
[INFO] [stderr]    Compiling once_cell v1.18.0
[INFO] [stderr]    Compiling regex-syntax v0.7.2
[INFO] [stderr]    Compiling autocfg v1.1.0
[INFO] [stderr]    Compiling fnv v1.0.7
[INFO] [stderr]    Compiling ucd-trie v0.1.5
[INFO] [stderr]    Compiling phf_shared v0.10.0
[INFO] [stderr]    Compiling syn v2.0.16
[INFO] [stderr]    Compiling getrandom v0.2.10
[INFO] [stderr]    Compiling phf v0.10.1
[INFO] [stderr]    Compiling num-traits v0.2.15
[INFO] [stderr]    Compiling aho-corasick v1.0.2
[INFO] [stderr]    Compiling rand_core v0.6.4
[INFO] [stderr]    Compiling bstr v1.5.0
[INFO] [stderr]    Compiling rand_chacha v0.3.1
[INFO] [stderr]    Compiling aho-corasick v0.7.20
[INFO] [stderr]    Compiling rand v0.8.5
[INFO] [stderr]    Compiling regex v1.8.4
[INFO] [stderr]    Compiling log v0.4.19
[INFO] [stderr]    Compiling unic-common v0.9.0
[INFO] [stderr]    Compiling unic-char-range v0.9.0
[INFO] [stderr]    Compiling serde v1.0.163
[INFO] [stderr]    Compiling phf_generator v0.10.0
[INFO] [stderr]    Compiling phf_codegen v0.10.0
[INFO] [stderr]    Compiling same-file v1.0.6
[INFO] [stderr]    Compiling libm v0.2.7
[INFO] [stderr]    Compiling parse-zoneinfo v0.3.0
[INFO] [stderr]    Compiling walkdir v2.3.3
[INFO] [stderr]    Compiling unic-char-property v0.9.0
[INFO] [stderr]    Compiling chrono-tz-build v0.0.2
[INFO] [stderr]    Compiling unic-ucd-version v0.9.0
[INFO] [stderr]    Compiling chrono-tz v0.6.1
[INFO] [stderr]    Compiling thread_local v1.1.4
[INFO] [stderr]    Compiling globset v0.4.10
[INFO] [stderr]    Compiling thiserror-impl v1.0.40
[INFO] [stderr]    Compiling serde_derive v1.0.163
[INFO] [stderr]    Compiling unicase v2.6.0
[INFO] [stderr]    Compiling lazy_static v1.4.0
[INFO] [stderr]    Compiling itoa v1.0.6
[INFO] [stderr]    Compiling bitflags v1.3.2
[INFO] [stderr]    Compiling serde_json v1.0.96
[INFO] [stderr]    Compiling iana-time-zone v0.1.57
[INFO] [stderr]    Compiling chrono v0.4.26
[INFO] [stderr]    Compiling ignore v0.4.20
[INFO] [stderr]    Compiling unic-ucd-segment v0.9.0
[INFO] [stderr]    Compiling percent-encoding v2.2.0
[INFO] [stderr]    Compiling pest v2.6.0
[INFO] [stderr]    Compiling httparse v1.8.0
[INFO] [stderr]    Compiling pulldown-cmark v0.9.2
[INFO] [stderr]    Compiling deunicode v0.4.3
[INFO] [stderr]    Compiling ryu v1.0.13
[INFO] [stderr]    Compiling slug v0.1.4
[INFO] [stderr]    Compiling humansize v2.1.3
[INFO] [stderr]    Compiling unic-segment v0.9.0
[INFO] [stderr]    Compiling globwalk v0.8.1
[INFO] [stderr]    Compiling num_cpus v1.15.0
[INFO] [stderr]    Compiling bytes v1.4.0
[INFO] [stderr]    Compiling threadpool v1.8.1
[INFO] [stderr]    Compiling pest_meta v2.6.0
[INFO] [stderr]    Compiling http v0.2.9
[INFO] [stderr]    Compiling url-escape v0.1.1
[INFO] [stderr]    Compiling pest_generator v2.6.0
[INFO] [stderr]    Compiling pest_derive v2.6.0
[INFO] [stderr]    Compiling tera v1.19.0
[INFO] [stderr]    Compiling simple-markdown-server v0.2.0 (/opt/rustwide/workdir)
[INFO] [stdout] warning: method `strip_prefix` is never used
[INFO] [stdout]   --> src/handlers/directory.rs:25:8
[INFO] [stdout]    |
[INFO] [stdout] 24 | impl Entry {
[INFO] [stdout]    | ---------- method in this implementation
[INFO] [stdout] 25 |     fn strip_prefix(self, base: &Path) -> Option<Self> {
[INFO] [stdout]    |        ^^^^^^^^^^^^
[INFO] [stdout]    |
[INFO] [stdout]    = note: `#[warn(dead_code)]` on by default
[INFO] [stdout] 
[INFO] [stdout] 
[INFO] [stdout] warning: function `get_json` is never used
[INFO] [stdout]   --> src/handlers/directory.rs:71:8
[INFO] [stdout]    |
[INFO] [stdout] 71 | pub fn get_json(path: &Path) -> Result<String, DirError> {
[INFO] [stdout]    |        ^^^^^^^^
[INFO] [stdout] 
[INFO] [stdout] 
[INFO] [stdout] warning: function `lift` is never used
[INFO] [stdout]   --> src/handlers/directory.rs:76:4
[INFO] [stdout]    |
[INFO] [stdout] 76 | fn lift<T, E>(r: Result<Option<T>, E>) -> Option<Result<T, E>> {
[INFO] [stdout]    |    ^^^^
[INFO] [stdout] 
[INFO] [stdout] 
[INFO] [stdout] warning: function `read_contents` is never used
[INFO] [stdout]   --> src/handlers/directory.rs:84:8
[INFO] [stdout]    |
[INFO] [stdout] 84 | pub fn read_contents(path: &Path) -> Result<Vec<Entry>, DirError> {
[INFO] [stdout]    |        ^^^^^^^^^^^^^
[INFO] [stdout] 
[INFO] [stdout] 
[INFO] [stdout] warning: 4 warnings emitted
[INFO] [stdout] 
[INFO] [stdout] 
[INFO] [stderr]     Finished dev [unoptimized + debuginfo] target(s) in 13.44s
[INFO] running `Command { std: "docker" "inspect" "1bfa557d7d162e0411fe6d5633a0764d92016a0c5e8958c44a34fd1aec5d695e", kill_on_drop: false }`
[INFO] running `Command { std: "docker" "rm" "-f" "1bfa557d7d162e0411fe6d5633a0764d92016a0c5e8958c44a34fd1aec5d695e", kill_on_drop: false }`
[INFO] [stdout] 1bfa557d7d162e0411fe6d5633a0764d92016a0c5e8958c44a34fd1aec5d695e
[INFO] running `Command { std: "docker" "create" "-v" "/var/lib/crater-agent-workspace/builds/worker-5-tc1/target:/opt/rustwide/target:rw,Z" "-v" "/var/lib/crater-agent-workspace/builds/worker-5-tc1/source:/opt/rustwide/workdir:ro,Z" "-v" "/var/lib/crater-agent-workspace/cargo-home:/opt/rustwide/cargo-home:ro,Z" "-v" "/var/lib/crater-agent-workspace/rustup-home:/opt/rustwide/rustup-home:ro,Z" "-e" "SOURCE_DIR=/opt/rustwide/workdir" "-e" "CARGO_TARGET_DIR=/opt/rustwide/target" "-e" "CARGO_INCREMENTAL=0" "-e" "RUST_BACKTRACE=full" "-e" "RUSTFLAGS=--cap-lints=warn" "-e" "RUSTDOCFLAGS=--cap-lints=warn" "-e" "CARGO_HOME=/opt/rustwide/cargo-home" "-e" "RUSTUP_HOME=/opt/rustwide/rustup-home" "-w" "/opt/rustwide/workdir" "-m" "1610612736" "--user" "0:0" "--network" "none" "ghcr.io/rust-lang/crates-build-env/linux@sha256:2788e3201cd34a07e3172128adcd8b3090168a8e3bcc40d7c032b9dda1df7d1c" "/opt/rustwide/cargo-home/bin/cargo" "+1.75.0" "test" "--frozen" "--no-run" "--message-format=json", kill_on_drop: false }`
[INFO] [stdout] b8d043883f3c47680df3464afe3d596731f13667f98b183eb382285563300b4b
[INFO] running `Command { std: "docker" "start" "-a" "b8d043883f3c47680df3464afe3d596731f13667f98b183eb382285563300b4b", kill_on_drop: false }`
[INFO] [stderr]    Compiling scopeguard v1.1.0
[INFO] [stdout] warning: method `strip_prefix` is never used
[INFO] [stdout]   --> src/handlers/directory.rs:25:8
[INFO] [stdout]    |
[INFO] [stdout] 24 | impl Entry {
[INFO] [stdout]    | ---------- method in this implementation
[INFO] [stdout] 25 |     fn strip_prefix(self, base: &Path) -> Option<Self> {
[INFO] [stdout]    |        ^^^^^^^^^^^^
[INFO] [stdout]    |
[INFO] [stdout]    = note: `#[warn(dead_code)]` on by default
[INFO] [stdout] 
[INFO] [stdout] 
[INFO] [stdout] warning: function `get_json` is never used
[INFO] [stdout]   --> src/handlers/directory.rs:71:8
[INFO] [stdout]    |
[INFO] [stdout] 71 | pub fn get_json(path: &Path) -> Result<String, DirError> {
[INFO] [stdout]    |        ^^^^^^^^
[INFO] [stdout] 
[INFO] [stdout] 
[INFO] [stdout] warning: function `lift` is never used
[INFO] [stdout]   --> src/handlers/directory.rs:76:4
[INFO] [stdout]    |
[INFO] [stdout] 76 | fn lift<T, E>(r: Result<Option<T>, E>) -> Option<Result<T, E>> {
[INFO] [stdout]    |    ^^^^
[INFO] [stdout] 
[INFO] [stdout] 
[INFO] [stdout] warning: function `read_contents` is never used
[INFO] [stdout]   --> src/handlers/directory.rs:84:8
[INFO] [stdout]    |
[INFO] [stdout] 84 | pub fn read_contents(path: &Path) -> Result<Vec<Entry>, DirError> {
[INFO] [stdout]    |        ^^^^^^^^^^^^^
[INFO] [stdout] 
[INFO] [stdout] 
[INFO] [stdout] warning: 4 warnings emitted
[INFO] [stdout] 
[INFO] [stdout] 
[INFO] [stderr]    Compiling simple-markdown-server v0.2.0 (/opt/rustwide/workdir)
[INFO] [stdout] warning: function `get_json` is never used
[INFO] [stdout]   --> src/handlers/directory.rs:71:8
[INFO] [stdout]    |
[INFO] [stdout] 71 | pub fn get_json(path: &Path) -> Result<String, DirError> {
[INFO] [stdout]    |        ^^^^^^^^
[INFO] [stdout]    |
[INFO] [stdout]    = note: `#[warn(dead_code)]` on by default
[INFO] [stdout] 
[INFO] [stdout] 
[INFO] [stdout] warning: 1 warning emitted
[INFO] [stdout] 
[INFO] [stdout] 
[INFO] [stderr]     Finished test [unoptimized + debuginfo] target(s) in 1.10s
[INFO] running `Command { std: "docker" "inspect" "b8d043883f3c47680df3464afe3d596731f13667f98b183eb382285563300b4b", kill_on_drop: false }`
[INFO] running `Command { std: "docker" "rm" "-f" "b8d043883f3c47680df3464afe3d596731f13667f98b183eb382285563300b4b", kill_on_drop: false }`
[INFO] [stdout] b8d043883f3c47680df3464afe3d596731f13667f98b183eb382285563300b4b
[INFO] running `Command { std: "docker" "create" "-v" "/var/lib/crater-agent-workspace/builds/worker-5-tc1/target:/opt/rustwide/target:rw,Z" "-v" "/var/lib/crater-agent-workspace/builds/worker-5-tc1/source:/opt/rustwide/workdir:ro,Z" "-v" "/var/lib/crater-agent-workspace/cargo-home:/opt/rustwide/cargo-home:ro,Z" "-v" "/var/lib/crater-agent-workspace/rustup-home:/opt/rustwide/rustup-home:ro,Z" "-e" "SOURCE_DIR=/opt/rustwide/workdir" "-e" "CARGO_TARGET_DIR=/opt/rustwide/target" "-e" "CARGO_INCREMENTAL=0" "-e" "RUST_BACKTRACE=full" "-e" "RUSTFLAGS=--cap-lints=warn" "-e" "RUSTDOCFLAGS=--cap-lints=warn" "-e" "CARGO_HOME=/opt/rustwide/cargo-home" "-e" "RUSTUP_HOME=/opt/rustwide/rustup-home" "-w" "/opt/rustwide/workdir" "-m" "1610612736" "--user" "0:0" "--network" "none" "ghcr.io/rust-lang/crates-build-env/linux@sha256:2788e3201cd34a07e3172128adcd8b3090168a8e3bcc40d7c032b9dda1df7d1c" "/opt/rustwide/cargo-home/bin/cargo" "+1.75.0" "test" "--frozen", kill_on_drop: false }`
[INFO] [stdout] 6cdb642089504ea46ce6876a0ec42bb730ce4530a4b1531247328f065ff6e812
[INFO] running `Command { std: "docker" "start" "-a" "6cdb642089504ea46ce6876a0ec42bb730ce4530a4b1531247328f065ff6e812", kill_on_drop: false }`
[INFO] [stderr] warning: method `strip_prefix` is never used
[INFO] [stderr]   --> src/handlers/directory.rs:25:8
[INFO] [stderr]    |
[INFO] [stderr] 24 | impl Entry {
[INFO] [stderr]    | ---------- method in this implementation
[INFO] [stderr] 25 |     fn strip_prefix(self, base: &Path) -> Option<Self> {
[INFO] [stderr]    |        ^^^^^^^^^^^^
[INFO] [stderr]    |
[INFO] [stderr]    = note: `#[warn(dead_code)]` on by default
[INFO] [stderr] 
[INFO] [stderr] warning: function `get_json` is never used
[INFO] [stderr]   --> src/handlers/directory.rs:71:8
[INFO] [stderr]    |
[INFO] [stderr] 71 | pub fn get_json(path: &Path) -> Result<String, DirError> {
[INFO] [stderr]    |        ^^^^^^^^
[INFO] [stderr] 
[INFO] [stderr] warning: function `lift` is never used
[INFO] [stderr]   --> src/handlers/directory.rs:76:4
[INFO] [stderr]    |
[INFO] [stderr] 76 | fn lift<T, E>(r: Result<Option<T>, E>) -> Option<Result<T, E>> {
[INFO] [stderr]    |    ^^^^
[INFO] [stderr] 
[INFO] [stderr] warning: function `read_contents` is never used
[INFO] [stderr]   --> src/handlers/directory.rs:84:8
[INFO] [stderr]    |
[INFO] [stderr] 84 | pub fn read_contents(path: &Path) -> Result<Vec<Entry>, DirError> {
[INFO] [stderr]    |        ^^^^^^^^^^^^^
[INFO] [stderr] 
[INFO] [stderr] warning: function `get_json` is never used
[INFO] [stderr]   --> src/handlers/directory.rs:71:8
[INFO] [stderr]    |
[INFO] [stderr] 71 | pub fn get_json(path: &Path) -> Result<String, DirError> {
[INFO] [stderr]    |        ^^^^^^^^
[INFO] [stderr]    |
[INFO] [stderr]    = note: `#[warn(dead_code)]` on by default
[INFO] [stderr] 
[INFO] [stderr] warning: `simple-markdown-server` (lib) generated 4 warnings
[INFO] [stderr] warning: `simple-markdown-server` (lib test) generated 1 warning
[INFO] [stderr]     Finished test [unoptimized + debuginfo] target(s) in 0.04s
[INFO] [stderr]      Running unittests src/lib.rs (/opt/rustwide/target/debug/deps/simple_markdown_server-644c319eb4fc3287)
[INFO] [stdout] 
[INFO] [stdout] running 11 tests
[INFO] [stdout] test config::tests::builder_sets_addr_tuple ... ok
[INFO] [stdout] test config::tests::builder_sets_ip ... ok
[INFO] [stdout] test config::tests::builder_sets_longer_root ... ok
[INFO] [stdout] test config::tests::builder_sets_port ... ok
[INFO] [stdout] test config::tests::builder_sets_root ... ok
[INFO] [stdout] test config::tests::builder_uses_default ... ok
[INFO] [stdout] test config::tests::env_tests::builder_sources_env_root ... ok
[INFO] [stdout] test config::tests::env_tests::builder_sources_env_static ... ok
[INFO] [stdout] test config::tests::env_tests::builder_sources_without_env ... ok
[INFO] [stdout] test handlers::directory::tests::gets_dir_contents ... ok
[INFO] [stdout] test handlers::directory::tests::serializes ... ok
[INFO] [stdout] 
[INFO] [stdout] test result: ok. 11 passed; 0 failed; 0 ignored; 0 measured; 0 filtered out; finished in 0.00s
[INFO] [stdout] 
[INFO] [stderr]      Running unittests src/main.rs (/opt/rustwide/target/debug/deps/simple_markdown_server-00b2752783d2f045)
[INFO] [stdout] 
[INFO] [stdout] running 0 tests
[INFO] [stdout] 
[INFO] [stdout] test result: ok. 0 passed; 0 failed; 0 ignored; 0 measured; 0 filtered out; finished in 0.00s
[INFO] [stdout] 
[INFO] [stderr]    Doc-tests simple-markdown-server
[INFO] [stdout] 
[INFO] [stdout] running 1 test
[INFO] [stdout] test src/response.rs - response::from_string (line 77) ... FAILED
[INFO] [stdout] 
[INFO] [stdout] failures:
[INFO] [stdout] 
[INFO] [stdout] ---- src/response.rs - response::from_string (line 77) stdout ----
[INFO] [stdout] error[E0432]: unresolved import `zettel_web`
[INFO] [stdout]  --> src/response.rs:78:5
[INFO] [stdout]   |
[INFO] [stdout] 3 | use zettel_web::response;
[INFO] [stdout]   |     ^^^^^^^^^^ use of undeclared crate or module `zettel_web`
[INFO] [stdout] 
[INFO] [stdout] error: aborting due to previous error
[INFO] [stdout] 
[INFO] [stdout] For more information about this error, try `rustc --explain E0432`.
[INFO] [stdout] Couldn't compile the test.
[INFO] [stdout] 
[INFO] [stdout] failures:
[INFO] [stdout]     src/response.rs - response::from_string (line 77)
[INFO] [stdout] 
[INFO] [stdout] test result: FAILED. 0 passed; 1 failed; 0 ignored; 0 measured; 0 filtered out; finished in 0.03s
[INFO] [stdout] 
[INFO] [stderr] error: doctest failed, to rerun pass `--doc`
[INFO] running `Command { std: "docker" "inspect" "6cdb642089504ea46ce6876a0ec42bb730ce4530a4b1531247328f065ff6e812", kill_on_drop: false }`
[INFO] running `Command { std: "docker" "rm" "-f" "6cdb642089504ea46ce6876a0ec42bb730ce4530a4b1531247328f065ff6e812", kill_on_drop: false }`
[INFO] [stdout] 6cdb642089504ea46ce6876a0ec42bb730ce4530a4b1531247328f065ff6e812
[INFO] testing jladan/simple-markdown-server against beta-2023-12-22 for beta-1.76-1
[INFO] running `Command { std: "git" "clone" "/workspace/cache/git-repos/https%3A%2F%2Fgithub.com%2Fjladan%2Fsimple-markdown-server" "/workspace/builds/worker-5-tc2/source", kill_on_drop: false }`
[INFO] [stderr] Cloning into '/workspace/builds/worker-5-tc2/source'...
[INFO] [stderr] done.
[INFO] validating manifest of git repo https://github.com/jladan/simple-markdown-server on toolchain beta-2023-12-22
[INFO] running `Command { std: CARGO_HOME="/workspace/cargo-home" RUSTUP_HOME="/workspace/rustup-home" "/workspace/cargo-home/bin/cargo" "+beta-2023-12-22" "metadata" "--manifest-path" "Cargo.toml" "--no-deps", kill_on_drop: false }`
[INFO] started tweaking git repo https://github.com/jladan/simple-markdown-server
[INFO] finished tweaking git repo https://github.com/jladan/simple-markdown-server
[INFO] tweaked toml for git repo https://github.com/jladan/simple-markdown-server written to /workspace/builds/worker-5-tc2/source/Cargo.toml
[INFO] crate git repo https://github.com/jladan/simple-markdown-server already has a lockfile, it will not be regenerated
[INFO] running `Command { std: CARGO_HOME="/workspace/cargo-home" RUSTUP_HOME="/workspace/rustup-home" "/workspace/cargo-home/bin/cargo" "+beta-2023-12-22" "fetch" "--manifest-path" "Cargo.toml", kill_on_drop: false }`
[INFO] running `Command { std: "docker" "create" "-v" "/var/lib/crater-agent-workspace/builds/worker-5-tc2/target:/opt/rustwide/target:rw,Z" "-v" "/var/lib/crater-agent-workspace/builds/worker-5-tc2/source:/opt/rustwide/workdir:ro,Z" "-v" "/var/lib/crater-agent-workspace/cargo-home:/opt/rustwide/cargo-home:ro,Z" "-v" "/var/lib/crater-agent-workspace/rustup-home:/opt/rustwide/rustup-home:ro,Z" "-e" "SOURCE_DIR=/opt/rustwide/workdir" "-e" "CARGO_TARGET_DIR=/opt/rustwide/target" "-e" "CARGO_HOME=/opt/rustwide/cargo-home" "-e" "RUSTUP_HOME=/opt/rustwide/rustup-home" "-w" "/opt/rustwide/workdir" "-m" "1610612736" "--user" "0:0" "--network" "none" "ghcr.io/rust-lang/crates-build-env/linux@sha256:2788e3201cd34a07e3172128adcd8b3090168a8e3bcc40d7c032b9dda1df7d1c" "/opt/rustwide/cargo-home/bin/cargo" "+beta-2023-12-22" "metadata" "--no-deps" "--format-version=1", kill_on_drop: false }`
[INFO] [stdout] 721a0930e6af839ec9d44d548be0c329b3de86a977be771851b20aa5aaada6ef
[INFO] running `Command { std: "docker" "start" "-a" "721a0930e6af839ec9d44d548be0c329b3de86a977be771851b20aa5aaada6ef", kill_on_drop: false }`
[INFO] running `Command { std: "docker" "inspect" "721a0930e6af839ec9d44d548be0c329b3de86a977be771851b20aa5aaada6ef", kill_on_drop: false }`
[INFO] running `Command { std: "docker" "rm" "-f" "721a0930e6af839ec9d44d548be0c329b3de86a977be771851b20aa5aaada6ef", kill_on_drop: false }`
[INFO] [stdout] 721a0930e6af839ec9d44d548be0c329b3de86a977be771851b20aa5aaada6ef
[INFO] running `Command { std: "docker" "create" "-v" "/var/lib/crater-agent-workspace/builds/worker-5-tc2/target:/opt/rustwide/target:rw,Z" "-v" "/var/lib/crater-agent-workspace/builds/worker-5-tc2/source:/opt/rustwide/workdir:ro,Z" "-v" "/var/lib/crater-agent-workspace/cargo-home:/opt/rustwide/cargo-home:ro,Z" "-v" "/var/lib/crater-agent-workspace/rustup-home:/opt/rustwide/rustup-home:ro,Z" "-e" "SOURCE_DIR=/opt/rustwide/workdir" "-e" "CARGO_TARGET_DIR=/opt/rustwide/target" "-e" "CARGO_INCREMENTAL=0" "-e" "RUST_BACKTRACE=full" "-e" "RUSTFLAGS=--cap-lints=warn" "-e" "RUSTDOCFLAGS=--cap-lints=warn" "-e" "CARGO_HOME=/opt/rustwide/cargo-home" "-e" "RUSTUP_HOME=/opt/rustwide/rustup-home" "-w" "/opt/rustwide/workdir" "-m" "1610612736" "--user" "0:0" "--network" "none" "ghcr.io/rust-lang/crates-build-env/linux@sha256:2788e3201cd34a07e3172128adcd8b3090168a8e3bcc40d7c032b9dda1df7d1c" "/opt/rustwide/cargo-home/bin/cargo" "+beta-2023-12-22" "build" "--frozen" "--message-format=json", kill_on_drop: false }`
[INFO] [stdout] b66a7864d83c8daccc9b2100b00622df242a8ff24b8f9665d9eb0c7553b89669
[INFO] running `Command { std: "docker" "start" "-a" "b66a7864d83c8daccc9b2100b00622df242a8ff24b8f9665d9eb0c7553b89669", kill_on_drop: false }`
[INFO] [stderr]    Compiling version_check v0.9.4
[INFO] [stderr]    Compiling cfg-if v1.0.0
[INFO] [stderr]    Compiling proc-macro2 v1.0.58
[INFO] [stderr]    Compiling quote v1.0.27
[INFO] [stderr]    Compiling libc v0.2.144
[INFO] [stderr]    Compiling unicode-ident v1.0.9
[INFO] [stderr]    Compiling memchr v2.5.0
[INFO] [stderr]    Compiling ppv-lite86 v0.2.17
[INFO] [stderr]    Compiling siphasher v0.3.10
[INFO] [stderr]    Compiling thiserror v1.0.40
[INFO] [stderr]    Compiling regex-syntax v0.7.2
[INFO] [stderr]    Compiling uncased v0.9.9
[INFO] [stderr]    Compiling once_cell v1.18.0
[INFO] [stderr]    Compiling autocfg v1.1.0
[INFO] [stderr]    Compiling fnv v1.0.7
[INFO] [stderr]    Compiling ucd-trie v0.1.5
[INFO] [stderr]    Compiling phf_shared v0.10.0
[INFO] [stderr]    Compiling num-traits v0.2.15
[INFO] [stderr]    Compiling syn v2.0.16
[INFO] [stderr]    Compiling getrandom v0.2.10
[INFO] [stderr]    Compiling phf v0.10.1
[INFO] [stderr]    Compiling aho-corasick v1.0.2
[INFO] [stderr]    Compiling rand_core v0.6.4
[INFO] [stderr]    Compiling aho-corasick v0.7.20
[INFO] [stderr]    Compiling bstr v1.5.0
[INFO] [stderr]    Compiling rand_chacha v0.3.1
[INFO] [stderr]    Compiling log v0.4.19
[INFO] [stderr]    Compiling rand v0.8.5
[INFO] [stderr]    Compiling regex v1.8.4
[INFO] [stderr]    Compiling unic-char-range v0.9.0
[INFO] [stderr]    Compiling serde v1.0.163
[INFO] [stderr]    Compiling phf_generator v0.10.0
[INFO] [stderr]    Compiling same-file v1.0.6
[INFO] [stderr]    Compiling phf_codegen v0.10.0
[INFO] [stderr]    Compiling parse-zoneinfo v0.3.0
[INFO] [stderr]    Compiling libm v0.2.7
[INFO] [stderr]    Compiling unic-common v0.9.0
[INFO] [stderr]    Compiling walkdir v2.3.3
[INFO] [stderr]    Compiling unic-ucd-version v0.9.0
[INFO] [stderr]    Compiling unic-char-property v0.9.0
[INFO] [stderr]    Compiling chrono-tz-build v0.0.2
[INFO] [stderr]    Compiling thread_local v1.1.4
[INFO] [stderr]    Compiling chrono-tz v0.6.1
[INFO] [stderr]    Compiling unicase v2.6.0
[INFO] [stderr]    Compiling bitflags v1.3.2
[INFO] [stderr]    Compiling itoa v1.0.6
[INFO] [stderr]    Compiling iana-time-zone v0.1.57
[INFO] [stderr]    Compiling serde_json v1.0.96
[INFO] [stderr]    Compiling lazy_static v1.4.0
[INFO] [stderr]    Compiling thiserror-impl v1.0.40
[INFO] [stderr]    Compiling serde_derive v1.0.163
[INFO] [stderr]    Compiling chrono v0.4.26
[INFO] [stderr]    Compiling globset v0.4.10
[INFO] [stderr]    Compiling ignore v0.4.20
[INFO] [stderr]    Compiling unic-ucd-segment v0.9.0
[INFO] [stderr]    Compiling percent-encoding v2.2.0
[INFO] [stderr]    Compiling deunicode v0.4.3
[INFO] [stderr]    Compiling pest v2.6.0
[INFO] [stderr]    Compiling ryu v1.0.13
[INFO] [stderr]    Compiling httparse v1.8.0
[INFO] [stderr]    Compiling pulldown-cmark v0.9.2
[INFO] [stderr]    Compiling humansize v2.1.3
[INFO] [stderr]    Compiling slug v0.1.4
[INFO] [stderr]    Compiling unic-segment v0.9.0
[INFO] [stderr]    Compiling globwalk v0.8.1
[INFO] [stderr]    Compiling num_cpus v1.15.0
[INFO] [stderr]    Compiling bytes v1.4.0
[INFO] [stderr]    Compiling pest_meta v2.6.0
[INFO] [stderr]    Compiling http v0.2.9
[INFO] [stderr]    Compiling threadpool v1.8.1
[INFO] [stderr]    Compiling url-escape v0.1.1
[INFO] [stderr]    Compiling pest_generator v2.6.0
[INFO] [stderr]    Compiling pest_derive v2.6.0
[INFO] [stderr]    Compiling tera v1.19.0
[INFO] [stderr]    Compiling simple-markdown-server v0.2.0 (/opt/rustwide/workdir)
[INFO] [stdout] warning: method `strip_prefix` is never used
[INFO] [stdout]   --> src/handlers/directory.rs:25:8
[INFO] [stdout]    |
[INFO] [stdout] 24 | impl Entry {
[INFO] [stdout]    | ---------- method in this implementation
[INFO] [stdout] 25 |     fn strip_prefix(self, base: &Path) -> Option<Self> {
[INFO] [stdout]    |        ^^^^^^^^^^^^
[INFO] [stdout]    |
[INFO] [stdout]    = note: `#[warn(dead_code)]` on by default
[INFO] [stdout] 
[INFO] [stdout] 
[INFO] [stdout] warning: function `get_json` is never used
[INFO] [stdout]   --> src/handlers/directory.rs:71:8
[INFO] [stdout]    |
[INFO] [stdout] 71 | pub fn get_json(path: &Path) -> Result<String, DirError> {
[INFO] [stdout]    |        ^^^^^^^^
[INFO] [stdout] 
[INFO] [stdout] 
[INFO] [stdout] warning: function `lift` is never used
[INFO] [stdout]   --> src/handlers/directory.rs:76:4
[INFO] [stdout]    |
[INFO] [stdout] 76 | fn lift<T, E>(r: Result<Option<T>, E>) -> Option<Result<T, E>> {
[INFO] [stdout]    |    ^^^^
[INFO] [stdout] 
[INFO] [stdout] 
[INFO] [stdout] warning: function `read_contents` is never used
[INFO] [stdout]   --> src/handlers/directory.rs:84:8
[INFO] [stdout]    |
[INFO] [stdout] 84 | pub fn read_contents(path: &Path) -> Result<Vec<Entry>, DirError> {
[INFO] [stdout]    |        ^^^^^^^^^^^^^
[INFO] [stdout] 
[INFO] [stdout] 
[INFO] [stdout] warning: 4 warnings emitted
[INFO] [stdout] 
[INFO] [stdout] 
[INFO] [stderr]     Finished dev [unoptimized + debuginfo] target(s) in 12.84s
[INFO] running `Command { std: "docker" "inspect" "b66a7864d83c8daccc9b2100b00622df242a8ff24b8f9665d9eb0c7553b89669", kill_on_drop: false }`
[INFO] running `Command { std: "docker" "rm" "-f" "b66a7864d83c8daccc9b2100b00622df242a8ff24b8f9665d9eb0c7553b89669", kill_on_drop: false }`
[INFO] [stdout] b66a7864d83c8daccc9b2100b00622df242a8ff24b8f9665d9eb0c7553b89669
[INFO] running `Command { std: "docker" "create" "-v" "/var/lib/crater-agent-workspace/builds/worker-5-tc2/target:/opt/rustwide/target:rw,Z" "-v" "/var/lib/crater-agent-workspace/builds/worker-5-tc2/source:/opt/rustwide/workdir:ro,Z" "-v" "/var/lib/crater-agent-workspace/cargo-home:/opt/rustwide/cargo-home:ro,Z" "-v" "/var/lib/crater-agent-workspace/rustup-home:/opt/rustwide/rustup-home:ro,Z" "-e" "SOURCE_DIR=/opt/rustwide/workdir" "-e" "CARGO_TARGET_DIR=/opt/rustwide/target" "-e" "CARGO_INCREMENTAL=0" "-e" "RUST_BACKTRACE=full" "-e" "RUSTFLAGS=--cap-lints=warn" "-e" "RUSTDOCFLAGS=--cap-lints=warn" "-e" "CARGO_HOME=/opt/rustwide/cargo-home" "-e" "RUSTUP_HOME=/opt/rustwide/rustup-home" "-w" "/opt/rustwide/workdir" "-m" "1610612736" "--user" "0:0" "--network" "none" "ghcr.io/rust-lang/crates-build-env/linux@sha256:2788e3201cd34a07e3172128adcd8b3090168a8e3bcc40d7c032b9dda1df7d1c" "/opt/rustwide/cargo-home/bin/cargo" "+beta-2023-12-22" "test" "--frozen" "--no-run" "--message-format=json", kill_on_drop: false }`
[INFO] [stdout] 7874b01e870883e9c87aebdf478268c07bd433bcd1447276df75b175903a985c
[INFO] running `Command { std: "docker" "start" "-a" "7874b01e870883e9c87aebdf478268c07bd433bcd1447276df75b175903a985c", kill_on_drop: false }`
[INFO] [stderr]    Compiling scopeguard v1.1.0
[INFO] [stdout] warning: method `strip_prefix` is never used
[INFO] [stdout]   --> src/handlers/directory.rs:25:8
[INFO] [stdout]    |
[INFO] [stdout] 24 | impl Entry {
[INFO] [stdout]    | ---------- method in this implementation
[INFO] [stdout] 25 |     fn strip_prefix(self, base: &Path) -> Option<Self> {
[INFO] [stdout]    |        ^^^^^^^^^^^^
[INFO] [stdout]    |
[INFO] [stdout]    = note: `#[warn(dead_code)]` on by default
[INFO] [stdout] 
[INFO] [stdout] 
[INFO] [stdout] warning: function `get_json` is never used
[INFO] [stdout]   --> src/handlers/directory.rs:71:8
[INFO] [stdout]    |
[INFO] [stdout] 71 | pub fn get_json(path: &Path) -> Result<String, DirError> {
[INFO] [stdout]    |        ^^^^^^^^
[INFO] [stdout] 
[INFO] [stdout] 
[INFO] [stdout] warning: function `lift` is never used
[INFO] [stdout]   --> src/handlers/directory.rs:76:4
[INFO] [stdout]    |
[INFO] [stdout] 76 | fn lift<T, E>(r: Result<Option<T>, E>) -> Option<Result<T, E>> {
[INFO] [stdout]    |    ^^^^
[INFO] [stdout] 
[INFO] [stdout] 
[INFO] [stdout] warning: function `read_contents` is never used
[INFO] [stdout]   --> src/handlers/directory.rs:84:8
[INFO] [stdout]    |
[INFO] [stdout] 84 | pub fn read_contents(path: &Path) -> Result<Vec<Entry>, DirError> {
[INFO] [stdout]    |        ^^^^^^^^^^^^^
[INFO] [stdout] 
[INFO] [stdout] 
[INFO] [stdout] warning: 4 warnings emitted
[INFO] [stdout] 
[INFO] [stdout] 
[INFO] [stderr]    Compiling simple-markdown-server v0.2.0 (/opt/rustwide/workdir)
[INFO] [stdout] warning: function `get_json` is never used
[INFO] [stdout]   --> src/handlers/directory.rs:71:8
[INFO] [stdout]    |
[INFO] [stdout] 71 | pub fn get_json(path: &Path) -> Result<String, DirError> {
[INFO] [stdout]    |        ^^^^^^^^
[INFO] [stdout]    |
[INFO] [stdout]    = note: `#[warn(dead_code)]` on by default
[INFO] [stdout] 
[INFO] [stdout] 
[INFO] [stdout] warning: 1 warning emitted
[INFO] [stdout] 
[INFO] [stdout] 
[INFO] [stderr]     Finished test [unoptimized + debuginfo] target(s) in 1.77s
[INFO] running `Command { std: "docker" "inspect" "7874b01e870883e9c87aebdf478268c07bd433bcd1447276df75b175903a985c", kill_on_drop: false }`
[INFO] running `Command { std: "docker" "rm" "-f" "7874b01e870883e9c87aebdf478268c07bd433bcd1447276df75b175903a985c", kill_on_drop: false }`
[INFO] [stdout] 7874b01e870883e9c87aebdf478268c07bd433bcd1447276df75b175903a985c
[INFO] running `Command { std: "docker" "create" "-v" "/var/lib/crater-agent-workspace/builds/worker-5-tc2/target:/opt/rustwide/target:rw,Z" "-v" "/var/lib/crater-agent-workspace/builds/worker-5-tc2/source:/opt/rustwide/workdir:ro,Z" "-v" "/var/lib/crater-agent-workspace/cargo-home:/opt/rustwide/cargo-home:ro,Z" "-v" "/var/lib/crater-agent-workspace/rustup-home:/opt/rustwide/rustup-home:ro,Z" "-e" "SOURCE_DIR=/opt/rustwide/workdir" "-e" "CARGO_TARGET_DIR=/opt/rustwide/target" "-e" "CARGO_INCREMENTAL=0" "-e" "RUST_BACKTRACE=full" "-e" "RUSTFLAGS=--cap-lints=warn" "-e" "RUSTDOCFLAGS=--cap-lints=warn" "-e" "CARGO_HOME=/opt/rustwide/cargo-home" "-e" "RUSTUP_HOME=/opt/rustwide/rustup-home" "-w" "/opt/rustwide/workdir" "-m" "1610612736" "--user" "0:0" "--network" "none" "ghcr.io/rust-lang/crates-build-env/linux@sha256:2788e3201cd34a07e3172128adcd8b3090168a8e3bcc40d7c032b9dda1df7d1c" "/opt/rustwide/cargo-home/bin/cargo" "+beta-2023-12-22" "test" "--frozen", kill_on_drop: false }`
[INFO] [stdout] f11659e0628c91d71c99fb8245cf5c5e8c2e98917f286e2f2814e49080dfe9b4
[INFO] running `Command { std: "docker" "start" "-a" "f11659e0628c91d71c99fb8245cf5c5e8c2e98917f286e2f2814e49080dfe9b4", kill_on_drop: false }`
[INFO] [stderr] warning: method `strip_prefix` is never used
[INFO] [stderr]   --> src/handlers/directory.rs:25:8
[INFO] [stderr]    |
[INFO] [stderr] 24 | impl Entry {
[INFO] [stderr]    | ---------- method in this implementation
[INFO] [stderr] 25 |     fn strip_prefix(self, base: &Path) -> Option<Self> {
[INFO] [stderr]    |        ^^^^^^^^^^^^
[INFO] [stderr]    |
[INFO] [stderr]    = note: `#[warn(dead_code)]` on by default
[INFO] [stderr] 
[INFO] [stderr] warning: function `get_json` is never used
[INFO] [stderr]   --> src/handlers/directory.rs:71:8
[INFO] [stderr]    |
[INFO] [stderr] 71 | pub fn get_json(path: &Path) -> Result<String, DirError> {
[INFO] [stderr]    |        ^^^^^^^^
[INFO] [stderr] 
[INFO] [stderr] warning: function `lift` is never used
[INFO] [stderr]   --> src/handlers/directory.rs:76:4
[INFO] [stderr]    |
[INFO] [stderr] 76 | fn lift<T, E>(r: Result<Option<T>, E>) -> Option<Result<T, E>> {
[INFO] [stderr]    |    ^^^^
[INFO] [stderr] 
[INFO] [stderr] warning: function `read_contents` is never used
[INFO] [stderr]   --> src/handlers/directory.rs:84:8
[INFO] [stderr]    |
[INFO] [stderr] 84 | pub fn read_contents(path: &Path) -> Result<Vec<Entry>, DirError> {
[INFO] [stderr]    |        ^^^^^^^^^^^^^
[INFO] [stderr] 
[INFO] [stderr] warning: function `get_json` is never used
[INFO] [stderr]   --> src/handlers/directory.rs:71:8
[INFO] [stderr]    |
[INFO] [stderr] 71 | pub fn get_json(path: &Path) -> Result<String, DirError> {
[INFO] [stderr]    |        ^^^^^^^^
[INFO] [stderr]    |
[INFO] [stderr]    = note: `#[warn(dead_code)]` on by default
[INFO] [stderr] 
[INFO] [stderr] warning: `simple-markdown-server` (lib) generated 4 warnings
[INFO] [stderr] warning: `simple-markdown-server` (lib test) generated 1 warning
[INFO] [stderr]     Finished test [unoptimized + debuginfo] target(s) in 0.08s
[INFO] [stderr]      Running unittests src/lib.rs (/opt/rustwide/target/debug/deps/simple_markdown_server-22001967b1235a41)
[INFO] [stdout] 
[INFO] [stdout] running 11 tests
[INFO] [stdout] test config::tests::builder_sets_ip ... ok
[INFO] [stdout] test config::tests::builder_sets_longer_root ... ok
[INFO] [stdout] test config::tests::builder_sets_root ... ok
[INFO] [stdout] test config::tests::env_tests::builder_sources_env_root ... ok
[INFO] [stdout] test config::tests::builder_uses_default ... ok
[INFO] [stdout] test config::tests::builder_sets_addr_tuple ... ok
[INFO] [stdout] test config::tests::builder_sets_port ... ok
[INFO] [stdout] test handlers::directory::tests::gets_dir_contents ... ok
[INFO] [stdout] test config::tests::env_tests::builder_sources_without_env ... ok
[INFO] [stdout] test handlers::directory::tests::serializes ... ok
[INFO] [stdout] test config::tests::env_tests::builder_sources_env_static ... ok
[INFO] [stdout] 
[INFO] [stdout] test result: ok. 11 passed; 0 failed; 0 ignored; 0 measured; 0 filtered out; finished in 0.03s
[INFO] [stdout] 
[INFO] [stderr]      Running unittests src/main.rs (/opt/rustwide/target/debug/deps/simple_markdown_server-1ff64ddc05fcb779)
[INFO] [stdout] 
[INFO] [stdout] running 0 tests
[INFO] [stdout] 
[INFO] [stdout] test result: ok. 0 passed; 0 failed; 0 ignored; 0 measured; 0 filtered out; finished in 0.00s
[INFO] [stdout] 
[INFO] [stderr]    Doc-tests simple-markdown-server
[INFO] [stdout] 
[INFO] [stdout] running 1 test
[INFO] [stdout] test src/response.rs - response::from_string (line 77) ... FAILED
[INFO] [stdout] 
[INFO] [stdout] failures:
[INFO] [stdout] 
[INFO] [stdout] ---- src/response.rs - response::from_string (line 77) stdout ----
[INFO] [stdout] error[E0432]: unresolved import `zettel_web`
[INFO] [stdout]  --> src/response.rs:78:5
[INFO] [stdout]   |
[INFO] [stdout] 3 | use zettel_web::response;
[INFO] [stdout]   |     ^^^^^^^^^^ use of undeclared crate or module `zettel_web`
[INFO] [stdout] 
[INFO] [stdout] error: aborting due to 1 previous error
[INFO] [stdout] 
[INFO] [stdout] For more information about this error, try `rustc --explain E0432`.
[INFO] [stdout] Couldn't compile the test.
[INFO] [stdout] 
[INFO] [stdout] failures:
[INFO] [stdout]     src/response.rs - response::from_string (line 77)
[INFO] [stdout] 
[INFO] [stdout] test result: FAILED. 0 passed; 1 failed; 0 ignored; 0 measured; 0 filtered out; finished in 0.07s
[INFO] [stdout] 
[INFO] [stderr] error: doctest failed, to rerun pass `--doc`
[INFO] running `Command { std: "docker" "inspect" "f11659e0628c91d71c99fb8245cf5c5e8c2e98917f286e2f2814e49080dfe9b4", kill_on_drop: false }`
[INFO] running `Command { std: "docker" "rm" "-f" "f11659e0628c91d71c99fb8245cf5c5e8c2e98917f286e2f2814e49080dfe9b4", kill_on_drop: false }`
[INFO] [stdout] f11659e0628c91d71c99fb8245cf5c5e8c2e98917f286e2f2814e49080dfe9b4
