[INFO] cloning repository https://github.com/jkenda/slj
[INFO] running `Command { std: "git" "-c" "credential.helper=" "-c" "credential.helper=/workspace/cargo-home/bin/git-credential-null" "clone" "--bare" "https://github.com/jkenda/slj" "/workspace/cache/git-repos/https%3A%2F%2Fgithub.com%2Fjkenda%2Fslj", kill_on_drop: false }`
[INFO] [stderr] Cloning into bare repository '/workspace/cache/git-repos/https%3A%2F%2Fgithub.com%2Fjkenda%2Fslj'...
[INFO] running `Command { std: "git" "rev-parse" "HEAD", kill_on_drop: false }`
[INFO] [stdout] 090492f0328561edb3f6e62e234af80d1587b8bc
[INFO] testing jkenda/slj against 1.75.0 for beta-1.76-1
[INFO] running `Command { std: "git" "clone" "/workspace/cache/git-repos/https%3A%2F%2Fgithub.com%2Fjkenda%2Fslj" "/workspace/builds/worker-5-tc1/source", kill_on_drop: false }`
[INFO] [stderr] Cloning into '/workspace/builds/worker-5-tc1/source'...
[INFO] [stderr] done.
[INFO] validating manifest of git repo https://github.com/jkenda/slj on toolchain 1.75.0
[INFO] running `Command { std: CARGO_HOME="/workspace/cargo-home" RUSTUP_HOME="/workspace/rustup-home" "/workspace/cargo-home/bin/cargo" "+1.75.0" "metadata" "--manifest-path" "Cargo.toml" "--no-deps", kill_on_drop: false }`
[INFO] started tweaking git repo https://github.com/jkenda/slj
[INFO] finished tweaking git repo https://github.com/jkenda/slj
[INFO] tweaked toml for git repo https://github.com/jkenda/slj written to /workspace/builds/worker-5-tc1/source/Cargo.toml
[INFO] crate git repo https://github.com/jkenda/slj already has a lockfile, it will not be regenerated
[INFO] running `Command { std: CARGO_HOME="/workspace/cargo-home" RUSTUP_HOME="/workspace/rustup-home" "/workspace/cargo-home/bin/cargo" "+1.75.0" "fetch" "--manifest-path" "Cargo.toml", kill_on_drop: false }`
[INFO] [stderr]     Updating crates.io index
[INFO] [stderr]  Downloading crates ...
[INFO] [stderr]   Downloaded unsafe_unwrap v0.1.0
[INFO] [stderr]   Downloaded no-panic v0.1.22
[INFO] running `Command { std: "docker" "create" "-v" "/var/lib/crater-agent-workspace/builds/worker-5-tc1/target:/opt/rustwide/target:rw,Z" "-v" "/var/lib/crater-agent-workspace/builds/worker-5-tc1/source:/opt/rustwide/workdir:ro,Z" "-v" "/var/lib/crater-agent-workspace/cargo-home:/opt/rustwide/cargo-home:ro,Z" "-v" "/var/lib/crater-agent-workspace/rustup-home:/opt/rustwide/rustup-home:ro,Z" "-e" "SOURCE_DIR=/opt/rustwide/workdir" "-e" "CARGO_TARGET_DIR=/opt/rustwide/target" "-e" "CARGO_HOME=/opt/rustwide/cargo-home" "-e" "RUSTUP_HOME=/opt/rustwide/rustup-home" "-w" "/opt/rustwide/workdir" "-m" "1610612736" "--user" "0:0" "--network" "none" "ghcr.io/rust-lang/crates-build-env/linux@sha256:2788e3201cd34a07e3172128adcd8b3090168a8e3bcc40d7c032b9dda1df7d1c" "/opt/rustwide/cargo-home/bin/cargo" "+1.75.0" "metadata" "--no-deps" "--format-version=1", kill_on_drop: false }`
[INFO] [stdout] f6e0fa759b6f56ebfaa1745500bda96b50b9b55fe8b302a4eb5b6d4bfdb3b13a
[INFO] running `Command { std: "docker" "start" "-a" "f6e0fa759b6f56ebfaa1745500bda96b50b9b55fe8b302a4eb5b6d4bfdb3b13a", kill_on_drop: false }`
[INFO] running `Command { std: "docker" "inspect" "f6e0fa759b6f56ebfaa1745500bda96b50b9b55fe8b302a4eb5b6d4bfdb3b13a", kill_on_drop: false }`
[INFO] running `Command { std: "docker" "rm" "-f" "f6e0fa759b6f56ebfaa1745500bda96b50b9b55fe8b302a4eb5b6d4bfdb3b13a", kill_on_drop: false }`
[INFO] [stdout] f6e0fa759b6f56ebfaa1745500bda96b50b9b55fe8b302a4eb5b6d4bfdb3b13a
[INFO] running `Command { std: "docker" "create" "-v" "/var/lib/crater-agent-workspace/builds/worker-5-tc1/target:/opt/rustwide/target:rw,Z" "-v" "/var/lib/crater-agent-workspace/builds/worker-5-tc1/source:/opt/rustwide/workdir:ro,Z" "-v" "/var/lib/crater-agent-workspace/cargo-home:/opt/rustwide/cargo-home:ro,Z" "-v" "/var/lib/crater-agent-workspace/rustup-home:/opt/rustwide/rustup-home:ro,Z" "-e" "SOURCE_DIR=/opt/rustwide/workdir" "-e" "CARGO_TARGET_DIR=/opt/rustwide/target" "-e" "CARGO_INCREMENTAL=0" "-e" "RUST_BACKTRACE=full" "-e" "RUSTFLAGS=--cap-lints=warn" "-e" "RUSTDOCFLAGS=--cap-lints=warn" "-e" "CARGO_HOME=/opt/rustwide/cargo-home" "-e" "RUSTUP_HOME=/opt/rustwide/rustup-home" "-w" "/opt/rustwide/workdir" "-m" "1610612736" "--user" "0:0" "--network" "none" "ghcr.io/rust-lang/crates-build-env/linux@sha256:2788e3201cd34a07e3172128adcd8b3090168a8e3bcc40d7c032b9dda1df7d1c" "/opt/rustwide/cargo-home/bin/cargo" "+1.75.0" "build" "--frozen" "--message-format=json", kill_on_drop: false }`
[INFO] [stdout] 5ece22b9d868c559294b9038d5ff55ac2b3a6ec90323fd395c0dfb4a28d6706f
[INFO] running `Command { std: "docker" "start" "-a" "5ece22b9d868c559294b9038d5ff55ac2b3a6ec90323fd395c0dfb4a28d6706f", kill_on_drop: false }`
[INFO] [stderr]    Compiling proc-macro2 v1.0.58
[INFO] [stderr]    Compiling memchr v2.5.0
[INFO] [stderr]    Compiling unicode-ident v1.0.8
[INFO] [stderr]    Compiling quote v1.0.27
[INFO] [stderr]    Compiling regex-syntax v0.7.2
[INFO] [stderr]    Compiling lazy_static v1.4.0
[INFO] [stderr]    Compiling unsafe_unwrap v0.1.0
[INFO] [stderr]    Compiling aho-corasick v1.0.1
[INFO] [stderr]    Compiling syn v2.0.16
[INFO] [stderr]    Compiling regex v1.8.2
[INFO] [stderr]    Compiling no-panic v0.1.22
[INFO] [stderr]    Compiling slj v0.7.4 (/opt/rustwide/workdir)
[INFO] [stderr]     Finished dev [unoptimized + debuginfo] target(s) in 4.47s
[INFO] running `Command { std: "docker" "inspect" "5ece22b9d868c559294b9038d5ff55ac2b3a6ec90323fd395c0dfb4a28d6706f", kill_on_drop: false }`
[INFO] running `Command { std: "docker" "rm" "-f" "5ece22b9d868c559294b9038d5ff55ac2b3a6ec90323fd395c0dfb4a28d6706f", kill_on_drop: false }`
[INFO] [stdout] 5ece22b9d868c559294b9038d5ff55ac2b3a6ec90323fd395c0dfb4a28d6706f
[INFO] running `Command { std: "docker" "create" "-v" "/var/lib/crater-agent-workspace/builds/worker-5-tc1/target:/opt/rustwide/target:rw,Z" "-v" "/var/lib/crater-agent-workspace/builds/worker-5-tc1/source:/opt/rustwide/workdir:ro,Z" "-v" "/var/lib/crater-agent-workspace/cargo-home:/opt/rustwide/cargo-home:ro,Z" "-v" "/var/lib/crater-agent-workspace/rustup-home:/opt/rustwide/rustup-home:ro,Z" "-e" "SOURCE_DIR=/opt/rustwide/workdir" "-e" "CARGO_TARGET_DIR=/opt/rustwide/target" "-e" "CARGO_INCREMENTAL=0" "-e" "RUST_BACKTRACE=full" "-e" "RUSTFLAGS=--cap-lints=warn" "-e" "RUSTDOCFLAGS=--cap-lints=warn" "-e" "CARGO_HOME=/opt/rustwide/cargo-home" "-e" "RUSTUP_HOME=/opt/rustwide/rustup-home" "-w" "/opt/rustwide/workdir" "-m" "1610612736" "--user" "0:0" "--network" "none" "ghcr.io/rust-lang/crates-build-env/linux@sha256:2788e3201cd34a07e3172128adcd8b3090168a8e3bcc40d7c032b9dda1df7d1c" "/opt/rustwide/cargo-home/bin/cargo" "+1.75.0" "test" "--frozen" "--no-run" "--message-format=json", kill_on_drop: false }`
[INFO] [stdout] a09b69ed7acf1276195039652ff4ced76979471e6586b1c88325240785f2799a
[INFO] running `Command { std: "docker" "start" "-a" "a09b69ed7acf1276195039652ff4ced76979471e6586b1c88325240785f2799a", kill_on_drop: false }`
[INFO] [stderr]    Compiling slj v0.7.4 (/opt/rustwide/workdir)
[INFO] [stderr]     Finished test [unoptimized + debuginfo] target(s) in 1.94s
[INFO] running `Command { std: "docker" "inspect" "a09b69ed7acf1276195039652ff4ced76979471e6586b1c88325240785f2799a", kill_on_drop: false }`
[INFO] running `Command { std: "docker" "rm" "-f" "a09b69ed7acf1276195039652ff4ced76979471e6586b1c88325240785f2799a", kill_on_drop: false }`
[INFO] [stdout] a09b69ed7acf1276195039652ff4ced76979471e6586b1c88325240785f2799a
[INFO] running `Command { std: "docker" "create" "-v" "/var/lib/crater-agent-workspace/builds/worker-5-tc1/target:/opt/rustwide/target:rw,Z" "-v" "/var/lib/crater-agent-workspace/builds/worker-5-tc1/source:/opt/rustwide/workdir:ro,Z" "-v" "/var/lib/crater-agent-workspace/cargo-home:/opt/rustwide/cargo-home:ro,Z" "-v" "/var/lib/crater-agent-workspace/rustup-home:/opt/rustwide/rustup-home:ro,Z" "-e" "SOURCE_DIR=/opt/rustwide/workdir" "-e" "CARGO_TARGET_DIR=/opt/rustwide/target" "-e" "CARGO_INCREMENTAL=0" "-e" "RUST_BACKTRACE=full" "-e" "RUSTFLAGS=--cap-lints=warn" "-e" "RUSTDOCFLAGS=--cap-lints=warn" "-e" "CARGO_HOME=/opt/rustwide/cargo-home" "-e" "RUSTUP_HOME=/opt/rustwide/rustup-home" "-w" "/opt/rustwide/workdir" "-m" "1610612736" "--user" "0:0" "--network" "none" "ghcr.io/rust-lang/crates-build-env/linux@sha256:2788e3201cd34a07e3172128adcd8b3090168a8e3bcc40d7c032b9dda1df7d1c" "/opt/rustwide/cargo-home/bin/cargo" "+1.75.0" "test" "--frozen", kill_on_drop: false }`
[INFO] [stdout] 5e8cf5bcc2ade2186a38a07eede357b35840a021fc33b1d42f155385602ea5f8
[INFO] running `Command { std: "docker" "start" "-a" "5e8cf5bcc2ade2186a38a07eede357b35840a021fc33b1d42f155385602ea5f8", kill_on_drop: false }`
[INFO] [stderr]     Finished test [unoptimized + debuginfo] target(s) in 0.01s
[INFO] [stderr]      Running unittests src/lib.rs (/opt/rustwide/target/debug/deps/slj-0fc660cb815ae8cb)
[INFO] [stdout] 
[INFO] [stdout] running 33 tests
[INFO] [stdout] test parser::drevo::testi::eq ... ignored
[INFO] [stdout] test parser::drevo::testi::vsebuje ... ignored
[INFO] [stdout] test parser::drevo::testi::sprememba_stacka ... ok
[INFO] [stdout] test parser::drevo::testi::eval ... ok
[INFO] [stdout] test parser::izraz::testi::osnovni ... ok
[INFO] [stdout] test parser::izraz::testi::primerjalni ... ok
[INFO] [stdout] test parser::izraz::testi::pretvorba ... ok
[INFO] [stdout] test program::v_fasm_x86::testi::bitne_operacije ... FAILED
[INFO] [stdout] test parser::napaka::testi::test_napake_slovnica ... ok
[INFO] [stdout] test program::v_fasm_x86::testi::getc ... FAILED
[INFO] [stdout] test program::test::to_assembler_from_assembler ... ok
[INFO] [stdout] test program::v_fasm_x86::testi::jmpc ... FAILED
[INFO] [stdout] test program::v_fasm_x86::testi::jump ... FAILED
[INFO] [stdout] test program::v_fasm_x86::testi::loff_soff ... FAILED
[INFO] [stdout] test program::v_fasm_x86::testi::load ... FAILED
[INFO] [stdout] test program::v_fasm_x86::testi::primerjave ... FAILED
[INFO] [stdout] test program::v_fasm_x86::testi::itof_ftoi ... FAILED
[INFO] [stdout] test program::v_fasm_x86::testi::cele_operacije ... FAILED
[INFO] [stdout] test program::prevedi::test::prevedi ... ok
[INFO] [stdout] test program::zazeni::testi::zaženi ... ok
[INFO] [stdout] test program::v_fasm_x86::testi::stor ... FAILED
[INFO] [stdout] test program::v_fasm_x86::testi::putc ... FAILED
[INFO] [stdout] test program::v_fasm_x86::testi::realne_operacije ... FAILED
[INFO] [stdout] test parser::lekser::testi::napreden ... ok
[INFO] [stdout] test parser::lekser::testi::preprost ... ok
[INFO] [stdout] test parser::loci::testi::poišči ... ok
[INFO] [stdout] test parser::izraz::testi::aritmetični ... ok
[INFO] [stdout] test parser::lekser::testi::ime ... ok
[INFO] [stdout] test parser::lekser::testi::rezervirane_besede ... ok
[INFO] [stdout] test parser::tip::testi::from_string_to_string ... ok
[INFO] [stdout] test parser::lekser::testi::ločila ... ok
[INFO] [stdout] test parser::lekser::testi::literali ... ok
[INFO] [stdout] test parser::lekser::testi::operatorji ... ok
[INFO] [stdout] 
[INFO] [stdout] failures:
[INFO] [stdout] 
[INFO] [stdout] ---- program::v_fasm_x86::testi::bitne_operacije stdout ----
[INFO] [stdout] Error: Os { code: 30, kind: ReadOnlyFilesystem, message: "Read-only file system" }
[INFO] [stdout] 
[INFO] [stdout] ---- program::v_fasm_x86::testi::getc stdout ----
[INFO] [stdout] Error: Os { code: 30, kind: ReadOnlyFilesystem, message: "Read-only file system" }
[INFO] [stdout] 
[INFO] [stdout] ---- program::v_fasm_x86::testi::jmpc stdout ----
[INFO] [stdout] Error: Os { code: 30, kind: ReadOnlyFilesystem, message: "Read-only file system" }
[INFO] [stdout] 
[INFO] [stdout] ---- program::v_fasm_x86::testi::jump stdout ----
[INFO] [stdout] Error: Os { code: 30, kind: ReadOnlyFilesystem, message: "Read-only file system" }
[INFO] [stdout] 
[INFO] [stdout] ---- program::v_fasm_x86::testi::loff_soff stdout ----
[INFO] [stdout] Error: Os { code: 30, kind: ReadOnlyFilesystem, message: "Read-only file system" }
[INFO] [stdout] 
[INFO] [stdout] ---- program::v_fasm_x86::testi::load stdout ----
[INFO] [stdout] Error: Os { code: 30, kind: ReadOnlyFilesystem, message: "Read-only file system" }
[INFO] [stdout] 
[INFO] [stdout] ---- program::v_fasm_x86::testi::primerjave stdout ----
[INFO] [stdout] Error: Os { code: 30, kind: ReadOnlyFilesystem, message: "Read-only file system" }
[INFO] [stdout] 
[INFO] [stdout] ---- program::v_fasm_x86::testi::itof_ftoi stdout ----
[INFO] [stdout] Error: Os { code: 30, kind: ReadOnlyFilesystem, message: "Read-only file system" }
[INFO] [stdout] 
[INFO] [stdout] ---- program::v_fasm_x86::testi::cele_operacije stdout ----
[INFO] [stdout] Error: Os { code: 30, kind: ReadOnlyFilesystem, message: "Read-only file system" }
[INFO] [stdout] 
[INFO] [stdout] ---- program::v_fasm_x86::testi::stor stdout ----
[INFO] [stdout] Error: Os { code: 30, kind: ReadOnlyFilesystem, message: "Read-only file system" }
[INFO] [stdout] 
[INFO] [stdout] ---- program::v_fasm_x86::testi::putc stdout ----
[INFO] [stdout] Error: Os { code: 30, kind: ReadOnlyFilesystem, message: "Read-only file system" }
[INFO] [stdout] 
[INFO] [stdout] ---- program::v_fasm_x86::testi::realne_operacije stdout ----
[INFO] [stdout] Error: Os { code: 30, kind: ReadOnlyFilesystem, message: "Read-only file system" }
[INFO] [stdout] 
[INFO] [stdout] 
[INFO] [stdout] failures:
[INFO] [stdout]     program::v_fasm_x86::testi::bitne_operacije
[INFO] [stdout]     program::v_fasm_x86::testi::cele_operacije
[INFO] [stdout]     program::v_fasm_x86::testi::getc
[INFO] [stdout]     program::v_fasm_x86::testi::itof_ftoi
[INFO] [stdout]     program::v_fasm_x86::testi::jmpc
[INFO] [stdout]     program::v_fasm_x86::testi::jump
[INFO] [stdout]     program::v_fasm_x86::testi::load
[INFO] [stdout]     program::v_fasm_x86::testi::loff_soff
[INFO] [stdout]     program::v_fasm_x86::testi::primerjave
[INFO] [stdout]     program::v_fasm_x86::testi::putc
[INFO] [stdout]     program::v_fasm_x86::testi::realne_operacije
[INFO] [stdout]     program::v_fasm_x86::testi::stor
[INFO] [stdout] 
[INFO] [stdout] test result: FAILED. 19 passed; 12 failed; 2 ignored; 0 measured; 0 filtered out; finished in 0.24s
[INFO] [stdout] 
[INFO] [stderr] error: test failed, to rerun pass `--lib`
[INFO] running `Command { std: "docker" "inspect" "5e8cf5bcc2ade2186a38a07eede357b35840a021fc33b1d42f155385602ea5f8", kill_on_drop: false }`
[INFO] running `Command { std: "docker" "rm" "-f" "5e8cf5bcc2ade2186a38a07eede357b35840a021fc33b1d42f155385602ea5f8", kill_on_drop: false }`
[INFO] [stdout] 5e8cf5bcc2ade2186a38a07eede357b35840a021fc33b1d42f155385602ea5f8
