[INFO] cloning repository https://github.com/jjrreett/tetris
[INFO] running `Command { std: "git" "-c" "credential.helper=" "-c" "credential.helper=/workspace/cargo-home/bin/git-credential-null" "clone" "--bare" "https://github.com/jjrreett/tetris" "/workspace/cache/git-repos/https%3A%2F%2Fgithub.com%2Fjjrreett%2Ftetris", kill_on_drop: false }`
[INFO] [stderr] Cloning into bare repository '/workspace/cache/git-repos/https%3A%2F%2Fgithub.com%2Fjjrreett%2Ftetris'...
[INFO] running `Command { std: "git" "rev-parse" "HEAD", kill_on_drop: false }`
[INFO] [stdout] 97b32aac719fcf8e15eedee01ba62ec25bc897e7
[INFO] testing jjrreett/tetris against 1.75.0 for beta-1.76-1
[INFO] running `Command { std: "git" "clone" "/workspace/cache/git-repos/https%3A%2F%2Fgithub.com%2Fjjrreett%2Ftetris" "/workspace/builds/worker-2-tc1/source", kill_on_drop: false }`
[INFO] [stderr] Cloning into '/workspace/builds/worker-2-tc1/source'...
[INFO] [stderr] done.
[INFO] validating manifest of git repo https://github.com/jjrreett/tetris on toolchain 1.75.0
[INFO] running `Command { std: CARGO_HOME="/workspace/cargo-home" RUSTUP_HOME="/workspace/rustup-home" "/workspace/cargo-home/bin/cargo" "+1.75.0" "metadata" "--manifest-path" "Cargo.toml" "--no-deps", kill_on_drop: false }`
[INFO] started tweaking git repo https://github.com/jjrreett/tetris
[INFO] finished tweaking git repo https://github.com/jjrreett/tetris
[INFO] tweaked toml for git repo https://github.com/jjrreett/tetris written to /workspace/builds/worker-2-tc1/source/Cargo.toml
[INFO] crate git repo https://github.com/jjrreett/tetris already has a lockfile, it will not be regenerated
[INFO] running `Command { std: CARGO_HOME="/workspace/cargo-home" RUSTUP_HOME="/workspace/rustup-home" "/workspace/cargo-home/bin/cargo" "+1.75.0" "fetch" "--manifest-path" "Cargo.toml", kill_on_drop: false }`
[INFO] running `Command { std: "docker" "create" "-v" "/var/lib/crater-agent-workspace/builds/worker-2-tc1/target:/opt/rustwide/target:rw,Z" "-v" "/var/lib/crater-agent-workspace/builds/worker-2-tc1/source:/opt/rustwide/workdir:ro,Z" "-v" "/var/lib/crater-agent-workspace/cargo-home:/opt/rustwide/cargo-home:ro,Z" "-v" "/var/lib/crater-agent-workspace/rustup-home:/opt/rustwide/rustup-home:ro,Z" "-e" "SOURCE_DIR=/opt/rustwide/workdir" "-e" "CARGO_TARGET_DIR=/opt/rustwide/target" "-e" "CARGO_HOME=/opt/rustwide/cargo-home" "-e" "RUSTUP_HOME=/opt/rustwide/rustup-home" "-w" "/opt/rustwide/workdir" "-m" "1610612736" "--user" "0:0" "--network" "none" "ghcr.io/rust-lang/crates-build-env/linux@sha256:2788e3201cd34a07e3172128adcd8b3090168a8e3bcc40d7c032b9dda1df7d1c" "/opt/rustwide/cargo-home/bin/cargo" "+1.75.0" "metadata" "--no-deps" "--format-version=1", kill_on_drop: false }`
[INFO] [stdout] 7e564f88989aefe055d56fc82a8a3f9e961d80338bcf5e4850391f10c34002e9
[INFO] running `Command { std: "docker" "start" "-a" "7e564f88989aefe055d56fc82a8a3f9e961d80338bcf5e4850391f10c34002e9", kill_on_drop: false }`
[INFO] running `Command { std: "docker" "inspect" "7e564f88989aefe055d56fc82a8a3f9e961d80338bcf5e4850391f10c34002e9", kill_on_drop: false }`
[INFO] running `Command { std: "docker" "rm" "-f" "7e564f88989aefe055d56fc82a8a3f9e961d80338bcf5e4850391f10c34002e9", kill_on_drop: false }`
[INFO] [stdout] 7e564f88989aefe055d56fc82a8a3f9e961d80338bcf5e4850391f10c34002e9
[INFO] running `Command { std: "docker" "create" "-v" "/var/lib/crater-agent-workspace/builds/worker-2-tc1/target:/opt/rustwide/target:rw,Z" "-v" "/var/lib/crater-agent-workspace/builds/worker-2-tc1/source:/opt/rustwide/workdir:ro,Z" "-v" "/var/lib/crater-agent-workspace/cargo-home:/opt/rustwide/cargo-home:ro,Z" "-v" "/var/lib/crater-agent-workspace/rustup-home:/opt/rustwide/rustup-home:ro,Z" "-e" "SOURCE_DIR=/opt/rustwide/workdir" "-e" "CARGO_TARGET_DIR=/opt/rustwide/target" "-e" "CARGO_INCREMENTAL=0" "-e" "RUST_BACKTRACE=full" "-e" "RUSTFLAGS=--cap-lints=warn" "-e" "RUSTDOCFLAGS=--cap-lints=warn" "-e" "CARGO_HOME=/opt/rustwide/cargo-home" "-e" "RUSTUP_HOME=/opt/rustwide/rustup-home" "-w" "/opt/rustwide/workdir" "-m" "1610612736" "--user" "0:0" "--network" "none" "ghcr.io/rust-lang/crates-build-env/linux@sha256:2788e3201cd34a07e3172128adcd8b3090168a8e3bcc40d7c032b9dda1df7d1c" "/opt/rustwide/cargo-home/bin/cargo" "+1.75.0" "build" "--frozen" "--message-format=json", kill_on_drop: false }`
[INFO] [stdout] 1352bb827c425e7c619a1258e24280bd034113473556fe574a5cf53d0069bcf4
[INFO] running `Command { std: "docker" "start" "-a" "1352bb827c425e7c619a1258e24280bd034113473556fe574a5cf53d0069bcf4", kill_on_drop: false }`
[INFO] [stderr]    Compiling libc v0.2.150
[INFO] [stderr]    Compiling cfg-if v1.0.0
[INFO] [stderr]    Compiling proc-macro2 v1.0.69
[INFO] [stderr]    Compiling autocfg v1.1.0
[INFO] [stderr]    Compiling version_check v0.9.4
[INFO] [stderr]    Compiling unicode-ident v1.0.12
[INFO] [stderr]    Compiling parking_lot_core v0.9.9
[INFO] [stderr]    Compiling signal-hook v0.3.17
[INFO] [stderr]    Compiling log v0.4.20
[INFO] [stderr]    Compiling smallvec v1.11.2
[INFO] [stderr]    Compiling scopeguard v1.2.0
[INFO] [stderr]    Compiling rustversion v1.0.14
[INFO] [stderr]    Compiling once_cell v1.18.0
[INFO] [stderr]    Compiling zerocopy v0.7.26
[INFO] [stderr]    Compiling allocator-api2 v0.2.16
[INFO] [stderr]    Compiling lock_api v0.4.11
[INFO] [stderr]    Compiling ahash v0.8.6
[INFO] [stderr]    Compiling heck v0.4.1
[INFO] [stderr]    Compiling either v1.9.0
[INFO] [stderr]    Compiling paste v1.0.14
[INFO] [stderr]    Compiling bitflags v2.4.1
[INFO] [stderr]    Compiling ppv-lite86 v0.2.17
[INFO] [stderr]    Compiling quote v1.0.33
[INFO] [stderr]    Compiling itertools v0.11.0
[INFO] [stderr]    Compiling signal-hook-registry v1.4.1
[INFO] [stderr]    Compiling mio v0.8.9
[INFO] [stderr]    Compiling getrandom v0.2.11
[INFO] [stderr]    Compiling syn v2.0.39
[INFO] [stderr]    Compiling parking_lot v0.12.1
[INFO] [stderr]    Compiling signal-hook-mio v0.2.3
[INFO] [stderr]    Compiling rand_core v0.6.4
[INFO] [stderr]    Compiling hashbrown v0.14.2
[INFO] [stderr]    Compiling crossterm v0.27.0
[INFO] [stderr]    Compiling cassowary v0.3.0
[INFO] [stderr]    Compiling rand_chacha v0.3.1
[INFO] [stderr]    Compiling unicode-segmentation v1.10.1
[INFO] [stderr]    Compiling bitflags v1.3.2
[INFO] [stderr]    Compiling indoc v2.0.4
[INFO] [stderr]    Compiling lru v0.12.1
[INFO] [stderr]    Compiling unicode-width v0.1.11
[INFO] [stderr]    Compiling rand v0.8.5
[INFO] [stderr]    Compiling crossterm v0.25.0
[INFO] [stderr]    Compiling itertools v0.12.0
[INFO] [stderr]    Compiling strum_macros v0.25.3
[INFO] [stderr]    Compiling strum v0.25.0
[INFO] [stderr]    Compiling ratatui v0.24.0
[INFO] [stderr]    Compiling tetris v0.1.0 (/opt/rustwide/workdir)
[INFO] [stdout] warning: unused variable: `char_y`
[INFO] [stdout]   --> src/main.rs:84:33
[INFO] [stdout]    |
[INFO] [stdout] 84 |         for ((grid_y, grid_x), (char_y, char_x), (tile_y, tile_x), (buf_y, buf_x)) in
[INFO] [stdout]    |                                 ^^^^^^ help: if this is intentional, prefix it with an underscore: `_char_y`
[INFO] [stdout]    |
[INFO] [stdout]    = note: `#[warn(unused_variables)]` on by default
[INFO] [stdout] 
[INFO] [stdout] 
[INFO] [stdout] warning: unused variable: `char_x`
[INFO] [stdout]   --> src/main.rs:84:41
[INFO] [stdout]    |
[INFO] [stdout] 84 |         for ((grid_y, grid_x), (char_y, char_x), (tile_y, tile_x), (buf_y, buf_x)) in
[INFO] [stdout]    |                                         ^^^^^^ help: if this is intentional, prefix it with an underscore: `_char_x`
[INFO] [stdout] 
[INFO] [stdout] 
[INFO] [stdout] warning: variant `FirmDrop` is never constructed
[INFO] [stdout]   --> src/tetromino.rs:34:5
[INFO] [stdout]    |
[INFO] [stdout] 28 | pub enum MoveDirection {
[INFO] [stdout]    |          ------------- variant in this enum
[INFO] [stdout] ...
[INFO] [stdout] 34 |     FirmDrop,
[INFO] [stdout]    |     ^^^^^^^^
[INFO] [stdout]    |
[INFO] [stdout]    = note: `#[warn(dead_code)]` on by default
[INFO] [stdout] 
[INFO] [stdout] 
[INFO] [stdout] warning: variants `Horizontal` and `Vertical` are never constructed
[INFO] [stdout]  --> src/space_partition.rs:7:5
[INFO] [stdout]   |
[INFO] [stdout] 6 | pub enum Partition {
[INFO] [stdout]   |          --------- variants in this enum
[INFO] [stdout] 7 |     Horizontal,
[INFO] [stdout]   |     ^^^^^^^^^^
[INFO] [stdout] 8 |     Vertical,
[INFO] [stdout]   |     ^^^^^^^^
[INFO] [stdout]   |
[INFO] [stdout]   = note: `Partition` has derived impls for the traits `Clone` and `Debug`, but these are intentionally ignored during dead code analysis
[INFO] [stdout] 
[INFO] [stdout] 
[INFO] [stdout] warning: variants `Fixed` and `Rest` are never constructed
[INFO] [stdout]   --> src/space_partition.rs:13:5
[INFO] [stdout]    |
[INFO] [stdout] 12 | pub enum SizeConstraint {
[INFO] [stdout]    |          -------------- variants in this enum
[INFO] [stdout] 13 |     Fixed(u16),
[INFO] [stdout]    |     ^^^^^
[INFO] [stdout] 14 |     Rest,
[INFO] [stdout]    |     ^^^^
[INFO] [stdout]    |
[INFO] [stdout]    = note: `SizeConstraint` has derived impls for the traits `Clone` and `Debug`, but these are intentionally ignored during dead code analysis
[INFO] [stdout] 
[INFO] [stdout] 
[INFO] [stdout] warning: associated items `new`, `with_partition`, `with_size_constraint`, and `add_sub_area` are never used
[INFO] [stdout]   --> src/space_partition.rs:26:12
[INFO] [stdout]    |
[INFO] [stdout] 25 | impl Area {
[INFO] [stdout]    | --------- associated items in this implementation
[INFO] [stdout] 26 |     pub fn new(name: &str) -> Self {
[INFO] [stdout]    |            ^^^
[INFO] [stdout] ...
[INFO] [stdout] 35 |     pub fn with_partition(mut self, partition: Partition) -> Self {
[INFO] [stdout]    |            ^^^^^^^^^^^^^^
[INFO] [stdout] ...
[INFO] [stdout] 40 |     pub fn with_size_constraint(mut self, size: SizeConstraint) -> Self {
[INFO] [stdout]    |            ^^^^^^^^^^^^^^^^^^^^
[INFO] [stdout] ...
[INFO] [stdout] 45 |     pub fn add_sub_area(mut self, area: Area) -> Self {
[INFO] [stdout]    |            ^^^^^^^^^^^^
[INFO] [stdout] 
[INFO] [stdout] 
[INFO] [stdout] warning: function `calculate_layout` is never used
[INFO] [stdout]   --> src/space_partition.rs:51:8
[INFO] [stdout]    |
[INFO] [stdout] 51 | pub fn calculate_layout(area: &Area, available_space: Rect) -> HashMap<String, Rect> {
[INFO] [stdout]    |        ^^^^^^^^^^^^^^^^
[INFO] [stdout] 
[INFO] [stdout] 
[INFO] [stdout] warning: 7 warnings emitted
[INFO] [stdout] 
[INFO] [stdout] 
[INFO] [stderr]     Finished dev [unoptimized + debuginfo] target(s) in 7.60s
[INFO] running `Command { std: "docker" "inspect" "1352bb827c425e7c619a1258e24280bd034113473556fe574a5cf53d0069bcf4", kill_on_drop: false }`
[INFO] running `Command { std: "docker" "rm" "-f" "1352bb827c425e7c619a1258e24280bd034113473556fe574a5cf53d0069bcf4", kill_on_drop: false }`
[INFO] [stdout] 1352bb827c425e7c619a1258e24280bd034113473556fe574a5cf53d0069bcf4
[INFO] running `Command { std: "docker" "create" "-v" "/var/lib/crater-agent-workspace/builds/worker-2-tc1/target:/opt/rustwide/target:rw,Z" "-v" "/var/lib/crater-agent-workspace/builds/worker-2-tc1/source:/opt/rustwide/workdir:ro,Z" "-v" "/var/lib/crater-agent-workspace/cargo-home:/opt/rustwide/cargo-home:ro,Z" "-v" "/var/lib/crater-agent-workspace/rustup-home:/opt/rustwide/rustup-home:ro,Z" "-e" "SOURCE_DIR=/opt/rustwide/workdir" "-e" "CARGO_TARGET_DIR=/opt/rustwide/target" "-e" "CARGO_INCREMENTAL=0" "-e" "RUST_BACKTRACE=full" "-e" "RUSTFLAGS=--cap-lints=warn" "-e" "RUSTDOCFLAGS=--cap-lints=warn" "-e" "CARGO_HOME=/opt/rustwide/cargo-home" "-e" "RUSTUP_HOME=/opt/rustwide/rustup-home" "-w" "/opt/rustwide/workdir" "-m" "1610612736" "--user" "0:0" "--network" "none" "ghcr.io/rust-lang/crates-build-env/linux@sha256:2788e3201cd34a07e3172128adcd8b3090168a8e3bcc40d7c032b9dda1df7d1c" "/opt/rustwide/cargo-home/bin/cargo" "+1.75.0" "test" "--frozen" "--no-run" "--message-format=json", kill_on_drop: false }`
[INFO] [stdout] 360e2774f055ac9e025e2b5a3c40117592b49d0370e0743f0468c5758ad38373
[INFO] running `Command { std: "docker" "start" "-a" "360e2774f055ac9e025e2b5a3c40117592b49d0370e0743f0468c5758ad38373", kill_on_drop: false }`
[INFO] [stderr]    Compiling tetris v0.1.0 (/opt/rustwide/workdir)
[INFO] [stdout] warning: unused variable: `char_y`
[INFO] [stdout]   --> src/main.rs:84:33
[INFO] [stdout]    |
[INFO] [stdout] 84 |         for ((grid_y, grid_x), (char_y, char_x), (tile_y, tile_x), (buf_y, buf_x)) in
[INFO] [stdout]    |                                 ^^^^^^ help: if this is intentional, prefix it with an underscore: `_char_y`
[INFO] [stdout]    |
[INFO] [stdout]    = note: `#[warn(unused_variables)]` on by default
[INFO] [stdout] 
[INFO] [stdout] 
[INFO] [stdout] warning: unused variable: `char_x`
[INFO] [stdout]   --> src/main.rs:84:41
[INFO] [stdout]    |
[INFO] [stdout] 84 |         for ((grid_y, grid_x), (char_y, char_x), (tile_y, tile_x), (buf_y, buf_x)) in
[INFO] [stdout]    |                                         ^^^^^^ help: if this is intentional, prefix it with an underscore: `_char_x`
[INFO] [stdout] 
[INFO] [stdout] 
[INFO] [stdout] warning: variant `FirmDrop` is never constructed
[INFO] [stdout]   --> src/tetromino.rs:34:5
[INFO] [stdout]    |
[INFO] [stdout] 28 | pub enum MoveDirection {
[INFO] [stdout]    |          ------------- variant in this enum
[INFO] [stdout] ...
[INFO] [stdout] 34 |     FirmDrop,
[INFO] [stdout]    |     ^^^^^^^^
[INFO] [stdout]    |
[INFO] [stdout]    = note: `#[warn(dead_code)]` on by default
[INFO] [stdout] 
[INFO] [stdout] 
[INFO] [stdout] warning: associated items `new`, `with_partition`, `with_size_constraint`, and `add_sub_area` are never used
[INFO] [stdout]   --> src/space_partition.rs:26:12
[INFO] [stdout]    |
[INFO] [stdout] 25 | impl Area {
[INFO] [stdout]    | --------- associated items in this implementation
[INFO] [stdout] 26 |     pub fn new(name: &str) -> Self {
[INFO] [stdout]    |            ^^^
[INFO] [stdout] ...
[INFO] [stdout] 35 |     pub fn with_partition(mut self, partition: Partition) -> Self {
[INFO] [stdout]    |            ^^^^^^^^^^^^^^
[INFO] [stdout] ...
[INFO] [stdout] 40 |     pub fn with_size_constraint(mut self, size: SizeConstraint) -> Self {
[INFO] [stdout]    |            ^^^^^^^^^^^^^^^^^^^^
[INFO] [stdout] ...
[INFO] [stdout] 45 |     pub fn add_sub_area(mut self, area: Area) -> Self {
[INFO] [stdout]    |            ^^^^^^^^^^^^
[INFO] [stdout] 
[INFO] [stdout] 
[INFO] [stdout] warning: 4 warnings emitted
[INFO] [stdout] 
[INFO] [stdout] 
[INFO] [stderr]     Finished test [unoptimized + debuginfo] target(s) in 0.54s
[INFO] running `Command { std: "docker" "inspect" "360e2774f055ac9e025e2b5a3c40117592b49d0370e0743f0468c5758ad38373", kill_on_drop: false }`
[INFO] running `Command { std: "docker" "rm" "-f" "360e2774f055ac9e025e2b5a3c40117592b49d0370e0743f0468c5758ad38373", kill_on_drop: false }`
[INFO] [stdout] 360e2774f055ac9e025e2b5a3c40117592b49d0370e0743f0468c5758ad38373
[INFO] running `Command { std: "docker" "create" "-v" "/var/lib/crater-agent-workspace/builds/worker-2-tc1/target:/opt/rustwide/target:rw,Z" "-v" "/var/lib/crater-agent-workspace/builds/worker-2-tc1/source:/opt/rustwide/workdir:ro,Z" "-v" "/var/lib/crater-agent-workspace/cargo-home:/opt/rustwide/cargo-home:ro,Z" "-v" "/var/lib/crater-agent-workspace/rustup-home:/opt/rustwide/rustup-home:ro,Z" "-e" "SOURCE_DIR=/opt/rustwide/workdir" "-e" "CARGO_TARGET_DIR=/opt/rustwide/target" "-e" "CARGO_INCREMENTAL=0" "-e" "RUST_BACKTRACE=full" "-e" "RUSTFLAGS=--cap-lints=warn" "-e" "RUSTDOCFLAGS=--cap-lints=warn" "-e" "CARGO_HOME=/opt/rustwide/cargo-home" "-e" "RUSTUP_HOME=/opt/rustwide/rustup-home" "-w" "/opt/rustwide/workdir" "-m" "1610612736" "--user" "0:0" "--network" "none" "ghcr.io/rust-lang/crates-build-env/linux@sha256:2788e3201cd34a07e3172128adcd8b3090168a8e3bcc40d7c032b9dda1df7d1c" "/opt/rustwide/cargo-home/bin/cargo" "+1.75.0" "test" "--frozen", kill_on_drop: false }`
[INFO] [stdout] 0a2cb81f97846ab054b746e7ff5c8f2318b648527d93ada12982db23ff60008f
[INFO] running `Command { std: "docker" "start" "-a" "0a2cb81f97846ab054b746e7ff5c8f2318b648527d93ada12982db23ff60008f", kill_on_drop: false }`
[INFO] [stderr] warning: unused variable: `char_y`
[INFO] [stderr]   --> src/main.rs:84:33
[INFO] [stderr]    |
[INFO] [stderr] 84 |         for ((grid_y, grid_x), (char_y, char_x), (tile_y, tile_x), (buf_y, buf_x)) in
[INFO] [stderr]    |                                 ^^^^^^ help: if this is intentional, prefix it with an underscore: `_char_y`
[INFO] [stderr]    |
[INFO] [stderr]    = note: `#[warn(unused_variables)]` on by default
[INFO] [stderr] 
[INFO] [stderr] warning: unused variable: `char_x`
[INFO] [stderr]   --> src/main.rs:84:41
[INFO] [stderr]    |
[INFO] [stderr] 84 |         for ((grid_y, grid_x), (char_y, char_x), (tile_y, tile_x), (buf_y, buf_x)) in
[INFO] [stderr]    |                                         ^^^^^^ help: if this is intentional, prefix it with an underscore: `_char_x`
[INFO] [stderr] 
[INFO] [stderr] warning: variant `FirmDrop` is never constructed
[INFO] [stderr]   --> src/tetromino.rs:34:5
[INFO] [stderr]    |
[INFO] [stderr] 28 | pub enum MoveDirection {
[INFO] [stderr]    |          ------------- variant in this enum
[INFO] [stderr] ...
[INFO] [stderr] 34 |     FirmDrop,
[INFO] [stderr]    |     ^^^^^^^^
[INFO] [stderr]    |
[INFO] [stderr]    = note: `#[warn(dead_code)]` on by default
[INFO] [stderr] 
[INFO] [stderr] warning: associated items `new`, `with_partition`, `with_size_constraint`, and `add_sub_area` are never used
[INFO] [stderr]   --> src/space_partition.rs:26:12
[INFO] [stderr]    |
[INFO] [stderr] 25 | impl Area {
[INFO] [stderr]    | --------- associated items in this implementation
[INFO] [stderr] 26 |     pub fn new(name: &str) -> Self {
[INFO] [stderr]    |            ^^^
[INFO] [stderr] ...
[INFO] [stderr] 35 |     pub fn with_partition(mut self, partition: Partition) -> Self {
[INFO] [stderr]    |            ^^^^^^^^^^^^^^
[INFO] [stderr] ...
[INFO] [stderr] 40 |     pub fn with_size_constraint(mut self, size: SizeConstraint) -> Self {
[INFO] [stderr]    |            ^^^^^^^^^^^^^^^^^^^^
[INFO] [stderr] ...
[INFO] [stderr] 45 |     pub fn add_sub_area(mut self, area: Area) -> Self {
[INFO] [stderr]    |            ^^^^^^^^^^^^
[INFO] [stderr] 
[INFO] [stderr] warning: `tetris` (bin "tetris" test) generated 4 warnings (run `cargo fix --bin "tetris" --tests` to apply 2 suggestions)
[INFO] [stderr]     Finished test [unoptimized + debuginfo] target(s) in 0.02s
[INFO] [stderr]      Running unittests src/main.rs (/opt/rustwide/target/debug/deps/tetris-171634d5e22cd644)
[INFO] [stdout] 
[INFO] [stdout] running 6 tests
[INFO] [stdout] test utils::tests::test_point_addition_f64 ... ok
[INFO] [stdout] test space_partition::tests::test_horizontal_partition_fixed_sizes ... ok
[INFO] [stdout] test utils::tests::test_point_addition_i32 ... ok
[INFO] [stdout] test utils::tests::test_point_multiplication_f64 ... ok
[INFO] [stdout] test utils::tests::test_point_multiplication_i32 ... ok
[INFO] [stdout] test space_partition::tests::test_vertical_partition_with_rest ... FAILED
[INFO] [stdout] 
[INFO] [stdout] failures:
[INFO] [stdout] 
[INFO] [stdout] ---- space_partition::tests::test_vertical_partition_with_rest stdout ----
[INFO] [stdout] thread 'space_partition::tests::test_vertical_partition_with_rest' panicked at src/space_partition.rs:192:9:
[INFO] [stdout] assertion `left == right` failed
[INFO] [stdout]   left: Some(Rect { x: 30, y: 0, width: 10, height: 20 })
[INFO] [stdout]  right: Some(Rect { x: 0, y: 30, width: 10, height: 20 })
[INFO] [stdout] stack backtrace:
[INFO] [stdout]    0:     0x5643deff086c - std::backtrace_rs::backtrace::libunwind::trace::ha637c64ce894333a
[INFO] [stdout]                                at /rustc/82e1608dfa6e0b5569232559e3d385fea5a93112/library/std/src/../../backtrace/src/backtrace/libunwind.rs:104:5
[INFO] [stdout]    1:     0x5643deff086c - std::backtrace_rs::backtrace::trace_unsynchronized::h47f62dea28e0c88d
[INFO] [stdout]                                at /rustc/82e1608dfa6e0b5569232559e3d385fea5a93112/library/std/src/../../backtrace/src/backtrace/mod.rs:66:5
[INFO] [stdout]    2:     0x5643deff086c - std::sys_common::backtrace::_print_fmt::h9eef0abe20ede486
[INFO] [stdout]                                at /rustc/82e1608dfa6e0b5569232559e3d385fea5a93112/library/std/src/sys_common/backtrace.rs:67:5
[INFO] [stdout]    3:     0x5643deff086c - <std::sys_common::backtrace::_print::DisplayBacktrace as core::fmt::Display>::fmt::hed7f999df88cc644
[INFO] [stdout]                                at /rustc/82e1608dfa6e0b5569232559e3d385fea5a93112/library/std/src/sys_common/backtrace.rs:44:22
[INFO] [stdout]    4:     0x5643df01a7c0 - core::fmt::rt::Argument::fmt::h1539a9308b8d058d
[INFO] [stdout]                                at /rustc/82e1608dfa6e0b5569232559e3d385fea5a93112/library/core/src/fmt/rt.rs:142:9
[INFO] [stdout]    5:     0x5643df01a7c0 - core::fmt::write::h3a39390d8560d9c9
[INFO] [stdout]                                at /rustc/82e1608dfa6e0b5569232559e3d385fea5a93112/library/core/src/fmt/mod.rs:1120:17
[INFO] [stdout]    6:     0x5643defee21f - std::io::Write::write_fmt::h040b369f3a0f9cbc
[INFO] [stdout]                                at /rustc/82e1608dfa6e0b5569232559e3d385fea5a93112/library/std/src/io/mod.rs:1762:15
[INFO] [stdout]    7:     0x5643deff0654 - std::sys_common::backtrace::_print::h894006fb5c6f3d45
[INFO] [stdout]                                at /rustc/82e1608dfa6e0b5569232559e3d385fea5a93112/library/std/src/sys_common/backtrace.rs:47:5
[INFO] [stdout]    8:     0x5643deff0654 - std::sys_common::backtrace::print::h23a2d212c6fff936
[INFO] [stdout]                                at /rustc/82e1608dfa6e0b5569232559e3d385fea5a93112/library/std/src/sys_common/backtrace.rs:34:9
[INFO] [stdout]    9:     0x5643deff2317 - std::panicking::default_hook::{{closure}}::h8a1d2ee00185001a
[INFO] [stdout]   10:     0x5643deff2003 - std::panicking::default_hook::h6038f2eba384e475
[INFO] [stdout]                                at /rustc/82e1608dfa6e0b5569232559e3d385fea5a93112/library/std/src/panicking.rs:289:9
[INFO] [stdout]   11:     0x5643defbbe17 - <alloc::boxed::Box<F,A> as core::ops::function::Fn<Args>>::call::h0ad024c9bdc6d768
[INFO] [stdout]                                at /rustc/82e1608dfa6e0b5569232559e3d385fea5a93112/library/alloc/src/boxed.rs:2021:9
[INFO] [stdout]   12:     0x5643defbbe17 - test::test_main::{{closure}}::h7500b54257359db6
[INFO] [stdout]                                at /rustc/82e1608dfa6e0b5569232559e3d385fea5a93112/library/test/src/lib.rs:138:21
[INFO] [stdout]   13:     0x5643deff2928 - <alloc::boxed::Box<F,A> as core::ops::function::Fn<Args>>::call::h1f8f335eaa9cfaee
[INFO] [stdout]                                at /rustc/82e1608dfa6e0b5569232559e3d385fea5a93112/library/alloc/src/boxed.rs:2021:9
[INFO] [stdout]   14:     0x5643deff2928 - std::panicking::rust_panic_with_hook::h2b5517d590cab22e
[INFO] [stdout]                                at /rustc/82e1608dfa6e0b5569232559e3d385fea5a93112/library/std/src/panicking.rs:783:13
[INFO] [stdout]   15:     0x5643deff267e - std::panicking::begin_panic_handler::{{closure}}::h233112c06e0ef43e
[INFO] [stdout]                                at /rustc/82e1608dfa6e0b5569232559e3d385fea5a93112/library/std/src/panicking.rs:657:13
[INFO] [stdout]   16:     0x5643deff0d36 - std::sys_common::backtrace::__rust_end_short_backtrace::h6e893f24d7ebbff8
[INFO] [stdout]                                at /rustc/82e1608dfa6e0b5569232559e3d385fea5a93112/library/std/src/sys_common/backtrace.rs:170:18
[INFO] [stdout]   17:     0x5643deff23e2 - rust_begin_unwind
[INFO] [stdout]                                at /rustc/82e1608dfa6e0b5569232559e3d385fea5a93112/library/std/src/panicking.rs:645:5
[INFO] [stdout]   18:     0x5643def7ecf5 - core::panicking::panic_fmt::hbf0e066aabfa482c
[INFO] [stdout]                                at /rustc/82e1608dfa6e0b5569232559e3d385fea5a93112/library/core/src/panicking.rs:72:14
[INFO] [stdout]   19:     0x5643def7f10b - core::panicking::assert_failed_inner::h0bba8b7c26ee4492
[INFO] [stdout]   20:     0x5643def84b9e - core::panicking::assert_failed::h6980226a958995ef
[INFO] [stdout]                                at /rustc/82e1608dfa6e0b5569232559e3d385fea5a93112/library/core/src/panicking.rs:279:5
[INFO] [stdout]   21:     0x5643def883fd - tetris::space_partition::tests::test_vertical_partition_with_rest::h974b7c0cbdfe951f
[INFO] [stdout]                                at /opt/rustwide/workdir/src/space_partition.rs:192:9
[INFO] [stdout]   22:     0x5643def87ce7 - tetris::space_partition::tests::test_vertical_partition_with_rest::{{closure}}::he721aead42ddc556
[INFO] [stdout]                                at /opt/rustwide/workdir/src/space_partition.rs:164:43
[INFO] [stdout]   23:     0x5643def83e76 - core::ops::function::FnOnce::call_once::h15652f8846f7bb17
[INFO] [stdout]                                at /rustc/82e1608dfa6e0b5569232559e3d385fea5a93112/library/core/src/ops/function.rs:250:5
[INFO] [stdout]   24:     0x5643defc146f - core::ops::function::FnOnce::call_once::h2b5d431d5046312d
[INFO] [stdout]                                at /rustc/82e1608dfa6e0b5569232559e3d385fea5a93112/library/core/src/ops/function.rs:250:5
[INFO] [stdout]   25:     0x5643defc146f - test::__rust_begin_short_backtrace::h7714669af176e207
[INFO] [stdout]                                at /rustc/82e1608dfa6e0b5569232559e3d385fea5a93112/library/test/src/lib.rs:628:18
[INFO] [stdout]   26:     0x5643defc0485 - test::run_test_in_process::{{closure}}::h85218797dcbcec12
[INFO] [stdout]                                at /rustc/82e1608dfa6e0b5569232559e3d385fea5a93112/library/test/src/lib.rs:651:60
[INFO] [stdout]   27:     0x5643defc0485 - <core::panic::unwind_safe::AssertUnwindSafe<F> as core::ops::function::FnOnce<()>>::call_once::h76c106ea31c14d7b
[INFO] [stdout]                                at /rustc/82e1608dfa6e0b5569232559e3d385fea5a93112/library/core/src/panic/unwind_safe.rs:272:9
[INFO] [stdout]   28:     0x5643defc0485 - std::panicking::try::do_call::h3bd5d0f6620ee946
[INFO] [stdout]                                at /rustc/82e1608dfa6e0b5569232559e3d385fea5a93112/library/std/src/panicking.rs:552:40
[INFO] [stdout]   29:     0x5643defc0485 - std::panicking::try::h232e535e4744fe31
[INFO] [stdout]                                at /rustc/82e1608dfa6e0b5569232559e3d385fea5a93112/library/std/src/panicking.rs:516:19
[INFO] [stdout]   30:     0x5643defc0485 - std::panic::catch_unwind::h3ce3bd6ca8dbac68
[INFO] [stdout]                                at /rustc/82e1608dfa6e0b5569232559e3d385fea5a93112/library/std/src/panic.rs:142:14
[INFO] [stdout]   31:     0x5643defc0485 - test::run_test_in_process::hc97b257c9621286a
[INFO] [stdout]                                at /rustc/82e1608dfa6e0b5569232559e3d385fea5a93112/library/test/src/lib.rs:651:27
[INFO] [stdout]   32:     0x5643defc0485 - test::run_test::{{closure}}::h2aa798823a438d38
[INFO] [stdout]                                at /rustc/82e1608dfa6e0b5569232559e3d385fea5a93112/library/test/src/lib.rs:574:43
[INFO] [stdout]   33:     0x5643def88746 - test::run_test::{{closure}}::h87d231c78fb59832
[INFO] [stdout]                                at /rustc/82e1608dfa6e0b5569232559e3d385fea5a93112/library/test/src/lib.rs:602:41
[INFO] [stdout]   34:     0x5643def88746 - std::sys_common::backtrace::__rust_begin_short_backtrace::he6df152596625789
[INFO] [stdout]                                at /rustc/82e1608dfa6e0b5569232559e3d385fea5a93112/library/std/src/sys_common/backtrace.rs:154:18
[INFO] [stdout]   35:     0x5643def8d7f7 - std::thread::Builder::spawn_unchecked_::{{closure}}::{{closure}}::ha94be15d1e0acf36
[INFO] [stdout]                                at /rustc/82e1608dfa6e0b5569232559e3d385fea5a93112/library/std/src/thread/mod.rs:529:17
[INFO] [stdout]   36:     0x5643def8d7f7 - <core::panic::unwind_safe::AssertUnwindSafe<F> as core::ops::function::FnOnce<()>>::call_once::h9dc6bd6372f16606
[INFO] [stdout]                                at /rustc/82e1608dfa6e0b5569232559e3d385fea5a93112/library/core/src/panic/unwind_safe.rs:272:9
[INFO] [stdout]   37:     0x5643def8d7f7 - std::panicking::try::do_call::h9057517f80303cd4
[INFO] [stdout]                                at /rustc/82e1608dfa6e0b5569232559e3d385fea5a93112/library/std/src/panicking.rs:552:40
[INFO] [stdout]   38:     0x5643def8d7f7 - std::panicking::try::he3a30b11ee45340c
[INFO] [stdout]                                at /rustc/82e1608dfa6e0b5569232559e3d385fea5a93112/library/std/src/panicking.rs:516:19
[INFO] [stdout]   39:     0x5643def8d7f7 - std::panic::catch_unwind::h410458cfd3528b8b
[INFO] [stdout]                                at /rustc/82e1608dfa6e0b5569232559e3d385fea5a93112/library/std/src/panic.rs:142:14
[INFO] [stdout]   40:     0x5643def8d7f7 - std::thread::Builder::spawn_unchecked_::{{closure}}::h72ac3bdb567b737b
[INFO] [stdout]                                at /rustc/82e1608dfa6e0b5569232559e3d385fea5a93112/library/std/src/thread/mod.rs:528:30
[INFO] [stdout]   41:     0x5643def8d7f7 - core::ops::function::FnOnce::call_once{{vtable.shim}}::h38f34da3654a8344
[INFO] [stdout]                                at /rustc/82e1608dfa6e0b5569232559e3d385fea5a93112/library/core/src/ops/function.rs:250:5
[INFO] [stdout]   42:     0x5643deff73b5 - <alloc::boxed::Box<F,A> as core::ops::function::FnOnce<Args>>::call_once::hc7eafaff61e32df9
[INFO] [stdout]                                at /rustc/82e1608dfa6e0b5569232559e3d385fea5a93112/library/alloc/src/boxed.rs:2007:9
[INFO] [stdout]   43:     0x5643deff73b5 - <alloc::boxed::Box<F,A> as core::ops::function::FnOnce<Args>>::call_once::h6ba4a5de48dd2304
[INFO] [stdout]                                at /rustc/82e1608dfa6e0b5569232559e3d385fea5a93112/library/alloc/src/boxed.rs:2007:9
[INFO] [stdout]   44:     0x5643deff73b5 - std::sys::unix::thread::Thread::new::thread_start::he469335aef763e45
[INFO] [stdout]                                at /rustc/82e1608dfa6e0b5569232559e3d385fea5a93112/library/std/src/sys/unix/thread.rs:108:17
[INFO] [stdout]   45:     0x7f639c077ac3 - <unknown>
[INFO] [stdout]   46:     0x7f639c108bf4 - __clone
[INFO] [stdout]   47:                0x0 - <unknown>
[INFO] [stdout] 
[INFO] [stdout] 
[INFO] [stdout] failures:
[INFO] [stdout]     space_partition::tests::test_vertical_partition_with_rest
[INFO] [stdout] 
[INFO] [stdout] test result: FAILED. 5 passed; 1 failed; 0 ignored; 0 measured; 0 filtered out; finished in 0.02s
[INFO] [stdout] 
[INFO] [stderr] error: test failed, to rerun pass `--bin tetris`
[INFO] running `Command { std: "docker" "inspect" "0a2cb81f97846ab054b746e7ff5c8f2318b648527d93ada12982db23ff60008f", kill_on_drop: false }`
[INFO] running `Command { std: "docker" "rm" "-f" "0a2cb81f97846ab054b746e7ff5c8f2318b648527d93ada12982db23ff60008f", kill_on_drop: false }`
[INFO] [stdout] 0a2cb81f97846ab054b746e7ff5c8f2318b648527d93ada12982db23ff60008f
