[INFO] cloning repository https://github.com/jjjame/headr
[INFO] running `Command { std: "git" "-c" "credential.helper=" "-c" "credential.helper=/workspace/cargo-home/bin/git-credential-null" "clone" "--bare" "https://github.com/jjjame/headr" "/workspace/cache/git-repos/https%3A%2F%2Fgithub.com%2Fjjjame%2Fheadr", kill_on_drop: false }`
[INFO] [stderr] Cloning into bare repository '/workspace/cache/git-repos/https%3A%2F%2Fgithub.com%2Fjjjame%2Fheadr'...
[INFO] running `Command { std: "git" "rev-parse" "HEAD", kill_on_drop: false }`
[INFO] [stdout] c16ccf20b87fef9690771664ec7b177b40962ae6
[INFO] testing jjjame/headr against 1.75.0 for beta-1.76-1
[INFO] running `Command { std: "git" "clone" "/workspace/cache/git-repos/https%3A%2F%2Fgithub.com%2Fjjjame%2Fheadr" "/workspace/builds/worker-2-tc1/source", kill_on_drop: false }`
[INFO] [stderr] Cloning into '/workspace/builds/worker-2-tc1/source'...
[INFO] [stderr] done.
[INFO] validating manifest of git repo https://github.com/jjjame/headr on toolchain 1.75.0
[INFO] running `Command { std: CARGO_HOME="/workspace/cargo-home" RUSTUP_HOME="/workspace/rustup-home" "/workspace/cargo-home/bin/cargo" "+1.75.0" "metadata" "--manifest-path" "Cargo.toml" "--no-deps", kill_on_drop: false }`
[INFO] started tweaking git repo https://github.com/jjjame/headr
[INFO] finished tweaking git repo https://github.com/jjjame/headr
[INFO] tweaked toml for git repo https://github.com/jjjame/headr written to /workspace/builds/worker-2-tc1/source/Cargo.toml
[INFO] crate git repo https://github.com/jjjame/headr already has a lockfile, it will not be regenerated
[INFO] running `Command { std: CARGO_HOME="/workspace/cargo-home" RUSTUP_HOME="/workspace/rustup-home" "/workspace/cargo-home/bin/cargo" "+1.75.0" "fetch" "--manifest-path" "Cargo.toml", kill_on_drop: false }`
[INFO] [stderr]  Downloading crates ...
[INFO] [stderr]   Downloaded clap v4.4.4
[INFO] [stderr]   Downloaded clap_builder v4.4.4
[INFO] running `Command { std: "docker" "create" "-v" "/var/lib/crater-agent-workspace/builds/worker-2-tc1/target:/opt/rustwide/target:rw,Z" "-v" "/var/lib/crater-agent-workspace/builds/worker-2-tc1/source:/opt/rustwide/workdir:ro,Z" "-v" "/var/lib/crater-agent-workspace/cargo-home:/opt/rustwide/cargo-home:ro,Z" "-v" "/var/lib/crater-agent-workspace/rustup-home:/opt/rustwide/rustup-home:ro,Z" "-e" "SOURCE_DIR=/opt/rustwide/workdir" "-e" "CARGO_TARGET_DIR=/opt/rustwide/target" "-e" "CARGO_HOME=/opt/rustwide/cargo-home" "-e" "RUSTUP_HOME=/opt/rustwide/rustup-home" "-w" "/opt/rustwide/workdir" "-m" "1610612736" "--user" "0:0" "--network" "none" "ghcr.io/rust-lang/crates-build-env/linux@sha256:2788e3201cd34a07e3172128adcd8b3090168a8e3bcc40d7c032b9dda1df7d1c" "/opt/rustwide/cargo-home/bin/cargo" "+1.75.0" "metadata" "--no-deps" "--format-version=1", kill_on_drop: false }`
[INFO] [stdout] 98f79cfb291b85debd972ea734ed22329665d1ebdc1cb5c461cf6a0438f7ac91
[INFO] running `Command { std: "docker" "start" "-a" "98f79cfb291b85debd972ea734ed22329665d1ebdc1cb5c461cf6a0438f7ac91", kill_on_drop: false }`
[INFO] running `Command { std: "docker" "inspect" "98f79cfb291b85debd972ea734ed22329665d1ebdc1cb5c461cf6a0438f7ac91", kill_on_drop: false }`
[INFO] running `Command { std: "docker" "rm" "-f" "98f79cfb291b85debd972ea734ed22329665d1ebdc1cb5c461cf6a0438f7ac91", kill_on_drop: false }`
[INFO] [stdout] 98f79cfb291b85debd972ea734ed22329665d1ebdc1cb5c461cf6a0438f7ac91
[INFO] running `Command { std: "docker" "create" "-v" "/var/lib/crater-agent-workspace/builds/worker-2-tc1/target:/opt/rustwide/target:rw,Z" "-v" "/var/lib/crater-agent-workspace/builds/worker-2-tc1/source:/opt/rustwide/workdir:ro,Z" "-v" "/var/lib/crater-agent-workspace/cargo-home:/opt/rustwide/cargo-home:ro,Z" "-v" "/var/lib/crater-agent-workspace/rustup-home:/opt/rustwide/rustup-home:ro,Z" "-e" "SOURCE_DIR=/opt/rustwide/workdir" "-e" "CARGO_TARGET_DIR=/opt/rustwide/target" "-e" "CARGO_INCREMENTAL=0" "-e" "RUST_BACKTRACE=full" "-e" "RUSTFLAGS=--cap-lints=warn" "-e" "RUSTDOCFLAGS=--cap-lints=warn" "-e" "CARGO_HOME=/opt/rustwide/cargo-home" "-e" "RUSTUP_HOME=/opt/rustwide/rustup-home" "-w" "/opt/rustwide/workdir" "-m" "1610612736" "--user" "0:0" "--network" "none" "ghcr.io/rust-lang/crates-build-env/linux@sha256:2788e3201cd34a07e3172128adcd8b3090168a8e3bcc40d7c032b9dda1df7d1c" "/opt/rustwide/cargo-home/bin/cargo" "+1.75.0" "build" "--frozen" "--message-format=json", kill_on_drop: false }`
[INFO] [stdout] 9bb059899c33b4b6c70847c308075c1f8416c1748ce7688400c70552c2f946a2
[INFO] running `Command { std: "docker" "start" "-a" "9bb059899c33b4b6c70847c308075c1f8416c1748ce7688400c70552c2f946a2", kill_on_drop: false }`
[INFO] [stderr]    Compiling utf8parse v0.2.1
[INFO] [stderr]    Compiling colorchoice v1.0.0
[INFO] [stderr]    Compiling anstyle v1.0.3
[INFO] [stderr]    Compiling anstyle-query v1.0.0
[INFO] [stderr]    Compiling clap_lex v0.5.1
[INFO] [stderr]    Compiling strsim v0.10.0
[INFO] [stderr]    Compiling anstyle-parse v0.2.1
[INFO] [stderr]    Compiling anstream v0.5.0
[INFO] [stderr]    Compiling clap_builder v4.4.4
[INFO] [stderr]    Compiling clap v4.4.4
[INFO] [stderr]    Compiling headr v0.1.0 (/opt/rustwide/workdir)
[INFO] [stdout] warning: fields `files`, `lines`, and `bytes` are never read
[INFO] [stdout]   --> src/lib.rs:8:5
[INFO] [stdout]    |
[INFO] [stdout] 7  | pub struct Config {
[INFO] [stdout]    |            ------ fields in this struct
[INFO] [stdout] 8  |     files: Vec<String>,
[INFO] [stdout]    |     ^^^^^
[INFO] [stdout] 9  |     lines: usize,
[INFO] [stdout]    |     ^^^^^
[INFO] [stdout] 10 |     bytes: Option<usize>,
[INFO] [stdout]    |     ^^^^^
[INFO] [stdout]    |
[INFO] [stdout]    = note: `Config` has a derived impl for the trait `Debug`, but this is intentionally ignored during dead code analysis
[INFO] [stdout]    = note: `#[warn(dead_code)]` on by default
[INFO] [stdout] 
[INFO] [stdout] 
[INFO] [stdout] warning: function `parse_positive_int` is never used
[INFO] [stdout]   --> src/lib.rs:73:4
[INFO] [stdout]    |
[INFO] [stdout] 73 | fn parse_positive_int(val: &str) -> MyResult<usize> {
[INFO] [stdout]    |    ^^^^^^^^^^^^^^^^^^
[INFO] [stdout] 
[INFO] [stdout] 
[INFO] [stdout] warning: 2 warnings emitted
[INFO] [stdout] 
[INFO] [stdout] 
[INFO] [stderr]     Finished dev [unoptimized + debuginfo] target(s) in 2.60s
[INFO] running `Command { std: "docker" "inspect" "9bb059899c33b4b6c70847c308075c1f8416c1748ce7688400c70552c2f946a2", kill_on_drop: false }`
[INFO] running `Command { std: "docker" "rm" "-f" "9bb059899c33b4b6c70847c308075c1f8416c1748ce7688400c70552c2f946a2", kill_on_drop: false }`
[INFO] [stdout] 9bb059899c33b4b6c70847c308075c1f8416c1748ce7688400c70552c2f946a2
[INFO] running `Command { std: "docker" "create" "-v" "/var/lib/crater-agent-workspace/builds/worker-2-tc1/target:/opt/rustwide/target:rw,Z" "-v" "/var/lib/crater-agent-workspace/builds/worker-2-tc1/source:/opt/rustwide/workdir:ro,Z" "-v" "/var/lib/crater-agent-workspace/cargo-home:/opt/rustwide/cargo-home:ro,Z" "-v" "/var/lib/crater-agent-workspace/rustup-home:/opt/rustwide/rustup-home:ro,Z" "-e" "SOURCE_DIR=/opt/rustwide/workdir" "-e" "CARGO_TARGET_DIR=/opt/rustwide/target" "-e" "CARGO_INCREMENTAL=0" "-e" "RUST_BACKTRACE=full" "-e" "RUSTFLAGS=--cap-lints=warn" "-e" "RUSTDOCFLAGS=--cap-lints=warn" "-e" "CARGO_HOME=/opt/rustwide/cargo-home" "-e" "RUSTUP_HOME=/opt/rustwide/rustup-home" "-w" "/opt/rustwide/workdir" "-m" "1610612736" "--user" "0:0" "--network" "none" "ghcr.io/rust-lang/crates-build-env/linux@sha256:2788e3201cd34a07e3172128adcd8b3090168a8e3bcc40d7c032b9dda1df7d1c" "/opt/rustwide/cargo-home/bin/cargo" "+1.75.0" "test" "--frozen" "--no-run" "--message-format=json", kill_on_drop: false }`
[INFO] [stdout] 113091dc80a8c52323ba2f28db59af9817b43fb310be7abbfdfd0d454b9c7129
[INFO] running `Command { std: "docker" "start" "-a" "113091dc80a8c52323ba2f28db59af9817b43fb310be7abbfdfd0d454b9c7129", kill_on_drop: false }`
[INFO] [stderr]    Compiling libc v0.2.148
[INFO] [stderr]    Compiling autocfg v1.1.0
[INFO] [stderr]    Compiling memchr v2.6.3
[INFO] [stderr]    Compiling regex-syntax v0.7.5
[INFO] [stderr]    Compiling cfg-if v1.0.0
[INFO] [stderr]    Compiling either v1.9.0
[INFO] [stderr]    Compiling predicates-core v1.0.6
[INFO] [stderr]    Compiling doc-comment v0.3.3
[INFO] [stderr]    Compiling difflib v0.4.0
[INFO] [stderr]    Compiling normalize-line-endings v0.3.0
[INFO] [stderr]    Compiling termtree v0.4.1
[INFO] [stderr]    Compiling ppv-lite86 v0.2.17
[INFO] [stdout] warning: fields `files`, `lines`, and `bytes` are never read
[INFO] [stdout]   --> src/lib.rs:8:5
[INFO] [stdout]    |
[INFO] [stdout] 7  | pub struct Config {
[INFO] [stdout]    |            ------ fields in this struct
[INFO] [stdout] 8  |     files: Vec<String>,
[INFO] [stdout]    |     ^^^^^
[INFO] [stdout] 9  |     lines: usize,
[INFO] [stdout]    |     ^^^^^
[INFO] [stdout] 10 |     bytes: Option<usize>,
[INFO] [stdout]    |     ^^^^^
[INFO] [stdout]    |
[INFO] [stdout]    = note: `Config` has a derived impl for the trait `Debug`, but this is intentionally ignored during dead code analysis
[INFO] [stdout]    = note: `#[warn(dead_code)]` on by default
[INFO] [stdout] 
[INFO] [stdout] 
[INFO] [stdout] warning: function `parse_positive_int` is never used
[INFO] [stdout]   --> src/lib.rs:73:4
[INFO] [stdout]    |
[INFO] [stdout] 73 | fn parse_positive_int(val: &str) -> MyResult<usize> {
[INFO] [stdout]    |    ^^^^^^^^^^^^^^^^^^
[INFO] [stdout] 
[INFO] [stdout] 
[INFO] [stdout] warning: 2 warnings emitted
[INFO] [stdout] 
[INFO] [stdout] 
[INFO] [stderr]    Compiling predicates-tree v1.0.9
[INFO] [stderr]    Compiling itertools v0.11.0
[INFO] [stderr]    Compiling num-traits v0.2.16
[INFO] [stderr]    Compiling aho-corasick v1.1.1
[INFO] [stderr]    Compiling getrandom v0.2.10
[INFO] [stderr]    Compiling wait-timeout v0.2.0
[INFO] [stderr]    Compiling rand_core v0.6.4
[INFO] [stderr]    Compiling rand_chacha v0.3.1
[INFO] [stderr]    Compiling rand v0.8.5
[INFO] [stderr]    Compiling float-cmp v0.9.0
[INFO] [stderr]    Compiling regex-automata v0.3.8
[INFO] [stderr]    Compiling regex v1.9.5
[INFO] [stderr]    Compiling bstr v1.6.2
[INFO] [stderr]    Compiling predicates v3.0.4
[INFO] [stderr]    Compiling assert_cmd v2.0.12
[INFO] [stderr]    Compiling headr v0.1.0 (/opt/rustwide/workdir)
[INFO] [stdout] warning: fields `files`, `lines`, and `bytes` are never read
[INFO] [stdout]   --> src/lib.rs:8:5
[INFO] [stdout]    |
[INFO] [stdout] 7  | pub struct Config {
[INFO] [stdout]    |            ------ fields in this struct
[INFO] [stdout] 8  |     files: Vec<String>,
[INFO] [stdout]    |     ^^^^^
[INFO] [stdout] 9  |     lines: usize,
[INFO] [stdout]    |     ^^^^^
[INFO] [stdout] 10 |     bytes: Option<usize>,
[INFO] [stdout]    |     ^^^^^
[INFO] [stdout]    |
[INFO] [stdout]    = note: `Config` has a derived impl for the trait `Debug`, but this is intentionally ignored during dead code analysis
[INFO] [stdout]    = note: `#[warn(dead_code)]` on by default
[INFO] [stdout] 
[INFO] [stdout] 
[INFO] [stdout] warning: 1 warning emitted
[INFO] [stdout] 
[INFO] [stdout] 
[INFO] [stderr]     Finished test [unoptimized + debuginfo] target(s) in 4.78s
[INFO] running `Command { std: "docker" "inspect" "113091dc80a8c52323ba2f28db59af9817b43fb310be7abbfdfd0d454b9c7129", kill_on_drop: false }`
[INFO] running `Command { std: "docker" "rm" "-f" "113091dc80a8c52323ba2f28db59af9817b43fb310be7abbfdfd0d454b9c7129", kill_on_drop: false }`
[INFO] [stdout] 113091dc80a8c52323ba2f28db59af9817b43fb310be7abbfdfd0d454b9c7129
[INFO] running `Command { std: "docker" "create" "-v" "/var/lib/crater-agent-workspace/builds/worker-2-tc1/target:/opt/rustwide/target:rw,Z" "-v" "/var/lib/crater-agent-workspace/builds/worker-2-tc1/source:/opt/rustwide/workdir:ro,Z" "-v" "/var/lib/crater-agent-workspace/cargo-home:/opt/rustwide/cargo-home:ro,Z" "-v" "/var/lib/crater-agent-workspace/rustup-home:/opt/rustwide/rustup-home:ro,Z" "-e" "SOURCE_DIR=/opt/rustwide/workdir" "-e" "CARGO_TARGET_DIR=/opt/rustwide/target" "-e" "CARGO_INCREMENTAL=0" "-e" "RUST_BACKTRACE=full" "-e" "RUSTFLAGS=--cap-lints=warn" "-e" "RUSTDOCFLAGS=--cap-lints=warn" "-e" "CARGO_HOME=/opt/rustwide/cargo-home" "-e" "RUSTUP_HOME=/opt/rustwide/rustup-home" "-w" "/opt/rustwide/workdir" "-m" "1610612736" "--user" "0:0" "--network" "none" "ghcr.io/rust-lang/crates-build-env/linux@sha256:2788e3201cd34a07e3172128adcd8b3090168a8e3bcc40d7c032b9dda1df7d1c" "/opt/rustwide/cargo-home/bin/cargo" "+1.75.0" "test" "--frozen", kill_on_drop: false }`
[INFO] [stdout] bef7f79e2b1b62c475b1241aec26340423c17d74be2995c73ad7f49a3a4304d8
[INFO] running `Command { std: "docker" "start" "-a" "bef7f79e2b1b62c475b1241aec26340423c17d74be2995c73ad7f49a3a4304d8", kill_on_drop: false }`
[INFO] [stderr] warning: fields `files`, `lines`, and `bytes` are never read
[INFO] [stderr]   --> src/lib.rs:8:5
[INFO] [stderr]    |
[INFO] [stderr] 7  | pub struct Config {
[INFO] [stderr]    |            ------ fields in this struct
[INFO] [stderr] 8  |     files: Vec<String>,
[INFO] [stderr]    |     ^^^^^
[INFO] [stderr] 9  |     lines: usize,
[INFO] [stderr]    |     ^^^^^
[INFO] [stderr] 10 |     bytes: Option<usize>,
[INFO] [stderr]    |     ^^^^^
[INFO] [stderr]    |
[INFO] [stderr]    = note: `Config` has a derived impl for the trait `Debug`, but this is intentionally ignored during dead code analysis
[INFO] [stderr]    = note: `#[warn(dead_code)]` on by default
[INFO] [stderr] 
[INFO] [stderr] warning: function `parse_positive_int` is never used
[INFO] [stderr]   --> src/lib.rs:73:4
[INFO] [stderr]    |
[INFO] [stderr] 73 | fn parse_positive_int(val: &str) -> MyResult<usize> {
[INFO] [stderr]    |    ^^^^^^^^^^^^^^^^^^
[INFO] [stderr] 
[INFO] [stderr] warning: `headr` (lib) generated 2 warnings
[INFO] [stderr] warning: `headr` (lib test) generated 1 warning (1 duplicate)
[INFO] [stderr]     Finished test [unoptimized + debuginfo] target(s) in 0.02s
[INFO] [stderr]      Running unittests src/lib.rs (/opt/rustwide/target/debug/deps/headr-693ba4a4dfa5173f)
[INFO] [stdout] 
[INFO] [stdout] running 1 test
[INFO] [stdout] test test_parse_positive_int ... ok
[INFO] [stdout] 
[INFO] [stdout] test result: ok. 1 passed; 0 failed; 0 ignored; 0 measured; 0 filtered out; finished in 0.00s
[INFO] [stdout] 
[INFO] [stderr]      Running unittests src/main.rs (/opt/rustwide/target/debug/deps/headr-075202c73a7506ce)
[INFO] [stdout] 
[INFO] [stdout] running 0 tests
[INFO] [stdout] 
[INFO] [stdout] test result: ok. 0 passed; 0 failed; 0 ignored; 0 measured; 0 filtered out; finished in 0.00s
[INFO] [stdout] 
[INFO] [stderr]      Running tests/cli.rs (/opt/rustwide/target/debug/deps/cli-4cab90f8b96070b9)
[INFO] [stdout] 
[INFO] [stdout] running 20 tests
[INFO] [stdout] test all_b ... FAILED
[INFO] [stdout] test all ... FAILED
[INFO] [stdout] test all_n ... FAILED
[INFO] [stdout] test bustle ... FAILED
[INFO] [stdout] test bustle_b ... FAILED
[INFO] [stdout] test bustle_n ... FAILED
[INFO] [stdout] test bustle_stdin ... FAILED
[INFO] [stdout] test bustle_stdin_b ... FAILED
[INFO] [stdout] test bustle_stdin_n ... FAILED
[INFO] [stdout] test empty ... FAILED
[INFO] [stdout] test empty_b ... FAILED
[INFO] [stdout] test empty_n ... FAILED
[INFO] [stdout] test fox ... FAILED
[INFO] [stdout] test fox_b ... FAILED
[INFO] [stdout] test fox_n ... FAILED
[INFO] [stdout] test spiders ... FAILED
[INFO] [stdout] test spiders_b ... FAILED
[INFO] [stdout] test skips_bad_file ... FAILED
[INFO] [stdout] test spiders_n ... FAILED
[INFO] [stdout] test usage ... FAILED
[INFO] [stdout] 
[INFO] [stdout] failures:
[INFO] [stdout] 
[INFO] [stdout] ---- all_b stdout ----
[INFO] [stdout] Error: CargoError { cause: Some(NotFoundError { path: "/opt/rustwide/target/debug/catr" }) }
[INFO] [stdout] 
[INFO] [stdout] ---- all stdout ----
[INFO] [stdout] Error: CargoError { cause: Some(NotFoundError { path: "/opt/rustwide/target/debug/catr" }) }
[INFO] [stdout] 
[INFO] [stdout] ---- all_n stdout ----
[INFO] [stdout] Error: CargoError { cause: Some(NotFoundError { path: "/opt/rustwide/target/debug/catr" }) }
[INFO] [stdout] 
[INFO] [stdout] ---- bustle stdout ----
[INFO] [stdout] Error: CargoError { cause: Some(NotFoundError { path: "/opt/rustwide/target/debug/catr" }) }
[INFO] [stdout] 
[INFO] [stdout] ---- bustle_b stdout ----
[INFO] [stdout] Error: CargoError { cause: Some(NotFoundError { path: "/opt/rustwide/target/debug/catr" }) }
[INFO] [stdout] 
[INFO] [stdout] ---- bustle_n stdout ----
[INFO] [stdout] Error: CargoError { cause: Some(NotFoundError { path: "/opt/rustwide/target/debug/catr" }) }
[INFO] [stdout] 
[INFO] [stdout] ---- bustle_stdin stdout ----
[INFO] [stdout] Error: CargoError { cause: Some(NotFoundError { path: "/opt/rustwide/target/debug/catr" }) }
[INFO] [stdout] 
[INFO] [stdout] ---- bustle_stdin_b stdout ----
[INFO] [stdout] Error: CargoError { cause: Some(NotFoundError { path: "/opt/rustwide/target/debug/catr" }) }
[INFO] [stdout] 
[INFO] [stdout] ---- bustle_stdin_n stdout ----
[INFO] [stdout] Error: CargoError { cause: Some(NotFoundError { path: "/opt/rustwide/target/debug/catr" }) }
[INFO] [stdout] 
[INFO] [stdout] ---- empty stdout ----
[INFO] [stdout] Error: CargoError { cause: Some(NotFoundError { path: "/opt/rustwide/target/debug/catr" }) }
[INFO] [stdout] 
[INFO] [stdout] ---- empty_b stdout ----
[INFO] [stdout] Error: CargoError { cause: Some(NotFoundError { path: "/opt/rustwide/target/debug/catr" }) }
[INFO] [stdout] 
[INFO] [stdout] ---- empty_n stdout ----
[INFO] [stdout] Error: CargoError { cause: Some(NotFoundError { path: "/opt/rustwide/target/debug/catr" }) }
[INFO] [stdout] 
[INFO] [stdout] ---- fox stdout ----
[INFO] [stdout] Error: CargoError { cause: Some(NotFoundError { path: "/opt/rustwide/target/debug/catr" }) }
[INFO] [stdout] 
[INFO] [stdout] ---- fox_b stdout ----
[INFO] [stdout] Error: CargoError { cause: Some(NotFoundError { path: "/opt/rustwide/target/debug/catr" }) }
[INFO] [stdout] 
[INFO] [stdout] ---- fox_n stdout ----
[INFO] [stdout] Error: CargoError { cause: Some(NotFoundError { path: "/opt/rustwide/target/debug/catr" }) }
[INFO] [stdout] 
[INFO] [stdout] ---- spiders stdout ----
[INFO] [stdout] Error: CargoError { cause: Some(NotFoundError { path: "/opt/rustwide/target/debug/catr" }) }
[INFO] [stdout] 
[INFO] [stdout] ---- spiders_b stdout ----
[INFO] [stdout] Error: CargoError { cause: Some(NotFoundError { path: "/opt/rustwide/target/debug/catr" }) }
[INFO] [stdout] 
[INFO] [stdout] ---- skips_bad_file stdout ----
[INFO] [stdout] Error: CargoError { cause: Some(NotFoundError { path: "/opt/rustwide/target/debug/catr" }) }
[INFO] [stdout] 
[INFO] [stdout] ---- spiders_n stdout ----
[INFO] [stdout] Error: CargoError { cause: Some(NotFoundError { path: "/opt/rustwide/target/debug/catr" }) }
[INFO] [stdout] 
[INFO] [stdout] ---- usage stdout ----
[INFO] [stdout] Error: CargoError { cause: Some(NotFoundError { path: "/opt/rustwide/target/debug/catr" }) }
[INFO] [stdout] 
[INFO] [stdout] 
[INFO] [stdout] failures:
[INFO] [stdout]     all
[INFO] [stdout]     all_b
[INFO] [stdout]     all_n
[INFO] [stdout]     bustle
[INFO] [stdout]     bustle_b
[INFO] [stdout]     bustle_n
[INFO] [stdout]     bustle_stdin
[INFO] [stdout]     bustle_stdin_b
[INFO] [stdout]     bustle_stdin_n
[INFO] [stdout]     empty
[INFO] [stdout]     empty_b
[INFO] [stdout]     empty_n
[INFO] [stdout]     fox
[INFO] [stdout]     fox_b
[INFO] [stdout]     fox_n
[INFO] [stdout]     skips_bad_file
[INFO] [stdout]     spiders
[INFO] [stdout]     spiders_b
[INFO] [stdout]     spiders_n
[INFO] [stdout]     usage
[INFO] [stdout] 
[INFO] [stdout] test result: FAILED. 0 passed; 20 failed; 0 ignored; 0 measured; 0 filtered out; finished in 0.00s
[INFO] [stdout] 
[INFO] [stderr] error: test failed, to rerun pass `--test cli`
[INFO] running `Command { std: "docker" "inspect" "bef7f79e2b1b62c475b1241aec26340423c17d74be2995c73ad7f49a3a4304d8", kill_on_drop: false }`
[INFO] running `Command { std: "docker" "rm" "-f" "bef7f79e2b1b62c475b1241aec26340423c17d74be2995c73ad7f49a3a4304d8", kill_on_drop: false }`
[INFO] [stdout] bef7f79e2b1b62c475b1241aec26340423c17d74be2995c73ad7f49a3a4304d8
[INFO] testing jjjame/headr against beta-2023-12-22 for beta-1.76-1
[INFO] running `Command { std: "git" "clone" "/workspace/cache/git-repos/https%3A%2F%2Fgithub.com%2Fjjjame%2Fheadr" "/workspace/builds/worker-2-tc2/source", kill_on_drop: false }`
[INFO] [stderr] Cloning into '/workspace/builds/worker-2-tc2/source'...
[INFO] [stderr] done.
[INFO] validating manifest of git repo https://github.com/jjjame/headr on toolchain beta-2023-12-22
[INFO] running `Command { std: CARGO_HOME="/workspace/cargo-home" RUSTUP_HOME="/workspace/rustup-home" "/workspace/cargo-home/bin/cargo" "+beta-2023-12-22" "metadata" "--manifest-path" "Cargo.toml" "--no-deps", kill_on_drop: false }`
[INFO] started tweaking git repo https://github.com/jjjame/headr
[INFO] finished tweaking git repo https://github.com/jjjame/headr
[INFO] tweaked toml for git repo https://github.com/jjjame/headr written to /workspace/builds/worker-2-tc2/source/Cargo.toml
[INFO] crate git repo https://github.com/jjjame/headr already has a lockfile, it will not be regenerated
[INFO] running `Command { std: CARGO_HOME="/workspace/cargo-home" RUSTUP_HOME="/workspace/rustup-home" "/workspace/cargo-home/bin/cargo" "+beta-2023-12-22" "fetch" "--manifest-path" "Cargo.toml", kill_on_drop: false }`
[INFO] running `Command { std: "docker" "create" "-v" "/var/lib/crater-agent-workspace/builds/worker-2-tc2/target:/opt/rustwide/target:rw,Z" "-v" "/var/lib/crater-agent-workspace/builds/worker-2-tc2/source:/opt/rustwide/workdir:ro,Z" "-v" "/var/lib/crater-agent-workspace/cargo-home:/opt/rustwide/cargo-home:ro,Z" "-v" "/var/lib/crater-agent-workspace/rustup-home:/opt/rustwide/rustup-home:ro,Z" "-e" "SOURCE_DIR=/opt/rustwide/workdir" "-e" "CARGO_TARGET_DIR=/opt/rustwide/target" "-e" "CARGO_HOME=/opt/rustwide/cargo-home" "-e" "RUSTUP_HOME=/opt/rustwide/rustup-home" "-w" "/opt/rustwide/workdir" "-m" "1610612736" "--user" "0:0" "--network" "none" "ghcr.io/rust-lang/crates-build-env/linux@sha256:2788e3201cd34a07e3172128adcd8b3090168a8e3bcc40d7c032b9dda1df7d1c" "/opt/rustwide/cargo-home/bin/cargo" "+beta-2023-12-22" "metadata" "--no-deps" "--format-version=1", kill_on_drop: false }`
[INFO] [stdout] 1155aa29e2976fe059cc7d9590dbb8089c5e880c5e9d60ae0a5f3da79063ee24
[INFO] running `Command { std: "docker" "start" "-a" "1155aa29e2976fe059cc7d9590dbb8089c5e880c5e9d60ae0a5f3da79063ee24", kill_on_drop: false }`
[INFO] running `Command { std: "docker" "inspect" "1155aa29e2976fe059cc7d9590dbb8089c5e880c5e9d60ae0a5f3da79063ee24", kill_on_drop: false }`
[INFO] running `Command { std: "docker" "rm" "-f" "1155aa29e2976fe059cc7d9590dbb8089c5e880c5e9d60ae0a5f3da79063ee24", kill_on_drop: false }`
[INFO] [stdout] 1155aa29e2976fe059cc7d9590dbb8089c5e880c5e9d60ae0a5f3da79063ee24
[INFO] running `Command { std: "docker" "create" "-v" "/var/lib/crater-agent-workspace/builds/worker-2-tc2/target:/opt/rustwide/target:rw,Z" "-v" "/var/lib/crater-agent-workspace/builds/worker-2-tc2/source:/opt/rustwide/workdir:ro,Z" "-v" "/var/lib/crater-agent-workspace/cargo-home:/opt/rustwide/cargo-home:ro,Z" "-v" "/var/lib/crater-agent-workspace/rustup-home:/opt/rustwide/rustup-home:ro,Z" "-e" "SOURCE_DIR=/opt/rustwide/workdir" "-e" "CARGO_TARGET_DIR=/opt/rustwide/target" "-e" "CARGO_INCREMENTAL=0" "-e" "RUST_BACKTRACE=full" "-e" "RUSTFLAGS=--cap-lints=warn" "-e" "RUSTDOCFLAGS=--cap-lints=warn" "-e" "CARGO_HOME=/opt/rustwide/cargo-home" "-e" "RUSTUP_HOME=/opt/rustwide/rustup-home" "-w" "/opt/rustwide/workdir" "-m" "1610612736" "--user" "0:0" "--network" "none" "ghcr.io/rust-lang/crates-build-env/linux@sha256:2788e3201cd34a07e3172128adcd8b3090168a8e3bcc40d7c032b9dda1df7d1c" "/opt/rustwide/cargo-home/bin/cargo" "+beta-2023-12-22" "build" "--frozen" "--message-format=json", kill_on_drop: false }`
[INFO] [stdout] e17673c4571e5f2db7790b072acbabc7d3215f714b7438c33b453dd11deb77bd
[INFO] running `Command { std: "docker" "start" "-a" "e17673c4571e5f2db7790b072acbabc7d3215f714b7438c33b453dd11deb77bd", kill_on_drop: false }`
[INFO] [stderr]    Compiling utf8parse v0.2.1
[INFO] [stderr]    Compiling anstyle v1.0.3
[INFO] [stderr]    Compiling anstyle-query v1.0.0
[INFO] [stderr]    Compiling colorchoice v1.0.0
[INFO] [stderr]    Compiling strsim v0.10.0
[INFO] [stderr]    Compiling clap_lex v0.5.1
[INFO] [stderr]    Compiling anstyle-parse v0.2.1
[INFO] [stderr]    Compiling anstream v0.5.0
[INFO] [stderr]    Compiling clap_builder v4.4.4
[INFO] [stderr]    Compiling clap v4.4.4
[INFO] [stderr]    Compiling headr v0.1.0 (/opt/rustwide/workdir)
[INFO] [stdout] warning: fields `files`, `lines`, and `bytes` are never read
[INFO] [stdout]   --> src/lib.rs:8:5
[INFO] [stdout]    |
[INFO] [stdout] 7  | pub struct Config {
[INFO] [stdout]    |            ------ fields in this struct
[INFO] [stdout] 8  |     files: Vec<String>,
[INFO] [stdout]    |     ^^^^^
[INFO] [stdout] 9  |     lines: usize,
[INFO] [stdout]    |     ^^^^^
[INFO] [stdout] 10 |     bytes: Option<usize>,
[INFO] [stdout]    |     ^^^^^
[INFO] [stdout]    |
[INFO] [stdout]    = note: `Config` has a derived impl for the trait `Debug`, but this is intentionally ignored during dead code analysis
[INFO] [stdout]    = note: `#[warn(dead_code)]` on by default
[INFO] [stdout] 
[INFO] [stdout] 
[INFO] [stdout] warning: function `parse_positive_int` is never used
[INFO] [stdout]   --> src/lib.rs:73:4
[INFO] [stdout]    |
[INFO] [stdout] 73 | fn parse_positive_int(val: &str) -> MyResult<usize> {
[INFO] [stdout]    |    ^^^^^^^^^^^^^^^^^^
[INFO] [stdout] 
[INFO] [stdout] 
[INFO] [stdout] warning: 2 warnings emitted
[INFO] [stdout] 
[INFO] [stdout] 
[INFO] [stderr]     Finished dev [unoptimized + debuginfo] target(s) in 2.79s
[INFO] running `Command { std: "docker" "inspect" "e17673c4571e5f2db7790b072acbabc7d3215f714b7438c33b453dd11deb77bd", kill_on_drop: false }`
[INFO] running `Command { std: "docker" "rm" "-f" "e17673c4571e5f2db7790b072acbabc7d3215f714b7438c33b453dd11deb77bd", kill_on_drop: false }`
[INFO] [stdout] e17673c4571e5f2db7790b072acbabc7d3215f714b7438c33b453dd11deb77bd
[INFO] running `Command { std: "docker" "create" "-v" "/var/lib/crater-agent-workspace/builds/worker-2-tc2/target:/opt/rustwide/target:rw,Z" "-v" "/var/lib/crater-agent-workspace/builds/worker-2-tc2/source:/opt/rustwide/workdir:ro,Z" "-v" "/var/lib/crater-agent-workspace/cargo-home:/opt/rustwide/cargo-home:ro,Z" "-v" "/var/lib/crater-agent-workspace/rustup-home:/opt/rustwide/rustup-home:ro,Z" "-e" "SOURCE_DIR=/opt/rustwide/workdir" "-e" "CARGO_TARGET_DIR=/opt/rustwide/target" "-e" "CARGO_INCREMENTAL=0" "-e" "RUST_BACKTRACE=full" "-e" "RUSTFLAGS=--cap-lints=warn" "-e" "RUSTDOCFLAGS=--cap-lints=warn" "-e" "CARGO_HOME=/opt/rustwide/cargo-home" "-e" "RUSTUP_HOME=/opt/rustwide/rustup-home" "-w" "/opt/rustwide/workdir" "-m" "1610612736" "--user" "0:0" "--network" "none" "ghcr.io/rust-lang/crates-build-env/linux@sha256:2788e3201cd34a07e3172128adcd8b3090168a8e3bcc40d7c032b9dda1df7d1c" "/opt/rustwide/cargo-home/bin/cargo" "+beta-2023-12-22" "test" "--frozen" "--no-run" "--message-format=json", kill_on_drop: false }`
[INFO] [stdout] 8992cc8be2e808eb2e9987c436b78d56fc992fa52b1560b64bcaa96182ed7bec
[INFO] running `Command { std: "docker" "start" "-a" "8992cc8be2e808eb2e9987c436b78d56fc992fa52b1560b64bcaa96182ed7bec", kill_on_drop: false }`
[INFO] [stderr]    Compiling libc v0.2.148
[INFO] [stderr]    Compiling autocfg v1.1.0
[INFO] [stderr]    Compiling memchr v2.6.3
[INFO] [stderr]    Compiling regex-syntax v0.7.5
[INFO] [stderr]    Compiling cfg-if v1.0.0
[INFO] [stderr]    Compiling predicates-core v1.0.6
[INFO] [stderr]    Compiling doc-comment v0.3.3
[INFO] [stderr]    Compiling either v1.9.0
[INFO] [stderr]    Compiling difflib v0.4.0
[INFO] [stderr]    Compiling normalize-line-endings v0.3.0
[INFO] [stderr]    Compiling ppv-lite86 v0.2.17
[INFO] [stderr]    Compiling termtree v0.4.1
[INFO] [stdout] warning: fields `files`, `lines`, and `bytes` are never read
[INFO] [stdout]   --> src/lib.rs:8:5
[INFO] [stdout]    |
[INFO] [stdout] 7  | pub struct Config {
[INFO] [stdout]    |            ------ fields in this struct
[INFO] [stdout] 8  |     files: Vec<String>,
[INFO] [stdout]    |     ^^^^^
[INFO] [stdout] 9  |     lines: usize,
[INFO] [stdout]    |     ^^^^^
[INFO] [stdout] 10 |     bytes: Option<usize>,
[INFO] [stdout]    |     ^^^^^
[INFO] [stdout]    |
[INFO] [stdout]    = note: `Config` has a derived impl for the trait `Debug`, but this is intentionally ignored during dead code analysis
[INFO] [stdout]    = note: `#[warn(dead_code)]` on by default
[INFO] [stdout] 
[INFO] [stdout] 
[INFO] [stdout] warning: function `parse_positive_int` is never used
[INFO] [stdout]   --> src/lib.rs:73:4
[INFO] [stdout]    |
[INFO] [stdout] 73 | fn parse_positive_int(val: &str) -> MyResult<usize> {
[INFO] [stdout]    |    ^^^^^^^^^^^^^^^^^^
[INFO] [stdout] 
[INFO] [stdout] 
[INFO] [stdout] warning: 2 warnings emitted
[INFO] [stdout] 
[INFO] [stdout] 
[INFO] [stderr]    Compiling predicates-tree v1.0.9
[INFO] [stderr]    Compiling itertools v0.11.0
[INFO] [stderr]    Compiling num-traits v0.2.16
[INFO] [stderr]    Compiling aho-corasick v1.1.1
[INFO] [stderr]    Compiling getrandom v0.2.10
[INFO] [stderr]    Compiling wait-timeout v0.2.0
[INFO] [stderr]    Compiling rand_core v0.6.4
[INFO] [stderr]    Compiling rand_chacha v0.3.1
[INFO] [stderr]    Compiling rand v0.8.5
[INFO] [stderr]    Compiling float-cmp v0.9.0
[INFO] [stderr]    Compiling regex-automata v0.3.8
[INFO] [stderr]    Compiling regex v1.9.5
[INFO] [stderr]    Compiling bstr v1.6.2
[INFO] [stderr]    Compiling predicates v3.0.4
[INFO] [stderr]    Compiling assert_cmd v2.0.12
[INFO] [stderr]    Compiling headr v0.1.0 (/opt/rustwide/workdir)
[INFO] [stdout] warning: fields `files`, `lines`, and `bytes` are never read
[INFO] [stdout]   --> src/lib.rs:8:5
[INFO] [stdout]    |
[INFO] [stdout] 7  | pub struct Config {
[INFO] [stdout]    |            ------ fields in this struct
[INFO] [stdout] 8  |     files: Vec<String>,
[INFO] [stdout]    |     ^^^^^
[INFO] [stdout] 9  |     lines: usize,
[INFO] [stdout]    |     ^^^^^
[INFO] [stdout] 10 |     bytes: Option<usize>,
[INFO] [stdout]    |     ^^^^^
[INFO] [stdout]    |
[INFO] [stdout]    = note: `Config` has a derived impl for the trait `Debug`, but this is intentionally ignored during dead code analysis
[INFO] [stdout]    = note: `#[warn(dead_code)]` on by default
[INFO] [stdout] 
[INFO] [stdout] 
[INFO] [stdout] warning: 1 warning emitted
[INFO] [stdout] 
[INFO] [stdout] 
[INFO] [stderr]     Finished test [unoptimized + debuginfo] target(s) in 4.84s
[INFO] running `Command { std: "docker" "inspect" "8992cc8be2e808eb2e9987c436b78d56fc992fa52b1560b64bcaa96182ed7bec", kill_on_drop: false }`
[INFO] running `Command { std: "docker" "rm" "-f" "8992cc8be2e808eb2e9987c436b78d56fc992fa52b1560b64bcaa96182ed7bec", kill_on_drop: false }`
[INFO] [stdout] 8992cc8be2e808eb2e9987c436b78d56fc992fa52b1560b64bcaa96182ed7bec
[INFO] running `Command { std: "docker" "create" "-v" "/var/lib/crater-agent-workspace/builds/worker-2-tc2/target:/opt/rustwide/target:rw,Z" "-v" "/var/lib/crater-agent-workspace/builds/worker-2-tc2/source:/opt/rustwide/workdir:ro,Z" "-v" "/var/lib/crater-agent-workspace/cargo-home:/opt/rustwide/cargo-home:ro,Z" "-v" "/var/lib/crater-agent-workspace/rustup-home:/opt/rustwide/rustup-home:ro,Z" "-e" "SOURCE_DIR=/opt/rustwide/workdir" "-e" "CARGO_TARGET_DIR=/opt/rustwide/target" "-e" "CARGO_INCREMENTAL=0" "-e" "RUST_BACKTRACE=full" "-e" "RUSTFLAGS=--cap-lints=warn" "-e" "RUSTDOCFLAGS=--cap-lints=warn" "-e" "CARGO_HOME=/opt/rustwide/cargo-home" "-e" "RUSTUP_HOME=/opt/rustwide/rustup-home" "-w" "/opt/rustwide/workdir" "-m" "1610612736" "--user" "0:0" "--network" "none" "ghcr.io/rust-lang/crates-build-env/linux@sha256:2788e3201cd34a07e3172128adcd8b3090168a8e3bcc40d7c032b9dda1df7d1c" "/opt/rustwide/cargo-home/bin/cargo" "+beta-2023-12-22" "test" "--frozen", kill_on_drop: false }`
[INFO] [stdout] 09f9f46073533c92720f9972961cf09f1a880779038d37f5d315a32c34386b07
[INFO] running `Command { std: "docker" "start" "-a" "09f9f46073533c92720f9972961cf09f1a880779038d37f5d315a32c34386b07", kill_on_drop: false }`
[INFO] [stderr] warning: fields `files`, `lines`, and `bytes` are never read
[INFO] [stderr]   --> src/lib.rs:8:5
[INFO] [stderr]    |
[INFO] [stderr] 7  | pub struct Config {
[INFO] [stderr]    |            ------ fields in this struct
[INFO] [stderr] 8  |     files: Vec<String>,
[INFO] [stderr]    |     ^^^^^
[INFO] [stderr] 9  |     lines: usize,
[INFO] [stderr]    |     ^^^^^
[INFO] [stderr] 10 |     bytes: Option<usize>,
[INFO] [stderr]    |     ^^^^^
[INFO] [stderr]    |
[INFO] [stderr]    = note: `Config` has a derived impl for the trait `Debug`, but this is intentionally ignored during dead code analysis
[INFO] [stderr]    = note: `#[warn(dead_code)]` on by default
[INFO] [stderr] 
[INFO] [stderr] warning: function `parse_positive_int` is never used
[INFO] [stderr]   --> src/lib.rs:73:4
[INFO] [stderr]    |
[INFO] [stderr] 73 | fn parse_positive_int(val: &str) -> MyResult<usize> {
[INFO] [stderr]    |    ^^^^^^^^^^^^^^^^^^
[INFO] [stderr] 
[INFO] [stderr] warning: `headr` (lib) generated 2 warnings
[INFO] [stderr] warning: `headr` (lib test) generated 1 warning (1 duplicate)
[INFO] [stderr]     Finished test [unoptimized + debuginfo] target(s) in 0.03s
[INFO] [stderr]      Running unittests src/lib.rs (/opt/rustwide/target/debug/deps/headr-e816fb5b9cba4e51)
[INFO] [stdout] 
[INFO] [stdout] running 1 test
[INFO] [stdout] test test_parse_positive_int ... ok
[INFO] [stdout] 
[INFO] [stdout] test result: ok. 1 passed; 0 failed; 0 ignored; 0 measured; 0 filtered out; finished in 0.00s
[INFO] [stdout] 
[INFO] [stderr]      Running unittests src/main.rs (/opt/rustwide/target/debug/deps/headr-599f65a5e5f1795b)
[INFO] [stdout] 
[INFO] [stdout] running 0 tests
[INFO] [stdout] 
[INFO] [stdout] test result: ok. 0 passed; 0 failed; 0 ignored; 0 measured; 0 filtered out; finished in 0.00s
[INFO] [stdout] 
[INFO] [stderr]      Running tests/cli.rs (/opt/rustwide/target/debug/deps/cli-cc7e7a9c22e8d8c5)
[INFO] [stdout] 
[INFO] [stdout] running 20 tests
[INFO] [stdout] test bustle_n ... FAILED
[INFO] [stdout] test all_n ... FAILED
[INFO] [stdout] test bustle_b ... FAILED
[INFO] [stdout] test all_b ... FAILED
[INFO] [stdout] test all ... FAILED
[INFO] [stdout] test bustle_stdin_b ... FAILED
[INFO] [stdout] test bustle_stdin ... FAILED
[INFO] [stdout] test bustle ... FAILED
[INFO] [stdout] test bustle_stdin_n ... FAILED
[INFO] [stdout] test empty ... FAILED
[INFO] [stdout] test empty_b ... FAILED
[INFO] [stdout] test empty_n ... FAILED
[INFO] [stdout] test fox ... FAILED
[INFO] [stdout] test fox_b ... FAILED
[INFO] [stdout] test fox_n ... FAILED
[INFO] [stdout] test spiders ... FAILED
[INFO] [stdout] test spiders_n ... FAILED
[INFO] [stdout] test usage ... FAILED
[INFO] [stdout] test spiders_b ... FAILED
[INFO] [stdout] test skips_bad_file ... FAILED
[INFO] [stdout] 
[INFO] [stdout] failures:
[INFO] [stdout] 
[INFO] [stdout] ---- bustle_n stdout ----
[INFO] [stdout] Error: CargoError { cause: Some(NotFoundError { path: "/opt/rustwide/target/debug/catr" }) }
[INFO] [stdout] 
[INFO] [stdout] ---- all_n stdout ----
[INFO] [stdout] Error: CargoError { cause: Some(NotFoundError { path: "/opt/rustwide/target/debug/catr" }) }
[INFO] [stdout] 
[INFO] [stdout] ---- bustle_b stdout ----
[INFO] [stdout] Error: CargoError { cause: Some(NotFoundError { path: "/opt/rustwide/target/debug/catr" }) }
[INFO] [stdout] 
[INFO] [stdout] ---- all_b stdout ----
[INFO] [stdout] Error: CargoError { cause: Some(NotFoundError { path: "/opt/rustwide/target/debug/catr" }) }
[INFO] [stdout] 
[INFO] [stdout] ---- all stdout ----
[INFO] [stdout] Error: CargoError { cause: Some(NotFoundError { path: "/opt/rustwide/target/debug/catr" }) }
[INFO] [stdout] 
[INFO] [stdout] ---- bustle_stdin_b stdout ----
[INFO] [stdout] Error: CargoError { cause: Some(NotFoundError { path: "/opt/rustwide/target/debug/catr" }) }
[INFO] [stdout] 
[INFO] [stdout] ---- bustle_stdin stdout ----
[INFO] [stdout] Error: CargoError { cause: Some(NotFoundError { path: "/opt/rustwide/target/debug/catr" }) }
[INFO] [stdout] 
[INFO] [stdout] ---- bustle stdout ----
[INFO] [stdout] Error: CargoError { cause: Some(NotFoundError { path: "/opt/rustwide/target/debug/catr" }) }
[INFO] [stdout] 
[INFO] [stdout] ---- bustle_stdin_n stdout ----
[INFO] [stdout] Error: CargoError { cause: Some(NotFoundError { path: "/opt/rustwide/target/debug/catr" }) }
[INFO] [stdout] 
[INFO] [stdout] ---- empty stdout ----
[INFO] [stdout] Error: CargoError { cause: Some(NotFoundError { path: "/opt/rustwide/target/debug/catr" }) }
[INFO] [stdout] 
[INFO] [stdout] ---- empty_b stdout ----
[INFO] [stdout] Error: CargoError { cause: Some(NotFoundError { path: "/opt/rustwide/target/debug/catr" }) }
[INFO] [stdout] 
[INFO] [stdout] ---- empty_n stdout ----
[INFO] [stdout] Error: CargoError { cause: Some(NotFoundError { path: "/opt/rustwide/target/debug/catr" }) }
[INFO] [stdout] 
[INFO] [stdout] ---- fox stdout ----
[INFO] [stdout] Error: CargoError { cause: Some(NotFoundError { path: "/opt/rustwide/target/debug/catr" }) }
[INFO] [stdout] 
[INFO] [stdout] ---- fox_b stdout ----
[INFO] [stdout] Error: CargoError { cause: Some(NotFoundError { path: "/opt/rustwide/target/debug/catr" }) }
[INFO] [stdout] 
[INFO] [stdout] ---- fox_n stdout ----
[INFO] [stdout] Error: CargoError { cause: Some(NotFoundError { path: "/opt/rustwide/target/debug/catr" }) }
[INFO] [stdout] 
[INFO] [stdout] ---- spiders stdout ----
[INFO] [stdout] Error: CargoError { cause: Some(NotFoundError { path: "/opt/rustwide/target/debug/catr" }) }
[INFO] [stdout] 
[INFO] [stdout] ---- spiders_n stdout ----
[INFO] [stdout] Error: CargoError { cause: Some(NotFoundError { path: "/opt/rustwide/target/debug/catr" }) }
[INFO] [stdout] 
[INFO] [stdout] ---- usage stdout ----
[INFO] [stdout] Error: CargoError { cause: Some(NotFoundError { path: "/opt/rustwide/target/debug/catr" }) }
[INFO] [stdout] 
[INFO] [stdout] ---- spiders_b stdout ----
[INFO] [stdout] Error: CargoError { cause: Some(NotFoundError { path: "/opt/rustwide/target/debug/catr" }) }
[INFO] [stdout] 
[INFO] [stdout] ---- skips_bad_file stdout ----
[INFO] [stdout] Error: CargoError { cause: Some(NotFoundError { path: "/opt/rustwide/target/debug/catr" }) }
[INFO] [stdout] 
[INFO] [stdout] 
[INFO] [stdout] failures:
[INFO] [stdout]     all
[INFO] [stdout]     all_b
[INFO] [stdout]     all_n
[INFO] [stdout]     bustle
[INFO] [stdout]     bustle_b
[INFO] [stdout]     bustle_n
[INFO] [stdout]     bustle_stdin
[INFO] [stdout]     bustle_stdin_b
[INFO] [stdout]     bustle_stdin_n
[INFO] [stdout]     empty
[INFO] [stdout]     empty_b
[INFO] [stdout]     empty_n
[INFO] [stdout]     fox
[INFO] [stdout]     fox_b
[INFO] [stdout]     fox_n
[INFO] [stdout]     skips_bad_file
[INFO] [stdout]     spiders
[INFO] [stdout]     spiders_b
[INFO] [stdout]     spiders_n
[INFO] [stdout]     usage
[INFO] [stdout] 
[INFO] [stdout] test result: FAILED. 0 passed; 20 failed; 0 ignored; 0 measured; 0 filtered out; finished in 0.00s
[INFO] [stdout] 
[INFO] [stderr] error: test failed, to rerun pass `--test cli`
[INFO] running `Command { std: "docker" "inspect" "09f9f46073533c92720f9972961cf09f1a880779038d37f5d315a32c34386b07", kill_on_drop: false }`
[INFO] running `Command { std: "docker" "rm" "-f" "09f9f46073533c92720f9972961cf09f1a880779038d37f5d315a32c34386b07", kill_on_drop: false }`
[INFO] [stdout] 09f9f46073533c92720f9972961cf09f1a880779038d37f5d315a32c34386b07
