[INFO] cloning repository https://github.com/jj-style/photo-date-exif-repair
[INFO] running `Command { std: "git" "-c" "credential.helper=" "-c" "credential.helper=/workspace/cargo-home/bin/git-credential-null" "clone" "--bare" "https://github.com/jj-style/photo-date-exif-repair" "/workspace/cache/git-repos/https%3A%2F%2Fgithub.com%2Fjj-style%2Fphoto-date-exif-repair", kill_on_drop: false }`
[INFO] [stderr] Cloning into bare repository '/workspace/cache/git-repos/https%3A%2F%2Fgithub.com%2Fjj-style%2Fphoto-date-exif-repair'...
[INFO] running `Command { std: "git" "rev-parse" "HEAD", kill_on_drop: false }`
[INFO] [stdout] 4e666f79b8ca4a13afe6a51da6c1e346e118185a
[INFO] testing jj-style/photo-date-exif-repair against 1.75.0 for beta-1.76-1
[INFO] running `Command { std: "git" "clone" "/workspace/cache/git-repos/https%3A%2F%2Fgithub.com%2Fjj-style%2Fphoto-date-exif-repair" "/workspace/builds/worker-5-tc1/source", kill_on_drop: false }`
[INFO] [stderr] Cloning into '/workspace/builds/worker-5-tc1/source'...
[INFO] [stderr] done.
[INFO] validating manifest of git repo https://github.com/jj-style/photo-date-exif-repair on toolchain 1.75.0
[INFO] running `Command { std: CARGO_HOME="/workspace/cargo-home" RUSTUP_HOME="/workspace/rustup-home" "/workspace/cargo-home/bin/cargo" "+1.75.0" "metadata" "--manifest-path" "Cargo.toml" "--no-deps", kill_on_drop: false }`
[INFO] started tweaking git repo https://github.com/jj-style/photo-date-exif-repair
[INFO] finished tweaking git repo https://github.com/jj-style/photo-date-exif-repair
[INFO] tweaked toml for git repo https://github.com/jj-style/photo-date-exif-repair written to /workspace/builds/worker-5-tc1/source/Cargo.toml
[INFO] crate git repo https://github.com/jj-style/photo-date-exif-repair already has a lockfile, it will not be regenerated
[INFO] running `Command { std: CARGO_HOME="/workspace/cargo-home" RUSTUP_HOME="/workspace/rustup-home" "/workspace/cargo-home/bin/cargo" "+1.75.0" "fetch" "--manifest-path" "Cargo.toml", kill_on_drop: false }`
[INFO] [stderr]     Updating crates.io index
[INFO] [stderr]  Downloading crates ...
[INFO] [stderr]   Downloaded dateparser v0.1.7
[INFO] running `Command { std: "docker" "create" "-v" "/var/lib/crater-agent-workspace/builds/worker-5-tc1/target:/opt/rustwide/target:rw,Z" "-v" "/var/lib/crater-agent-workspace/builds/worker-5-tc1/source:/opt/rustwide/workdir:ro,Z" "-v" "/var/lib/crater-agent-workspace/cargo-home:/opt/rustwide/cargo-home:ro,Z" "-v" "/var/lib/crater-agent-workspace/rustup-home:/opt/rustwide/rustup-home:ro,Z" "-e" "SOURCE_DIR=/opt/rustwide/workdir" "-e" "CARGO_TARGET_DIR=/opt/rustwide/target" "-e" "CARGO_HOME=/opt/rustwide/cargo-home" "-e" "RUSTUP_HOME=/opt/rustwide/rustup-home" "-w" "/opt/rustwide/workdir" "-m" "1610612736" "--user" "0:0" "--network" "none" "ghcr.io/rust-lang/crates-build-env/linux@sha256:2788e3201cd34a07e3172128adcd8b3090168a8e3bcc40d7c032b9dda1df7d1c" "/opt/rustwide/cargo-home/bin/cargo" "+1.75.0" "metadata" "--no-deps" "--format-version=1", kill_on_drop: false }`
[INFO] [stdout] f127b9e3f7c72cdfbce0cf428cd606b7624139d004346cbd5c5f15d1ce51daef
[INFO] running `Command { std: "docker" "start" "-a" "f127b9e3f7c72cdfbce0cf428cd606b7624139d004346cbd5c5f15d1ce51daef", kill_on_drop: false }`
[INFO] running `Command { std: "docker" "inspect" "f127b9e3f7c72cdfbce0cf428cd606b7624139d004346cbd5c5f15d1ce51daef", kill_on_drop: false }`
[INFO] running `Command { std: "docker" "rm" "-f" "f127b9e3f7c72cdfbce0cf428cd606b7624139d004346cbd5c5f15d1ce51daef", kill_on_drop: false }`
[INFO] [stdout] f127b9e3f7c72cdfbce0cf428cd606b7624139d004346cbd5c5f15d1ce51daef
[INFO] running `Command { std: "docker" "create" "-v" "/var/lib/crater-agent-workspace/builds/worker-5-tc1/target:/opt/rustwide/target:rw,Z" "-v" "/var/lib/crater-agent-workspace/builds/worker-5-tc1/source:/opt/rustwide/workdir:ro,Z" "-v" "/var/lib/crater-agent-workspace/cargo-home:/opt/rustwide/cargo-home:ro,Z" "-v" "/var/lib/crater-agent-workspace/rustup-home:/opt/rustwide/rustup-home:ro,Z" "-e" "SOURCE_DIR=/opt/rustwide/workdir" "-e" "CARGO_TARGET_DIR=/opt/rustwide/target" "-e" "CARGO_INCREMENTAL=0" "-e" "RUST_BACKTRACE=full" "-e" "RUSTFLAGS=--cap-lints=warn" "-e" "RUSTDOCFLAGS=--cap-lints=warn" "-e" "CARGO_HOME=/opt/rustwide/cargo-home" "-e" "RUSTUP_HOME=/opt/rustwide/rustup-home" "-w" "/opt/rustwide/workdir" "-m" "1610612736" "--user" "0:0" "--network" "none" "ghcr.io/rust-lang/crates-build-env/linux@sha256:2788e3201cd34a07e3172128adcd8b3090168a8e3bcc40d7c032b9dda1df7d1c" "/opt/rustwide/cargo-home/bin/cargo" "+1.75.0" "build" "--frozen" "--message-format=json", kill_on_drop: false }`
[INFO] [stdout] 95ea5ee17133358a1c8bbe67f5fc302c0271af9e96c1a3edf3bdb1234536c733
[INFO] running `Command { std: "docker" "start" "-a" "95ea5ee17133358a1c8bbe67f5fc302c0271af9e96c1a3edf3bdb1234536c733", kill_on_drop: false }`
[INFO] [stderr]    Compiling libc v0.2.139
[INFO] [stderr]    Compiling version_check v0.9.4
[INFO] [stderr]    Compiling crossbeam-utils v0.8.14
[INFO] [stderr]    Compiling syn v1.0.107
[INFO] [stderr]    Compiling num-traits v0.2.15
[INFO] [stderr]    Compiling memoffset v0.7.1
[INFO] [stderr]    Compiling io-lifetimes v1.0.3
[INFO] [stderr]    Compiling num-integer v0.1.45
[INFO] [stderr]    Compiling crossbeam-epoch v0.9.13
[INFO] [stderr]    Compiling rustix v0.36.6
[INFO] [stderr]    Compiling linux-raw-sys v0.1.4
[INFO] [stderr]    Compiling memchr v2.5.0
[INFO] [stderr]    Compiling bitflags v1.3.2
[INFO] [stderr]    Compiling crossbeam-queue v0.3.8
[INFO] [stderr]    Compiling os_str_bytes v6.4.1
[INFO] [stderr]    Compiling lazy_static v1.4.0
[INFO] [stderr]    Compiling iana-time-zone v0.1.53
[INFO] [stderr]    Compiling heck v0.4.0
[INFO] [stderr]    Compiling regex-syntax v0.6.28
[INFO] [stderr]    Compiling thiserror v1.0.38
[INFO] [stderr]    Compiling clap_lex v0.3.0
[INFO] [stderr]    Compiling mutate_once v0.1.1
[INFO] [stderr]    Compiling proc-macro-error-attr v1.0.4
[INFO] [stderr]    Compiling proc-macro-error v1.0.4
[INFO] [stderr]    Compiling strsim v0.10.0
[INFO] [stderr]    Compiling termcolor v1.1.3
[INFO] [stderr]    Compiling kamadak-exif v0.5.5
[INFO] [stderr]    Compiling aho-corasick v0.7.20
[INFO] [stderr]    Compiling crossbeam-channel v0.5.6
[INFO] [stderr]    Compiling crossbeam-deque v0.8.2
[INFO] [stderr]    Compiling crossbeam v0.8.2
[INFO] [stderr]    Compiling time v0.1.45
[INFO] [stderr]    Compiling num_cpus v1.15.0
[INFO] [stderr]    Compiling atty v0.2.14
[INFO] [stderr]    Compiling colored v2.0.0
[INFO] [stderr]    Compiling threadpool v1.8.1
[INFO] [stderr]    Compiling chrono v0.4.23
[INFO] [stderr]    Compiling regex v1.7.1
[INFO] [stderr]    Compiling is-terminal v0.4.2
[INFO] [stderr]    Compiling dateparser v0.1.7
[INFO] [stderr]    Compiling clap_derive v4.0.21
[INFO] [stderr]    Compiling thiserror-impl v1.0.38
[INFO] [stderr]    Compiling clap v4.0.32
[INFO] [stderr]    Compiling photo-date-exif-repair v0.1.0 (/opt/rustwide/workdir)
[INFO] [stderr]     Finished dev [unoptimized + debuginfo] target(s) in 7.05s
[INFO] running `Command { std: "docker" "inspect" "95ea5ee17133358a1c8bbe67f5fc302c0271af9e96c1a3edf3bdb1234536c733", kill_on_drop: false }`
[INFO] running `Command { std: "docker" "rm" "-f" "95ea5ee17133358a1c8bbe67f5fc302c0271af9e96c1a3edf3bdb1234536c733", kill_on_drop: false }`
[INFO] [stdout] 95ea5ee17133358a1c8bbe67f5fc302c0271af9e96c1a3edf3bdb1234536c733
[INFO] running `Command { std: "docker" "create" "-v" "/var/lib/crater-agent-workspace/builds/worker-5-tc1/target:/opt/rustwide/target:rw,Z" "-v" "/var/lib/crater-agent-workspace/builds/worker-5-tc1/source:/opt/rustwide/workdir:ro,Z" "-v" "/var/lib/crater-agent-workspace/cargo-home:/opt/rustwide/cargo-home:ro,Z" "-v" "/var/lib/crater-agent-workspace/rustup-home:/opt/rustwide/rustup-home:ro,Z" "-e" "SOURCE_DIR=/opt/rustwide/workdir" "-e" "CARGO_TARGET_DIR=/opt/rustwide/target" "-e" "CARGO_INCREMENTAL=0" "-e" "RUST_BACKTRACE=full" "-e" "RUSTFLAGS=--cap-lints=warn" "-e" "RUSTDOCFLAGS=--cap-lints=warn" "-e" "CARGO_HOME=/opt/rustwide/cargo-home" "-e" "RUSTUP_HOME=/opt/rustwide/rustup-home" "-w" "/opt/rustwide/workdir" "-m" "1610612736" "--user" "0:0" "--network" "none" "ghcr.io/rust-lang/crates-build-env/linux@sha256:2788e3201cd34a07e3172128adcd8b3090168a8e3bcc40d7c032b9dda1df7d1c" "/opt/rustwide/cargo-home/bin/cargo" "+1.75.0" "test" "--frozen" "--no-run" "--message-format=json", kill_on_drop: false }`
[INFO] [stdout] 5c186382ecfb94d2d587e1c7c93bc456c1f4a793d6c276f94bdc765678566838
[INFO] running `Command { std: "docker" "start" "-a" "5c186382ecfb94d2d587e1c7c93bc456c1f4a793d6c276f94bdc765678566838", kill_on_drop: false }`
[INFO] [stderr]    Compiling syn v1.0.107
[INFO] [stderr]    Compiling crossbeam-utils v0.8.14
[INFO] [stderr]    Compiling num-traits v0.2.15
[INFO] [stderr]    Compiling num-integer v0.1.45
[INFO] [stderr]    Compiling rayon-core v1.10.1
[INFO] [stderr]    Compiling adler v1.0.2
[INFO] [stderr]    Compiling crc32fast v1.3.2
[INFO] [stderr]    Compiling futures-core v0.3.25
[INFO] [stderr]    Compiling getrandom v0.2.8
[INFO] [stderr]    Compiling either v1.8.0
[INFO] [stderr]    Compiling spin v0.9.4
[INFO] [stderr]    Compiling num-rational v0.4.1
[INFO] [stderr]    Compiling weezl v0.1.7
[INFO] [stderr]    Compiling futures-sink v0.3.25
[INFO] [stderr]    Compiling lebe v0.5.2
[INFO] [stderr]    Compiling bit_field v0.10.1
[INFO] [stderr]    Compiling miniz_oxide v0.6.2
[INFO] [stderr]    Compiling nanorand v0.7.0
[INFO] [stderr]    Compiling color_quant v1.1.0
[INFO] [stderr]    Compiling half v2.2.1
[INFO] [stderr]    Compiling scoped_threadpool v0.1.9
[INFO] [stderr]    Compiling byteorder v1.4.3
[INFO] [stderr]    Compiling bytemuck v1.12.3
[INFO] [stderr]    Compiling remove_dir_all v0.5.3
[INFO] [stderr]    Compiling fastrand v1.8.0
[INFO] [stderr]    Compiling gif v0.11.4
[INFO] [stderr]    Compiling tempfile v3.3.0
[INFO] [stderr]    Compiling flate2 v1.0.25
[INFO] [stderr]    Compiling crossbeam-epoch v0.9.13
[INFO] [stderr]    Compiling crossbeam-channel v0.5.6
[INFO] [stderr]    Compiling crossbeam-queue v0.3.8
[INFO] [stderr]    Compiling crossbeam-deque v0.8.2
[INFO] [stderr]    Compiling png v0.17.7
[INFO] [stderr]    Compiling crossbeam v0.8.2
[INFO] [stderr]    Compiling chrono v0.4.23
[INFO] [stderr]    Compiling rayon v1.6.1
[INFO] [stderr]    Compiling dateparser v0.1.7
[INFO] [stderr]    Compiling proc-macro-error v1.0.4
[INFO] [stderr]    Compiling pin-project-internal v1.0.12
[INFO] [stderr]    Compiling clap_derive v4.0.21
[INFO] [stderr]    Compiling thiserror-impl v1.0.38
[INFO] [stderr]    Compiling jpeg-decoder v0.3.0
[INFO] [stderr]    Compiling tiff v0.8.1
[INFO] [stderr]    Compiling thiserror v1.0.38
[INFO] [stderr]    Compiling pin-project v1.0.12
[INFO] [stderr]    Compiling flume v0.10.14
[INFO] [stderr]    Compiling exr v1.5.2
[INFO] [stderr]    Compiling clap v4.0.32
[INFO] [stderr]    Compiling image v0.24.5
[INFO] [stderr]    Compiling photo-date-exif-repair v0.1.0 (/opt/rustwide/workdir)
[INFO] [stderr]     Finished test [unoptimized + debuginfo] target(s) in 11.57s
[INFO] running `Command { std: "docker" "inspect" "5c186382ecfb94d2d587e1c7c93bc456c1f4a793d6c276f94bdc765678566838", kill_on_drop: false }`
[INFO] running `Command { std: "docker" "rm" "-f" "5c186382ecfb94d2d587e1c7c93bc456c1f4a793d6c276f94bdc765678566838", kill_on_drop: false }`
[INFO] [stdout] 5c186382ecfb94d2d587e1c7c93bc456c1f4a793d6c276f94bdc765678566838
[INFO] running `Command { std: "docker" "create" "-v" "/var/lib/crater-agent-workspace/builds/worker-5-tc1/target:/opt/rustwide/target:rw,Z" "-v" "/var/lib/crater-agent-workspace/builds/worker-5-tc1/source:/opt/rustwide/workdir:ro,Z" "-v" "/var/lib/crater-agent-workspace/cargo-home:/opt/rustwide/cargo-home:ro,Z" "-v" "/var/lib/crater-agent-workspace/rustup-home:/opt/rustwide/rustup-home:ro,Z" "-e" "SOURCE_DIR=/opt/rustwide/workdir" "-e" "CARGO_TARGET_DIR=/opt/rustwide/target" "-e" "CARGO_INCREMENTAL=0" "-e" "RUST_BACKTRACE=full" "-e" "RUSTFLAGS=--cap-lints=warn" "-e" "RUSTDOCFLAGS=--cap-lints=warn" "-e" "CARGO_HOME=/opt/rustwide/cargo-home" "-e" "RUSTUP_HOME=/opt/rustwide/rustup-home" "-w" "/opt/rustwide/workdir" "-m" "1610612736" "--user" "0:0" "--network" "none" "ghcr.io/rust-lang/crates-build-env/linux@sha256:2788e3201cd34a07e3172128adcd8b3090168a8e3bcc40d7c032b9dda1df7d1c" "/opt/rustwide/cargo-home/bin/cargo" "+1.75.0" "test" "--frozen", kill_on_drop: false }`
[INFO] [stdout] 316c57bf264b1809f34a5a812b673109877406a2d7914b413f7adf9cd94f08b9
[INFO] running `Command { std: "docker" "start" "-a" "316c57bf264b1809f34a5a812b673109877406a2d7914b413f7adf9cd94f08b9", kill_on_drop: false }`
[INFO] [stderr]     Finished test [unoptimized + debuginfo] target(s) in 0.06s
[INFO] [stderr]      Running unittests src/lib.rs (/opt/rustwide/target/debug/deps/photo_date_exif_repair-d3eec44ba313da1e)
[INFO] [stdout] 
[INFO] [stdout] running 4 tests
[INFO] [stdout] test tests::test_normal_date_regex_extraction_from_filename_unhappy ... ok
[INFO] [stdout] test tests::test_whatsapp_date_regex_extraction_from_filename_happy ... ok
[INFO] [stdout] test tests::test_whatsapp_date_regex_extraction_from_filename_unhappy ... ok
[INFO] [stdout] test tests::test_normal_date_regex_extraction_from_filename_happy ... ok
[INFO] [stdout] 
[INFO] [stdout] test result: ok. 4 passed; 0 failed; 0 ignored; 0 measured; 0 filtered out; finished in 0.01s
[INFO] [stdout] 
[INFO] [stderr]      Running unittests src/main.rs (/opt/rustwide/target/debug/deps/photo_date_exif_repair-383501292d1343f4)
[INFO] [stdout] 
[INFO] [stdout] running 0 tests
[INFO] [stdout] 
[INFO] [stdout] test result: ok. 0 passed; 0 failed; 0 ignored; 0 measured; 0 filtered out; finished in 0.00s
[INFO] [stdout] 
[INFO] [stderr]      Running tests/integration_test.rs (/opt/rustwide/target/debug/deps/integration_test-e2b500a87827f476)
[INFO] [stdout] 
[INFO] [stdout] running 1 test
[INFO] [stdout] test test_set_date_from_filename_e2e ... FAILED
[INFO] [stdout] 
[INFO] [stdout] failures:
[INFO] [stdout] 
[INFO] [stdout] ---- test_set_date_from_filename_e2e stdout ----
[INFO] [stdout] ["IMG_20210820_133000_image.jpg"] extracted date from filename '2021-08-20 13:30:00 +00:00'
[INFO] [stdout] [thread 0] setting date=2021-08-20T13:30:00+00:00 for file="IMG_20210820_133000_image.jpg"
[INFO] [stdout] [thread 0] error setting date for /tmp/.tmpCfzg25/IMG_20210820_133000_image.jpg: No such file or directory (os error 2)
[INFO] [stdout] Error: NotFound("JPEG")
[INFO] [stdout] 
[INFO] [stdout] 
[INFO] [stdout] failures:
[INFO] [stdout]     test_set_date_from_filename_e2e
[INFO] [stdout] 
[INFO] [stdout] test result: FAILED. 0 passed; 1 failed; 0 ignored; 0 measured; 0 filtered out; finished in 0.03s
[INFO] [stdout] 
[INFO] [stderr] error: test failed, to rerun pass `--test integration_test`
[INFO] running `Command { std: "docker" "inspect" "316c57bf264b1809f34a5a812b673109877406a2d7914b413f7adf9cd94f08b9", kill_on_drop: false }`
[INFO] running `Command { std: "docker" "rm" "-f" "316c57bf264b1809f34a5a812b673109877406a2d7914b413f7adf9cd94f08b9", kill_on_drop: false }`
[INFO] [stdout] 316c57bf264b1809f34a5a812b673109877406a2d7914b413f7adf9cd94f08b9
[INFO] testing jj-style/photo-date-exif-repair against beta-2023-12-22 for beta-1.76-1
[INFO] running `Command { std: "git" "clone" "/workspace/cache/git-repos/https%3A%2F%2Fgithub.com%2Fjj-style%2Fphoto-date-exif-repair" "/workspace/builds/worker-5-tc2/source", kill_on_drop: false }`
[INFO] [stderr] Cloning into '/workspace/builds/worker-5-tc2/source'...
[INFO] [stderr] done.
[INFO] validating manifest of git repo https://github.com/jj-style/photo-date-exif-repair on toolchain beta-2023-12-22
[INFO] running `Command { std: CARGO_HOME="/workspace/cargo-home" RUSTUP_HOME="/workspace/rustup-home" "/workspace/cargo-home/bin/cargo" "+beta-2023-12-22" "metadata" "--manifest-path" "Cargo.toml" "--no-deps", kill_on_drop: false }`
[INFO] started tweaking git repo https://github.com/jj-style/photo-date-exif-repair
[INFO] finished tweaking git repo https://github.com/jj-style/photo-date-exif-repair
[INFO] tweaked toml for git repo https://github.com/jj-style/photo-date-exif-repair written to /workspace/builds/worker-5-tc2/source/Cargo.toml
[INFO] crate git repo https://github.com/jj-style/photo-date-exif-repair already has a lockfile, it will not be regenerated
[INFO] running `Command { std: CARGO_HOME="/workspace/cargo-home" RUSTUP_HOME="/workspace/rustup-home" "/workspace/cargo-home/bin/cargo" "+beta-2023-12-22" "fetch" "--manifest-path" "Cargo.toml", kill_on_drop: false }`
[INFO] running `Command { std: "docker" "create" "-v" "/var/lib/crater-agent-workspace/builds/worker-5-tc2/target:/opt/rustwide/target:rw,Z" "-v" "/var/lib/crater-agent-workspace/builds/worker-5-tc2/source:/opt/rustwide/workdir:ro,Z" "-v" "/var/lib/crater-agent-workspace/cargo-home:/opt/rustwide/cargo-home:ro,Z" "-v" "/var/lib/crater-agent-workspace/rustup-home:/opt/rustwide/rustup-home:ro,Z" "-e" "SOURCE_DIR=/opt/rustwide/workdir" "-e" "CARGO_TARGET_DIR=/opt/rustwide/target" "-e" "CARGO_HOME=/opt/rustwide/cargo-home" "-e" "RUSTUP_HOME=/opt/rustwide/rustup-home" "-w" "/opt/rustwide/workdir" "-m" "1610612736" "--user" "0:0" "--network" "none" "ghcr.io/rust-lang/crates-build-env/linux@sha256:2788e3201cd34a07e3172128adcd8b3090168a8e3bcc40d7c032b9dda1df7d1c" "/opt/rustwide/cargo-home/bin/cargo" "+beta-2023-12-22" "metadata" "--no-deps" "--format-version=1", kill_on_drop: false }`
[INFO] [stdout] 8834d7ba8d8353bb0287846fb4bcbb5a46fb2b080174908e9856ce667770902f
[INFO] running `Command { std: "docker" "start" "-a" "8834d7ba8d8353bb0287846fb4bcbb5a46fb2b080174908e9856ce667770902f", kill_on_drop: false }`
[INFO] running `Command { std: "docker" "inspect" "8834d7ba8d8353bb0287846fb4bcbb5a46fb2b080174908e9856ce667770902f", kill_on_drop: false }`
[INFO] running `Command { std: "docker" "rm" "-f" "8834d7ba8d8353bb0287846fb4bcbb5a46fb2b080174908e9856ce667770902f", kill_on_drop: false }`
[INFO] [stdout] 8834d7ba8d8353bb0287846fb4bcbb5a46fb2b080174908e9856ce667770902f
[INFO] running `Command { std: "docker" "create" "-v" "/var/lib/crater-agent-workspace/builds/worker-5-tc2/target:/opt/rustwide/target:rw,Z" "-v" "/var/lib/crater-agent-workspace/builds/worker-5-tc2/source:/opt/rustwide/workdir:ro,Z" "-v" "/var/lib/crater-agent-workspace/cargo-home:/opt/rustwide/cargo-home:ro,Z" "-v" "/var/lib/crater-agent-workspace/rustup-home:/opt/rustwide/rustup-home:ro,Z" "-e" "SOURCE_DIR=/opt/rustwide/workdir" "-e" "CARGO_TARGET_DIR=/opt/rustwide/target" "-e" "CARGO_INCREMENTAL=0" "-e" "RUST_BACKTRACE=full" "-e" "RUSTFLAGS=--cap-lints=warn" "-e" "RUSTDOCFLAGS=--cap-lints=warn" "-e" "CARGO_HOME=/opt/rustwide/cargo-home" "-e" "RUSTUP_HOME=/opt/rustwide/rustup-home" "-w" "/opt/rustwide/workdir" "-m" "1610612736" "--user" "0:0" "--network" "none" "ghcr.io/rust-lang/crates-build-env/linux@sha256:2788e3201cd34a07e3172128adcd8b3090168a8e3bcc40d7c032b9dda1df7d1c" "/opt/rustwide/cargo-home/bin/cargo" "+beta-2023-12-22" "build" "--frozen" "--message-format=json", kill_on_drop: false }`
[INFO] [stdout] 5147f45a8e627196a2b142c56f1890be98e920bd22b43c5e632b94fd0d652a60
[INFO] running `Command { std: "docker" "start" "-a" "5147f45a8e627196a2b142c56f1890be98e920bd22b43c5e632b94fd0d652a60", kill_on_drop: false }`
[INFO] [stderr]    Compiling libc v0.2.139
[INFO] [stderr]    Compiling version_check v0.9.4
[INFO] [stderr]    Compiling syn v1.0.107
[INFO] [stderr]    Compiling crossbeam-utils v0.8.14
[INFO] [stderr]    Compiling num-traits v0.2.15
[INFO] [stderr]    Compiling memoffset v0.7.1
[INFO] [stderr]    Compiling io-lifetimes v1.0.3
[INFO] [stderr]    Compiling crossbeam-epoch v0.9.13
[INFO] [stderr]    Compiling num-integer v0.1.45
[INFO] [stderr]    Compiling rustix v0.36.6
[INFO] [stderr]    Compiling bitflags v1.3.2
[INFO] [stderr]    Compiling memchr v2.5.0
[INFO] [stderr]    Compiling linux-raw-sys v0.1.4
[INFO] [stderr]    Compiling crossbeam-queue v0.3.8
[INFO] [stderr]    Compiling lazy_static v1.4.0
[INFO] [stderr]    Compiling os_str_bytes v6.4.1
[INFO] [stderr]    Compiling thiserror v1.0.38
[INFO] [stderr]    Compiling iana-time-zone v0.1.53
[INFO] [stderr]    Compiling heck v0.4.0
[INFO] [stderr]    Compiling regex-syntax v0.6.28
[INFO] [stderr]    Compiling clap_lex v0.3.0
[INFO] [stderr]    Compiling termcolor v1.1.3
[INFO] [stderr]    Compiling proc-macro-error-attr v1.0.4
[INFO] [stderr]    Compiling proc-macro-error v1.0.4
[INFO] [stderr]    Compiling mutate_once v0.1.1
[INFO] [stderr]    Compiling strsim v0.10.0
[INFO] [stderr]    Compiling kamadak-exif v0.5.5
[INFO] [stderr]    Compiling aho-corasick v0.7.20
[INFO] [stderr]    Compiling crossbeam-channel v0.5.6
[INFO] [stderr]    Compiling crossbeam-deque v0.8.2
[INFO] [stderr]    Compiling crossbeam v0.8.2
[INFO] [stderr]    Compiling time v0.1.45
[INFO] [stderr]    Compiling atty v0.2.14
[INFO] [stderr]    Compiling num_cpus v1.15.0
[INFO] [stderr]    Compiling colored v2.0.0
[INFO] [stderr]    Compiling threadpool v1.8.1
[INFO] [stderr]    Compiling chrono v0.4.23
[INFO] [stderr]    Compiling regex v1.7.1
[INFO] [stderr]    Compiling is-terminal v0.4.2
[INFO] [stderr]    Compiling dateparser v0.1.7
[INFO] [stderr]    Compiling clap_derive v4.0.21
[INFO] [stderr]    Compiling thiserror-impl v1.0.38
[INFO] [stderr]    Compiling clap v4.0.32
[INFO] [stderr]    Compiling photo-date-exif-repair v0.1.0 (/opt/rustwide/workdir)
[INFO] [stderr]     Finished dev [unoptimized + debuginfo] target(s) in 7.41s
[INFO] running `Command { std: "docker" "inspect" "5147f45a8e627196a2b142c56f1890be98e920bd22b43c5e632b94fd0d652a60", kill_on_drop: false }`
[INFO] running `Command { std: "docker" "rm" "-f" "5147f45a8e627196a2b142c56f1890be98e920bd22b43c5e632b94fd0d652a60", kill_on_drop: false }`
[INFO] [stdout] 5147f45a8e627196a2b142c56f1890be98e920bd22b43c5e632b94fd0d652a60
[INFO] running `Command { std: "docker" "create" "-v" "/var/lib/crater-agent-workspace/builds/worker-5-tc2/target:/opt/rustwide/target:rw,Z" "-v" "/var/lib/crater-agent-workspace/builds/worker-5-tc2/source:/opt/rustwide/workdir:ro,Z" "-v" "/var/lib/crater-agent-workspace/cargo-home:/opt/rustwide/cargo-home:ro,Z" "-v" "/var/lib/crater-agent-workspace/rustup-home:/opt/rustwide/rustup-home:ro,Z" "-e" "SOURCE_DIR=/opt/rustwide/workdir" "-e" "CARGO_TARGET_DIR=/opt/rustwide/target" "-e" "CARGO_INCREMENTAL=0" "-e" "RUST_BACKTRACE=full" "-e" "RUSTFLAGS=--cap-lints=warn" "-e" "RUSTDOCFLAGS=--cap-lints=warn" "-e" "CARGO_HOME=/opt/rustwide/cargo-home" "-e" "RUSTUP_HOME=/opt/rustwide/rustup-home" "-w" "/opt/rustwide/workdir" "-m" "1610612736" "--user" "0:0" "--network" "none" "ghcr.io/rust-lang/crates-build-env/linux@sha256:2788e3201cd34a07e3172128adcd8b3090168a8e3bcc40d7c032b9dda1df7d1c" "/opt/rustwide/cargo-home/bin/cargo" "+beta-2023-12-22" "test" "--frozen" "--no-run" "--message-format=json", kill_on_drop: false }`
[INFO] [stdout] d17072c3831adb242ffe210f5df2f46c297d263dde3d7c8d2700a9d0fd110089
[INFO] running `Command { std: "docker" "start" "-a" "d17072c3831adb242ffe210f5df2f46c297d263dde3d7c8d2700a9d0fd110089", kill_on_drop: false }`
[INFO] [stderr]    Compiling syn v1.0.107
[INFO] [stderr]    Compiling crossbeam-utils v0.8.14
[INFO] [stderr]    Compiling num-traits v0.2.15
[INFO] [stderr]    Compiling num-integer v0.1.45
[INFO] [stderr]    Compiling rayon-core v1.10.1
[INFO] [stderr]    Compiling adler v1.0.2
[INFO] [stderr]    Compiling crc32fast v1.3.2
[INFO] [stderr]    Compiling futures-core v0.3.25
[INFO] [stderr]    Compiling getrandom v0.2.8
[INFO] [stderr]    Compiling either v1.8.0
[INFO] [stderr]    Compiling spin v0.9.4
[INFO] [stderr]    Compiling num-rational v0.4.1
[INFO] [stderr]    Compiling weezl v0.1.7
[INFO] [stderr]    Compiling futures-sink v0.3.25
[INFO] [stderr]    Compiling color_quant v1.1.0
[INFO] [stderr]    Compiling lebe v0.5.2
[INFO] [stderr]    Compiling miniz_oxide v0.6.2
[INFO] [stderr]    Compiling nanorand v0.7.0
[INFO] [stderr]    Compiling half v2.2.1
[INFO] [stderr]    Compiling bit_field v0.10.1
[INFO] [stderr]    Compiling remove_dir_all v0.5.3
[INFO] [stderr]    Compiling fastrand v1.8.0
[INFO] [stderr]    Compiling bytemuck v1.12.3
[INFO] [stderr]    Compiling byteorder v1.4.3
[INFO] [stderr]    Compiling scoped_threadpool v0.1.9
[INFO] [stderr]    Compiling gif v0.11.4
[INFO] [stderr]    Compiling tempfile v3.3.0
[INFO] [stderr]    Compiling flate2 v1.0.25
[INFO] [stderr]    Compiling crossbeam-epoch v0.9.13
[INFO] [stderr]    Compiling crossbeam-channel v0.5.6
[INFO] [stderr]    Compiling crossbeam-queue v0.3.8
[INFO] [stderr]    Compiling crossbeam-deque v0.8.2
[INFO] [stderr]    Compiling png v0.17.7
[INFO] [stderr]    Compiling crossbeam v0.8.2
[INFO] [stderr]    Compiling chrono v0.4.23
[INFO] [stderr]    Compiling rayon v1.6.1
[INFO] [stderr]    Compiling dateparser v0.1.7
[INFO] [stderr]    Compiling proc-macro-error v1.0.4
[INFO] [stderr]    Compiling jpeg-decoder v0.3.0
[INFO] [stderr]    Compiling pin-project-internal v1.0.12
[INFO] [stderr]    Compiling thiserror-impl v1.0.38
[INFO] [stderr]    Compiling clap_derive v4.0.21
[INFO] [stderr]    Compiling tiff v0.8.1
[INFO] [stderr]    Compiling pin-project v1.0.12
[INFO] [stderr]    Compiling thiserror v1.0.38
[INFO] [stderr]    Compiling flume v0.10.14
[INFO] [stderr]    Compiling exr v1.5.2
[INFO] [stderr]    Compiling clap v4.0.32
[INFO] [stderr]    Compiling photo-date-exif-repair v0.1.0 (/opt/rustwide/workdir)
[INFO] [stderr]    Compiling image v0.24.5
[INFO] [stderr]     Finished test [unoptimized + debuginfo] target(s) in 11.61s
[INFO] running `Command { std: "docker" "inspect" "d17072c3831adb242ffe210f5df2f46c297d263dde3d7c8d2700a9d0fd110089", kill_on_drop: false }`
[INFO] running `Command { std: "docker" "rm" "-f" "d17072c3831adb242ffe210f5df2f46c297d263dde3d7c8d2700a9d0fd110089", kill_on_drop: false }`
[INFO] [stdout] d17072c3831adb242ffe210f5df2f46c297d263dde3d7c8d2700a9d0fd110089
[INFO] running `Command { std: "docker" "create" "-v" "/var/lib/crater-agent-workspace/builds/worker-5-tc2/target:/opt/rustwide/target:rw,Z" "-v" "/var/lib/crater-agent-workspace/builds/worker-5-tc2/source:/opt/rustwide/workdir:ro,Z" "-v" "/var/lib/crater-agent-workspace/cargo-home:/opt/rustwide/cargo-home:ro,Z" "-v" "/var/lib/crater-agent-workspace/rustup-home:/opt/rustwide/rustup-home:ro,Z" "-e" "SOURCE_DIR=/opt/rustwide/workdir" "-e" "CARGO_TARGET_DIR=/opt/rustwide/target" "-e" "CARGO_INCREMENTAL=0" "-e" "RUST_BACKTRACE=full" "-e" "RUSTFLAGS=--cap-lints=warn" "-e" "RUSTDOCFLAGS=--cap-lints=warn" "-e" "CARGO_HOME=/opt/rustwide/cargo-home" "-e" "RUSTUP_HOME=/opt/rustwide/rustup-home" "-w" "/opt/rustwide/workdir" "-m" "1610612736" "--user" "0:0" "--network" "none" "ghcr.io/rust-lang/crates-build-env/linux@sha256:2788e3201cd34a07e3172128adcd8b3090168a8e3bcc40d7c032b9dda1df7d1c" "/opt/rustwide/cargo-home/bin/cargo" "+beta-2023-12-22" "test" "--frozen", kill_on_drop: false }`
[INFO] [stdout] 44e3e6028bda1799b09703fa47ff36d345cea82ee74a84f9fb97412c658fc56f
[INFO] running `Command { std: "docker" "start" "-a" "44e3e6028bda1799b09703fa47ff36d345cea82ee74a84f9fb97412c658fc56f", kill_on_drop: false }`
[INFO] [stderr]     Finished test [unoptimized + debuginfo] target(s) in 0.06s
[INFO] [stderr]      Running unittests src/lib.rs (/opt/rustwide/target/debug/deps/photo_date_exif_repair-35e946a3bfa53dff)
[INFO] [stdout] 
[INFO] [stdout] running 4 tests
[INFO] [stdout] test tests::test_normal_date_regex_extraction_from_filename_unhappy ... ok
[INFO] [stdout] test tests::test_whatsapp_date_regex_extraction_from_filename_happy ... ok
[INFO] [stdout] test tests::test_whatsapp_date_regex_extraction_from_filename_unhappy ... ok
[INFO] [stdout] test tests::test_normal_date_regex_extraction_from_filename_happy ... ok
[INFO] [stdout] 
[INFO] [stdout] test result: ok. 4 passed; 0 failed; 0 ignored; 0 measured; 0 filtered out; finished in 0.00s
[INFO] [stdout] 
[INFO] [stderr]      Running unittests src/main.rs (/opt/rustwide/target/debug/deps/photo_date_exif_repair-2e944f2b81125b25)
[INFO] [stdout] 
[INFO] [stdout] running 0 tests
[INFO] [stdout] 
[INFO] [stdout] test result: ok. 0 passed; 0 failed; 0 ignored; 0 measured; 0 filtered out; finished in 0.00s
[INFO] [stdout] 
[INFO] [stderr]      Running tests/integration_test.rs (/opt/rustwide/target/debug/deps/integration_test-f4f1ccdc37fe087f)
[INFO] [stdout] 
[INFO] [stdout] running 1 test
[INFO] [stdout] test test_set_date_from_filename_e2e ... FAILED
[INFO] [stdout] 
[INFO] [stdout] failures:
[INFO] [stdout] 
[INFO] [stdout] ---- test_set_date_from_filename_e2e stdout ----
[INFO] [stdout] ["IMG_20210820_133000_image.jpg"] extracted date from filename '2021-08-20 13:30:00 +00:00'
[INFO] [stdout] [thread 0] setting date=2021-08-20T13:30:00+00:00 for file="IMG_20210820_133000_image.jpg"
[INFO] [stdout] [thread 0] error setting date for /tmp/.tmph9tbC5/IMG_20210820_133000_image.jpg: No such file or directory (os error 2)
[INFO] [stdout] Error: NotFound("JPEG")
[INFO] [stdout] 
[INFO] [stdout] 
[INFO] [stdout] failures:
[INFO] [stdout]     test_set_date_from_filename_e2e
[INFO] [stdout] 
[INFO] [stdout] test result: FAILED. 0 passed; 1 failed; 0 ignored; 0 measured; 0 filtered out; finished in 0.02s
[INFO] [stdout] 
[INFO] [stderr] error: test failed, to rerun pass `--test integration_test`
[INFO] running `Command { std: "docker" "inspect" "44e3e6028bda1799b09703fa47ff36d345cea82ee74a84f9fb97412c658fc56f", kill_on_drop: false }`
[INFO] running `Command { std: "docker" "rm" "-f" "44e3e6028bda1799b09703fa47ff36d345cea82ee74a84f9fb97412c658fc56f", kill_on_drop: false }`
[INFO] [stdout] 44e3e6028bda1799b09703fa47ff36d345cea82ee74a84f9fb97412c658fc56f
