[INFO] cloning repository https://github.com/jihiggins/fates
[INFO] running `Command { std: "git" "-c" "credential.helper=" "-c" "credential.helper=/workspace/cargo-home/bin/git-credential-null" "clone" "--bare" "https://github.com/jihiggins/fates" "/workspace/cache/git-repos/https%3A%2F%2Fgithub.com%2Fjihiggins%2Ffates", kill_on_drop: false }`
[INFO] [stderr] Cloning into bare repository '/workspace/cache/git-repos/https%3A%2F%2Fgithub.com%2Fjihiggins%2Ffates'...
[INFO] running `Command { std: "git" "rev-parse" "HEAD", kill_on_drop: false }`
[INFO] [stdout] c347eef2bc5fa0c4c2f59de366b675321fef7c24
[INFO] testing jihiggins/fates against 1.75.0 for beta-1.76-1
[INFO] running `Command { std: "git" "clone" "/workspace/cache/git-repos/https%3A%2F%2Fgithub.com%2Fjihiggins%2Ffates" "/workspace/builds/worker-1-tc1/source", kill_on_drop: false }`
[INFO] [stderr] Cloning into '/workspace/builds/worker-1-tc1/source'...
[INFO] [stderr] done.
[INFO] validating manifest of git repo https://github.com/jihiggins/fates on toolchain 1.75.0
[INFO] running `Command { std: CARGO_HOME="/workspace/cargo-home" RUSTUP_HOME="/workspace/rustup-home" "/workspace/cargo-home/bin/cargo" "+1.75.0" "metadata" "--manifest-path" "Cargo.toml" "--no-deps", kill_on_drop: false }`
[INFO] started tweaking git repo https://github.com/jihiggins/fates
[INFO] finished tweaking git repo https://github.com/jihiggins/fates
[INFO] tweaked toml for git repo https://github.com/jihiggins/fates written to /workspace/builds/worker-1-tc1/source/Cargo.toml
[INFO] crate git repo https://github.com/jihiggins/fates already has a lockfile, it will not be regenerated
[INFO] running `Command { std: CARGO_HOME="/workspace/cargo-home" RUSTUP_HOME="/workspace/rustup-home" "/workspace/cargo-home/bin/cargo" "+1.75.0" "fetch" "--manifest-path" "Cargo.toml", kill_on_drop: false }`
[INFO] running `Command { std: "docker" "create" "-v" "/var/lib/crater-agent-workspace/builds/worker-1-tc1/target:/opt/rustwide/target:rw,Z" "-v" "/var/lib/crater-agent-workspace/builds/worker-1-tc1/source:/opt/rustwide/workdir:ro,Z" "-v" "/var/lib/crater-agent-workspace/cargo-home:/opt/rustwide/cargo-home:ro,Z" "-v" "/var/lib/crater-agent-workspace/rustup-home:/opt/rustwide/rustup-home:ro,Z" "-e" "SOURCE_DIR=/opt/rustwide/workdir" "-e" "CARGO_TARGET_DIR=/opt/rustwide/target" "-e" "CARGO_HOME=/opt/rustwide/cargo-home" "-e" "RUSTUP_HOME=/opt/rustwide/rustup-home" "-w" "/opt/rustwide/workdir" "-m" "1610612736" "--user" "0:0" "--network" "none" "ghcr.io/rust-lang/crates-build-env/linux@sha256:2788e3201cd34a07e3172128adcd8b3090168a8e3bcc40d7c032b9dda1df7d1c" "/opt/rustwide/cargo-home/bin/cargo" "+1.75.0" "metadata" "--no-deps" "--format-version=1", kill_on_drop: false }`
[INFO] [stdout] 1ca61472bf15d782eb5c511f136633a60d6c9210a705c8a71c483042c9edabbb
[INFO] running `Command { std: "docker" "start" "-a" "1ca61472bf15d782eb5c511f136633a60d6c9210a705c8a71c483042c9edabbb", kill_on_drop: false }`
[INFO] running `Command { std: "docker" "inspect" "1ca61472bf15d782eb5c511f136633a60d6c9210a705c8a71c483042c9edabbb", kill_on_drop: false }`
[INFO] running `Command { std: "docker" "rm" "-f" "1ca61472bf15d782eb5c511f136633a60d6c9210a705c8a71c483042c9edabbb", kill_on_drop: false }`
[INFO] [stdout] 1ca61472bf15d782eb5c511f136633a60d6c9210a705c8a71c483042c9edabbb
[INFO] running `Command { std: "docker" "create" "-v" "/var/lib/crater-agent-workspace/builds/worker-1-tc1/target:/opt/rustwide/target:rw,Z" "-v" "/var/lib/crater-agent-workspace/builds/worker-1-tc1/source:/opt/rustwide/workdir:ro,Z" "-v" "/var/lib/crater-agent-workspace/cargo-home:/opt/rustwide/cargo-home:ro,Z" "-v" "/var/lib/crater-agent-workspace/rustup-home:/opt/rustwide/rustup-home:ro,Z" "-e" "SOURCE_DIR=/opt/rustwide/workdir" "-e" "CARGO_TARGET_DIR=/opt/rustwide/target" "-e" "CARGO_INCREMENTAL=0" "-e" "RUST_BACKTRACE=full" "-e" "RUSTFLAGS=--cap-lints=warn" "-e" "RUSTDOCFLAGS=--cap-lints=warn" "-e" "CARGO_HOME=/opt/rustwide/cargo-home" "-e" "RUSTUP_HOME=/opt/rustwide/rustup-home" "-w" "/opt/rustwide/workdir" "-m" "1610612736" "--user" "0:0" "--network" "none" "ghcr.io/rust-lang/crates-build-env/linux@sha256:2788e3201cd34a07e3172128adcd8b3090168a8e3bcc40d7c032b9dda1df7d1c" "/opt/rustwide/cargo-home/bin/cargo" "+1.75.0" "build" "--frozen" "--message-format=json", kill_on_drop: false }`
[INFO] [stdout] 4fc5cf70f1680d9e86a61683ab30849d5e801537b1aa129fa7a00dc5d459256f
[INFO] running `Command { std: "docker" "start" "-a" "4fc5cf70f1680d9e86a61683ab30849d5e801537b1aa129fa7a00dc5d459256f", kill_on_drop: false }`
[INFO] [stderr]    Compiling proc-macro2 v1.0.26
[INFO] [stderr]    Compiling libc v0.2.92
[INFO] [stderr]    Compiling unicode-xid v0.2.1
[INFO] [stderr]    Compiling syn v1.0.68
[INFO] [stderr]    Compiling cfg-if v1.0.0
[INFO] [stderr]    Compiling smallvec v1.6.1
[INFO] [stderr]    Compiling scopeguard v1.1.0
[INFO] [stderr]    Compiling instant v0.1.9
[INFO] [stderr]    Compiling lock_api v0.4.3
[INFO] [stderr]    Compiling quote v1.0.9
[INFO] [stderr]    Compiling parking_lot_core v0.8.3
[INFO] [stderr]    Compiling parking_lot v0.11.1
[INFO] [stderr]    Compiling fates_macro v0.1.9 (/opt/rustwide/workdir/fates_macro)
[INFO] [stderr]    Compiling fates v0.1.9 (/opt/rustwide/workdir/fates)
[INFO] [stderr]     Finished dev [unoptimized + debuginfo] target(s) in 4.46s
[INFO] running `Command { std: "docker" "inspect" "4fc5cf70f1680d9e86a61683ab30849d5e801537b1aa129fa7a00dc5d459256f", kill_on_drop: false }`
[INFO] running `Command { std: "docker" "rm" "-f" "4fc5cf70f1680d9e86a61683ab30849d5e801537b1aa129fa7a00dc5d459256f", kill_on_drop: false }`
[INFO] [stdout] 4fc5cf70f1680d9e86a61683ab30849d5e801537b1aa129fa7a00dc5d459256f
[INFO] running `Command { std: "docker" "create" "-v" "/var/lib/crater-agent-workspace/builds/worker-1-tc1/target:/opt/rustwide/target:rw,Z" "-v" "/var/lib/crater-agent-workspace/builds/worker-1-tc1/source:/opt/rustwide/workdir:ro,Z" "-v" "/var/lib/crater-agent-workspace/cargo-home:/opt/rustwide/cargo-home:ro,Z" "-v" "/var/lib/crater-agent-workspace/rustup-home:/opt/rustwide/rustup-home:ro,Z" "-e" "SOURCE_DIR=/opt/rustwide/workdir" "-e" "CARGO_TARGET_DIR=/opt/rustwide/target" "-e" "CARGO_INCREMENTAL=0" "-e" "RUST_BACKTRACE=full" "-e" "RUSTFLAGS=--cap-lints=warn" "-e" "RUSTDOCFLAGS=--cap-lints=warn" "-e" "CARGO_HOME=/opt/rustwide/cargo-home" "-e" "RUSTUP_HOME=/opt/rustwide/rustup-home" "-w" "/opt/rustwide/workdir" "-m" "1610612736" "--user" "0:0" "--network" "none" "ghcr.io/rust-lang/crates-build-env/linux@sha256:2788e3201cd34a07e3172128adcd8b3090168a8e3bcc40d7c032b9dda1df7d1c" "/opt/rustwide/cargo-home/bin/cargo" "+1.75.0" "test" "--frozen" "--no-run" "--message-format=json", kill_on_drop: false }`
[INFO] [stdout] 314041e234f58710905ea24f44d8822d90117e10a2fcab5bdde710d7f2bbdd08
[INFO] running `Command { std: "docker" "start" "-a" "314041e234f58710905ea24f44d8822d90117e10a2fcab5bdde710d7f2bbdd08", kill_on_drop: false }`
[INFO] [stderr]    Compiling fates_macro v0.1.9 (/opt/rustwide/workdir/fates_macro)
[INFO] [stderr]    Compiling fates v0.1.9 (/opt/rustwide/workdir/fates)
[INFO] [stderr]     Finished test [unoptimized + debuginfo] target(s) in 1.29s
[INFO] running `Command { std: "docker" "inspect" "314041e234f58710905ea24f44d8822d90117e10a2fcab5bdde710d7f2bbdd08", kill_on_drop: false }`
[INFO] running `Command { std: "docker" "rm" "-f" "314041e234f58710905ea24f44d8822d90117e10a2fcab5bdde710d7f2bbdd08", kill_on_drop: false }`
[INFO] [stdout] 314041e234f58710905ea24f44d8822d90117e10a2fcab5bdde710d7f2bbdd08
[INFO] running `Command { std: "docker" "create" "-v" "/var/lib/crater-agent-workspace/builds/worker-1-tc1/target:/opt/rustwide/target:rw,Z" "-v" "/var/lib/crater-agent-workspace/builds/worker-1-tc1/source:/opt/rustwide/workdir:ro,Z" "-v" "/var/lib/crater-agent-workspace/cargo-home:/opt/rustwide/cargo-home:ro,Z" "-v" "/var/lib/crater-agent-workspace/rustup-home:/opt/rustwide/rustup-home:ro,Z" "-e" "SOURCE_DIR=/opt/rustwide/workdir" "-e" "CARGO_TARGET_DIR=/opt/rustwide/target" "-e" "CARGO_INCREMENTAL=0" "-e" "RUST_BACKTRACE=full" "-e" "RUSTFLAGS=--cap-lints=warn" "-e" "RUSTDOCFLAGS=--cap-lints=warn" "-e" "CARGO_HOME=/opt/rustwide/cargo-home" "-e" "RUSTUP_HOME=/opt/rustwide/rustup-home" "-w" "/opt/rustwide/workdir" "-m" "1610612736" "--user" "0:0" "--network" "none" "ghcr.io/rust-lang/crates-build-env/linux@sha256:2788e3201cd34a07e3172128adcd8b3090168a8e3bcc40d7c032b9dda1df7d1c" "/opt/rustwide/cargo-home/bin/cargo" "+1.75.0" "test" "--frozen", kill_on_drop: false }`
[INFO] [stdout] 2910e250b567f93e2572b17e377b6032c47a2581e6bc454acdb9bf11607ceb67
[INFO] running `Command { std: "docker" "start" "-a" "2910e250b567f93e2572b17e377b6032c47a2581e6bc454acdb9bf11607ceb67", kill_on_drop: false }`
[INFO] [stderr]     Finished test [unoptimized + debuginfo] target(s) in 0.01s
[INFO] [stderr]      Running unittests src/lib.rs (/opt/rustwide/target/debug/deps/fates-0d14933124cb7ade)
[INFO] [stdout] 
[INFO] [stdout] running 12 tests
[INFO] [stdout] test fates::tests::chain ... ok
[INFO] [stdout] test fates::tests::dependent_child_clone ... ok
[INFO] [stdout] test fates::tests::is_value_test ... ok
[INFO] [stdout] test fates::tests::explicit_fate_test ... ok
[INFO] [stdout] test fates::tests::less_simple ... ok
[INFO] [stdout] test fates::tests::macro_simple_test ... ok
[INFO] [stdout] test fates::tests::mix_types_test ... ok
[INFO] [stdout] test fates::tests::ref_test ... ok
[INFO] [stdout] test fates::tests::string_example_test ... ok
[INFO] [stdout] test fates::tests::simple ... ok
[INFO] [stdout] test fates::tests::value_capture_test ... ok
[INFO] [stdout] test fates::tests::thread_safe_test ... ok
[INFO] [stdout] 
[INFO] [stdout] test result: ok. 12 passed; 0 failed; 0 ignored; 0 measured; 0 filtered out; finished in 0.01s
[INFO] [stdout] 
[INFO] [stderr]      Running unittests src/lib.rs (/opt/rustwide/target/debug/deps/fates_macro-82280880c819549b)
[INFO] [stdout] 
[INFO] [stdout] running 0 tests
[INFO] [stdout] 
[INFO] [stdout] test result: ok. 0 passed; 0 failed; 0 ignored; 0 measured; 0 filtered out; finished in 0.00s
[INFO] [stdout] 
[INFO] [stderr]    Doc-tests fates
[INFO] [stdout] 
[INFO] [stdout] running 1 test
[INFO] [stdout] test fates/src/fates.rs - fates::Fate<T>::create_dependent_clone (line 171) ... FAILED
[INFO] [stdout] 
[INFO] [stdout] failures:
[INFO] [stdout] 
[INFO] [stdout] ---- fates/src/fates.rs - fates::Fate<T>::create_dependent_clone (line 171) stdout ----
[INFO] [stdout] error: cannot find macro `fate` in this scope
[INFO] [stdout]  --> fates/src/fates.rs:172:1
[INFO] [stdout]   |
[INFO] [stdout] 3 | fate! {
[INFO] [stdout]   | ^^^^
[INFO] [stdout]   |
[INFO] [stdout] help: consider importing one of these items
[INFO] [stdout]   |
[INFO] [stdout] 2 + use fates::fate;
[INFO] [stdout]   |
[INFO] [stdout] 2 + use fates_macro::fate;
[INFO] [stdout]   |
[INFO] [stdout] 
[INFO] [stdout] error: cannot find macro `fate` in this scope
[INFO] [stdout]  --> fates/src/fates.rs:178:1
[INFO] [stdout]   |
[INFO] [stdout] 9 | fate! {
[INFO] [stdout]   | ^^^^
[INFO] [stdout]   |
[INFO] [stdout] help: consider importing one of these items
[INFO] [stdout]   |
[INFO] [stdout] 2 + use fates::fate;
[INFO] [stdout]   |
[INFO] [stdout] 2 + use fates_macro::fate;
[INFO] [stdout]   |
[INFO] [stdout] 
[INFO] [stdout] error[E0425]: cannot find value `b` in this scope
[INFO] [stdout]  --> fates/src/fates.rs:176:13
[INFO] [stdout]   |
[INFO] [stdout] 7 | let child = b.create_dependent_clone();
[INFO] [stdout]   |             ^ not found in this scope
[INFO] [stdout] 
[INFO] [stdout] error[E0425]: cannot find value `b` in this scope
[INFO] [stdout]   --> fates/src/fates.rs:181:12
[INFO] [stdout]    |
[INFO] [stdout] 12 | assert_eq!(b.get(), 13);
[INFO] [stdout]    |            ^ not found in this scope
[INFO] [stdout] 
[INFO] [stdout] error[E0425]: cannot find value `b` in this scope
[INFO] [stdout]   --> fates/src/fates.rs:182:12
[INFO] [stdout]    |
[INFO] [stdout] 13 | assert_eq!(b.is_dirty(), false);
[INFO] [stdout]    |            ^ not found in this scope
[INFO] [stdout] 
[INFO] [stdout] error: aborting due to 5 previous errors
[INFO] [stdout] 
[INFO] [stdout] For more information about this error, try `rustc --explain E0425`.
[INFO] [stdout] Couldn't compile the test.
[INFO] [stdout] 
[INFO] [stdout] failures:
[INFO] [stdout]     fates/src/fates.rs - fates::Fate<T>::create_dependent_clone (line 171)
[INFO] [stdout] 
[INFO] [stdout] test result: FAILED. 0 passed; 1 failed; 0 ignored; 0 measured; 0 filtered out; finished in 0.05s
[INFO] [stdout] 
[INFO] [stderr] error: doctest failed, to rerun pass `-p fates --doc`
[INFO] running `Command { std: "docker" "inspect" "2910e250b567f93e2572b17e377b6032c47a2581e6bc454acdb9bf11607ceb67", kill_on_drop: false }`
[INFO] running `Command { std: "docker" "rm" "-f" "2910e250b567f93e2572b17e377b6032c47a2581e6bc454acdb9bf11607ceb67", kill_on_drop: false }`
[INFO] [stdout] 2910e250b567f93e2572b17e377b6032c47a2581e6bc454acdb9bf11607ceb67
[INFO] testing jihiggins/fates against beta-2023-12-22 for beta-1.76-1
[INFO] running `Command { std: "git" "clone" "/workspace/cache/git-repos/https%3A%2F%2Fgithub.com%2Fjihiggins%2Ffates" "/workspace/builds/worker-1-tc2/source", kill_on_drop: false }`
[INFO] [stderr] Cloning into '/workspace/builds/worker-1-tc2/source'...
[INFO] [stderr] done.
[INFO] validating manifest of git repo https://github.com/jihiggins/fates on toolchain beta-2023-12-22
[INFO] running `Command { std: CARGO_HOME="/workspace/cargo-home" RUSTUP_HOME="/workspace/rustup-home" "/workspace/cargo-home/bin/cargo" "+beta-2023-12-22" "metadata" "--manifest-path" "Cargo.toml" "--no-deps", kill_on_drop: false }`
[INFO] started tweaking git repo https://github.com/jihiggins/fates
[INFO] finished tweaking git repo https://github.com/jihiggins/fates
[INFO] tweaked toml for git repo https://github.com/jihiggins/fates written to /workspace/builds/worker-1-tc2/source/Cargo.toml
[INFO] crate git repo https://github.com/jihiggins/fates already has a lockfile, it will not be regenerated
[INFO] running `Command { std: CARGO_HOME="/workspace/cargo-home" RUSTUP_HOME="/workspace/rustup-home" "/workspace/cargo-home/bin/cargo" "+beta-2023-12-22" "fetch" "--manifest-path" "Cargo.toml", kill_on_drop: false }`
[INFO] running `Command { std: "docker" "create" "-v" "/var/lib/crater-agent-workspace/builds/worker-1-tc2/target:/opt/rustwide/target:rw,Z" "-v" "/var/lib/crater-agent-workspace/builds/worker-1-tc2/source:/opt/rustwide/workdir:ro,Z" "-v" "/var/lib/crater-agent-workspace/cargo-home:/opt/rustwide/cargo-home:ro,Z" "-v" "/var/lib/crater-agent-workspace/rustup-home:/opt/rustwide/rustup-home:ro,Z" "-e" "SOURCE_DIR=/opt/rustwide/workdir" "-e" "CARGO_TARGET_DIR=/opt/rustwide/target" "-e" "CARGO_HOME=/opt/rustwide/cargo-home" "-e" "RUSTUP_HOME=/opt/rustwide/rustup-home" "-w" "/opt/rustwide/workdir" "-m" "1610612736" "--user" "0:0" "--network" "none" "ghcr.io/rust-lang/crates-build-env/linux@sha256:2788e3201cd34a07e3172128adcd8b3090168a8e3bcc40d7c032b9dda1df7d1c" "/opt/rustwide/cargo-home/bin/cargo" "+beta-2023-12-22" "metadata" "--no-deps" "--format-version=1", kill_on_drop: false }`
[INFO] [stdout] 8b7447ef4e3409615999fcdfd72d4f1afba51fac1e6b82cf54cc5ce401377444
[INFO] running `Command { std: "docker" "start" "-a" "8b7447ef4e3409615999fcdfd72d4f1afba51fac1e6b82cf54cc5ce401377444", kill_on_drop: false }`
[INFO] running `Command { std: "docker" "inspect" "8b7447ef4e3409615999fcdfd72d4f1afba51fac1e6b82cf54cc5ce401377444", kill_on_drop: false }`
[INFO] running `Command { std: "docker" "rm" "-f" "8b7447ef4e3409615999fcdfd72d4f1afba51fac1e6b82cf54cc5ce401377444", kill_on_drop: false }`
[INFO] [stdout] 8b7447ef4e3409615999fcdfd72d4f1afba51fac1e6b82cf54cc5ce401377444
[INFO] running `Command { std: "docker" "create" "-v" "/var/lib/crater-agent-workspace/builds/worker-1-tc2/target:/opt/rustwide/target:rw,Z" "-v" "/var/lib/crater-agent-workspace/builds/worker-1-tc2/source:/opt/rustwide/workdir:ro,Z" "-v" "/var/lib/crater-agent-workspace/cargo-home:/opt/rustwide/cargo-home:ro,Z" "-v" "/var/lib/crater-agent-workspace/rustup-home:/opt/rustwide/rustup-home:ro,Z" "-e" "SOURCE_DIR=/opt/rustwide/workdir" "-e" "CARGO_TARGET_DIR=/opt/rustwide/target" "-e" "CARGO_INCREMENTAL=0" "-e" "RUST_BACKTRACE=full" "-e" "RUSTFLAGS=--cap-lints=warn" "-e" "RUSTDOCFLAGS=--cap-lints=warn" "-e" "CARGO_HOME=/opt/rustwide/cargo-home" "-e" "RUSTUP_HOME=/opt/rustwide/rustup-home" "-w" "/opt/rustwide/workdir" "-m" "1610612736" "--user" "0:0" "--network" "none" "ghcr.io/rust-lang/crates-build-env/linux@sha256:2788e3201cd34a07e3172128adcd8b3090168a8e3bcc40d7c032b9dda1df7d1c" "/opt/rustwide/cargo-home/bin/cargo" "+beta-2023-12-22" "build" "--frozen" "--message-format=json", kill_on_drop: false }`
[INFO] [stdout] 187161c11009d88dceeeae8b8127dcbf96ce581c81ef195149f2d819b5acc5d4
[INFO] running `Command { std: "docker" "start" "-a" "187161c11009d88dceeeae8b8127dcbf96ce581c81ef195149f2d819b5acc5d4", kill_on_drop: false }`
[INFO] [stderr]    Compiling proc-macro2 v1.0.26
[INFO] [stderr]    Compiling unicode-xid v0.2.1
[INFO] [stderr]    Compiling libc v0.2.92
[INFO] [stderr]    Compiling syn v1.0.68
[INFO] [stderr]    Compiling cfg-if v1.0.0
[INFO] [stderr]    Compiling smallvec v1.6.1
[INFO] [stderr]    Compiling scopeguard v1.1.0
[INFO] [stderr]    Compiling instant v0.1.9
[INFO] [stderr]    Compiling lock_api v0.4.3
[INFO] [stderr]    Compiling quote v1.0.9
[INFO] [stderr]    Compiling parking_lot_core v0.8.3
[INFO] [stderr]    Compiling parking_lot v0.11.1
[INFO] [stderr]    Compiling fates_macro v0.1.9 (/opt/rustwide/workdir/fates_macro)
[INFO] [stderr]    Compiling fates v0.1.9 (/opt/rustwide/workdir/fates)
[INFO] [stderr]     Finished dev [unoptimized + debuginfo] target(s) in 5.06s
[INFO] running `Command { std: "docker" "inspect" "187161c11009d88dceeeae8b8127dcbf96ce581c81ef195149f2d819b5acc5d4", kill_on_drop: false }`
[INFO] running `Command { std: "docker" "rm" "-f" "187161c11009d88dceeeae8b8127dcbf96ce581c81ef195149f2d819b5acc5d4", kill_on_drop: false }`
[INFO] [stdout] 187161c11009d88dceeeae8b8127dcbf96ce581c81ef195149f2d819b5acc5d4
[INFO] running `Command { std: "docker" "create" "-v" "/var/lib/crater-agent-workspace/builds/worker-1-tc2/target:/opt/rustwide/target:rw,Z" "-v" "/var/lib/crater-agent-workspace/builds/worker-1-tc2/source:/opt/rustwide/workdir:ro,Z" "-v" "/var/lib/crater-agent-workspace/cargo-home:/opt/rustwide/cargo-home:ro,Z" "-v" "/var/lib/crater-agent-workspace/rustup-home:/opt/rustwide/rustup-home:ro,Z" "-e" "SOURCE_DIR=/opt/rustwide/workdir" "-e" "CARGO_TARGET_DIR=/opt/rustwide/target" "-e" "CARGO_INCREMENTAL=0" "-e" "RUST_BACKTRACE=full" "-e" "RUSTFLAGS=--cap-lints=warn" "-e" "RUSTDOCFLAGS=--cap-lints=warn" "-e" "CARGO_HOME=/opt/rustwide/cargo-home" "-e" "RUSTUP_HOME=/opt/rustwide/rustup-home" "-w" "/opt/rustwide/workdir" "-m" "1610612736" "--user" "0:0" "--network" "none" "ghcr.io/rust-lang/crates-build-env/linux@sha256:2788e3201cd34a07e3172128adcd8b3090168a8e3bcc40d7c032b9dda1df7d1c" "/opt/rustwide/cargo-home/bin/cargo" "+beta-2023-12-22" "test" "--frozen" "--no-run" "--message-format=json", kill_on_drop: false }`
[INFO] [stdout] 6b6b43e132f7bd8d50146bc2b23dc1671865552de33d4a8aa86bd434d28001ae
[INFO] running `Command { std: "docker" "start" "-a" "6b6b43e132f7bd8d50146bc2b23dc1671865552de33d4a8aa86bd434d28001ae", kill_on_drop: false }`
[INFO] [stderr]    Compiling fates_macro v0.1.9 (/opt/rustwide/workdir/fates_macro)
[INFO] [stderr]    Compiling fates v0.1.9 (/opt/rustwide/workdir/fates)
[INFO] [stderr]     Finished test [unoptimized + debuginfo] target(s) in 1.26s
[INFO] running `Command { std: "docker" "inspect" "6b6b43e132f7bd8d50146bc2b23dc1671865552de33d4a8aa86bd434d28001ae", kill_on_drop: false }`
[INFO] running `Command { std: "docker" "rm" "-f" "6b6b43e132f7bd8d50146bc2b23dc1671865552de33d4a8aa86bd434d28001ae", kill_on_drop: false }`
[INFO] [stdout] 6b6b43e132f7bd8d50146bc2b23dc1671865552de33d4a8aa86bd434d28001ae
[INFO] running `Command { std: "docker" "create" "-v" "/var/lib/crater-agent-workspace/builds/worker-1-tc2/target:/opt/rustwide/target:rw,Z" "-v" "/var/lib/crater-agent-workspace/builds/worker-1-tc2/source:/opt/rustwide/workdir:ro,Z" "-v" "/var/lib/crater-agent-workspace/cargo-home:/opt/rustwide/cargo-home:ro,Z" "-v" "/var/lib/crater-agent-workspace/rustup-home:/opt/rustwide/rustup-home:ro,Z" "-e" "SOURCE_DIR=/opt/rustwide/workdir" "-e" "CARGO_TARGET_DIR=/opt/rustwide/target" "-e" "CARGO_INCREMENTAL=0" "-e" "RUST_BACKTRACE=full" "-e" "RUSTFLAGS=--cap-lints=warn" "-e" "RUSTDOCFLAGS=--cap-lints=warn" "-e" "CARGO_HOME=/opt/rustwide/cargo-home" "-e" "RUSTUP_HOME=/opt/rustwide/rustup-home" "-w" "/opt/rustwide/workdir" "-m" "1610612736" "--user" "0:0" "--network" "none" "ghcr.io/rust-lang/crates-build-env/linux@sha256:2788e3201cd34a07e3172128adcd8b3090168a8e3bcc40d7c032b9dda1df7d1c" "/opt/rustwide/cargo-home/bin/cargo" "+beta-2023-12-22" "test" "--frozen", kill_on_drop: false }`
[INFO] [stdout] 0c6eb8b75aa7f94854d205e0beedb9e3159005c46fb8d3200b870865d51f84dd
[INFO] running `Command { std: "docker" "start" "-a" "0c6eb8b75aa7f94854d205e0beedb9e3159005c46fb8d3200b870865d51f84dd", kill_on_drop: false }`
[INFO] [stderr]     Finished test [unoptimized + debuginfo] target(s) in 0.01s
[INFO] [stderr]      Running unittests src/lib.rs (/opt/rustwide/target/debug/deps/fates-2168a4fd57a90cc6)
[INFO] [stdout] 
[INFO] [stdout] running 12 tests
[INFO] [stdout] test fates::tests::chain ... ok
[INFO] [stdout] test fates::tests::explicit_fate_test ... ok
[INFO] [stdout] test fates::tests::dependent_child_clone ... ok
[INFO] [stdout] test fates::tests::less_simple ... ok
[INFO] [stdout] test fates::tests::is_value_test ... ok
[INFO] [stdout] test fates::tests::macro_simple_test ... ok
[INFO] [stdout] test fates::tests::mix_types_test ... ok
[INFO] [stdout] test fates::tests::ref_test ... ok
[INFO] [stdout] test fates::tests::simple ... ok
[INFO] [stdout] test fates::tests::string_example_test ... ok
[INFO] [stdout] test fates::tests::value_capture_test ... ok
[INFO] [stdout] test fates::tests::thread_safe_test ... ok
[INFO] [stdout] 
[INFO] [stdout] test result: ok. 12 passed; 0 failed; 0 ignored; 0 measured; 0 filtered out; finished in 0.02s
[INFO] [stdout] 
[INFO] [stderr]      Running unittests src/lib.rs (/opt/rustwide/target/debug/deps/fates_macro-f5ee70e76f976d52)
[INFO] [stdout] 
[INFO] [stdout] running 0 tests
[INFO] [stdout] 
[INFO] [stdout] test result: ok. 0 passed; 0 failed; 0 ignored; 0 measured; 0 filtered out; finished in 0.00s
[INFO] [stdout] 
[INFO] [stderr]    Doc-tests fates
[INFO] [stdout] 
[INFO] [stdout] running 1 test
[INFO] [stdout] test fates/src/fates.rs - fates::Fate<T>::create_dependent_clone (line 171) ... FAILED
[INFO] [stdout] 
[INFO] [stdout] failures:
[INFO] [stdout] 
[INFO] [stdout] ---- fates/src/fates.rs - fates::Fate<T>::create_dependent_clone (line 171) stdout ----
[INFO] [stdout] error: cannot find macro `fate` in this scope
[INFO] [stdout]  --> fates/src/fates.rs:172:1
[INFO] [stdout]   |
[INFO] [stdout] 3 | fate! {
[INFO] [stdout]   | ^^^^
[INFO] [stdout]   |
[INFO] [stdout] help: consider importing one of these items
[INFO] [stdout]   |
[INFO] [stdout] 2 + use fates::fate;
[INFO] [stdout]   |
[INFO] [stdout] 2 + use fates_macro::fate;
[INFO] [stdout]   |
[INFO] [stdout] 
[INFO] [stdout] error: cannot find macro `fate` in this scope
[INFO] [stdout]  --> fates/src/fates.rs:178:1
[INFO] [stdout]   |
[INFO] [stdout] 9 | fate! {
[INFO] [stdout]   | ^^^^
[INFO] [stdout]   |
[INFO] [stdout] help: consider importing one of these items
[INFO] [stdout]   |
[INFO] [stdout] 2 + use fates::fate;
[INFO] [stdout]   |
[INFO] [stdout] 2 + use fates_macro::fate;
[INFO] [stdout]   |
[INFO] [stdout] 
[INFO] [stdout] error[E0425]: cannot find value `b` in this scope
[INFO] [stdout]  --> fates/src/fates.rs:176:13
[INFO] [stdout]   |
[INFO] [stdout] 7 | let child = b.create_dependent_clone();
[INFO] [stdout]   |             ^ not found in this scope
[INFO] [stdout] 
[INFO] [stdout] error[E0425]: cannot find value `b` in this scope
[INFO] [stdout]   --> fates/src/fates.rs:181:12
[INFO] [stdout]    |
[INFO] [stdout] 12 | assert_eq!(b.get(), 13);
[INFO] [stdout]    |            ^ not found in this scope
[INFO] [stdout] 
[INFO] [stdout] error[E0425]: cannot find value `b` in this scope
[INFO] [stdout]   --> fates/src/fates.rs:182:12
[INFO] [stdout]    |
[INFO] [stdout] 13 | assert_eq!(b.is_dirty(), false);
[INFO] [stdout]    |            ^ not found in this scope
[INFO] [stdout] 
[INFO] [stdout] error: aborting due to 5 previous errors
[INFO] [stdout] 
[INFO] [stdout] For more information about this error, try `rustc --explain E0425`.
[INFO] [stdout] Couldn't compile the test.
[INFO] [stdout] 
[INFO] [stdout] failures:
[INFO] [stdout]     fates/src/fates.rs - fates::Fate<T>::create_dependent_clone (line 171)
[INFO] [stdout] 
[INFO] [stdout] test result: FAILED. 0 passed; 1 failed; 0 ignored; 0 measured; 0 filtered out; finished in 0.05s
[INFO] [stdout] 
[INFO] [stderr] error: doctest failed, to rerun pass `-p fates --doc`
[INFO] running `Command { std: "docker" "inspect" "0c6eb8b75aa7f94854d205e0beedb9e3159005c46fb8d3200b870865d51f84dd", kill_on_drop: false }`
[INFO] running `Command { std: "docker" "rm" "-f" "0c6eb8b75aa7f94854d205e0beedb9e3159005c46fb8d3200b870865d51f84dd", kill_on_drop: false }`
[INFO] [stdout] 0c6eb8b75aa7f94854d205e0beedb9e3159005c46fb8d3200b870865d51f84dd
