[INFO] cloning repository https://github.com/jeroen-meijer/suitcase-rs
[INFO] running `Command { std: "git" "-c" "credential.helper=" "-c" "credential.helper=/workspace/cargo-home/bin/git-credential-null" "clone" "--bare" "https://github.com/jeroen-meijer/suitcase-rs" "/workspace/cache/git-repos/https%3A%2F%2Fgithub.com%2Fjeroen-meijer%2Fsuitcase-rs", kill_on_drop: false }`
[INFO] [stderr] Cloning into bare repository '/workspace/cache/git-repos/https%3A%2F%2Fgithub.com%2Fjeroen-meijer%2Fsuitcase-rs'...
[INFO] running `Command { std: "git" "rev-parse" "HEAD", kill_on_drop: false }`
[INFO] [stdout] c1b6428c686b206f984cbca9c6fa4ed652ba3e6b
[INFO] testing jeroen-meijer/suitcase-rs against 1.75.0 for beta-1.76-1
[INFO] running `Command { std: "git" "clone" "/workspace/cache/git-repos/https%3A%2F%2Fgithub.com%2Fjeroen-meijer%2Fsuitcase-rs" "/workspace/builds/worker-6-tc1/source", kill_on_drop: false }`
[INFO] [stderr] Cloning into '/workspace/builds/worker-6-tc1/source'...
[INFO] [stderr] done.
[INFO] validating manifest of git repo https://github.com/jeroen-meijer/suitcase-rs on toolchain 1.75.0
[INFO] running `Command { std: CARGO_HOME="/workspace/cargo-home" RUSTUP_HOME="/workspace/rustup-home" "/workspace/cargo-home/bin/cargo" "+1.75.0" "metadata" "--manifest-path" "Cargo.toml" "--no-deps", kill_on_drop: false }`
[INFO] started tweaking git repo https://github.com/jeroen-meijer/suitcase-rs
[INFO] finished tweaking git repo https://github.com/jeroen-meijer/suitcase-rs
[INFO] tweaked toml for git repo https://github.com/jeroen-meijer/suitcase-rs written to /workspace/builds/worker-6-tc1/source/Cargo.toml
[INFO] crate git repo https://github.com/jeroen-meijer/suitcase-rs already has a lockfile, it will not be regenerated
[INFO] running `Command { std: CARGO_HOME="/workspace/cargo-home" RUSTUP_HOME="/workspace/rustup-home" "/workspace/cargo-home/bin/cargo" "+1.75.0" "fetch" "--manifest-path" "Cargo.toml", kill_on_drop: false }`
[INFO] running `Command { std: "docker" "create" "-v" "/var/lib/crater-agent-workspace/builds/worker-6-tc1/target:/opt/rustwide/target:rw,Z" "-v" "/var/lib/crater-agent-workspace/builds/worker-6-tc1/source:/opt/rustwide/workdir:ro,Z" "-v" "/var/lib/crater-agent-workspace/cargo-home:/opt/rustwide/cargo-home:ro,Z" "-v" "/var/lib/crater-agent-workspace/rustup-home:/opt/rustwide/rustup-home:ro,Z" "-e" "SOURCE_DIR=/opt/rustwide/workdir" "-e" "CARGO_TARGET_DIR=/opt/rustwide/target" "-e" "CARGO_HOME=/opt/rustwide/cargo-home" "-e" "RUSTUP_HOME=/opt/rustwide/rustup-home" "-w" "/opt/rustwide/workdir" "-m" "1610612736" "--user" "0:0" "--network" "none" "ghcr.io/rust-lang/crates-build-env/linux@sha256:2788e3201cd34a07e3172128adcd8b3090168a8e3bcc40d7c032b9dda1df7d1c" "/opt/rustwide/cargo-home/bin/cargo" "+1.75.0" "metadata" "--no-deps" "--format-version=1", kill_on_drop: false }`
[INFO] [stdout] e0c9820db403a17732f9701e85bf895621727b4d5540a8f2fe2625ca2915d482
[INFO] running `Command { std: "docker" "start" "-a" "e0c9820db403a17732f9701e85bf895621727b4d5540a8f2fe2625ca2915d482", kill_on_drop: false }`
[INFO] running `Command { std: "docker" "inspect" "e0c9820db403a17732f9701e85bf895621727b4d5540a8f2fe2625ca2915d482", kill_on_drop: false }`
[INFO] running `Command { std: "docker" "rm" "-f" "e0c9820db403a17732f9701e85bf895621727b4d5540a8f2fe2625ca2915d482", kill_on_drop: false }`
[INFO] [stdout] e0c9820db403a17732f9701e85bf895621727b4d5540a8f2fe2625ca2915d482
[INFO] running `Command { std: "docker" "create" "-v" "/var/lib/crater-agent-workspace/builds/worker-6-tc1/target:/opt/rustwide/target:rw,Z" "-v" "/var/lib/crater-agent-workspace/builds/worker-6-tc1/source:/opt/rustwide/workdir:ro,Z" "-v" "/var/lib/crater-agent-workspace/cargo-home:/opt/rustwide/cargo-home:ro,Z" "-v" "/var/lib/crater-agent-workspace/rustup-home:/opt/rustwide/rustup-home:ro,Z" "-e" "SOURCE_DIR=/opt/rustwide/workdir" "-e" "CARGO_TARGET_DIR=/opt/rustwide/target" "-e" "CARGO_INCREMENTAL=0" "-e" "RUST_BACKTRACE=full" "-e" "RUSTFLAGS=--cap-lints=warn" "-e" "RUSTDOCFLAGS=--cap-lints=warn" "-e" "CARGO_HOME=/opt/rustwide/cargo-home" "-e" "RUSTUP_HOME=/opt/rustwide/rustup-home" "-w" "/opt/rustwide/workdir" "-m" "1610612736" "--user" "0:0" "--network" "none" "ghcr.io/rust-lang/crates-build-env/linux@sha256:2788e3201cd34a07e3172128adcd8b3090168a8e3bcc40d7c032b9dda1df7d1c" "/opt/rustwide/cargo-home/bin/cargo" "+1.75.0" "build" "--frozen" "--message-format=json", kill_on_drop: false }`
[INFO] [stdout] c59faa549ae051d86d5084e928aa6c60b3b42e76b614c4e274a432c2cae912dc
[INFO] running `Command { std: "docker" "start" "-a" "c59faa549ae051d86d5084e928aa6c60b3b42e76b614c4e274a432c2cae912dc", kill_on_drop: false }`
[INFO] [stderr]    Compiling proc-macro2 v1.0.52
[INFO] [stderr]    Compiling unicode-ident v1.0.8
[INFO] [stderr]    Compiling quote v1.0.26
[INFO] [stderr]    Compiling autocfg v1.1.0
[INFO] [stderr]    Compiling libc v0.2.140
[INFO] [stderr]    Compiling syn v1.0.109
[INFO] [stderr]    Compiling version_check v0.9.4
[INFO] [stderr]    Compiling io-lifetimes v1.0.6
[INFO] [stderr]    Compiling heck v0.4.1
[INFO] [stderr]    Compiling rustix v0.36.9
[INFO] [stderr]    Compiling rustversion v1.0.12
[INFO] [stderr]    Compiling proc-macro-error-attr v1.0.4
[INFO] [stderr]    Compiling memchr v2.5.0
[INFO] [stderr]    Compiling num-traits v0.2.15
[INFO] [stderr]    Compiling proc-macro-error v1.0.4
[INFO] [stderr]    Compiling linux-raw-sys v0.1.4
[INFO] [stderr]    Compiling bitflags v1.3.2
[INFO] [stderr]    Compiling indexmap v1.9.2
[INFO] [stderr]    Compiling num-integer v0.1.45
[INFO] [stderr]    Compiling log v0.4.17
[INFO] [stderr]    Compiling serde v1.0.156
[INFO] [stderr]    Compiling aho-corasick v0.7.20
[INFO] [stderr]    Compiling os_str_bytes v6.4.1
[INFO] [stderr]    Compiling regex-syntax v0.6.28
[INFO] [stderr]    Compiling anyhow v1.0.69
[INFO] [stderr]    Compiling termcolor v1.2.0
[INFO] [stderr]    Compiling thiserror v1.0.39
[INFO] [stderr]    Compiling hashbrown v0.12.3
[INFO] [stderr]    Compiling time v0.1.45
[INFO] [stderr]    Compiling atty v0.2.14
[INFO] [stderr]    Compiling clap_lex v0.3.2
[INFO] [stderr]    Compiling regex v1.7.1
[INFO] [stderr]    Compiling iana-time-zone v0.1.53
[INFO] [stderr]    Compiling itoa v1.0.6
[INFO] [stderr]    Compiling unsafe-libyaml v0.2.7
[INFO] [stderr]    Compiling humantime v2.1.0
[INFO] [stderr]    Compiling maplit v1.0.2
[INFO] [stderr]    Compiling strsim v0.10.0
[INFO] [stderr]    Compiling is-terminal v0.4.4
[INFO] [stderr]    Compiling ryu v1.0.13
[INFO] [stderr]    Compiling once_cell v1.17.1
[INFO] [stderr]    Compiling chrono v0.4.24
[INFO] [stderr]    Compiling colored v2.0.0
[INFO] [stderr]    Compiling env_logger v0.10.0
[INFO] [stderr]    Compiling serde_yaml v0.9.19
[INFO] [stderr]    Compiling strum_macros v0.24.3
[INFO] [stderr]    Compiling thiserror-impl v1.0.39
[INFO] [stderr]    Compiling clap_derive v4.1.8
[INFO] [stderr]    Compiling strum v0.24.1
[INFO] [stderr]    Compiling spinners v4.1.0
[INFO] [stderr]    Compiling clap v4.1.8
[INFO] [stderr]    Compiling suitcase v0.1.4 (/opt/rustwide/workdir)
[INFO] [stdout] warning: call to `.deref()` on a reference in this situation does nothing
[INFO] [stdout]    --> src/internal/commands/ford.rs:108:30
[INFO] [stdout]     |
[INFO] [stdout] 108 |             let error = error.deref().clone();
[INFO] [stdout]     |                              ^^^^^^^^ help: remove this redundant call
[INFO] [stdout]     |
[INFO] [stdout]     = note: the type `ShellError` does not implement `Deref`, so calling `deref` on `&ShellError` copies the reference, which does not do anything and can be removed
[INFO] [stdout]     = note: `#[warn(noop_method_call)]` on by default
[INFO] [stdout] 
[INFO] [stdout] 
[INFO] [stdout] warning: call to `.deref()` on a reference in this situation does nothing
[INFO] [stdout]    --> src/internal/commands/fua.rs:142:30
[INFO] [stdout]     |
[INFO] [stdout] 142 |             let error = error.deref().clone();
[INFO] [stdout]     |                              ^^^^^^^^ help: remove this redundant call
[INFO] [stdout]     |
[INFO] [stdout]     = note: the type `ShellError` does not implement `Deref`, so calling `deref` on `&ShellError` copies the reference, which does not do anything and can be removed
[INFO] [stdout] 
[INFO] [stdout] 
[INFO] [stdout] warning: 2 warnings emitted
[INFO] [stdout] 
[INFO] [stdout] 
[INFO] [stderr]     Finished dev [unoptimized + debuginfo] target(s) in 13.40s
[INFO] running `Command { std: "docker" "inspect" "c59faa549ae051d86d5084e928aa6c60b3b42e76b614c4e274a432c2cae912dc", kill_on_drop: false }`
[INFO] running `Command { std: "docker" "rm" "-f" "c59faa549ae051d86d5084e928aa6c60b3b42e76b614c4e274a432c2cae912dc", kill_on_drop: false }`
[INFO] [stdout] c59faa549ae051d86d5084e928aa6c60b3b42e76b614c4e274a432c2cae912dc
[INFO] running `Command { std: "docker" "create" "-v" "/var/lib/crater-agent-workspace/builds/worker-6-tc1/target:/opt/rustwide/target:rw,Z" "-v" "/var/lib/crater-agent-workspace/builds/worker-6-tc1/source:/opt/rustwide/workdir:ro,Z" "-v" "/var/lib/crater-agent-workspace/cargo-home:/opt/rustwide/cargo-home:ro,Z" "-v" "/var/lib/crater-agent-workspace/rustup-home:/opt/rustwide/rustup-home:ro,Z" "-e" "SOURCE_DIR=/opt/rustwide/workdir" "-e" "CARGO_TARGET_DIR=/opt/rustwide/target" "-e" "CARGO_INCREMENTAL=0" "-e" "RUST_BACKTRACE=full" "-e" "RUSTFLAGS=--cap-lints=warn" "-e" "RUSTDOCFLAGS=--cap-lints=warn" "-e" "CARGO_HOME=/opt/rustwide/cargo-home" "-e" "RUSTUP_HOME=/opt/rustwide/rustup-home" "-w" "/opt/rustwide/workdir" "-m" "1610612736" "--user" "0:0" "--network" "none" "ghcr.io/rust-lang/crates-build-env/linux@sha256:2788e3201cd34a07e3172128adcd8b3090168a8e3bcc40d7c032b9dda1df7d1c" "/opt/rustwide/cargo-home/bin/cargo" "+1.75.0" "test" "--frozen" "--no-run" "--message-format=json", kill_on_drop: false }`
[INFO] [stdout] 26066d99587cfd759a7854ae48c05451b052ca783d3a485ba97d488231cc0442
[INFO] running `Command { std: "docker" "start" "-a" "26066d99587cfd759a7854ae48c05451b052ca783d3a485ba97d488231cc0442", kill_on_drop: false }`
[INFO] [stdout] warning: call to `.deref()` on a reference in this situation does nothing
[INFO] [stdout]    --> src/internal/commands/ford.rs:108:30
[INFO] [stdout]     |
[INFO] [stdout] 108 |             let error = error.deref().clone();
[INFO] [stdout]     |                              ^^^^^^^^ help: remove this redundant call
[INFO] [stdout]     |
[INFO] [stdout]     = note: the type `ShellError` does not implement `Deref`, so calling `deref` on `&ShellError` copies the reference, which does not do anything and can be removed
[INFO] [stdout]     = note: `#[warn(noop_method_call)]` on by default
[INFO] [stdout] 
[INFO] [stdout] 
[INFO] [stderr]    Compiling suitcase v0.1.4 (/opt/rustwide/workdir)
[INFO] [stdout] warning: call to `.deref()` on a reference in this situation does nothing
[INFO] [stdout]    --> src/internal/commands/fua.rs:142:30
[INFO] [stdout]     |
[INFO] [stdout] 142 |             let error = error.deref().clone();
[INFO] [stdout]     |                              ^^^^^^^^ help: remove this redundant call
[INFO] [stdout]     |
[INFO] [stdout]     = note: the type `ShellError` does not implement `Deref`, so calling `deref` on `&ShellError` copies the reference, which does not do anything and can be removed
[INFO] [stdout] 
[INFO] [stdout] 
[INFO] [stdout] warning: 2 warnings emitted
[INFO] [stdout] 
[INFO] [stdout] 
[INFO] [stdout] warning: call to `.deref()` on a reference in this situation does nothing
[INFO] [stdout]    --> src/internal/commands/ford.rs:108:30
[INFO] [stdout]     |
[INFO] [stdout] 108 |             let error = error.deref().clone();
[INFO] [stdout]     |                              ^^^^^^^^ help: remove this redundant call
[INFO] [stdout]     |
[INFO] [stdout]     = note: the type `ShellError` does not implement `Deref`, so calling `deref` on `&ShellError` copies the reference, which does not do anything and can be removed
[INFO] [stdout]     = note: `#[warn(noop_method_call)]` on by default
[INFO] [stdout] 
[INFO] [stdout] 
[INFO] [stdout] warning: call to `.deref()` on a reference in this situation does nothing
[INFO] [stdout]    --> src/internal/commands/fua.rs:142:30
[INFO] [stdout]     |
[INFO] [stdout] 142 |             let error = error.deref().clone();
[INFO] [stdout]     |                              ^^^^^^^^ help: remove this redundant call
[INFO] [stdout]     |
[INFO] [stdout]     = note: the type `ShellError` does not implement `Deref`, so calling `deref` on `&ShellError` copies the reference, which does not do anything and can be removed
[INFO] [stdout] 
[INFO] [stdout] 
[INFO] [stdout] warning: 2 warnings emitted
[INFO] [stdout] 
[INFO] [stdout] 
[INFO] [stderr]     Finished test [unoptimized + debuginfo] target(s) in 0.63s
[INFO] running `Command { std: "docker" "inspect" "26066d99587cfd759a7854ae48c05451b052ca783d3a485ba97d488231cc0442", kill_on_drop: false }`
[INFO] running `Command { std: "docker" "rm" "-f" "26066d99587cfd759a7854ae48c05451b052ca783d3a485ba97d488231cc0442", kill_on_drop: false }`
[INFO] [stdout] 26066d99587cfd759a7854ae48c05451b052ca783d3a485ba97d488231cc0442
[INFO] running `Command { std: "docker" "create" "-v" "/var/lib/crater-agent-workspace/builds/worker-6-tc1/target:/opt/rustwide/target:rw,Z" "-v" "/var/lib/crater-agent-workspace/builds/worker-6-tc1/source:/opt/rustwide/workdir:ro,Z" "-v" "/var/lib/crater-agent-workspace/cargo-home:/opt/rustwide/cargo-home:ro,Z" "-v" "/var/lib/crater-agent-workspace/rustup-home:/opt/rustwide/rustup-home:ro,Z" "-e" "SOURCE_DIR=/opt/rustwide/workdir" "-e" "CARGO_TARGET_DIR=/opt/rustwide/target" "-e" "CARGO_INCREMENTAL=0" "-e" "RUST_BACKTRACE=full" "-e" "RUSTFLAGS=--cap-lints=warn" "-e" "RUSTDOCFLAGS=--cap-lints=warn" "-e" "CARGO_HOME=/opt/rustwide/cargo-home" "-e" "RUSTUP_HOME=/opt/rustwide/rustup-home" "-w" "/opt/rustwide/workdir" "-m" "1610612736" "--user" "0:0" "--network" "none" "ghcr.io/rust-lang/crates-build-env/linux@sha256:2788e3201cd34a07e3172128adcd8b3090168a8e3bcc40d7c032b9dda1df7d1c" "/opt/rustwide/cargo-home/bin/cargo" "+1.75.0" "test" "--frozen", kill_on_drop: false }`
[INFO] [stdout] 3123fbbb13daa689c092afc6e740a86dc18d7ce73a169eded20e687a58d9283a
[INFO] running `Command { std: "docker" "start" "-a" "3123fbbb13daa689c092afc6e740a86dc18d7ce73a169eded20e687a58d9283a", kill_on_drop: false }`
[INFO] [stderr] warning: call to `.deref()` on a reference in this situation does nothing
[INFO] [stderr]    --> src/internal/commands/ford.rs:108:30
[INFO] [stderr]     |
[INFO] [stderr] 108 |             let error = error.deref().clone();
[INFO] [stderr]     |                              ^^^^^^^^ help: remove this redundant call
[INFO] [stderr]     |
[INFO] [stderr]     = note: the type `ShellError` does not implement `Deref`, so calling `deref` on `&ShellError` copies the reference, which does not do anything and can be removed
[INFO] [stderr]     = note: `#[warn(noop_method_call)]` on by default
[INFO] [stderr] 
[INFO] [stderr] warning: call to `.deref()` on a reference in this situation does nothing
[INFO] [stderr]    --> src/internal/commands/fua.rs:142:30
[INFO] [stderr]     |
[INFO] [stderr] 142 |             let error = error.deref().clone();
[INFO] [stderr]     |                              ^^^^^^^^ help: remove this redundant call
[INFO] [stderr]     |
[INFO] [stderr]     = note: the type `ShellError` does not implement `Deref`, so calling `deref` on `&ShellError` copies the reference, which does not do anything and can be removed
[INFO] [stderr] 
[INFO] [stderr] warning: `suitcase` (lib) generated 2 warnings (run `cargo fix --lib -p suitcase` to apply 2 suggestions)
[INFO] [stderr] warning: `suitcase` (lib test) generated 2 warnings (2 duplicates)
[INFO] [stderr]     Finished test [unoptimized + debuginfo] target(s) in 0.04s
[INFO] [stderr]      Running unittests src/lib.rs (/opt/rustwide/target/debug/deps/suitcase-aa7945f41e22f817)
[INFO] [stdout] 
[INFO] [stdout] running 0 tests
[INFO] [stdout] 
[INFO] [stdout] test result: ok. 0 passed; 0 failed; 0 ignored; 0 measured; 0 filtered out; finished in 0.00s
[INFO] [stdout] 
[INFO] [stderr]      Running unittests src/bin/ford.rs (/opt/rustwide/target/debug/deps/ford-3e42bb902b8bafae)
[INFO] [stdout] 
[INFO] [stdout] running 0 tests
[INFO] [stdout] 
[INFO] [stdout] test result: ok. 0 passed; 0 failed; 0 ignored; 0 measured; 0 filtered out; finished in 0.00s
[INFO] [stdout] 
[INFO] [stderr]      Running unittests src/bin/fua.rs (/opt/rustwide/target/debug/deps/fua-20b6403728e7a3a3)
[INFO] [stdout] 
[INFO] [stdout] running 0 tests
[INFO] [stdout] 
[INFO] [stdout] test result: ok. 0 passed; 0 failed; 0 ignored; 0 measured; 0 filtered out; finished in 0.00s
[INFO] [stdout] 
[INFO] [stderr]      Running unittests src/bin/gho.rs (/opt/rustwide/target/debug/deps/gho-6ab683141a8cfd9c)
[INFO] [stdout] 
[INFO] [stdout] running 0 tests
[INFO] [stdout] 
[INFO] [stdout] test result: ok. 0 passed; 0 failed; 0 ignored; 0 measured; 0 filtered out; finished in 0.00s
[INFO] [stdout] 
[INFO] [stderr]      Running unittests src/main.rs (/opt/rustwide/target/debug/deps/suitcase-9092bb055aff5576)
[INFO] [stdout] 
[INFO] [stdout] running 0 tests
[INFO] [stdout] 
[INFO] [stdout] test result: ok. 0 passed; 0 failed; 0 ignored; 0 measured; 0 filtered out; finished in 0.00s
[INFO] [stdout] 
[INFO] [stderr]    Doc-tests suitcase
[INFO] [stdout] 
[INFO] [stdout] running 3 tests
[INFO] [stdout] test src/internal/shell.rs - internal::shell::exec_on (line 123) - compile ... FAILED
[INFO] [stdout] test src/internal/progress/mod.rs - internal::progress::progress (line 85) - compile ... FAILED
[INFO] [stdout] test src/internal/shell.rs - internal::shell::args (line 106) ... ok
[INFO] [stdout] 
[INFO] [stdout] failures:
[INFO] [stdout] 
[INFO] [stdout] ---- src/internal/shell.rs - internal::shell::exec_on (line 123) stdout ----
[INFO] [stdout] error: cannot find macro `exec_on` in this scope
[INFO] [stdout]  --> src/internal/shell.rs:127:14
[INFO] [stdout]   |
[INFO] [stdout] 7 | let result = exec_on!(shell, "echo", "hello world").unwrap();
[INFO] [stdout]   |              ^^^^^^^
[INFO] [stdout]   |
[INFO] [stdout] help: consider importing this macro
[INFO] [stdout]   |
[INFO] [stdout] 2 + use suitcase::exec_on;
[INFO] [stdout]   |
[INFO] [stdout] 
[INFO] [stdout] error: aborting due to previous error
[INFO] [stdout] 
[INFO] [stdout] Couldn't compile the test.
[INFO] [stdout] ---- src/internal/progress/mod.rs - internal::progress::progress (line 85) stdout ----
[INFO] [stdout] error: cannot find macro `progress` in this scope
[INFO] [stdout]  --> src/internal/progress/mod.rs:86:11
[INFO] [stdout]   |
[INFO] [stdout] 3 | let num = progress!("get number", get_number());
[INFO] [stdout]   |           ^^^^^^^^
[INFO] [stdout]   |
[INFO] [stdout] help: consider importing this macro
[INFO] [stdout]   |
[INFO] [stdout] 2 + use suitcase::progress;
[INFO] [stdout]   |
[INFO] [stdout] 
[INFO] [stdout] error: aborting due to previous error
[INFO] [stdout] 
[INFO] [stdout] Couldn't compile the test.
[INFO] [stdout] 
[INFO] [stdout] failures:
[INFO] [stdout]     src/internal/progress/mod.rs - internal::progress::progress (line 85)
[INFO] [stdout]     src/internal/shell.rs - internal::shell::exec_on (line 123)
[INFO] [stdout] 
[INFO] [stdout] test result: FAILED. 1 passed; 2 failed; 0 ignored; 0 measured; 0 filtered out; finished in 0.59s
[INFO] [stdout] 
[INFO] [stderr] error: doctest failed, to rerun pass `--doc`
[INFO] running `Command { std: "docker" "inspect" "3123fbbb13daa689c092afc6e740a86dc18d7ce73a169eded20e687a58d9283a", kill_on_drop: false }`
[INFO] running `Command { std: "docker" "rm" "-f" "3123fbbb13daa689c092afc6e740a86dc18d7ce73a169eded20e687a58d9283a", kill_on_drop: false }`
[INFO] [stdout] 3123fbbb13daa689c092afc6e740a86dc18d7ce73a169eded20e687a58d9283a
[INFO] testing jeroen-meijer/suitcase-rs against beta-2023-12-22 for beta-1.76-1
[INFO] running `Command { std: "git" "clone" "/workspace/cache/git-repos/https%3A%2F%2Fgithub.com%2Fjeroen-meijer%2Fsuitcase-rs" "/workspace/builds/worker-6-tc2/source", kill_on_drop: false }`
[INFO] [stderr] Cloning into '/workspace/builds/worker-6-tc2/source'...
[INFO] [stderr] done.
[INFO] validating manifest of git repo https://github.com/jeroen-meijer/suitcase-rs on toolchain beta-2023-12-22
[INFO] running `Command { std: CARGO_HOME="/workspace/cargo-home" RUSTUP_HOME="/workspace/rustup-home" "/workspace/cargo-home/bin/cargo" "+beta-2023-12-22" "metadata" "--manifest-path" "Cargo.toml" "--no-deps", kill_on_drop: false }`
[INFO] started tweaking git repo https://github.com/jeroen-meijer/suitcase-rs
[INFO] finished tweaking git repo https://github.com/jeroen-meijer/suitcase-rs
[INFO] tweaked toml for git repo https://github.com/jeroen-meijer/suitcase-rs written to /workspace/builds/worker-6-tc2/source/Cargo.toml
[INFO] crate git repo https://github.com/jeroen-meijer/suitcase-rs already has a lockfile, it will not be regenerated
[INFO] running `Command { std: CARGO_HOME="/workspace/cargo-home" RUSTUP_HOME="/workspace/rustup-home" "/workspace/cargo-home/bin/cargo" "+beta-2023-12-22" "fetch" "--manifest-path" "Cargo.toml", kill_on_drop: false }`
[INFO] running `Command { std: "docker" "create" "-v" "/var/lib/crater-agent-workspace/builds/worker-6-tc2/target:/opt/rustwide/target:rw,Z" "-v" "/var/lib/crater-agent-workspace/builds/worker-6-tc2/source:/opt/rustwide/workdir:ro,Z" "-v" "/var/lib/crater-agent-workspace/cargo-home:/opt/rustwide/cargo-home:ro,Z" "-v" "/var/lib/crater-agent-workspace/rustup-home:/opt/rustwide/rustup-home:ro,Z" "-e" "SOURCE_DIR=/opt/rustwide/workdir" "-e" "CARGO_TARGET_DIR=/opt/rustwide/target" "-e" "CARGO_HOME=/opt/rustwide/cargo-home" "-e" "RUSTUP_HOME=/opt/rustwide/rustup-home" "-w" "/opt/rustwide/workdir" "-m" "1610612736" "--user" "0:0" "--network" "none" "ghcr.io/rust-lang/crates-build-env/linux@sha256:2788e3201cd34a07e3172128adcd8b3090168a8e3bcc40d7c032b9dda1df7d1c" "/opt/rustwide/cargo-home/bin/cargo" "+beta-2023-12-22" "metadata" "--no-deps" "--format-version=1", kill_on_drop: false }`
[INFO] [stdout] 8c2b2b3d4452da360adfcc6fa6ce7a1b21383f50bd065a6caf2f3120e7638902
[INFO] running `Command { std: "docker" "start" "-a" "8c2b2b3d4452da360adfcc6fa6ce7a1b21383f50bd065a6caf2f3120e7638902", kill_on_drop: false }`
[INFO] running `Command { std: "docker" "inspect" "8c2b2b3d4452da360adfcc6fa6ce7a1b21383f50bd065a6caf2f3120e7638902", kill_on_drop: false }`
[INFO] running `Command { std: "docker" "rm" "-f" "8c2b2b3d4452da360adfcc6fa6ce7a1b21383f50bd065a6caf2f3120e7638902", kill_on_drop: false }`
[INFO] [stdout] 8c2b2b3d4452da360adfcc6fa6ce7a1b21383f50bd065a6caf2f3120e7638902
[INFO] running `Command { std: "docker" "create" "-v" "/var/lib/crater-agent-workspace/builds/worker-6-tc2/target:/opt/rustwide/target:rw,Z" "-v" "/var/lib/crater-agent-workspace/builds/worker-6-tc2/source:/opt/rustwide/workdir:ro,Z" "-v" "/var/lib/crater-agent-workspace/cargo-home:/opt/rustwide/cargo-home:ro,Z" "-v" "/var/lib/crater-agent-workspace/rustup-home:/opt/rustwide/rustup-home:ro,Z" "-e" "SOURCE_DIR=/opt/rustwide/workdir" "-e" "CARGO_TARGET_DIR=/opt/rustwide/target" "-e" "CARGO_INCREMENTAL=0" "-e" "RUST_BACKTRACE=full" "-e" "RUSTFLAGS=--cap-lints=warn" "-e" "RUSTDOCFLAGS=--cap-lints=warn" "-e" "CARGO_HOME=/opt/rustwide/cargo-home" "-e" "RUSTUP_HOME=/opt/rustwide/rustup-home" "-w" "/opt/rustwide/workdir" "-m" "1610612736" "--user" "0:0" "--network" "none" "ghcr.io/rust-lang/crates-build-env/linux@sha256:2788e3201cd34a07e3172128adcd8b3090168a8e3bcc40d7c032b9dda1df7d1c" "/opt/rustwide/cargo-home/bin/cargo" "+beta-2023-12-22" "build" "--frozen" "--message-format=json", kill_on_drop: false }`
[INFO] [stdout] da1030c72f69dd81c4e70818a012232e1d2ccbd16c4a3a6e6bb8fbaa318851b0
[INFO] running `Command { std: "docker" "start" "-a" "da1030c72f69dd81c4e70818a012232e1d2ccbd16c4a3a6e6bb8fbaa318851b0", kill_on_drop: false }`
[INFO] [stderr]    Compiling proc-macro2 v1.0.52
[INFO] [stderr]    Compiling quote v1.0.26
[INFO] [stderr]    Compiling unicode-ident v1.0.8
[INFO] [stderr]    Compiling libc v0.2.140
[INFO] [stderr]    Compiling autocfg v1.1.0
[INFO] [stderr]    Compiling syn v1.0.109
[INFO] [stderr]    Compiling version_check v0.9.4
[INFO] [stderr]    Compiling io-lifetimes v1.0.6
[INFO] [stderr]    Compiling heck v0.4.1
[INFO] [stderr]    Compiling rustix v0.36.9
[INFO] [stderr]    Compiling memchr v2.5.0
[INFO] [stderr]    Compiling rustversion v1.0.12
[INFO] [stderr]    Compiling proc-macro-error-attr v1.0.4
[INFO] [stderr]    Compiling num-traits v0.2.15
[INFO] [stderr]    Compiling proc-macro-error v1.0.4
[INFO] [stderr]    Compiling bitflags v1.3.2
[INFO] [stderr]    Compiling linux-raw-sys v0.1.4
[INFO] [stderr]    Compiling num-integer v0.1.45
[INFO] [stderr]    Compiling indexmap v1.9.2
[INFO] [stderr]    Compiling log v0.4.17
[INFO] [stderr]    Compiling serde v1.0.156
[INFO] [stderr]    Compiling aho-corasick v0.7.20
[INFO] [stderr]    Compiling thiserror v1.0.39
[INFO] [stderr]    Compiling termcolor v1.2.0
[INFO] [stderr]    Compiling anyhow v1.0.69
[INFO] [stderr]    Compiling hashbrown v0.12.3
[INFO] [stderr]    Compiling regex-syntax v0.6.28
[INFO] [stderr]    Compiling cfg-if v1.0.0
[INFO] [stderr]    Compiling lazy_static v1.4.0
[INFO] [stderr]    Compiling os_str_bytes v6.4.1
[INFO] [stderr]    Compiling clap_lex v0.3.2
[INFO] [stderr]    Compiling time v0.1.45
[INFO] [stderr]    Compiling atty v0.2.14
[INFO] [stderr]    Compiling iana-time-zone v0.1.53
[INFO] [stderr]    Compiling is-terminal v0.4.4
[INFO] [stderr]    Compiling itoa v1.0.6
[INFO] [stderr]    Compiling once_cell v1.17.1
[INFO] [stderr]    Compiling humantime v2.1.0
[INFO] [stderr]    Compiling maplit v1.0.2
[INFO] [stderr]    Compiling ryu v1.0.13
[INFO] [stderr]    Compiling unsafe-libyaml v0.2.7
[INFO] [stderr]    Compiling regex v1.7.1
[INFO] [stderr]    Compiling strsim v0.10.0
[INFO] [stderr]    Compiling chrono v0.4.24
[INFO] [stderr]    Compiling colored v2.0.0
[INFO] [stderr]    Compiling env_logger v0.10.0
[INFO] [stderr]    Compiling serde_yaml v0.9.19
[INFO] [stderr]    Compiling strum_macros v0.24.3
[INFO] [stderr]    Compiling thiserror-impl v1.0.39
[INFO] [stderr]    Compiling clap_derive v4.1.8
[INFO] [stderr]    Compiling strum v0.24.1
[INFO] [stderr]    Compiling spinners v4.1.0
[INFO] [stderr]    Compiling clap v4.1.8
[INFO] [stderr]    Compiling suitcase v0.1.4 (/opt/rustwide/workdir)
[INFO] [stdout] warning: call to `.deref()` on a reference in this situation does nothing
[INFO] [stdout]    --> src/internal/commands/ford.rs:108:30
[INFO] [stdout]     |
[INFO] [stdout] 108 |             let error = error.deref().clone();
[INFO] [stdout]     |                              ^^^^^^^^ help: remove this redundant call
[INFO] [stdout]     |
[INFO] [stdout]     = note: the type `ShellError` does not implement `Deref`, so calling `deref` on `&ShellError` copies the reference, which does not do anything and can be removed
[INFO] [stdout]     = note: `#[warn(noop_method_call)]` on by default
[INFO] [stdout] 
[INFO] [stdout] 
[INFO] [stdout] warning: call to `.deref()` on a reference in this situation does nothing
[INFO] [stdout]    --> src/internal/commands/fua.rs:142:30
[INFO] [stdout]     |
[INFO] [stdout] 142 |             let error = error.deref().clone();
[INFO] [stdout]     |                              ^^^^^^^^ help: remove this redundant call
[INFO] [stdout]     |
[INFO] [stdout]     = note: the type `ShellError` does not implement `Deref`, so calling `deref` on `&ShellError` copies the reference, which does not do anything and can be removed
[INFO] [stdout] 
[INFO] [stdout] 
[INFO] [stdout] warning: 2 warnings emitted
[INFO] [stdout] 
[INFO] [stdout] 
[INFO] [stderr]     Finished dev [unoptimized + debuginfo] target(s) in 12.23s
[INFO] running `Command { std: "docker" "inspect" "da1030c72f69dd81c4e70818a012232e1d2ccbd16c4a3a6e6bb8fbaa318851b0", kill_on_drop: false }`
[INFO] running `Command { std: "docker" "rm" "-f" "da1030c72f69dd81c4e70818a012232e1d2ccbd16c4a3a6e6bb8fbaa318851b0", kill_on_drop: false }`
[INFO] [stdout] da1030c72f69dd81c4e70818a012232e1d2ccbd16c4a3a6e6bb8fbaa318851b0
[INFO] running `Command { std: "docker" "create" "-v" "/var/lib/crater-agent-workspace/builds/worker-6-tc2/target:/opt/rustwide/target:rw,Z" "-v" "/var/lib/crater-agent-workspace/builds/worker-6-tc2/source:/opt/rustwide/workdir:ro,Z" "-v" "/var/lib/crater-agent-workspace/cargo-home:/opt/rustwide/cargo-home:ro,Z" "-v" "/var/lib/crater-agent-workspace/rustup-home:/opt/rustwide/rustup-home:ro,Z" "-e" "SOURCE_DIR=/opt/rustwide/workdir" "-e" "CARGO_TARGET_DIR=/opt/rustwide/target" "-e" "CARGO_INCREMENTAL=0" "-e" "RUST_BACKTRACE=full" "-e" "RUSTFLAGS=--cap-lints=warn" "-e" "RUSTDOCFLAGS=--cap-lints=warn" "-e" "CARGO_HOME=/opt/rustwide/cargo-home" "-e" "RUSTUP_HOME=/opt/rustwide/rustup-home" "-w" "/opt/rustwide/workdir" "-m" "1610612736" "--user" "0:0" "--network" "none" "ghcr.io/rust-lang/crates-build-env/linux@sha256:2788e3201cd34a07e3172128adcd8b3090168a8e3bcc40d7c032b9dda1df7d1c" "/opt/rustwide/cargo-home/bin/cargo" "+beta-2023-12-22" "test" "--frozen" "--no-run" "--message-format=json", kill_on_drop: false }`
[INFO] [stdout] 9ff4ebe997572e3298f5365ca1e3d795927eb478ac0475dbd4ba88eac3b99036
[INFO] running `Command { std: "docker" "start" "-a" "9ff4ebe997572e3298f5365ca1e3d795927eb478ac0475dbd4ba88eac3b99036", kill_on_drop: false }`
[INFO] [stdout] warning: call to `.deref()` on a reference in this situation does nothing
[INFO] [stdout]    --> src/internal/commands/ford.rs:108:30
[INFO] [stdout]     |
[INFO] [stdout] 108 |             let error = error.deref().clone();
[INFO] [stdout]     |                              ^^^^^^^^ help: remove this redundant call
[INFO] [stdout]     |
[INFO] [stdout]     = note: the type `ShellError` does not implement `Deref`, so calling `deref` on `&ShellError` copies the reference, which does not do anything and can be removed
[INFO] [stdout]     = note: `#[warn(noop_method_call)]` on by default
[INFO] [stdout] 
[INFO] [stdout] 
[INFO] [stdout] warning: call to `.deref()` on a reference in this situation does nothing
[INFO] [stdout]    --> src/internal/commands/fua.rs:142:30
[INFO] [stdout]     |
[INFO] [stdout] 142 |             let error = error.deref().clone();
[INFO] [stdout]     |                              ^^^^^^^^ help: remove this redundant call
[INFO] [stdout]     |
[INFO] [stdout]     = note: the type `ShellError` does not implement `Deref`, so calling `deref` on `&ShellError` copies the reference, which does not do anything and can be removed
[INFO] [stdout] 
[INFO] [stdout] 
[INFO] [stdout] warning: 2 warnings emitted
[INFO] [stdout] 
[INFO] [stdout] 
[INFO] [stderr]    Compiling suitcase v0.1.4 (/opt/rustwide/workdir)
[INFO] [stdout] warning: call to `.deref()` on a reference in this situation does nothing
[INFO] [stdout]    --> src/internal/commands/ford.rs:108:30
[INFO] [stdout]     |
[INFO] [stdout] 108 |             let error = error.deref().clone();
[INFO] [stdout]     |                              ^^^^^^^^ help: remove this redundant call
[INFO] [stdout]     |
[INFO] [stdout]     = note: the type `ShellError` does not implement `Deref`, so calling `deref` on `&ShellError` copies the reference, which does not do anything and can be removed
[INFO] [stdout]     = note: `#[warn(noop_method_call)]` on by default
[INFO] [stdout] 
[INFO] [stdout] 
[INFO] [stdout] warning: call to `.deref()` on a reference in this situation does nothing
[INFO] [stdout]    --> src/internal/commands/fua.rs:142:30
[INFO] [stdout]     |
[INFO] [stdout] 142 |             let error = error.deref().clone();
[INFO] [stdout]     |                              ^^^^^^^^ help: remove this redundant call
[INFO] [stdout]     |
[INFO] [stdout]     = note: the type `ShellError` does not implement `Deref`, so calling `deref` on `&ShellError` copies the reference, which does not do anything and can be removed
[INFO] [stdout] 
[INFO] [stdout] 
[INFO] [stdout] warning: 2 warnings emitted
[INFO] [stdout] 
[INFO] [stdout] 
[INFO] [stderr]     Finished test [unoptimized + debuginfo] target(s) in 0.76s
[INFO] running `Command { std: "docker" "inspect" "9ff4ebe997572e3298f5365ca1e3d795927eb478ac0475dbd4ba88eac3b99036", kill_on_drop: false }`
[INFO] running `Command { std: "docker" "rm" "-f" "9ff4ebe997572e3298f5365ca1e3d795927eb478ac0475dbd4ba88eac3b99036", kill_on_drop: false }`
[INFO] [stdout] 9ff4ebe997572e3298f5365ca1e3d795927eb478ac0475dbd4ba88eac3b99036
[INFO] running `Command { std: "docker" "create" "-v" "/var/lib/crater-agent-workspace/builds/worker-6-tc2/target:/opt/rustwide/target:rw,Z" "-v" "/var/lib/crater-agent-workspace/builds/worker-6-tc2/source:/opt/rustwide/workdir:ro,Z" "-v" "/var/lib/crater-agent-workspace/cargo-home:/opt/rustwide/cargo-home:ro,Z" "-v" "/var/lib/crater-agent-workspace/rustup-home:/opt/rustwide/rustup-home:ro,Z" "-e" "SOURCE_DIR=/opt/rustwide/workdir" "-e" "CARGO_TARGET_DIR=/opt/rustwide/target" "-e" "CARGO_INCREMENTAL=0" "-e" "RUST_BACKTRACE=full" "-e" "RUSTFLAGS=--cap-lints=warn" "-e" "RUSTDOCFLAGS=--cap-lints=warn" "-e" "CARGO_HOME=/opt/rustwide/cargo-home" "-e" "RUSTUP_HOME=/opt/rustwide/rustup-home" "-w" "/opt/rustwide/workdir" "-m" "1610612736" "--user" "0:0" "--network" "none" "ghcr.io/rust-lang/crates-build-env/linux@sha256:2788e3201cd34a07e3172128adcd8b3090168a8e3bcc40d7c032b9dda1df7d1c" "/opt/rustwide/cargo-home/bin/cargo" "+beta-2023-12-22" "test" "--frozen", kill_on_drop: false }`
[INFO] [stdout] 6b9c4c885cc4e6adb7f9b2a6395e8f20eec1a7ffd9c46a9a58eb7cdfeb3cdc52
[INFO] running `Command { std: "docker" "start" "-a" "6b9c4c885cc4e6adb7f9b2a6395e8f20eec1a7ffd9c46a9a58eb7cdfeb3cdc52", kill_on_drop: false }`
[INFO] [stderr] warning: call to `.deref()` on a reference in this situation does nothing
[INFO] [stderr]    --> src/internal/commands/ford.rs:108:30
[INFO] [stderr]     |
[INFO] [stderr] 108 |             let error = error.deref().clone();
[INFO] [stderr]     |                              ^^^^^^^^ help: remove this redundant call
[INFO] [stderr]     |
[INFO] [stderr]     = note: the type `ShellError` does not implement `Deref`, so calling `deref` on `&ShellError` copies the reference, which does not do anything and can be removed
[INFO] [stderr]     = note: `#[warn(noop_method_call)]` on by default
[INFO] [stderr] 
[INFO] [stderr] warning: call to `.deref()` on a reference in this situation does nothing
[INFO] [stderr]    --> src/internal/commands/fua.rs:142:30
[INFO] [stderr]     |
[INFO] [stderr] 142 |             let error = error.deref().clone();
[INFO] [stderr]     |                              ^^^^^^^^ help: remove this redundant call
[INFO] [stderr]     |
[INFO] [stderr]     = note: the type `ShellError` does not implement `Deref`, so calling `deref` on `&ShellError` copies the reference, which does not do anything and can be removed
[INFO] [stderr] 
[INFO] [stderr] warning: `suitcase` (lib) generated 2 warnings (run `cargo fix --lib -p suitcase` to apply 2 suggestions)
[INFO] [stderr] warning: `suitcase` (lib test) generated 2 warnings (2 duplicates)
[INFO] [stderr]     Finished test [unoptimized + debuginfo] target(s) in 0.06s
[INFO] [stderr]      Running unittests src/lib.rs (/opt/rustwide/target/debug/deps/suitcase-ef8cb4e629577b2b)
[INFO] [stdout] 
[INFO] [stdout] running 0 tests
[INFO] [stdout] 
[INFO] [stdout] test result: ok. 0 passed; 0 failed; 0 ignored; 0 measured; 0 filtered out; finished in 0.00s
[INFO] [stdout] 
[INFO] [stderr]      Running unittests src/bin/ford.rs (/opt/rustwide/target/debug/deps/ford-9be015fcfaaa1314)
[INFO] [stdout] 
[INFO] [stdout] running 0 tests
[INFO] [stdout] 
[INFO] [stdout] test result: ok. 0 passed; 0 failed; 0 ignored; 0 measured; 0 filtered out; finished in 0.00s
[INFO] [stdout] 
[INFO] [stderr]      Running unittests src/bin/fua.rs (/opt/rustwide/target/debug/deps/fua-5729e6b815d83368)
[INFO] [stdout] 
[INFO] [stdout] running 0 tests
[INFO] [stdout] 
[INFO] [stdout] test result: ok. 0 passed; 0 failed; 0 ignored; 0 measured; 0 filtered out; finished in 0.00s
[INFO] [stdout] 
[INFO] [stderr]      Running unittests src/bin/gho.rs (/opt/rustwide/target/debug/deps/gho-583ced2d2dfa7f9c)
[INFO] [stdout] 
[INFO] [stdout] running 0 tests
[INFO] [stdout] 
[INFO] [stdout] test result: ok. 0 passed; 0 failed; 0 ignored; 0 measured; 0 filtered out; finished in 0.00s
[INFO] [stdout] 
[INFO] [stderr]      Running unittests src/main.rs (/opt/rustwide/target/debug/deps/suitcase-b0e91e4b297e76c3)
[INFO] [stdout] 
[INFO] [stdout] running 0 tests
[INFO] [stderr]    Doc-tests suitcase
[INFO] [stdout] 
[INFO] [stdout] test result: ok. 0 passed; 0 failed; 0 ignored; 0 measured; 0 filtered out; finished in 0.00s
[INFO] [stdout] 
[INFO] [stdout] 
[INFO] [stdout] running 3 tests
[INFO] [stdout] test src/internal/progress/mod.rs - internal::progress::progress (line 85) - compile ... FAILED
[INFO] [stdout] test src/internal/shell.rs - internal::shell::exec_on (line 123) - compile ... FAILED
[INFO] [stdout] test src/internal/shell.rs - internal::shell::args (line 106) ... ok
[INFO] [stdout] 
[INFO] [stdout] failures:
[INFO] [stdout] 
[INFO] [stdout] ---- src/internal/progress/mod.rs - internal::progress::progress (line 85) stdout ----
[INFO] [stdout] error: cannot find macro `progress` in this scope
[INFO] [stdout]  --> src/internal/progress/mod.rs:86:11
[INFO] [stdout]   |
[INFO] [stdout] 3 | let num = progress!("get number", get_number());
[INFO] [stdout]   |           ^^^^^^^^
[INFO] [stdout]   |
[INFO] [stdout] help: consider importing this macro
[INFO] [stdout]   |
[INFO] [stdout] 2 + use suitcase::progress;
[INFO] [stdout]   |
[INFO] [stdout] 
[INFO] [stdout] error: aborting due to 1 previous error
[INFO] [stdout] 
[INFO] [stdout] Couldn't compile the test.
[INFO] [stdout] ---- src/internal/shell.rs - internal::shell::exec_on (line 123) stdout ----
[INFO] [stdout] error: cannot find macro `exec_on` in this scope
[INFO] [stdout]  --> src/internal/shell.rs:127:14
[INFO] [stdout]   |
[INFO] [stdout] 7 | let result = exec_on!(shell, "echo", "hello world").unwrap();
[INFO] [stdout]   |              ^^^^^^^
[INFO] [stdout]   |
[INFO] [stdout] help: consider importing this macro
[INFO] [stdout]   |
[INFO] [stdout] 2 + use suitcase::exec_on;
[INFO] [stdout]   |
[INFO] [stdout] 
[INFO] [stdout] error: aborting due to 1 previous error
[INFO] [stdout] 
[INFO] [stdout] Couldn't compile the test.
[INFO] [stdout] 
[INFO] [stdout] failures:
[INFO] [stdout]     src/internal/progress/mod.rs - internal::progress::progress (line 85)
[INFO] [stdout]     src/internal/shell.rs - internal::shell::exec_on (line 123)
[INFO] [stdout] 
[INFO] [stdout] test result: FAILED. 1 passed; 2 failed; 0 ignored; 0 measured; 0 filtered out; finished in 0.99s
[INFO] [stdout] 
[INFO] [stderr] error: doctest failed, to rerun pass `--doc`
[INFO] running `Command { std: "docker" "inspect" "6b9c4c885cc4e6adb7f9b2a6395e8f20eec1a7ffd9c46a9a58eb7cdfeb3cdc52", kill_on_drop: false }`
[INFO] running `Command { std: "docker" "rm" "-f" "6b9c4c885cc4e6adb7f9b2a6395e8f20eec1a7ffd9c46a9a58eb7cdfeb3cdc52", kill_on_drop: false }`
[INFO] [stdout] 6b9c4c885cc4e6adb7f9b2a6395e8f20eec1a7ffd9c46a9a58eb7cdfeb3cdc52
