[INFO] cloning repository https://github.com/jenslar/eaf-rs
[INFO] running `Command { std: "git" "-c" "credential.helper=" "-c" "credential.helper=/workspace/cargo-home/bin/git-credential-null" "clone" "--bare" "https://github.com/jenslar/eaf-rs" "/workspace/cache/git-repos/https%3A%2F%2Fgithub.com%2Fjenslar%2Feaf-rs", kill_on_drop: false }`
[INFO] [stderr] Cloning into bare repository '/workspace/cache/git-repos/https%3A%2F%2Fgithub.com%2Fjenslar%2Feaf-rs'...
[INFO] running `Command { std: "git" "rev-parse" "HEAD", kill_on_drop: false }`
[INFO] [stdout] ecef9588bdb5840f8d32c26eb8880f668edb4c21
[INFO] testing jenslar/eaf-rs against 1.75.0 for beta-1.76-1
[INFO] running `Command { std: "git" "clone" "/workspace/cache/git-repos/https%3A%2F%2Fgithub.com%2Fjenslar%2Feaf-rs" "/workspace/builds/worker-4-tc1/source", kill_on_drop: false }`
[INFO] [stderr] Cloning into '/workspace/builds/worker-4-tc1/source'...
[INFO] [stderr] done.
[INFO] validating manifest of git repo https://github.com/jenslar/eaf-rs on toolchain 1.75.0
[INFO] running `Command { std: CARGO_HOME="/workspace/cargo-home" RUSTUP_HOME="/workspace/rustup-home" "/workspace/cargo-home/bin/cargo" "+1.75.0" "metadata" "--manifest-path" "Cargo.toml" "--no-deps", kill_on_drop: false }`
[INFO] started tweaking git repo https://github.com/jenslar/eaf-rs
[INFO] finished tweaking git repo https://github.com/jenslar/eaf-rs
[INFO] tweaked toml for git repo https://github.com/jenslar/eaf-rs written to /workspace/builds/worker-4-tc1/source/Cargo.toml
[INFO] crate git repo https://github.com/jenslar/eaf-rs already has a lockfile, it will not be regenerated
[INFO] running `Command { std: CARGO_HOME="/workspace/cargo-home" RUSTUP_HOME="/workspace/rustup-home" "/workspace/cargo-home/bin/cargo" "+1.75.0" "fetch" "--manifest-path" "Cargo.toml", kill_on_drop: false }`
[INFO] running `Command { std: "docker" "create" "-v" "/var/lib/crater-agent-workspace/builds/worker-4-tc1/target:/opt/rustwide/target:rw,Z" "-v" "/var/lib/crater-agent-workspace/builds/worker-4-tc1/source:/opt/rustwide/workdir:ro,Z" "-v" "/var/lib/crater-agent-workspace/cargo-home:/opt/rustwide/cargo-home:ro,Z" "-v" "/var/lib/crater-agent-workspace/rustup-home:/opt/rustwide/rustup-home:ro,Z" "-e" "SOURCE_DIR=/opt/rustwide/workdir" "-e" "CARGO_TARGET_DIR=/opt/rustwide/target" "-e" "CARGO_HOME=/opt/rustwide/cargo-home" "-e" "RUSTUP_HOME=/opt/rustwide/rustup-home" "-w" "/opt/rustwide/workdir" "-m" "1610612736" "--user" "0:0" "--network" "none" "ghcr.io/rust-lang/crates-build-env/linux@sha256:2788e3201cd34a07e3172128adcd8b3090168a8e3bcc40d7c032b9dda1df7d1c" "/opt/rustwide/cargo-home/bin/cargo" "+1.75.0" "metadata" "--no-deps" "--format-version=1", kill_on_drop: false }`
[INFO] [stdout] c863daa111b93120cc2bfd84fc52bf7a7934fdb51b3f9f8f3918ba32853922e4
[INFO] running `Command { std: "docker" "start" "-a" "c863daa111b93120cc2bfd84fc52bf7a7934fdb51b3f9f8f3918ba32853922e4", kill_on_drop: false }`
[INFO] running `Command { std: "docker" "inspect" "c863daa111b93120cc2bfd84fc52bf7a7934fdb51b3f9f8f3918ba32853922e4", kill_on_drop: false }`
[INFO] running `Command { std: "docker" "rm" "-f" "c863daa111b93120cc2bfd84fc52bf7a7934fdb51b3f9f8f3918ba32853922e4", kill_on_drop: false }`
[INFO] [stdout] c863daa111b93120cc2bfd84fc52bf7a7934fdb51b3f9f8f3918ba32853922e4
[INFO] running `Command { std: "docker" "create" "-v" "/var/lib/crater-agent-workspace/builds/worker-4-tc1/target:/opt/rustwide/target:rw,Z" "-v" "/var/lib/crater-agent-workspace/builds/worker-4-tc1/source:/opt/rustwide/workdir:ro,Z" "-v" "/var/lib/crater-agent-workspace/cargo-home:/opt/rustwide/cargo-home:ro,Z" "-v" "/var/lib/crater-agent-workspace/rustup-home:/opt/rustwide/rustup-home:ro,Z" "-e" "SOURCE_DIR=/opt/rustwide/workdir" "-e" "CARGO_TARGET_DIR=/opt/rustwide/target" "-e" "CARGO_INCREMENTAL=0" "-e" "RUST_BACKTRACE=full" "-e" "RUSTFLAGS=--cap-lints=warn" "-e" "RUSTDOCFLAGS=--cap-lints=warn" "-e" "CARGO_HOME=/opt/rustwide/cargo-home" "-e" "RUSTUP_HOME=/opt/rustwide/rustup-home" "-w" "/opt/rustwide/workdir" "-m" "1610612736" "--user" "0:0" "--network" "none" "ghcr.io/rust-lang/crates-build-env/linux@sha256:2788e3201cd34a07e3172128adcd8b3090168a8e3bcc40d7c032b9dda1df7d1c" "/opt/rustwide/cargo-home/bin/cargo" "+1.75.0" "build" "--frozen" "--message-format=json", kill_on_drop: false }`
[INFO] [stdout] 3a34cc958ac02d6f3e13a872c0a4c772098dda0d387eb45a0f77953c0d92aaeb
[INFO] running `Command { std: "docker" "start" "-a" "3a34cc958ac02d6f3e13a872c0a4c772098dda0d387eb45a0f77953c0d92aaeb", kill_on_drop: false }`
[INFO] [stderr]    Compiling proc-macro2 v1.0.69
[INFO] [stderr]    Compiling unicode-ident v1.0.12
[INFO] [stderr]    Compiling serde v1.0.188
[INFO] [stderr]    Compiling memchr v2.6.4
[INFO] [stderr]    Compiling crossbeam-utils v0.8.16
[INFO] [stderr]    Compiling scopeguard v1.2.0
[INFO] [stderr]    Compiling memoffset v0.9.0
[INFO] [stderr]    Compiling crossbeam-epoch v0.9.15
[INFO] [stderr]    Compiling rayon-core v1.12.0
[INFO] [stderr]    Compiling itoa v1.0.9
[INFO] [stderr]    Compiling serde_json v1.0.107
[INFO] [stderr]    Compiling ryu v1.0.15
[INFO] [stderr]    Compiling regex-syntax v0.8.0
[INFO] [stderr]    Compiling time-core v0.1.2
[INFO] [stderr]    Compiling either v1.9.0
[INFO] [stderr]    Compiling aho-corasick v1.1.2
[INFO] [stderr]    Compiling csv-core v0.1.11
[INFO] [stderr]    Compiling quote v1.0.33
[INFO] [stderr]    Compiling syn v2.0.38
[INFO] [stderr]    Compiling crossbeam-deque v0.8.3
[INFO] [stderr]    Compiling rayon v1.8.0
[INFO] [stderr]    Compiling regex-automata v0.4.1
[INFO] [stderr]    Compiling serde_derive v1.0.188
[INFO] [stderr]    Compiling regex v1.10.0
[INFO] [stderr]    Compiling deranged v0.3.8
[INFO] [stderr]    Compiling csv v1.3.0
[INFO] [stderr]    Compiling quick-xml v0.30.0
[INFO] [stderr]    Compiling time v0.3.29
[INFO] [stderr]    Compiling eaf-rs v0.5.0 (/opt/rustwide/workdir)
[INFO] [stderr]     Finished dev [unoptimized + debuginfo] target(s) in 9.85s
[INFO] running `Command { std: "docker" "inspect" "3a34cc958ac02d6f3e13a872c0a4c772098dda0d387eb45a0f77953c0d92aaeb", kill_on_drop: false }`
[INFO] running `Command { std: "docker" "rm" "-f" "3a34cc958ac02d6f3e13a872c0a4c772098dda0d387eb45a0f77953c0d92aaeb", kill_on_drop: false }`
[INFO] [stdout] 3a34cc958ac02d6f3e13a872c0a4c772098dda0d387eb45a0f77953c0d92aaeb
[INFO] running `Command { std: "docker" "create" "-v" "/var/lib/crater-agent-workspace/builds/worker-4-tc1/target:/opt/rustwide/target:rw,Z" "-v" "/var/lib/crater-agent-workspace/builds/worker-4-tc1/source:/opt/rustwide/workdir:ro,Z" "-v" "/var/lib/crater-agent-workspace/cargo-home:/opt/rustwide/cargo-home:ro,Z" "-v" "/var/lib/crater-agent-workspace/rustup-home:/opt/rustwide/rustup-home:ro,Z" "-e" "SOURCE_DIR=/opt/rustwide/workdir" "-e" "CARGO_TARGET_DIR=/opt/rustwide/target" "-e" "CARGO_INCREMENTAL=0" "-e" "RUST_BACKTRACE=full" "-e" "RUSTFLAGS=--cap-lints=warn" "-e" "RUSTDOCFLAGS=--cap-lints=warn" "-e" "CARGO_HOME=/opt/rustwide/cargo-home" "-e" "RUSTUP_HOME=/opt/rustwide/rustup-home" "-w" "/opt/rustwide/workdir" "-m" "1610612736" "--user" "0:0" "--network" "none" "ghcr.io/rust-lang/crates-build-env/linux@sha256:2788e3201cd34a07e3172128adcd8b3090168a8e3bcc40d7c032b9dda1df7d1c" "/opt/rustwide/cargo-home/bin/cargo" "+1.75.0" "test" "--frozen" "--no-run" "--message-format=json", kill_on_drop: false }`
[INFO] [stdout] b7925d36cf5d96dc92ff9b6e136883ba2b89fc022ae78a0a011dbe405fa7eb42
[INFO] running `Command { std: "docker" "start" "-a" "b7925d36cf5d96dc92ff9b6e136883ba2b89fc022ae78a0a011dbe405fa7eb42", kill_on_drop: false }`
[INFO] [stderr]    Compiling eaf-rs v0.5.0 (/opt/rustwide/workdir)
[INFO] [stderr]     Finished test [unoptimized + debuginfo] target(s) in 1.05s
[INFO] running `Command { std: "docker" "inspect" "b7925d36cf5d96dc92ff9b6e136883ba2b89fc022ae78a0a011dbe405fa7eb42", kill_on_drop: false }`
[INFO] running `Command { std: "docker" "rm" "-f" "b7925d36cf5d96dc92ff9b6e136883ba2b89fc022ae78a0a011dbe405fa7eb42", kill_on_drop: false }`
[INFO] [stdout] b7925d36cf5d96dc92ff9b6e136883ba2b89fc022ae78a0a011dbe405fa7eb42
[INFO] running `Command { std: "docker" "create" "-v" "/var/lib/crater-agent-workspace/builds/worker-4-tc1/target:/opt/rustwide/target:rw,Z" "-v" "/var/lib/crater-agent-workspace/builds/worker-4-tc1/source:/opt/rustwide/workdir:ro,Z" "-v" "/var/lib/crater-agent-workspace/cargo-home:/opt/rustwide/cargo-home:ro,Z" "-v" "/var/lib/crater-agent-workspace/rustup-home:/opt/rustwide/rustup-home:ro,Z" "-e" "SOURCE_DIR=/opt/rustwide/workdir" "-e" "CARGO_TARGET_DIR=/opt/rustwide/target" "-e" "CARGO_INCREMENTAL=0" "-e" "RUST_BACKTRACE=full" "-e" "RUSTFLAGS=--cap-lints=warn" "-e" "RUSTDOCFLAGS=--cap-lints=warn" "-e" "CARGO_HOME=/opt/rustwide/cargo-home" "-e" "RUSTUP_HOME=/opt/rustwide/rustup-home" "-w" "/opt/rustwide/workdir" "-m" "1610612736" "--user" "0:0" "--network" "none" "ghcr.io/rust-lang/crates-build-env/linux@sha256:2788e3201cd34a07e3172128adcd8b3090168a8e3bcc40d7c032b9dda1df7d1c" "/opt/rustwide/cargo-home/bin/cargo" "+1.75.0" "test" "--frozen", kill_on_drop: false }`
[INFO] [stdout] ddf1abd55bccb130cd0edcf660901ca2574bc703269910db9b28acf57c1bb3c9
[INFO] running `Command { std: "docker" "start" "-a" "ddf1abd55bccb130cd0edcf660901ca2574bc703269910db9b28acf57c1bb3c9", kill_on_drop: false }`
[INFO] [stderr]     Finished test [unoptimized + debuginfo] target(s) in 0.02s
[INFO] [stderr]      Running unittests src/lib.rs (/opt/rustwide/target/debug/deps/eaf_rs-77f570411480da9a)
[INFO] [stdout] 
[INFO] [stdout] running 0 tests
[INFO] [stdout] 
[INFO] [stdout] test result: ok. 0 passed; 0 failed; 0 ignored; 0 measured; 0 filtered out; finished in 0.00s
[INFO] [stdout] 
[INFO] [stderr]    Doc-tests eaf-rs
[INFO] [stdout] 
[INFO] [stdout] running 4 tests
[INFO] [stdout] test src/eaf/eaf.rs - eaf::eaf::Eaf (line 128) ... FAILED
[INFO] [stdout] test src/lib.rs - (line 21) ... FAILED
[INFO] [stdout] test src/eaf/mod.rs - eaf (line 5) ... FAILED
[INFO] [stdout] test src/eaf/eaf.rs - eaf::eaf (line 5) ... FAILED
[INFO] [stdout] 
[INFO] [stdout] failures:
[INFO] [stdout] 
[INFO] [stdout] ---- src/eaf/eaf.rs - eaf::eaf::Eaf (line 128) stdout ----
[INFO] [stdout] error[E0624]: associated function `de` is private
[INFO] [stdout]    --> src/eaf/eaf.rs:133:20
[INFO] [stdout]     |
[INFO] [stdout] 7   |     let eaf = Eaf::de(&path, true)?;
[INFO] [stdout]     |                    ^^ private associated function
[INFO] [stdout]     |
[INFO] [stdout]    ::: /opt/rustwide/workdir/src/eaf/eaf.rs:278:5
[INFO] [stdout]     |
[INFO] [stdout] 278 |     fn de(path: &Path, derive: bool) -> Result<Self, EafError> {
[INFO] [stdout]     |     ---------------------------------------------------------- private associated function defined here
[INFO] [stdout] 
[INFO] [stdout] error: aborting due to previous error
[INFO] [stdout] 
[INFO] [stdout] For more information about this error, try `rustc --explain E0624`.
[INFO] [stdout] Couldn't compile the test.
[INFO] [stdout] ---- src/lib.rs - (line 21) stdout ----
[INFO] [stdout] Test executable failed (exit status: 1).
[INFO] [stdout] 
[INFO] [stdout] stderr:
[INFO] [stdout] Error: Custom { kind: Other, error: IOError(Os { code: 2, kind: NotFound, message: "No such file or directory" }) }
[INFO] [stdout] 
[INFO] [stdout] 
[INFO] [stdout] ---- src/eaf/mod.rs - eaf (line 5) stdout ----
[INFO] [stdout] Test executable failed (exit status: 1).
[INFO] [stdout] 
[INFO] [stdout] stderr:
[INFO] [stdout] Error: Custom { kind: Other, error: IOError(Os { code: 2, kind: NotFound, message: "No such file or directory" }) }
[INFO] [stdout] 
[INFO] [stdout] 
[INFO] [stdout] ---- src/eaf/eaf.rs - eaf::eaf (line 5) stdout ----
[INFO] [stdout] Test executable failed (exit status: 1).
[INFO] [stdout] 
[INFO] [stdout] stderr:
[INFO] [stdout] Error: Custom { kind: Other, error: IOError(Os { code: 2, kind: NotFound, message: "No such file or directory" }) }
[INFO] [stdout] 
[INFO] [stdout] 
[INFO] [stdout] 
[INFO] [stdout] failures:
[INFO] [stdout]     src/eaf/eaf.rs - eaf::eaf (line 5)
[INFO] [stdout]     src/eaf/eaf.rs - eaf::eaf::Eaf (line 128)
[INFO] [stdout]     src/eaf/mod.rs - eaf (line 5)
[INFO] [stdout]     src/lib.rs - (line 21)
[INFO] [stdout] 
[INFO] [stdout] test result: FAILED. 0 passed; 4 failed; 0 ignored; 0 measured; 0 filtered out; finished in 1.33s
[INFO] [stdout] 
[INFO] [stderr] error: doctest failed, to rerun pass `--doc`
[INFO] running `Command { std: "docker" "inspect" "ddf1abd55bccb130cd0edcf660901ca2574bc703269910db9b28acf57c1bb3c9", kill_on_drop: false }`
[INFO] running `Command { std: "docker" "rm" "-f" "ddf1abd55bccb130cd0edcf660901ca2574bc703269910db9b28acf57c1bb3c9", kill_on_drop: false }`
[INFO] [stdout] ddf1abd55bccb130cd0edcf660901ca2574bc703269910db9b28acf57c1bb3c9
[INFO] testing jenslar/eaf-rs against beta-2023-12-22 for beta-1.76-1
[INFO] running `Command { std: "git" "clone" "/workspace/cache/git-repos/https%3A%2F%2Fgithub.com%2Fjenslar%2Feaf-rs" "/workspace/builds/worker-4-tc2/source", kill_on_drop: false }`
[INFO] [stderr] Cloning into '/workspace/builds/worker-4-tc2/source'...
[INFO] [stderr] done.
[INFO] validating manifest of git repo https://github.com/jenslar/eaf-rs on toolchain beta-2023-12-22
[INFO] running `Command { std: CARGO_HOME="/workspace/cargo-home" RUSTUP_HOME="/workspace/rustup-home" "/workspace/cargo-home/bin/cargo" "+beta-2023-12-22" "metadata" "--manifest-path" "Cargo.toml" "--no-deps", kill_on_drop: false }`
[INFO] started tweaking git repo https://github.com/jenslar/eaf-rs
[INFO] finished tweaking git repo https://github.com/jenslar/eaf-rs
[INFO] tweaked toml for git repo https://github.com/jenslar/eaf-rs written to /workspace/builds/worker-4-tc2/source/Cargo.toml
[INFO] crate git repo https://github.com/jenslar/eaf-rs already has a lockfile, it will not be regenerated
[INFO] running `Command { std: CARGO_HOME="/workspace/cargo-home" RUSTUP_HOME="/workspace/rustup-home" "/workspace/cargo-home/bin/cargo" "+beta-2023-12-22" "fetch" "--manifest-path" "Cargo.toml", kill_on_drop: false }`
[INFO] running `Command { std: "docker" "create" "-v" "/var/lib/crater-agent-workspace/builds/worker-4-tc2/target:/opt/rustwide/target:rw,Z" "-v" "/var/lib/crater-agent-workspace/builds/worker-4-tc2/source:/opt/rustwide/workdir:ro,Z" "-v" "/var/lib/crater-agent-workspace/cargo-home:/opt/rustwide/cargo-home:ro,Z" "-v" "/var/lib/crater-agent-workspace/rustup-home:/opt/rustwide/rustup-home:ro,Z" "-e" "SOURCE_DIR=/opt/rustwide/workdir" "-e" "CARGO_TARGET_DIR=/opt/rustwide/target" "-e" "CARGO_HOME=/opt/rustwide/cargo-home" "-e" "RUSTUP_HOME=/opt/rustwide/rustup-home" "-w" "/opt/rustwide/workdir" "-m" "1610612736" "--user" "0:0" "--network" "none" "ghcr.io/rust-lang/crates-build-env/linux@sha256:2788e3201cd34a07e3172128adcd8b3090168a8e3bcc40d7c032b9dda1df7d1c" "/opt/rustwide/cargo-home/bin/cargo" "+beta-2023-12-22" "metadata" "--no-deps" "--format-version=1", kill_on_drop: false }`
[INFO] [stdout] d99745cbfba0db4101d6bc9951ce44f9ec66ccd0192fede3166d09e42745de35
[INFO] running `Command { std: "docker" "start" "-a" "d99745cbfba0db4101d6bc9951ce44f9ec66ccd0192fede3166d09e42745de35", kill_on_drop: false }`
[INFO] running `Command { std: "docker" "inspect" "d99745cbfba0db4101d6bc9951ce44f9ec66ccd0192fede3166d09e42745de35", kill_on_drop: false }`
[INFO] running `Command { std: "docker" "rm" "-f" "d99745cbfba0db4101d6bc9951ce44f9ec66ccd0192fede3166d09e42745de35", kill_on_drop: false }`
[INFO] [stdout] d99745cbfba0db4101d6bc9951ce44f9ec66ccd0192fede3166d09e42745de35
[INFO] running `Command { std: "docker" "create" "-v" "/var/lib/crater-agent-workspace/builds/worker-4-tc2/target:/opt/rustwide/target:rw,Z" "-v" "/var/lib/crater-agent-workspace/builds/worker-4-tc2/source:/opt/rustwide/workdir:ro,Z" "-v" "/var/lib/crater-agent-workspace/cargo-home:/opt/rustwide/cargo-home:ro,Z" "-v" "/var/lib/crater-agent-workspace/rustup-home:/opt/rustwide/rustup-home:ro,Z" "-e" "SOURCE_DIR=/opt/rustwide/workdir" "-e" "CARGO_TARGET_DIR=/opt/rustwide/target" "-e" "CARGO_INCREMENTAL=0" "-e" "RUST_BACKTRACE=full" "-e" "RUSTFLAGS=--cap-lints=warn" "-e" "RUSTDOCFLAGS=--cap-lints=warn" "-e" "CARGO_HOME=/opt/rustwide/cargo-home" "-e" "RUSTUP_HOME=/opt/rustwide/rustup-home" "-w" "/opt/rustwide/workdir" "-m" "1610612736" "--user" "0:0" "--network" "none" "ghcr.io/rust-lang/crates-build-env/linux@sha256:2788e3201cd34a07e3172128adcd8b3090168a8e3bcc40d7c032b9dda1df7d1c" "/opt/rustwide/cargo-home/bin/cargo" "+beta-2023-12-22" "build" "--frozen" "--message-format=json", kill_on_drop: false }`
[INFO] [stdout] c2446f46fa717fd0878c762030bd9aca1d32672f41abad851352f4cad5f475a1
[INFO] running `Command { std: "docker" "start" "-a" "c2446f46fa717fd0878c762030bd9aca1d32672f41abad851352f4cad5f475a1", kill_on_drop: false }`
[INFO] [stderr]    Compiling proc-macro2 v1.0.69
[INFO] [stderr]    Compiling unicode-ident v1.0.12
[INFO] [stderr]    Compiling serde v1.0.188
[INFO] [stderr]    Compiling crossbeam-utils v0.8.16
[INFO] [stderr]    Compiling memchr v2.6.4
[INFO] [stderr]    Compiling scopeguard v1.2.0
[INFO] [stderr]    Compiling memoffset v0.9.0
[INFO] [stderr]    Compiling crossbeam-epoch v0.9.15
[INFO] [stderr]    Compiling rayon-core v1.12.0
[INFO] [stderr]    Compiling itoa v1.0.9
[INFO] [stderr]    Compiling regex-syntax v0.8.0
[INFO] [stderr]    Compiling ryu v1.0.15
[INFO] [stderr]    Compiling serde_json v1.0.107
[INFO] [stderr]    Compiling time-core v0.1.2
[INFO] [stderr]    Compiling either v1.9.0
[INFO] [stderr]    Compiling aho-corasick v1.1.2
[INFO] [stderr]    Compiling csv-core v0.1.11
[INFO] [stderr]    Compiling quote v1.0.33
[INFO] [stderr]    Compiling syn v2.0.38
[INFO] [stderr]    Compiling crossbeam-deque v0.8.3
[INFO] [stderr]    Compiling rayon v1.8.0
[INFO] [stderr]    Compiling regex-automata v0.4.1
[INFO] [stderr]    Compiling serde_derive v1.0.188
[INFO] [stderr]    Compiling regex v1.10.0
[INFO] [stderr]    Compiling deranged v0.3.8
[INFO] [stderr]    Compiling quick-xml v0.30.0
[INFO] [stderr]    Compiling csv v1.3.0
[INFO] [stderr]    Compiling time v0.3.29
[INFO] [stderr]    Compiling eaf-rs v0.5.0 (/opt/rustwide/workdir)
[INFO] [stderr]     Finished dev [unoptimized + debuginfo] target(s) in 9.94s
[INFO] running `Command { std: "docker" "inspect" "c2446f46fa717fd0878c762030bd9aca1d32672f41abad851352f4cad5f475a1", kill_on_drop: false }`
[INFO] running `Command { std: "docker" "rm" "-f" "c2446f46fa717fd0878c762030bd9aca1d32672f41abad851352f4cad5f475a1", kill_on_drop: false }`
[INFO] [stdout] c2446f46fa717fd0878c762030bd9aca1d32672f41abad851352f4cad5f475a1
[INFO] running `Command { std: "docker" "create" "-v" "/var/lib/crater-agent-workspace/builds/worker-4-tc2/target:/opt/rustwide/target:rw,Z" "-v" "/var/lib/crater-agent-workspace/builds/worker-4-tc2/source:/opt/rustwide/workdir:ro,Z" "-v" "/var/lib/crater-agent-workspace/cargo-home:/opt/rustwide/cargo-home:ro,Z" "-v" "/var/lib/crater-agent-workspace/rustup-home:/opt/rustwide/rustup-home:ro,Z" "-e" "SOURCE_DIR=/opt/rustwide/workdir" "-e" "CARGO_TARGET_DIR=/opt/rustwide/target" "-e" "CARGO_INCREMENTAL=0" "-e" "RUST_BACKTRACE=full" "-e" "RUSTFLAGS=--cap-lints=warn" "-e" "RUSTDOCFLAGS=--cap-lints=warn" "-e" "CARGO_HOME=/opt/rustwide/cargo-home" "-e" "RUSTUP_HOME=/opt/rustwide/rustup-home" "-w" "/opt/rustwide/workdir" "-m" "1610612736" "--user" "0:0" "--network" "none" "ghcr.io/rust-lang/crates-build-env/linux@sha256:2788e3201cd34a07e3172128adcd8b3090168a8e3bcc40d7c032b9dda1df7d1c" "/opt/rustwide/cargo-home/bin/cargo" "+beta-2023-12-22" "test" "--frozen" "--no-run" "--message-format=json", kill_on_drop: false }`
[INFO] [stdout] 7be7ec8acd73039ac261dc85727b0ccbaa09fc43edc7d1a6597c26b0dc4c1600
[INFO] running `Command { std: "docker" "start" "-a" "7be7ec8acd73039ac261dc85727b0ccbaa09fc43edc7d1a6597c26b0dc4c1600", kill_on_drop: false }`
[INFO] [stderr]    Compiling eaf-rs v0.5.0 (/opt/rustwide/workdir)
[INFO] [stderr]     Finished test [unoptimized + debuginfo] target(s) in 1.07s
[INFO] running `Command { std: "docker" "inspect" "7be7ec8acd73039ac261dc85727b0ccbaa09fc43edc7d1a6597c26b0dc4c1600", kill_on_drop: false }`
[INFO] running `Command { std: "docker" "rm" "-f" "7be7ec8acd73039ac261dc85727b0ccbaa09fc43edc7d1a6597c26b0dc4c1600", kill_on_drop: false }`
[INFO] [stdout] 7be7ec8acd73039ac261dc85727b0ccbaa09fc43edc7d1a6597c26b0dc4c1600
[INFO] running `Command { std: "docker" "create" "-v" "/var/lib/crater-agent-workspace/builds/worker-4-tc2/target:/opt/rustwide/target:rw,Z" "-v" "/var/lib/crater-agent-workspace/builds/worker-4-tc2/source:/opt/rustwide/workdir:ro,Z" "-v" "/var/lib/crater-agent-workspace/cargo-home:/opt/rustwide/cargo-home:ro,Z" "-v" "/var/lib/crater-agent-workspace/rustup-home:/opt/rustwide/rustup-home:ro,Z" "-e" "SOURCE_DIR=/opt/rustwide/workdir" "-e" "CARGO_TARGET_DIR=/opt/rustwide/target" "-e" "CARGO_INCREMENTAL=0" "-e" "RUST_BACKTRACE=full" "-e" "RUSTFLAGS=--cap-lints=warn" "-e" "RUSTDOCFLAGS=--cap-lints=warn" "-e" "CARGO_HOME=/opt/rustwide/cargo-home" "-e" "RUSTUP_HOME=/opt/rustwide/rustup-home" "-w" "/opt/rustwide/workdir" "-m" "1610612736" "--user" "0:0" "--network" "none" "ghcr.io/rust-lang/crates-build-env/linux@sha256:2788e3201cd34a07e3172128adcd8b3090168a8e3bcc40d7c032b9dda1df7d1c" "/opt/rustwide/cargo-home/bin/cargo" "+beta-2023-12-22" "test" "--frozen", kill_on_drop: false }`
[INFO] [stdout] 7190d906276d69f90604094cbd334b02367bc5b360b3f4c5cb6df7578ae48d41
[INFO] running `Command { std: "docker" "start" "-a" "7190d906276d69f90604094cbd334b02367bc5b360b3f4c5cb6df7578ae48d41", kill_on_drop: false }`
[INFO] [stderr]     Finished test [unoptimized + debuginfo] target(s) in 0.02s
[INFO] [stderr]      Running unittests src/lib.rs (/opt/rustwide/target/debug/deps/eaf_rs-39573c2425ae9cca)
[INFO] [stdout] 
[INFO] [stdout] running 0 tests
[INFO] [stdout] 
[INFO] [stdout] test result: ok. 0 passed; 0 failed; 0 ignored; 0 measured; 0 filtered out; finished in 0.00s
[INFO] [stdout] 
[INFO] [stderr]    Doc-tests eaf-rs
[INFO] [stdout] 
[INFO] [stdout] running 4 tests
[INFO] [stdout] test src/eaf/eaf.rs - eaf::eaf::Eaf (line 128) ... FAILED
[INFO] [stdout] test src/eaf/eaf.rs - eaf::eaf (line 5) ... FAILED
[INFO] [stdout] test src/lib.rs - (line 21) ... FAILED
[INFO] [stdout] test src/eaf/mod.rs - eaf (line 5) ... FAILED
[INFO] [stdout] 
[INFO] [stdout] failures:
[INFO] [stdout] 
[INFO] [stdout] ---- src/eaf/eaf.rs - eaf::eaf::Eaf (line 128) stdout ----
[INFO] [stdout] error[E0624]: associated function `de` is private
[INFO] [stdout]    --> src/eaf/eaf.rs:133:20
[INFO] [stdout]     |
[INFO] [stdout] 7   |     let eaf = Eaf::de(&path, true)?;
[INFO] [stdout]     |                    ^^ private associated function
[INFO] [stdout]     |
[INFO] [stdout]    ::: /opt/rustwide/workdir/src/eaf/eaf.rs:278:5
[INFO] [stdout]     |
[INFO] [stdout] 278 |     fn de(path: &Path, derive: bool) -> Result<Self, EafError> {
[INFO] [stdout]     |     ---------------------------------------------------------- private associated function defined here
[INFO] [stdout] 
[INFO] [stdout] error: aborting due to 1 previous error
[INFO] [stdout] 
[INFO] [stdout] For more information about this error, try `rustc --explain E0624`.
[INFO] [stdout] Couldn't compile the test.
[INFO] [stdout] ---- src/eaf/eaf.rs - eaf::eaf (line 5) stdout ----
[INFO] [stdout] Test executable failed (exit status: 1).
[INFO] [stdout] 
[INFO] [stdout] stderr:
[INFO] [stdout] Error: Custom { kind: Other, error: IOError(Os { code: 2, kind: NotFound, message: "No such file or directory" }) }
[INFO] [stdout] 
[INFO] [stdout] 
[INFO] [stdout] ---- src/lib.rs - (line 21) stdout ----
[INFO] [stdout] Test executable failed (exit status: 1).
[INFO] [stdout] 
[INFO] [stdout] stderr:
[INFO] [stdout] Error: Custom { kind: Other, error: IOError(Os { code: 2, kind: NotFound, message: "No such file or directory" }) }
[INFO] [stdout] 
[INFO] [stdout] 
[INFO] [stdout] ---- src/eaf/mod.rs - eaf (line 5) stdout ----
[INFO] [stdout] Test executable failed (exit status: 1).
[INFO] [stdout] 
[INFO] [stdout] stderr:
[INFO] [stdout] Error: Custom { kind: Other, error: IOError(Os { code: 2, kind: NotFound, message: "No such file or directory" }) }
[INFO] [stdout] 
[INFO] [stdout] 
[INFO] [stdout] 
[INFO] [stdout] failures:
[INFO] [stdout]     src/eaf/eaf.rs - eaf::eaf (line 5)
[INFO] [stdout]     src/eaf/eaf.rs - eaf::eaf::Eaf (line 128)
[INFO] [stdout]     src/eaf/mod.rs - eaf (line 5)
[INFO] [stdout]     src/lib.rs - (line 21)
[INFO] [stdout] 
[INFO] [stdout] test result: FAILED. 0 passed; 4 failed; 0 ignored; 0 measured; 0 filtered out; finished in 0.94s
[INFO] [stdout] 
[INFO] [stderr] error: doctest failed, to rerun pass `--doc`
[INFO] running `Command { std: "docker" "inspect" "7190d906276d69f90604094cbd334b02367bc5b360b3f4c5cb6df7578ae48d41", kill_on_drop: false }`
[INFO] running `Command { std: "docker" "rm" "-f" "7190d906276d69f90604094cbd334b02367bc5b360b3f4c5cb6df7578ae48d41", kill_on_drop: false }`
[INFO] [stdout] 7190d906276d69f90604094cbd334b02367bc5b360b3f4c5cb6df7578ae48d41
