[INFO] cloning repository https://github.com/jedisct1/flowgger
[INFO] running `Command { std: "git" "-c" "credential.helper=" "-c" "credential.helper=/workspace/cargo-home/bin/git-credential-null" "clone" "--bare" "https://github.com/jedisct1/flowgger" "/workspace/cache/git-repos/https%3A%2F%2Fgithub.com%2Fjedisct1%2Fflowgger", kill_on_drop: false }`
[INFO] [stderr] Cloning into bare repository '/workspace/cache/git-repos/https%3A%2F%2Fgithub.com%2Fjedisct1%2Fflowgger'...
[INFO] running `Command { std: "git" "rev-parse" "HEAD", kill_on_drop: false }`
[INFO] [stdout] 65ebc8afee4f31d570a2e49318a57e24b80a4a3f
[INFO] testing jedisct1/flowgger against 1.75.0 for beta-1.76-1
[INFO] running `Command { std: "git" "clone" "/workspace/cache/git-repos/https%3A%2F%2Fgithub.com%2Fjedisct1%2Fflowgger" "/workspace/builds/worker-5-tc1/source", kill_on_drop: false }`
[INFO] [stderr] Cloning into '/workspace/builds/worker-5-tc1/source'...
[INFO] [stderr] done.
[INFO] validating manifest of git repo https://github.com/jedisct1/flowgger on toolchain 1.75.0
[INFO] running `Command { std: CARGO_HOME="/workspace/cargo-home" RUSTUP_HOME="/workspace/rustup-home" "/workspace/cargo-home/bin/cargo" "+1.75.0" "metadata" "--manifest-path" "Cargo.toml" "--no-deps", kill_on_drop: false }`
[INFO] started tweaking git repo https://github.com/jedisct1/flowgger
[INFO] finished tweaking git repo https://github.com/jedisct1/flowgger
[INFO] tweaked toml for git repo https://github.com/jedisct1/flowgger written to /workspace/builds/worker-5-tc1/source/Cargo.toml
[INFO] running `Command { std: CARGO_HOME="/workspace/cargo-home" RUSTUP_HOME="/workspace/rustup-home" "/workspace/cargo-home/bin/cargo" "+1.75.0" "generate-lockfile" "--manifest-path" "Cargo.toml", kill_on_drop: false }`
[INFO] [stderr]     Updating crates.io index
[INFO] running `Command { std: CARGO_HOME="/workspace/cargo-home" RUSTUP_HOME="/workspace/rustup-home" "/workspace/cargo-home/bin/cargo" "+1.75.0" "fetch" "--manifest-path" "Cargo.toml", kill_on_drop: false }`
[INFO] [stderr]  Downloading crates ...
[INFO] [stderr]   Downloaded core_affinity v0.8.1
[INFO] [stderr]   Downloaded capnp v0.10.3
[INFO] [stderr]   Downloaded ref_slice v1.2.1
[INFO] [stderr]   Downloaded may_queue v0.1.21
[INFO] [stderr]   Downloaded capnpc v0.10.2
[INFO] [stderr]   Downloaded capnp v0.14.11
[INFO] [stderr]   Downloaded may v0.3.42
[INFO] [stderr]   Downloaded time-tz v0.3.1
[INFO] running `Command { std: "docker" "create" "-v" "/var/lib/crater-agent-workspace/builds/worker-5-tc1/target:/opt/rustwide/target:rw,Z" "-v" "/var/lib/crater-agent-workspace/builds/worker-5-tc1/source:/opt/rustwide/workdir:ro,Z" "-v" "/var/lib/crater-agent-workspace/cargo-home:/opt/rustwide/cargo-home:ro,Z" "-v" "/var/lib/crater-agent-workspace/rustup-home:/opt/rustwide/rustup-home:ro,Z" "-e" "SOURCE_DIR=/opt/rustwide/workdir" "-e" "CARGO_TARGET_DIR=/opt/rustwide/target" "-e" "CARGO_HOME=/opt/rustwide/cargo-home" "-e" "RUSTUP_HOME=/opt/rustwide/rustup-home" "-w" "/opt/rustwide/workdir" "-m" "1610612736" "--user" "0:0" "--network" "none" "ghcr.io/rust-lang/crates-build-env/linux@sha256:2788e3201cd34a07e3172128adcd8b3090168a8e3bcc40d7c032b9dda1df7d1c" "/opt/rustwide/cargo-home/bin/cargo" "+1.75.0" "metadata" "--no-deps" "--format-version=1", kill_on_drop: false }`
[INFO] [stdout] afe23c1f58e7a3a1b7c8f556124e476ce1f6e9d23efe83de562cbfd3c05aded1
[INFO] running `Command { std: "docker" "start" "-a" "afe23c1f58e7a3a1b7c8f556124e476ce1f6e9d23efe83de562cbfd3c05aded1", kill_on_drop: false }`
[INFO] running `Command { std: "docker" "inspect" "afe23c1f58e7a3a1b7c8f556124e476ce1f6e9d23efe83de562cbfd3c05aded1", kill_on_drop: false }`
[INFO] running `Command { std: "docker" "rm" "-f" "afe23c1f58e7a3a1b7c8f556124e476ce1f6e9d23efe83de562cbfd3c05aded1", kill_on_drop: false }`
[INFO] [stdout] afe23c1f58e7a3a1b7c8f556124e476ce1f6e9d23efe83de562cbfd3c05aded1
[INFO] running `Command { std: "docker" "create" "-v" "/var/lib/crater-agent-workspace/builds/worker-5-tc1/target:/opt/rustwide/target:rw,Z" "-v" "/var/lib/crater-agent-workspace/builds/worker-5-tc1/source:/opt/rustwide/workdir:ro,Z" "-v" "/var/lib/crater-agent-workspace/cargo-home:/opt/rustwide/cargo-home:ro,Z" "-v" "/var/lib/crater-agent-workspace/rustup-home:/opt/rustwide/rustup-home:ro,Z" "-e" "SOURCE_DIR=/opt/rustwide/workdir" "-e" "CARGO_TARGET_DIR=/opt/rustwide/target" "-e" "CARGO_INCREMENTAL=0" "-e" "RUST_BACKTRACE=full" "-e" "RUSTFLAGS=--cap-lints=warn" "-e" "RUSTDOCFLAGS=--cap-lints=warn" "-e" "CARGO_HOME=/opt/rustwide/cargo-home" "-e" "RUSTUP_HOME=/opt/rustwide/rustup-home" "-w" "/opt/rustwide/workdir" "-m" "1610612736" "--user" "0:0" "--network" "none" "ghcr.io/rust-lang/crates-build-env/linux@sha256:2788e3201cd34a07e3172128adcd8b3090168a8e3bcc40d7c032b9dda1df7d1c" "/opt/rustwide/cargo-home/bin/cargo" "+1.75.0" "build" "--frozen" "--message-format=json", kill_on_drop: false }`
[INFO] [stdout] 96d1091682935df875f822b79520d572dcfe98f7fba7621e9ed48ffb2d16fe08
[INFO] running `Command { std: "docker" "start" "-a" "96d1091682935df875f822b79520d572dcfe98f7fba7621e9ed48ffb2d16fe08", kill_on_drop: false }`
[INFO] [stderr]    Compiling libc v0.2.151
[INFO] [stderr]    Compiling cfg-if v1.0.0
[INFO] [stderr]    Compiling proc-macro2 v1.0.76
[INFO] [stderr]    Compiling unicode-ident v1.0.12
[INFO] [stderr]    Compiling autocfg v1.1.0
[INFO] [stderr]    Compiling ppv-lite86 v0.2.17
[INFO] [stderr]    Compiling log v0.4.20
[INFO] [stderr]    Compiling siphasher v0.3.11
[INFO] [stderr]    Compiling serde v1.0.195
[INFO] [stderr]    Compiling thiserror v1.0.56
[INFO] [stderr]    Compiling memchr v2.7.1
[INFO] [stderr]    Compiling phf_shared v0.10.0
[INFO] [stderr]    Compiling regex-syntax v0.8.2
[INFO] [stderr]    Compiling vcpkg v0.2.15
[INFO] [stderr]    Compiling pkg-config v0.3.28
[INFO] [stderr]    Compiling slab v0.4.9
[INFO] [stderr]    Compiling adler v1.0.2
[INFO] [stderr]    Compiling tinyvec_macros v0.1.1
[INFO] [stderr]    Compiling tinyvec v1.6.0
[INFO] [stderr]    Compiling miniz_oxide v0.7.1
[INFO] [stderr]    Compiling quote v1.0.35
[INFO] [stderr]    Compiling cc v1.0.83
[INFO] [stderr]    Compiling getrandom v0.2.11
[INFO] [stderr]    Compiling num-traits v0.2.17
[INFO] [stderr]    Compiling syn v2.0.48
[INFO] [stderr]    Compiling rand_core v0.6.4
[INFO] [stderr]    Compiling regex-automata v0.4.3
[INFO] [stderr]    Compiling build_const v0.2.2
[INFO] [stderr]    Compiling cfg-if v0.1.10
[INFO] [stderr]    Compiling xml-rs v0.8.19
[INFO] [stderr]    Compiling rand_chacha v0.3.1
[INFO] [stderr]    Compiling gimli v0.28.1
[INFO] [stderr]    Compiling crc v1.8.1
[INFO] [stderr]    Compiling rand v0.8.5
[INFO] [stderr]    Compiling net2 v0.2.39
[INFO] [stderr]    Compiling openssl-sys v0.9.98
[INFO] [stderr]    Compiling phf_generator v0.10.0
[INFO] [stderr]    Compiling miniz-sys v0.1.12
[INFO] [stderr]    Compiling regex v1.10.2
[INFO] [stderr]    Compiling backtrace v0.3.69
[INFO] [stderr]    Compiling phf_codegen v0.10.0
[INFO] [stderr]    Compiling unicode-normalization v0.1.22
[INFO] [stderr]    Compiling iovec v0.1.4
[INFO] [stderr]    Compiling object v0.32.2
[INFO] [stderr]    Compiling parse-zoneinfo v0.3.0
[INFO] [stderr]    Compiling indexmap v1.9.3
[INFO] [stderr]    Compiling openssl v0.10.62
[INFO] [stderr]    Compiling addr2line v0.21.0
[INFO] [stderr]    Compiling async-trait v0.1.77
[INFO] [stderr]    Compiling bitflags v1.3.2
[INFO] [stderr]    Compiling powerfmt v0.2.0
[INFO] [stderr]    Compiling percent-encoding v2.3.1
[INFO] [stderr]    Compiling itoa v1.0.10
[INFO] [stderr]    Compiling crc32fast v1.3.2
[INFO] [stderr]    Compiling capnp v0.10.3
[INFO] [stderr]    Compiling unicode-bidi v0.3.14
[INFO] [stderr]    Compiling foreign-types-shared v0.1.1
[INFO] [stderr]    Compiling rustc-demangle v0.1.23
[INFO] [stderr]    Compiling time-core v0.1.2
[INFO] [stderr]    Compiling foreign-types v0.3.2
[INFO] [stderr]    Compiling time-macros v0.2.16
[INFO] [stderr]    Compiling form_urlencoded v1.2.1
[INFO] [stderr]    Compiling deranged v0.3.11
[INFO] [stderr]    Compiling idna v0.5.0
[INFO] [stderr]    Compiling mio v0.6.23
[INFO] [stderr]    Compiling capnpc v0.10.2
[INFO] [stderr]    Compiling inotify-sys v0.1.5
[INFO] [stderr]    Compiling bitflags v2.4.1
[INFO] [stderr]    Compiling lazycell v1.3.0
[INFO] [stderr]    Compiling once_cell v1.19.0
[INFO] [stderr]    Compiling os_str_bytes v6.6.1
[INFO] [stderr]    Compiling bytes v1.5.0
[INFO] [stderr]    Compiling serde_derive v1.0.195
[INFO] [stderr]    Compiling thiserror-impl v1.0.56
[INFO] [stderr]    Compiling openssl-macros v0.1.1
[INFO] [stderr]    Compiling lazy_static v1.4.0
[INFO] [stderr]    Compiling byteorder v1.5.0
[INFO] [stderr]    Compiling sha1_smol v1.0.0
[INFO] [stderr]    Compiling hashbrown v0.12.3
[INFO] [stderr]    Compiling static_assertions v1.1.0
[INFO] [stderr]    Compiling same-file v1.0.6
[INFO] [stderr]    Compiling walkdir v2.4.0
[INFO] [stderr]    Compiling twox-hash v1.6.3
[INFO] [stderr]    Compiling error-chain v0.10.0
[INFO] [stderr]    Compiling sha1 v0.6.1
[INFO] [stderr]    Compiling snap v0.2.5
[INFO] [stderr]    Compiling combine v4.6.6
[INFO] [stderr]    Compiling flowgger v0.3.1 (/opt/rustwide/workdir)
[INFO] [stderr]    Compiling num-traits v0.1.43
[INFO] [stderr]    Compiling time v0.3.31
[INFO] [stderr]    Compiling clap_lex v0.2.4
[INFO] [stderr]    Compiling mio-extras v2.0.6
[INFO] [stderr]    Compiling inotify v0.7.1
[INFO] [stderr]    Compiling url v2.5.0
[INFO] [stderr]    Compiling flate2 v0.2.20
[INFO] [stderr]    Compiling atty v0.2.14
[INFO] [stderr]    Compiling filetime v0.2.23
[INFO] [stderr]    Compiling phf v0.10.1
[INFO] [stderr]    Compiling log v0.3.9
[INFO] [stderr]    Compiling itoa v0.1.1
[INFO] [stderr]    Compiling fnv v1.0.7
[INFO] [stderr]    Compiling ref_slice v1.2.1
[INFO] [stderr]    Compiling ryu v1.0.16
[INFO] [stderr]    Compiling dtoa v0.2.2
[INFO] [stderr]    Compiling termcolor v1.4.0
[INFO] [stderr]    Compiling byteorder v0.5.3
[INFO] [stderr]    Compiling serde v0.8.23
[INFO] [stderr]    Compiling textwrap v0.16.0
[INFO] [stderr]    Compiling strsim v0.10.0
[INFO] [stderr]    Compiling clap v3.2.25
[INFO] [stderr]    Compiling kafka v0.8.0
[INFO] [stderr]    Compiling notify v4.0.17
[INFO] [stderr]    Compiling flate2 v1.0.28
[INFO] [stderr]    Compiling serde_json v0.8.6
[INFO] [stderr]    Compiling capnp v0.14.11
[INFO] [stderr]    Compiling glob v0.3.1
[INFO] [stderr]    Compiling redis v0.21.7
[INFO] [stderr]    Compiling serde-xml-rs v0.5.1
[INFO] [stderr]    Compiling toml v0.5.11
[INFO] [stderr]    Compiling time-tz v0.3.1
[INFO] [stdout] warning: field `threads` is never read
[INFO] [stdout]   --> src/flowgger/input/tcp/mod.rs:18:5
[INFO] [stdout]    |
[INFO] [stdout] 16 | pub struct TcpConfig {
[INFO] [stdout]    |            --------- field in this struct
[INFO] [stdout] 17 |     framing: String,
[INFO] [stdout] 18 |     threads: usize,
[INFO] [stdout]    |     ^^^^^^^
[INFO] [stdout]    |
[INFO] [stdout]    = note: `TcpConfig` has a derived impl for the trait `Clone`, but this is intentionally ignored during dead code analysis
[INFO] [stdout]    = note: `#[warn(dead_code)]` on by default
[INFO] [stdout] 
[INFO] [stdout] 
[INFO] [stdout] warning: field `threads` is never read
[INFO] [stdout]   --> src/flowgger/input/tls/mod.rs:37:5
[INFO] [stdout]    |
[INFO] [stdout] 35 | pub struct TlsConfig {
[INFO] [stdout]    |            --------- field in this struct
[INFO] [stdout] 36 |     framing: String,
[INFO] [stdout] 37 |     threads: usize,
[INFO] [stdout]    |     ^^^^^^^
[INFO] [stdout]    |
[INFO] [stdout]    = note: `TlsConfig` has a derived impl for the trait `Clone`, but this is intentionally ignored during dead code analysis
[INFO] [stdout] 
[INFO] [stdout] 
[INFO] [stdout] warning: field `timeout` is never read
[INFO] [stdout]   --> src/flowgger/output/tls_output.rs:52:5
[INFO] [stdout]    |
[INFO] [stdout] 51 | struct TlsConfig {
[INFO] [stdout]    |        --------- field in this struct
[INFO] [stdout] 52 |     timeout: Option<Duration>,
[INFO] [stdout]    |     ^^^^^^^
[INFO] [stdout]    |
[INFO] [stdout]    = note: `TlsConfig` has a derived impl for the trait `Clone`, but this is intentionally ignored during dead code analysis
[INFO] [stdout] 
[INFO] [stdout] 
[INFO] [stdout] warning: 3 warnings emitted
[INFO] [stdout] 
[INFO] [stdout] 
[INFO] [stderr]     Finished dev [unoptimized + debuginfo] target(s) in 41.43s
[INFO] [stderr] warning: the following packages contain code that will be rejected by a future version of Rust: snap v0.2.5
[INFO] [stderr] note: to see what the problems were, use the option `--future-incompat-report`, or run `cargo report future-incompatibilities --id 1`
[INFO] running `Command { std: "docker" "inspect" "96d1091682935df875f822b79520d572dcfe98f7fba7621e9ed48ffb2d16fe08", kill_on_drop: false }`
[INFO] running `Command { std: "docker" "rm" "-f" "96d1091682935df875f822b79520d572dcfe98f7fba7621e9ed48ffb2d16fe08", kill_on_drop: false }`
[INFO] [stdout] 96d1091682935df875f822b79520d572dcfe98f7fba7621e9ed48ffb2d16fe08
[INFO] running `Command { std: "docker" "create" "-v" "/var/lib/crater-agent-workspace/builds/worker-5-tc1/target:/opt/rustwide/target:rw,Z" "-v" "/var/lib/crater-agent-workspace/builds/worker-5-tc1/source:/opt/rustwide/workdir:ro,Z" "-v" "/var/lib/crater-agent-workspace/cargo-home:/opt/rustwide/cargo-home:ro,Z" "-v" "/var/lib/crater-agent-workspace/rustup-home:/opt/rustwide/rustup-home:ro,Z" "-e" "SOURCE_DIR=/opt/rustwide/workdir" "-e" "CARGO_TARGET_DIR=/opt/rustwide/target" "-e" "CARGO_INCREMENTAL=0" "-e" "RUST_BACKTRACE=full" "-e" "RUSTFLAGS=--cap-lints=warn" "-e" "RUSTDOCFLAGS=--cap-lints=warn" "-e" "CARGO_HOME=/opt/rustwide/cargo-home" "-e" "RUSTUP_HOME=/opt/rustwide/rustup-home" "-w" "/opt/rustwide/workdir" "-m" "1610612736" "--user" "0:0" "--network" "none" "ghcr.io/rust-lang/crates-build-env/linux@sha256:2788e3201cd34a07e3172128adcd8b3090168a8e3bcc40d7c032b9dda1df7d1c" "/opt/rustwide/cargo-home/bin/cargo" "+1.75.0" "test" "--frozen" "--no-run" "--message-format=json", kill_on_drop: false }`
[INFO] [stdout] 2963dc0f9f30b4b0e1f06df41478e4e665e4ea7770ae9f9306c9a7075ee6a271
[INFO] running `Command { std: "docker" "start" "-a" "2963dc0f9f30b4b0e1f06df41478e4e665e4ea7770ae9f9306c9a7075ee6a271", kill_on_drop: false }`
[INFO] [stderr]    Compiling rand v0.4.6
[INFO] [stderr]    Compiling remove_dir_all v0.5.3
[INFO] [stdout] warning: field `threads` is never read
[INFO] [stdout]   --> src/flowgger/input/tcp/mod.rs:18:5
[INFO] [stdout]    |
[INFO] [stdout] 16 | pub struct TcpConfig {
[INFO] [stdout]    |            --------- field in this struct
[INFO] [stdout] 17 |     framing: String,
[INFO] [stdout] 18 |     threads: usize,
[INFO] [stdout]    |     ^^^^^^^
[INFO] [stdout]    |
[INFO] [stdout]    = note: `TcpConfig` has a derived impl for the trait `Clone`, but this is intentionally ignored during dead code analysis
[INFO] [stdout]    = note: `#[warn(dead_code)]` on by default
[INFO] [stdout] 
[INFO] [stdout] 
[INFO] [stdout] warning: field `threads` is never read
[INFO] [stdout]   --> src/flowgger/input/tls/mod.rs:37:5
[INFO] [stdout]    |
[INFO] [stdout] 35 | pub struct TlsConfig {
[INFO] [stdout]    |            --------- field in this struct
[INFO] [stdout] 36 |     framing: String,
[INFO] [stdout] 37 |     threads: usize,
[INFO] [stdout]    |     ^^^^^^^
[INFO] [stdout]    |
[INFO] [stdout]    = note: `TlsConfig` has a derived impl for the trait `Clone`, but this is intentionally ignored during dead code analysis
[INFO] [stdout] 
[INFO] [stdout] 
[INFO] [stdout] warning: field `timeout` is never read
[INFO] [stdout]   --> src/flowgger/output/tls_output.rs:52:5
[INFO] [stdout]    |
[INFO] [stdout] 51 | struct TlsConfig {
[INFO] [stdout]    |        --------- field in this struct
[INFO] [stdout] 52 |     timeout: Option<Duration>,
[INFO] [stdout]    |     ^^^^^^^
[INFO] [stdout]    |
[INFO] [stdout]    = note: `TlsConfig` has a derived impl for the trait `Clone`, but this is intentionally ignored during dead code analysis
[INFO] [stdout] 
[INFO] [stdout] 
[INFO] [stdout] warning: 3 warnings emitted
[INFO] [stdout] 
[INFO] [stdout] 
[INFO] [stderr]    Compiling tempdir v0.3.7
[INFO] [stderr]    Compiling flowgger v0.3.1 (/opt/rustwide/workdir)
[INFO] [stdout] warning: field `threads` is never read
[INFO] [stdout]   --> src/flowgger/input/tcp/mod.rs:18:5
[INFO] [stdout]    |
[INFO] [stdout] 16 | pub struct TcpConfig {
[INFO] [stdout]    |            --------- field in this struct
[INFO] [stdout] 17 |     framing: String,
[INFO] [stdout] 18 |     threads: usize,
[INFO] [stdout]    |     ^^^^^^^
[INFO] [stdout]    |
[INFO] [stdout]    = note: `TcpConfig` has a derived impl for the trait `Clone`, but this is intentionally ignored during dead code analysis
[INFO] [stdout]    = note: `#[warn(dead_code)]` on by default
[INFO] [stdout] 
[INFO] [stdout] 
[INFO] [stdout] warning: field `threads` is never read
[INFO] [stdout]   --> src/flowgger/input/tls/mod.rs:37:5
[INFO] [stdout]    |
[INFO] [stdout] 35 | pub struct TlsConfig {
[INFO] [stdout]    |            --------- field in this struct
[INFO] [stdout] 36 |     framing: String,
[INFO] [stdout] 37 |     threads: usize,
[INFO] [stdout]    |     ^^^^^^^
[INFO] [stdout]    |
[INFO] [stdout]    = note: `TlsConfig` has a derived impl for the trait `Clone`, but this is intentionally ignored during dead code analysis
[INFO] [stdout] 
[INFO] [stdout] 
[INFO] [stdout] warning: field `timeout` is never read
[INFO] [stdout]   --> src/flowgger/output/tls_output.rs:52:5
[INFO] [stdout]    |
[INFO] [stdout] 51 | struct TlsConfig {
[INFO] [stdout]    |        --------- field in this struct
[INFO] [stdout] 52 |     timeout: Option<Duration>,
[INFO] [stdout]    |     ^^^^^^^
[INFO] [stdout]    |
[INFO] [stdout]    = note: `TlsConfig` has a derived impl for the trait `Clone`, but this is intentionally ignored during dead code analysis
[INFO] [stdout] 
[INFO] [stdout] 
[INFO] [stdout] warning: 3 warnings emitted
[INFO] [stdout] 
[INFO] [stdout] 
[INFO] [stderr]     Finished test [unoptimized + debuginfo] target(s) in 4.41s
[INFO] [stderr] warning: the following packages contain code that will be rejected by a future version of Rust: snap v0.2.5
[INFO] [stderr] note: to see what the problems were, use the option `--future-incompat-report`, or run `cargo report future-incompatibilities --id 1`
[INFO] running `Command { std: "docker" "inspect" "2963dc0f9f30b4b0e1f06df41478e4e665e4ea7770ae9f9306c9a7075ee6a271", kill_on_drop: false }`
[INFO] running `Command { std: "docker" "rm" "-f" "2963dc0f9f30b4b0e1f06df41478e4e665e4ea7770ae9f9306c9a7075ee6a271", kill_on_drop: false }`
[INFO] [stdout] 2963dc0f9f30b4b0e1f06df41478e4e665e4ea7770ae9f9306c9a7075ee6a271
[INFO] running `Command { std: "docker" "create" "-v" "/var/lib/crater-agent-workspace/builds/worker-5-tc1/target:/opt/rustwide/target:rw,Z" "-v" "/var/lib/crater-agent-workspace/builds/worker-5-tc1/source:/opt/rustwide/workdir:ro,Z" "-v" "/var/lib/crater-agent-workspace/cargo-home:/opt/rustwide/cargo-home:ro,Z" "-v" "/var/lib/crater-agent-workspace/rustup-home:/opt/rustwide/rustup-home:ro,Z" "-e" "SOURCE_DIR=/opt/rustwide/workdir" "-e" "CARGO_TARGET_DIR=/opt/rustwide/target" "-e" "CARGO_INCREMENTAL=0" "-e" "RUST_BACKTRACE=full" "-e" "RUSTFLAGS=--cap-lints=warn" "-e" "RUSTDOCFLAGS=--cap-lints=warn" "-e" "CARGO_HOME=/opt/rustwide/cargo-home" "-e" "RUSTUP_HOME=/opt/rustwide/rustup-home" "-w" "/opt/rustwide/workdir" "-m" "1610612736" "--user" "0:0" "--network" "none" "ghcr.io/rust-lang/crates-build-env/linux@sha256:2788e3201cd34a07e3172128adcd8b3090168a8e3bcc40d7c032b9dda1df7d1c" "/opt/rustwide/cargo-home/bin/cargo" "+1.75.0" "test" "--frozen", kill_on_drop: false }`
[INFO] [stdout] 59e985fce6bbb5d2f4327a14967ef0e0a2dfb70f780f94cd70b67b8df1c87108
[INFO] running `Command { std: "docker" "start" "-a" "59e985fce6bbb5d2f4327a14967ef0e0a2dfb70f780f94cd70b67b8df1c87108", kill_on_drop: false }`
[INFO] [stderr] warning: field `threads` is never read
[INFO] [stderr]   --> src/flowgger/input/tcp/mod.rs:18:5
[INFO] [stderr]    |
[INFO] [stderr] 16 | pub struct TcpConfig {
[INFO] [stderr]    |            --------- field in this struct
[INFO] [stderr] 17 |     framing: String,
[INFO] [stderr] 18 |     threads: usize,
[INFO] [stderr]    |     ^^^^^^^
[INFO] [stderr]    |
[INFO] [stderr]    = note: `TcpConfig` has a derived impl for the trait `Clone`, but this is intentionally ignored during dead code analysis
[INFO] [stderr]    = note: `#[warn(dead_code)]` on by default
[INFO] [stderr] 
[INFO] [stderr] warning: field `threads` is never read
[INFO] [stderr]   --> src/flowgger/input/tls/mod.rs:37:5
[INFO] [stderr]    |
[INFO] [stderr] 35 | pub struct TlsConfig {
[INFO] [stderr]    |            --------- field in this struct
[INFO] [stderr] 36 |     framing: String,
[INFO] [stderr] 37 |     threads: usize,
[INFO] [stderr]    |     ^^^^^^^
[INFO] [stderr]    |
[INFO] [stderr]    = note: `TlsConfig` has a derived impl for the trait `Clone`, but this is intentionally ignored during dead code analysis
[INFO] [stderr] 
[INFO] [stderr] warning: field `timeout` is never read
[INFO] [stderr]   --> src/flowgger/output/tls_output.rs:52:5
[INFO] [stderr]    |
[INFO] [stderr] 51 | struct TlsConfig {
[INFO] [stderr]    |        --------- field in this struct
[INFO] [stderr] 52 |     timeout: Option<Duration>,
[INFO] [stderr]    |     ^^^^^^^
[INFO] [stderr]    |
[INFO] [stderr]    = note: `TlsConfig` has a derived impl for the trait `Clone`, but this is intentionally ignored during dead code analysis
[INFO] [stderr] 
[INFO] [stderr] warning: `flowgger` (lib) generated 3 warnings
[INFO] [stderr] warning: `flowgger` (lib test) generated 3 warnings (3 duplicates)
[INFO] [stderr]     Finished test [unoptimized + debuginfo] target(s) in 0.09s
[INFO] [stderr] warning: the following packages contain code that will be rejected by a future version of Rust: snap v0.2.5
[INFO] [stderr] note: to see what the problems were, use the option `--future-incompat-report`, or run `cargo report future-incompatibilities --id 1`
[INFO] [stderr]      Running unittests src/lib.rs (/opt/rustwide/target/debug/deps/flowgger-89f1acb45ed37556)
[INFO] [stdout] 
[INFO] [stdout] running 89 tests
[INFO] [stdout] test flowgger::config::test::test_config_from_string ... ok
[INFO] [stdout] test flowgger::config::test::test_config_from_path ... ok
[INFO] [stdout] test flowgger::config::test::test_config_clone ... ok
[INFO] [stdout] test flowgger::decoder::gelf_decoder::test::test_gelf_decoder ... ok
[INFO] [stdout] test flowgger::config::test::test_config_from_path_no_file - should panic ... ok
[INFO] [stdout] test flowgger::config::test::test_config_from_path_bad_format - should panic ... ok
[INFO] [stdout] test flowgger::config::test::test_config_from_string_bad - should panic ... ok
[INFO] [stdout] test flowgger::decoder::ltsv_decoder::test_ltsv ... ok
[INFO] [stdout] test flowgger::decoder::ltsv_decoder::test_ltsv2 ... ok
[INFO] [stdout] test flowgger::decoder::ltsv_decoder::test_ltsv_suffixes ... ok
[INFO] [stdout] test flowgger::decoder::gelf_decoder::test::test_gelf_decoder_bad_timestamp - should panic ... ok
[INFO] [stdout] test flowgger::decoder::ltsv_decoder::test_ltsv_3 ... ok
[INFO] [stdout] test flowgger::decoder::ltsv_decoder::test_ltsv_suffixes_2 ... ok
[INFO] [stdout] test flowgger::decoder::gelf_decoder::test::test_gelf_decoder_bad_key - should panic ... ok
[INFO] [stdout] test flowgger::decoder::ltsv_decoder::test_ltsv4 ... ok
[INFO] [stdout] test flowgger::decoder::gelf_decoder::test::test_gelf_decoder_invalid_input - should panic ... ok
[INFO] [stdout] test flowgger::decoder::rfc3164_decoder::test_rfc3164_decode_custom_with_pri ... ok
[INFO] [stdout] test flowgger::decoder::rfc3164_decoder::test_rfc3164_decode_custom_trimed ... ok
[INFO] [stdout] test flowgger::decoder::gelf_decoder::test::test_gelf_decoder_severity_to_high - should panic ... ok
[INFO] [stdout] test flowgger::decoder::rfc3164_decoder::test_rfc3164_decode_custom_with_year ... ok
[INFO] [stderr] Unable to parse the rfc3164 input: 'test message'
[INFO] [stdout] test flowgger::decoder::gelf_decoder::test::test_gelf_decoder_wrong_version - should panic ... ok
[INFO] [stdout] test flowgger::decoder::rfc3164_decoder::test_rfc3164_decode_custom_with_year_notz ... ok
[INFO] [stdout] test flowgger::decoder::rfc3164_decoder::test_rfc3164_decode_nopri ... ok
[INFO] [stdout] test flowgger::decoder::rfc3164_decoder::test_rfc3164_decode_invalid_event ... ok
[INFO] [stdout] test flowgger::decoder::rfc3164_decoder::test_rfc3164_decode_tz_no_year ... ok
[INFO] [stdout] test flowgger::decoder::rfc3164_decoder::test_rfc3164_decode_with_pri ... ok
[INFO] [stdout] test flowgger::decoder::rfc3164_decoder::test_rfc3164_decode_with_pri_year_tz ... ok
[INFO] [stderr] Unable to parse the rfc3164 input: 'Aug  36 11:15:24 testhostname appname 69 42 [origin@123 software="te\st sc\"ript" swVersion="0.0.1"] test message'
[INFO] [stdout] test flowgger::decoder::rfc3164_decoder::test_rfc3164_decode_invalid_date ... ok
[INFO] [stdout] test flowgger::decoder::rfc3164_decoder::test_rfc3164_decode_with_pri_year ... ok
[INFO] [stdout] test flowgger::encoder::capnp_encoder::tests::test_add_extra_fields ... ok
[INFO] [stdout] test flowgger::decoder::rfc5424_decoder::test_rfc5424_multiple_sd ... ok
[INFO] [stdout] test flowgger::decoder::rfc5424_decoder::test_rfc5424 ... ok
[INFO] [stdout] test flowgger::encoder::gelf_encoder::tests::test_gelf_encode_empty_hostname ... ok
[INFO] [stdout] test flowgger::encoder::gelf_encoder::tests::test_gelf_encode ... ok
[INFO] [stdout] test flowgger::encoder::gelf_encoder::tests::test_gelf_encode_multiple_sd ... ok
[INFO] [stdout] test flowgger::encoder::capnp_encoder::tests::test_capnp_encode_multiple_sd ... ok
[INFO] [stdout] test flowgger::encoder::gelf_encoder::tests::test_gelf_encode_replace_extra ... ok
[INFO] [stdout] test flowgger::encoder::capnp_encoder::tests::test_capnp_encode ... ok
[INFO] [stdout] test flowgger::encoder::passthrough_encoder::test_passthrough_encode ... ok
[INFO] [stdout] test flowgger::encoder::passthrough_encoder::test_passthrough_encode_with_prepend ... ok
[INFO] [stderr] WARNING: Wrong syslog_prepend_timestamp value received: [%Y-%m-%dT%H:%MZ].
[INFO] [stderr] From version "0.3.0" forward the time format needs to be compliant with:
[INFO] [stderr] https://docs.rs/time/0.3.7/time/format_description/index.html 
[INFO] [stderr] Will use the default one: [year][month][day]T[hour][minute][second]Z. If you want to use %, you need to escape it (\\%)
[INFO] [stderr] 
[INFO] [stdout] test flowgger::encoder::rfc3164_encoder::test_rfc3164_encode ... ok
[INFO] [stdout] test flowgger::encoder::rfc3164_encoder::test_rfc3164_encode_with_prepend ... ok
[INFO] [stdout] test flowgger::encoder::rfc3164_encoder::test_rfc3164_full_encode ... ok
[INFO] [stdout] test flowgger::encoder::rfc3164_encoder::test_rfc3164_full_encode_multiple_sd ... ok
[INFO] [stdout] test flowgger::encoder::capnp_encoder::tests::test_wrong_extra_field_value_type_config - should panic ... ok
[INFO] [stdout] test flowgger::encoder::gelf_encoder::tests::test_gelf_encoder_config_extra_bad_type - should panic ... ok
[INFO] [stdout] test flowgger::encoder::rfc3164_encoder::test_rfc3164_withpri_encode ... ok
[INFO] [stdout] test flowgger::encoder::rfc5424_encoder::test_rfc5424_encode ... ok
[INFO] [stdout] test flowgger::encoder::rfc5424_encoder::test_rfc5424_full_encode ... ok
[INFO] [stdout] test flowgger::encoder::gelf_encoder::tests::test_gelf_encoder_config_extra_should_be_section - should panic ... ok
[INFO] [stdout] test flowgger::input::file::discovery::test_should_be_watched ... ok
[INFO] [stdout] test flowgger::encoder::rfc5424_encoder::test_rfc5424_full_encode_multiple_sd ... ok
[INFO] [stdout] test flowgger::encoder::ltsv_encoder::test_ltsv_full_encode_no_sd ... FAILED
[INFO] [stdout] test flowgger::encoder::ltsv_encoder::test_ltsv_full_encode_multiple_sd ... FAILED
[INFO] [stdout] test flowgger::input::udp_input::test::test_udp_input_constructor ... ok
[INFO] [stdout] test flowgger::encoder::passthrough_encoder::test_passthrough_encode_no_msg - should panic ... ok
[INFO] [stdout] test flowgger::encoder::passthrough_encoder::test_passthrough_encode_invalid_prepend - should panic ... ok
[INFO] [stdout] test flowgger::input::udp_input::test::test_udp_input_default_constructor ... ok
[INFO] [stdout] test flowgger::encoder::rfc3164_encoder::test_rfc3164_invalid_prepend - should panic ... ok
[INFO] [stdout] test flowgger::input::udp_input::test::test_udp_input_constructor_bad_input - should panic ... ok
[INFO] [stdout] test flowgger::output::file_output::tests::test_invalid_file_path - should panic ... ok
[INFO] [stdout] test flowgger::output::file_output::tests::test_invalid_rotation_maxfiles - should panic ... ok
[INFO] [stdout] test flowgger::output::file_output::tests::test_invalid_buffer_size - should panic ... ok
[INFO] [stdout] test flowgger::output::file_output::tests::test_invalid_rotation_size - should panic ... ok
[INFO] [stdout] test flowgger::output::file_output::tests::test_invalid_time_format - should panic ... ok
[INFO] [stdout] test flowgger::output::file_output::tests::test_invalid_rotation_time - should panic ... ok
[INFO] [stderr] File /tmp/test_file_output.hSnWevgbak3I/test_log_rotate_buf reached size limit 15, rotating
[INFO] [stdout] test flowgger::output::file_output::tests::test_log_norotate_nobuf ... ok
[INFO] [stderr] Unable to open file /wrong/path/test_log_rotate_buf: No such file or directory (os error 2)
[INFO] [stdout] test flowgger::output::file_output::tests::test_log_rotate_buf ... ok
[INFO] [stdout] test flowgger::output::file_output::tests::test_log_norotate_buf ... ok
[INFO] [stdout] test flowgger::output::file_output::tests::test_log_norotate_nofile ... ok
[INFO] [stderr] File /tmp/test_file_output.z70oJLy41oz5/test_log_rotate_nobuf reached size limit 15, rotating
[INFO] [stderr] Unable to open rotating file /wrong/path/test_log_rotate_buf: No such file or directory (os error 2)
[INFO] [stdout] test flowgger::output::file_output::tests::test_log_rotate_nofile ... ok
[INFO] [stdout] test flowgger::output::file_output::tests::test_log_rotate_nobuf ... ok
[INFO] [stderr] Unable to open file /wrong/path/test_start_nofile: No such file or directory (os error 2)
[INFO] [stdout] test flowgger::output::file_output::tests::test_log_rotate_time_nobuf ... ok
[INFO] [stdout] test flowgger::output::file_output::tests::test_start_nofile - should panic ... ok
[INFO] [stdout] test flowgger::record::test_record_display ... ok
[INFO] [stdout] test flowgger::record::test_structured_data_display ... ok
[INFO] [stdout] test flowgger::splitter::capnp_splitter::tests::test_decode_message ... ok
[INFO] [stderr] WARNING: Wrong file_rotation_timeformat value received: %Y%M.
[INFO] [stderr] From version "0.3.0" forward the time format needs to be compliant with:
[INFO] [stderr] https://docs.rs/time/0.3.7/time/format_description/index.html 
[INFO] [stderr] Will use the default one: DEFAULT VALUE. If you want to use %, you need to escape it (\\%)
[INFO] [stderr] 
[INFO] [stdout] test flowgger::tests::test_invalid_time_format ... ok
[INFO] [stdout] test flowgger::tests::test_valid_time_format ... ok
[INFO] [stdout] test flowgger::utils::rotating_file::tests::test_file_invalid_path ... ok
[INFO] [stdout] test flowgger::tests::test_valid_time_format_escaped ... ok
[INFO] [stderr] File /tmp/test_rotation_time_files_time.izQeAVobi3TO/test_log.log reached time/size limit 5min/16bytes, rotating
[INFO] [stderr] File /tmp/test_rotation_time_files_time.izQeAVobi3TO/test_log.log reached time/size limit 5min/16bytes, rotating
[INFO] [stderr] File /tmp/test_rotation_time_files_time.izQeAVobi3TO/test_log.log reached time/size limit 5min/16bytes, rotating
[INFO] [stderr] File /tmp/test_rotation_time_files_time.izQeAVobi3TO/test_log.log reached time/size limit 5min/16bytes, rotating
[INFO] [stderr] File /tmp/test_rotation_time_files_time.izQeAVobi3TO/test_log.log reached time/size limit 5min/16bytes, rotating
[INFO] [stderr] File /tmp/test_rotation_files_size.LSUiqjVaYQEj/test_log.log reached size limit 16, rotating
[INFO] [stderr] File /tmp/test_rotation_files_size.LSUiqjVaYQEj/test_log.log reached size limit 16, rotating
[INFO] [stderr] File /tmp/test_rotation_files_size.LSUiqjVaYQEj/test_log.log reached size limit 16, rotating
[INFO] [stdout] test flowgger::utils::rotating_file::tests::test_rotation_time_files_time ... ok
[INFO] [stdout] test flowgger::utils::rotating_file::tests::test_rotation_files_size ... ok
[INFO] [stdout] test flowgger::output::file_output::tests::test_start_no_merger ... ok
[INFO] [stdout] test flowgger::output::file_output::tests::test_start_with_merger ... ok
[INFO] [stdout] test flowgger::input::udp_input::test::test_handle_record_compressed_zlib ... ok
[INFO] [stdout] test flowgger::input::udp_input::test::test_handle_record_compressed_gz ... ok
[INFO] [stdout] test flowgger::input::udp_input::test::test_udp_input_handle_record_uncompressed ... ok
[INFO] [stdout] test flowgger::input::udp_input::test::test_handle_record_bad_record - should panic ... ok
[INFO] [stdout] 
[INFO] [stdout] failures:
[INFO] [stdout] 
[INFO] [stdout] ---- flowgger::encoder::ltsv_encoder::test_ltsv_full_encode_no_sd stdout ----
[INFO] [stdout] thread 'flowgger::encoder::ltsv_encoder::test_ltsv_full_encode_no_sd' panicked at src/flowgger/encoder/ltsv_encoder.rs:156:5:
[INFO] [stdout] assertion `left == right` failed
[INFO] [stdout]   left: "host:testhostname\ttime:1722942924\tmessage:some test message\tfull_message:<23>Aug  6 11:15:24 testhostname appname[69]: 42 - some test message\tlevel:7\tfacility:2\tappname:appname\tprocid:69\tmsgid:42"
[INFO] [stdout]  right: "host:testhostname\ttime:1659784524\tmessage:some test message\tfull_message:<23>Aug  6 11:15:24 testhostname appname[69]: 42 - some test message\tlevel:7\tfacility:2\tappname:appname\tprocid:69\tmsgid:42"
[INFO] [stdout] stack backtrace:
[INFO] [stdout]    0:     0x55cdc2c1693c - std::backtrace_rs::backtrace::libunwind::trace::ha637c64ce894333a
[INFO] [stdout]                                at /rustc/82e1608dfa6e0b5569232559e3d385fea5a93112/library/std/src/../../backtrace/src/backtrace/libunwind.rs:104:5
[INFO] [stdout]    1:     0x55cdc2c1693c - std::backtrace_rs::backtrace::trace_unsynchronized::h47f62dea28e0c88d
[INFO] [stdout]                                at /rustc/82e1608dfa6e0b5569232559e3d385fea5a93112/library/std/src/../../backtrace/src/backtrace/mod.rs:66:5
[INFO] [stdout]    2:     0x55cdc2c1693c - std::sys_common::backtrace::_print_fmt::h9eef0abe20ede486
[INFO] [stdout]                                at /rustc/82e1608dfa6e0b5569232559e3d385fea5a93112/library/std/src/sys_common/backtrace.rs:67:5
[INFO] [stdout]    3:     0x55cdc2c1693c - <std::sys_common::backtrace::_print::DisplayBacktrace as core::fmt::Display>::fmt::hed7f999df88cc644
[INFO] [stdout]                                at /rustc/82e1608dfa6e0b5569232559e3d385fea5a93112/library/std/src/sys_common/backtrace.rs:44:22
[INFO] [stdout]    4:     0x55cdc2c458a0 - core::fmt::rt::Argument::fmt::h1539a9308b8d058d
[INFO] [stdout]                                at /rustc/82e1608dfa6e0b5569232559e3d385fea5a93112/library/core/src/fmt/rt.rs:142:9
[INFO] [stdout]    5:     0x55cdc2c458a0 - core::fmt::write::h3a39390d8560d9c9
[INFO] [stdout]                                at /rustc/82e1608dfa6e0b5569232559e3d385fea5a93112/library/core/src/fmt/mod.rs:1120:17
[INFO] [stdout]    6:     0x55cdc2c13eff - std::io::Write::write_fmt::h040b369f3a0f9cbc
[INFO] [stdout]                                at /rustc/82e1608dfa6e0b5569232559e3d385fea5a93112/library/std/src/io/mod.rs:1762:15
[INFO] [stdout]    7:     0x55cdc2c16724 - std::sys_common::backtrace::_print::h894006fb5c6f3d45
[INFO] [stdout]                                at /rustc/82e1608dfa6e0b5569232559e3d385fea5a93112/library/std/src/sys_common/backtrace.rs:47:5
[INFO] [stdout]    8:     0x55cdc2c16724 - std::sys_common::backtrace::print::h23a2d212c6fff936
[INFO] [stdout]                                at /rustc/82e1608dfa6e0b5569232559e3d385fea5a93112/library/std/src/sys_common/backtrace.rs:34:9
[INFO] [stdout]    9:     0x55cdc2c183e7 - std::panicking::default_hook::{{closure}}::h8a1d2ee00185001a
[INFO] [stdout]   10:     0x55cdc2c180d3 - std::panicking::default_hook::h6038f2eba384e475
[INFO] [stdout]                                at /rustc/82e1608dfa6e0b5569232559e3d385fea5a93112/library/std/src/panicking.rs:289:9
[INFO] [stdout]   11:     0x55cdc2aa0787 - <alloc::boxed::Box<F,A> as core::ops::function::Fn<Args>>::call::h0ad024c9bdc6d768
[INFO] [stdout]                                at /rustc/82e1608dfa6e0b5569232559e3d385fea5a93112/library/alloc/src/boxed.rs:2021:9
[INFO] [stdout]   12:     0x55cdc2aa0787 - test::test_main::{{closure}}::h7500b54257359db6
[INFO] [stdout]                                at /rustc/82e1608dfa6e0b5569232559e3d385fea5a93112/library/test/src/lib.rs:138:21
[INFO] [stdout]   13:     0x55cdc2c189f8 - <alloc::boxed::Box<F,A> as core::ops::function::Fn<Args>>::call::h1f8f335eaa9cfaee
[INFO] [stdout]                                at /rustc/82e1608dfa6e0b5569232559e3d385fea5a93112/library/alloc/src/boxed.rs:2021:9
[INFO] [stdout]   14:     0x55cdc2c189f8 - std::panicking::rust_panic_with_hook::h2b5517d590cab22e
[INFO] [stdout]                                at /rustc/82e1608dfa6e0b5569232559e3d385fea5a93112/library/std/src/panicking.rs:783:13
[INFO] [stdout]   15:     0x55cdc2c1874e - std::panicking::begin_panic_handler::{{closure}}::h233112c06e0ef43e
[INFO] [stdout]                                at /rustc/82e1608dfa6e0b5569232559e3d385fea5a93112/library/std/src/panicking.rs:657:13
[INFO] [stdout]   16:     0x55cdc2c16e06 - std::sys_common::backtrace::__rust_end_short_backtrace::h6e893f24d7ebbff8
[INFO] [stdout]                                at /rustc/82e1608dfa6e0b5569232559e3d385fea5a93112/library/std/src/sys_common/backtrace.rs:170:18
[INFO] [stdout]   17:     0x55cdc2c184b2 - rust_begin_unwind
[INFO] [stdout]                                at /rustc/82e1608dfa6e0b5569232559e3d385fea5a93112/library/std/src/panicking.rs:645:5
[INFO] [stdout]   18:     0x55cdc29cb775 - core::panicking::panic_fmt::hbf0e066aabfa482c
[INFO] [stdout]                                at /rustc/82e1608dfa6e0b5569232559e3d385fea5a93112/library/core/src/panicking.rs:72:14
[INFO] [stdout]   19:     0x55cdc29cbbcb - core::panicking::assert_failed_inner::h0bba8b7c26ee4492
[INFO] [stdout]   20:     0x55cdc2a06312 - core::panicking::assert_failed::he971426060e54f88
[INFO] [stdout]                                at /rustc/82e1608dfa6e0b5569232559e3d385fea5a93112/library/core/src/panicking.rs:279:5
[INFO] [stdout]   21:     0x55cdc2a306b8 - flowgger::flowgger::encoder::ltsv_encoder::test_ltsv_full_encode_no_sd::hd031f9987b1c6b23
[INFO] [stdout]                                at /opt/rustwide/workdir/src/flowgger/encoder/ltsv_encoder.rs:156:5
[INFO] [stdout]   22:     0x55cdc2a30067 - flowgger::flowgger::encoder::ltsv_encoder::test_ltsv_full_encode_no_sd::{{closure}}::h1d6b7b9626799619
[INFO] [stdout]                                at /opt/rustwide/workdir/src/flowgger/encoder/ltsv_encoder.rs:135:33
[INFO] [stdout]   23:     0x55cdc2a206b6 - core::ops::function::FnOnce::call_once::hb0a0aa7d286aeabf
[INFO] [stdout]                                at /rustc/82e1608dfa6e0b5569232559e3d385fea5a93112/library/core/src/ops/function.rs:250:5
[INFO] [stdout]   24:     0x55cdc2aa5ddf - core::ops::function::FnOnce::call_once::h2b5d431d5046312d
[INFO] [stdout]                                at /rustc/82e1608dfa6e0b5569232559e3d385fea5a93112/library/core/src/ops/function.rs:250:5
[INFO] [stdout]   25:     0x55cdc2aa5ddf - test::__rust_begin_short_backtrace::h7714669af176e207
[INFO] [stdout]                                at /rustc/82e1608dfa6e0b5569232559e3d385fea5a93112/library/test/src/lib.rs:628:18
[INFO] [stdout]   26:     0x55cdc2aa4df5 - test::run_test_in_process::{{closure}}::h85218797dcbcec12
[INFO] [stdout]                                at /rustc/82e1608dfa6e0b5569232559e3d385fea5a93112/library/test/src/lib.rs:651:60
[INFO] [stdout]   27:     0x55cdc2aa4df5 - <core::panic::unwind_safe::AssertUnwindSafe<F> as core::ops::function::FnOnce<()>>::call_once::h76c106ea31c14d7b
[INFO] [stdout]                                at /rustc/82e1608dfa6e0b5569232559e3d385fea5a93112/library/core/src/panic/unwind_safe.rs:272:9
[INFO] [stdout]   28:     0x55cdc2aa4df5 - std::panicking::try::do_call::h3bd5d0f6620ee946
[INFO] [stdout]                                at /rustc/82e1608dfa6e0b5569232559e3d385fea5a93112/library/std/src/panicking.rs:552:40
[INFO] [stdout]   29:     0x55cdc2aa4df5 - std::panicking::try::h232e535e4744fe31
[INFO] [stdout]                                at /rustc/82e1608dfa6e0b5569232559e3d385fea5a93112/library/std/src/panicking.rs:516:19
[INFO] [stdout]   30:     0x55cdc2aa4df5 - std::panic::catch_unwind::h3ce3bd6ca8dbac68
[INFO] [stdout]                                at /rustc/82e1608dfa6e0b5569232559e3d385fea5a93112/library/std/src/panic.rs:142:14
[INFO] [stdout]   31:     0x55cdc2aa4df5 - test::run_test_in_process::hc97b257c9621286a
[INFO] [stdout]                                at /rustc/82e1608dfa6e0b5569232559e3d385fea5a93112/library/test/src/lib.rs:651:27
[INFO] [stdout]   32:     0x55cdc2aa4df5 - test::run_test::{{closure}}::h2aa798823a438d38
[INFO] [stdout]                                at /rustc/82e1608dfa6e0b5569232559e3d385fea5a93112/library/test/src/lib.rs:574:43
[INFO] [stdout]   33:     0x55cdc2a6d0b6 - test::run_test::{{closure}}::h87d231c78fb59832
[INFO] [stdout]                                at /rustc/82e1608dfa6e0b5569232559e3d385fea5a93112/library/test/src/lib.rs:602:41
[INFO] [stdout]   34:     0x55cdc2a6d0b6 - std::sys_common::backtrace::__rust_begin_short_backtrace::he6df152596625789
[INFO] [stdout]                                at /rustc/82e1608dfa6e0b5569232559e3d385fea5a93112/library/std/src/sys_common/backtrace.rs:154:18
[INFO] [stdout]   35:     0x55cdc2a72167 - std::thread::Builder::spawn_unchecked_::{{closure}}::{{closure}}::ha94be15d1e0acf36
[INFO] [stdout]                                at /rustc/82e1608dfa6e0b5569232559e3d385fea5a93112/library/std/src/thread/mod.rs:529:17
[INFO] [stdout]   36:     0x55cdc2a72167 - <core::panic::unwind_safe::AssertUnwindSafe<F> as core::ops::function::FnOnce<()>>::call_once::h9dc6bd6372f16606
[INFO] [stdout]                                at /rustc/82e1608dfa6e0b5569232559e3d385fea5a93112/library/core/src/panic/unwind_safe.rs:272:9
[INFO] [stdout]   37:     0x55cdc2a72167 - std::panicking::try::do_call::h9057517f80303cd4
[INFO] [stdout]                                at /rustc/82e1608dfa6e0b5569232559e3d385fea5a93112/library/std/src/panicking.rs:552:40
[INFO] [stdout]   38:     0x55cdc2a72167 - std::panicking::try::he3a30b11ee45340c
[INFO] [stdout]                                at /rustc/82e1608dfa6e0b5569232559e3d385fea5a93112/library/std/src/panicking.rs:516:19
[INFO] [stdout]   39:     0x55cdc2a72167 - std::panic::catch_unwind::h410458cfd3528b8b
[INFO] [stdout]                                at /rustc/82e1608dfa6e0b5569232559e3d385fea5a93112/library/std/src/panic.rs:142:14
[INFO] [stdout]   40:     0x55cdc2a72167 - std::thread::Builder::spawn_unchecked_::{{closure}}::h72ac3bdb567b737b
[INFO] [stdout]                                at /rustc/82e1608dfa6e0b5569232559e3d385fea5a93112/library/std/src/thread/mod.rs:528:30
[INFO] [stdout]   41:     0x55cdc2a72167 - core::ops::function::FnOnce::call_once{{vtable.shim}}::h38f34da3654a8344
[INFO] [stdout]                                at /rustc/82e1608dfa6e0b5569232559e3d385fea5a93112/library/core/src/ops/function.rs:250:5
[INFO] [stdout]   42:     0x55cdc2c1e005 - <alloc::boxed::Box<F,A> as core::ops::function::FnOnce<Args>>::call_once::hc7eafaff61e32df9
[INFO] [stdout]                                at /rustc/82e1608dfa6e0b5569232559e3d385fea5a93112/library/alloc/src/boxed.rs:2007:9
[INFO] [stdout]   43:     0x55cdc2c1e005 - <alloc::boxed::Box<F,A> as core::ops::function::FnOnce<Args>>::call_once::h6ba4a5de48dd2304
[INFO] [stdout]                                at /rustc/82e1608dfa6e0b5569232559e3d385fea5a93112/library/alloc/src/boxed.rs:2007:9
[INFO] [stdout]   44:     0x55cdc2c1e005 - std::sys::unix::thread::Thread::new::thread_start::he469335aef763e45
[INFO] [stdout]                                at /rustc/82e1608dfa6e0b5569232559e3d385fea5a93112/library/std/src/sys/unix/thread.rs:108:17
[INFO] [stdout]   45:     0x7f4bc8033ac3 - <unknown>
[INFO] [stdout]   46:     0x7f4bc80c4bf4 - __clone
[INFO] [stdout]   47:                0x0 - <unknown>
[INFO] [stdout] 
[INFO] [stdout] ---- flowgger::encoder::ltsv_encoder::test_ltsv_full_encode_multiple_sd stdout ----
[INFO] [stdout] thread 'flowgger::encoder::ltsv_encoder::test_ltsv_full_encode_multiple_sd' panicked at src/flowgger/encoder/ltsv_encoder.rs:196:5:
[INFO] [stdout] assertion `left == right` failed
[INFO] [stdout]   left: "a:b\tc:123456\ta2:b2\tc2:123456\thost:testhostname\ttime:1722942924\tmessage:some test message\tfull_message:<23>Aug  6 11:15:24 testhostname appname[69]: 42 [someid a=\"b\" c=\"123456\"][someid2 a2=\"b2\" c2=\"123456\"] some test message\tlevel:7\tfacility:2\tappname:appname\tprocid:69\tmsgid:42"
[INFO] [stdout]  right: "a:b\tc:123456\ta2:b2\tc2:123456\thost:testhostname\ttime:1659784524\tmessage:some test message\tfull_message:<23>Aug  6 11:15:24 testhostname appname[69]: 42 [someid a=\"b\" c=\"123456\"][someid2 a2=\"b2\" c2=\"123456\"] some test message\tlevel:7\tfacility:2\tappname:appname\tprocid:69\tmsgid:42"
[INFO] [stdout] stack backtrace:
[INFO] [stdout]    0:     0x55cdc2c1693c - std::backtrace_rs::backtrace::libunwind::trace::ha637c64ce894333a
[INFO] [stdout]                                at /rustc/82e1608dfa6e0b5569232559e3d385fea5a93112/library/std/src/../../backtrace/src/backtrace/libunwind.rs:104:5
[INFO] [stdout]    1:     0x55cdc2c1693c - std::backtrace_rs::backtrace::trace_unsynchronized::h47f62dea28e0c88d
[INFO] [stdout]                                at /rustc/82e1608dfa6e0b5569232559e3d385fea5a93112/library/std/src/../../backtrace/src/backtrace/mod.rs:66:5
[INFO] [stdout]    2:     0x55cdc2c1693c - std::sys_common::backtrace::_print_fmt::h9eef0abe20ede486
[INFO] [stdout]                                at /rustc/82e1608dfa6e0b5569232559e3d385fea5a93112/library/std/src/sys_common/backtrace.rs:67:5
[INFO] [stdout]    3:     0x55cdc2c1693c - <std::sys_common::backtrace::_print::DisplayBacktrace as core::fmt::Display>::fmt::hed7f999df88cc644
[INFO] [stdout]                                at /rustc/82e1608dfa6e0b5569232559e3d385fea5a93112/library/std/src/sys_common/backtrace.rs:44:22
[INFO] [stdout]    4:     0x55cdc2c458a0 - core::fmt::rt::Argument::fmt::h1539a9308b8d058d
[INFO] [stdout]                                at /rustc/82e1608dfa6e0b5569232559e3d385fea5a93112/library/core/src/fmt/rt.rs:142:9
[INFO] [stdout]    5:     0x55cdc2c458a0 - core::fmt::write::h3a39390d8560d9c9
[INFO] [stdout]                                at /rustc/82e1608dfa6e0b5569232559e3d385fea5a93112/library/core/src/fmt/mod.rs:1120:17
[INFO] [stdout]    6:     0x55cdc2c13eff - std::io::Write::write_fmt::h040b369f3a0f9cbc
[INFO] [stdout]                                at /rustc/82e1608dfa6e0b5569232559e3d385fea5a93112/library/std/src/io/mod.rs:1762:15
[INFO] [stdout]    7:     0x55cdc2c16724 - std::sys_common::backtrace::_print::h894006fb5c6f3d45
[INFO] [stdout]                                at /rustc/82e1608dfa6e0b5569232559e3d385fea5a93112/library/std/src/sys_common/backtrace.rs:47:5
[INFO] [stdout]    8:     0x55cdc2c16724 - std::sys_common::backtrace::print::h23a2d212c6fff936
[INFO] [stdout]                                at /rustc/82e1608dfa6e0b5569232559e3d385fea5a93112/library/std/src/sys_common/backtrace.rs:34:9
[INFO] [stdout]    9:     0x55cdc2c183e7 - std::panicking::default_hook::{{closure}}::h8a1d2ee00185001a
[INFO] [stdout]   10:     0x55cdc2c180d3 - std::panicking::default_hook::h6038f2eba384e475
[INFO] [stdout]                                at /rustc/82e1608dfa6e0b5569232559e3d385fea5a93112/library/std/src/panicking.rs:289:9
[INFO] [stdout]   11:     0x55cdc2aa0787 - <alloc::boxed::Box<F,A> as core::ops::function::Fn<Args>>::call::h0ad024c9bdc6d768
[INFO] [stdout]                                at /rustc/82e1608dfa6e0b5569232559e3d385fea5a93112/library/alloc/src/boxed.rs:2021:9
[INFO] [stdout]   12:     0x55cdc2aa0787 - test::test_main::{{closure}}::h7500b54257359db6
[INFO] [stdout]                                at /rustc/82e1608dfa6e0b5569232559e3d385fea5a93112/library/test/src/lib.rs:138:21
[INFO] [stdout]   13:     0x55cdc2c189f8 - <alloc::boxed::Box<F,A> as core::ops::function::Fn<Args>>::call::h1f8f335eaa9cfaee
[INFO] [stdout]                                at /rustc/82e1608dfa6e0b5569232559e3d385fea5a93112/library/alloc/src/boxed.rs:2021:9
[INFO] [stdout]   14:     0x55cdc2c189f8 - std::panicking::rust_panic_with_hook::h2b5517d590cab22e
[INFO] [stdout]                                at /rustc/82e1608dfa6e0b5569232559e3d385fea5a93112/library/std/src/panicking.rs:783:13
[INFO] [stdout]   15:     0x55cdc2c1874e - std::panicking::begin_panic_handler::{{closure}}::h233112c06e0ef43e
[INFO] [stdout]                                at /rustc/82e1608dfa6e0b5569232559e3d385fea5a93112/library/std/src/panicking.rs:657:13
[INFO] [stdout]   16:     0x55cdc2c16e06 - std::sys_common::backtrace::__rust_end_short_backtrace::h6e893f24d7ebbff8
[INFO] [stdout]                                at /rustc/82e1608dfa6e0b5569232559e3d385fea5a93112/library/std/src/sys_common/backtrace.rs:170:18
[INFO] [stdout]   17:     0x55cdc2c184b2 - rust_begin_unwind
[INFO] [stdout]                                at /rustc/82e1608dfa6e0b5569232559e3d385fea5a93112/library/std/src/panicking.rs:645:5
[INFO] [stdout]   18:     0x55cdc29cb775 - core::panicking::panic_fmt::hbf0e066aabfa482c
[INFO] [stdout]                                at /rustc/82e1608dfa6e0b5569232559e3d385fea5a93112/library/core/src/panicking.rs:72:14
[INFO] [stdout]   19:     0x55cdc29cbbcb - core::panicking::assert_failed_inner::h0bba8b7c26ee4492
[INFO] [stdout]   20:     0x55cdc2a06312 - core::panicking::assert_failed::he971426060e54f88
[INFO] [stdout]                                at /rustc/82e1608dfa6e0b5569232559e3d385fea5a93112/library/core/src/panicking.rs:279:5
[INFO] [stdout]   21:     0x55cdc2a315a6 - flowgger::flowgger::encoder::ltsv_encoder::test_ltsv_full_encode_multiple_sd::h6e1de7c39390b698
[INFO] [stdout]                                at /opt/rustwide/workdir/src/flowgger/encoder/ltsv_encoder.rs:196:5
[INFO] [stdout]   22:     0x55cdc2a30757 - flowgger::flowgger::encoder::ltsv_encoder::test_ltsv_full_encode_multiple_sd::{{closure}}::hd159cb968f9dfc5e
[INFO] [stdout]                                at /opt/rustwide/workdir/src/flowgger/encoder/ltsv_encoder.rs:160:39
[INFO] [stdout]   23:     0x55cdc2a205f6 - core::ops::function::FnOnce::call_once::h9f1dca3d6723a2a6
[INFO] [stdout]                                at /rustc/82e1608dfa6e0b5569232559e3d385fea5a93112/library/core/src/ops/function.rs:250:5
[INFO] [stdout]   24:     0x55cdc2aa5ddf - core::ops::function::FnOnce::call_once::h2b5d431d5046312d
[INFO] [stdout]                                at /rustc/82e1608dfa6e0b5569232559e3d385fea5a93112/library/core/src/ops/function.rs:250:5
[INFO] [stdout]   25:     0x55cdc2aa5ddf - test::__rust_begin_short_backtrace::h7714669af176e207
[INFO] [stdout]                                at /rustc/82e1608dfa6e0b5569232559e3d385fea5a93112/library/test/src/lib.rs:628:18
[INFO] [stdout]   26:     0x55cdc2aa4df5 - test::run_test_in_process::{{closure}}::h85218797dcbcec12
[INFO] [stdout]                                at /rustc/82e1608dfa6e0b5569232559e3d385fea5a93112/library/test/src/lib.rs:651:60
[INFO] [stdout]   27:     0x55cdc2aa4df5 - <core::panic::unwind_safe::AssertUnwindSafe<F> as core::ops::function::FnOnce<()>>::call_once::h76c106ea31c14d7b
[INFO] [stdout]                                at /rustc/82e1608dfa6e0b5569232559e3d385fea5a93112/library/core/src/panic/unwind_safe.rs:272:9
[INFO] [stdout]   28:     0x55cdc2aa4df5 - std::panicking::try::do_call::h3bd5d0f6620ee946
[INFO] [stdout]                                at /rustc/82e1608dfa6e0b5569232559e3d385fea5a93112/library/std/src/panicking.rs:552:40
[INFO] [stdout]   29:     0x55cdc2aa4df5 - std::panicking::try::h232e535e4744fe31
[INFO] [stdout]                                at /rustc/82e1608dfa6e0b5569232559e3d385fea5a93112/library/std/src/panicking.rs:516:19
[INFO] [stdout]   30:     0x55cdc2aa4df5 - std::panic::catch_unwind::h3ce3bd6ca8dbac68
[INFO] [stdout]                                at /rustc/82e1608dfa6e0b5569232559e3d385fea5a93112/library/std/src/panic.rs:142:14
[INFO] [stdout]   31:     0x55cdc2aa4df5 - test::run_test_in_process::hc97b257c9621286a
[INFO] [stdout]                                at /rustc/82e1608dfa6e0b5569232559e3d385fea5a93112/library/test/src/lib.rs:651:27
[INFO] [stdout]   32:     0x55cdc2aa4df5 - test::run_test::{{closure}}::h2aa798823a438d38
[INFO] [stdout]                                at /rustc/82e1608dfa6e0b5569232559e3d385fea5a93112/library/test/src/lib.rs:574:43
[INFO] [stdout]   33:     0x55cdc2a6d0b6 - test::run_test::{{closure}}::h87d231c78fb59832
[INFO] [stdout]                                at /rustc/82e1608dfa6e0b5569232559e3d385fea5a93112/library/test/src/lib.rs:602:41
[INFO] [stdout]   34:     0x55cdc2a6d0b6 - std::sys_common::backtrace::__rust_begin_short_backtrace::he6df152596625789
[INFO] [stdout]                                at /rustc/82e1608dfa6e0b5569232559e3d385fea5a93112/library/std/src/sys_common/backtrace.rs:154:18
[INFO] [stdout]   35:     0x55cdc2a72167 - std::thread::Builder::spawn_unchecked_::{{closure}}::{{closure}}::ha94be15d1e0acf36
[INFO] [stdout]                                at /rustc/82e1608dfa6e0b5569232559e3d385fea5a93112/library/std/src/thread/mod.rs:529:17
[INFO] [stdout]   36:     0x55cdc2a72167 - <core::panic::unwind_safe::AssertUnwindSafe<F> as core::ops::function::FnOnce<()>>::call_once::h9dc6bd6372f16606
[INFO] [stdout]                                at /rustc/82e1608dfa6e0b5569232559e3d385fea5a93112/library/core/src/panic/unwind_safe.rs:272:9
[INFO] [stdout]   37:     0x55cdc2a72167 - std::panicking::try::do_call::h9057517f80303cd4
[INFO] [stdout]                                at /rustc/82e1608dfa6e0b5569232559e3d385fea5a93112/library/std/src/panicking.rs:552:40
[INFO] [stdout]   38:     0x55cdc2a72167 - std::panicking::try::he3a30b11ee45340c
[INFO] [stdout]                                at /rustc/82e1608dfa6e0b5569232559e3d385fea5a93112/library/std/src/panicking.rs:516:19
[INFO] [stdout]   39:     0x55cdc2a72167 - std::panic::catch_unwind::h410458cfd3528b8b
[INFO] [stdout]                                at /rustc/82e1608dfa6e0b5569232559e3d385fea5a93112/library/std/src/panic.rs:142:14
[INFO] [stdout]   40:     0x55cdc2a72167 - std::thread::Builder::spawn_unchecked_::{{closure}}::h72ac3bdb567b737b
[INFO] [stdout]                                at /rustc/82e1608dfa6e0b5569232559e3d385fea5a93112/library/std/src/thread/mod.rs:528:30
[INFO] [stdout]   41:     0x55cdc2a72167 - core::ops::function::FnOnce::call_once{{vtable.shim}}::h38f34da3654a8344
[INFO] [stdout]                                at /rustc/82e1608dfa6e0b5569232559e3d385fea5a93112/library/core/src/ops/function.rs:250:5
[INFO] [stdout]   42:     0x55cdc2c1e005 - <alloc::boxed::Box<F,A> as core::ops::function::FnOnce<Args>>::call_once::hc7eafaff61e32df9
[INFO] [stdout]                                at /rustc/82e1608dfa6e0b5569232559e3d385fea5a93112/library/alloc/src/boxed.rs:2007:9
[INFO] [stdout]   43:     0x55cdc2c1e005 - <alloc::boxed::Box<F,A> as core::ops::function::FnOnce<Args>>::call_once::h6ba4a5de48dd2304
[INFO] [stdout]                                at /rustc/82e1608dfa6e0b5569232559e3d385fea5a93112/library/alloc/src/boxed.rs:2007:9
[INFO] [stdout]   44:     0x55cdc2c1e005 - std::sys::unix::thread::Thread::new::thread_start::he469335aef763e45
[INFO] [stdout]                                at /rustc/82e1608dfa6e0b5569232559e3d385fea5a93112/library/std/src/sys/unix/thread.rs:108:17
[INFO] [stdout]   45:     0x7f4bc8033ac3 - <unknown>
[INFO] [stdout]   46:     0x7f4bc80c4bf4 - __clone
[INFO] [stdout]   47:                0x0 - <unknown>
[INFO] [stdout] 
[INFO] [stdout] 
[INFO] [stdout] failures:
[INFO] [stdout]     flowgger::encoder::ltsv_encoder::test_ltsv_full_encode_multiple_sd
[INFO] [stdout]     flowgger::encoder::ltsv_encoder::test_ltsv_full_encode_no_sd
[INFO] [stdout] 
[INFO] [stdout] test result: FAILED. 87 passed; 2 failed; 0 ignored; 0 measured; 0 filtered out; finished in 0.61s
[INFO] [stdout] 
[INFO] [stderr] error: test failed, to rerun pass `--lib`
[INFO] running `Command { std: "docker" "inspect" "59e985fce6bbb5d2f4327a14967ef0e0a2dfb70f780f94cd70b67b8df1c87108", kill_on_drop: false }`
[INFO] running `Command { std: "docker" "rm" "-f" "59e985fce6bbb5d2f4327a14967ef0e0a2dfb70f780f94cd70b67b8df1c87108", kill_on_drop: false }`
[INFO] [stdout] 59e985fce6bbb5d2f4327a14967ef0e0a2dfb70f780f94cd70b67b8df1c87108
[INFO] testing jedisct1/flowgger against beta-2023-12-22 for beta-1.76-1
[INFO] running `Command { std: "git" "clone" "/workspace/cache/git-repos/https%3A%2F%2Fgithub.com%2Fjedisct1%2Fflowgger" "/workspace/builds/worker-5-tc2/source", kill_on_drop: false }`
[INFO] [stderr] Cloning into '/workspace/builds/worker-5-tc2/source'...
[INFO] [stderr] done.
[INFO] validating manifest of git repo https://github.com/jedisct1/flowgger on toolchain beta-2023-12-22
[INFO] running `Command { std: CARGO_HOME="/workspace/cargo-home" RUSTUP_HOME="/workspace/rustup-home" "/workspace/cargo-home/bin/cargo" "+beta-2023-12-22" "metadata" "--manifest-path" "Cargo.toml" "--no-deps", kill_on_drop: false }`
[INFO] started tweaking git repo https://github.com/jedisct1/flowgger
[INFO] finished tweaking git repo https://github.com/jedisct1/flowgger
[INFO] tweaked toml for git repo https://github.com/jedisct1/flowgger written to /workspace/builds/worker-5-tc2/source/Cargo.toml
[INFO] running `Command { std: CARGO_HOME="/workspace/cargo-home" RUSTUP_HOME="/workspace/rustup-home" "/workspace/cargo-home/bin/cargo" "+beta-2023-12-22" "generate-lockfile" "--manifest-path" "Cargo.toml", kill_on_drop: false }`
[INFO] [stderr]     Updating crates.io index
[INFO] running `Command { std: CARGO_HOME="/workspace/cargo-home" RUSTUP_HOME="/workspace/rustup-home" "/workspace/cargo-home/bin/cargo" "+beta-2023-12-22" "fetch" "--manifest-path" "Cargo.toml", kill_on_drop: false }`
[INFO] running `Command { std: "docker" "create" "-v" "/var/lib/crater-agent-workspace/builds/worker-5-tc2/target:/opt/rustwide/target:rw,Z" "-v" "/var/lib/crater-agent-workspace/builds/worker-5-tc2/source:/opt/rustwide/workdir:ro,Z" "-v" "/var/lib/crater-agent-workspace/cargo-home:/opt/rustwide/cargo-home:ro,Z" "-v" "/var/lib/crater-agent-workspace/rustup-home:/opt/rustwide/rustup-home:ro,Z" "-e" "SOURCE_DIR=/opt/rustwide/workdir" "-e" "CARGO_TARGET_DIR=/opt/rustwide/target" "-e" "CARGO_HOME=/opt/rustwide/cargo-home" "-e" "RUSTUP_HOME=/opt/rustwide/rustup-home" "-w" "/opt/rustwide/workdir" "-m" "1610612736" "--user" "0:0" "--network" "none" "ghcr.io/rust-lang/crates-build-env/linux@sha256:2788e3201cd34a07e3172128adcd8b3090168a8e3bcc40d7c032b9dda1df7d1c" "/opt/rustwide/cargo-home/bin/cargo" "+beta-2023-12-22" "metadata" "--no-deps" "--format-version=1", kill_on_drop: false }`
[INFO] [stdout] 3cbc63ac4946ed8e380619aca3f886679d3f9f52c9aaf3aa2fbb352968a54e61
[INFO] running `Command { std: "docker" "start" "-a" "3cbc63ac4946ed8e380619aca3f886679d3f9f52c9aaf3aa2fbb352968a54e61", kill_on_drop: false }`
[INFO] running `Command { std: "docker" "inspect" "3cbc63ac4946ed8e380619aca3f886679d3f9f52c9aaf3aa2fbb352968a54e61", kill_on_drop: false }`
[INFO] running `Command { std: "docker" "rm" "-f" "3cbc63ac4946ed8e380619aca3f886679d3f9f52c9aaf3aa2fbb352968a54e61", kill_on_drop: false }`
[INFO] [stdout] 3cbc63ac4946ed8e380619aca3f886679d3f9f52c9aaf3aa2fbb352968a54e61
[INFO] running `Command { std: "docker" "create" "-v" "/var/lib/crater-agent-workspace/builds/worker-5-tc2/target:/opt/rustwide/target:rw,Z" "-v" "/var/lib/crater-agent-workspace/builds/worker-5-tc2/source:/opt/rustwide/workdir:ro,Z" "-v" "/var/lib/crater-agent-workspace/cargo-home:/opt/rustwide/cargo-home:ro,Z" "-v" "/var/lib/crater-agent-workspace/rustup-home:/opt/rustwide/rustup-home:ro,Z" "-e" "SOURCE_DIR=/opt/rustwide/workdir" "-e" "CARGO_TARGET_DIR=/opt/rustwide/target" "-e" "CARGO_INCREMENTAL=0" "-e" "RUST_BACKTRACE=full" "-e" "RUSTFLAGS=--cap-lints=warn" "-e" "RUSTDOCFLAGS=--cap-lints=warn" "-e" "CARGO_HOME=/opt/rustwide/cargo-home" "-e" "RUSTUP_HOME=/opt/rustwide/rustup-home" "-w" "/opt/rustwide/workdir" "-m" "1610612736" "--user" "0:0" "--network" "none" "ghcr.io/rust-lang/crates-build-env/linux@sha256:2788e3201cd34a07e3172128adcd8b3090168a8e3bcc40d7c032b9dda1df7d1c" "/opt/rustwide/cargo-home/bin/cargo" "+beta-2023-12-22" "build" "--frozen" "--message-format=json", kill_on_drop: false }`
[INFO] [stdout] 68d9142621b37f59eb294683c02d6fcf1ca71170dc38f7040515b417f9831e6d
[INFO] running `Command { std: "docker" "start" "-a" "68d9142621b37f59eb294683c02d6fcf1ca71170dc38f7040515b417f9831e6d", kill_on_drop: false }`
[INFO] [stderr]    Compiling libc v0.2.151
[INFO] [stderr]    Compiling cfg-if v1.0.0
[INFO] [stderr]    Compiling proc-macro2 v1.0.76
[INFO] [stderr]    Compiling unicode-ident v1.0.12
[INFO] [stderr]    Compiling autocfg v1.1.0
[INFO] [stderr]    Compiling ppv-lite86 v0.2.17
[INFO] [stderr]    Compiling log v0.4.20
[INFO] [stderr]    Compiling serde v1.0.195
[INFO] [stderr]    Compiling siphasher v0.3.11
[INFO] [stderr]    Compiling memchr v2.7.1
[INFO] [stderr]    Compiling phf_shared v0.10.0
[INFO] [stderr]    Compiling vcpkg v0.2.15
[INFO] [stderr]    Compiling regex-syntax v0.8.2
[INFO] [stderr]    Compiling pkg-config v0.3.28
[INFO] [stderr]    Compiling thiserror v1.0.56
[INFO] [stderr]    Compiling slab v0.4.9
[INFO] [stderr]    Compiling adler v1.0.2
[INFO] [stderr]    Compiling tinyvec_macros v0.1.1
[INFO] [stderr]    Compiling quote v1.0.35
[INFO] [stderr]    Compiling tinyvec v1.6.0
[INFO] [stderr]    Compiling syn v2.0.48
[INFO] [stderr]    Compiling miniz_oxide v0.7.1
[INFO] [stderr]    Compiling cc v1.0.83
[INFO] [stderr]    Compiling getrandom v0.2.11
[INFO] [stderr]    Compiling num-traits v0.2.17
[INFO] [stderr]    Compiling gimli v0.28.1
[INFO] [stderr]    Compiling rand_core v0.6.4
[INFO] [stderr]    Compiling cfg-if v0.1.10
[INFO] [stderr]    Compiling build_const v0.2.2
[INFO] [stderr]    Compiling rand_chacha v0.3.1
[INFO] [stderr]    Compiling xml-rs v0.8.19
[INFO] [stderr]    Compiling rand v0.8.5
[INFO] [stderr]    Compiling regex-automata v0.4.3
[INFO] [stderr]    Compiling unicode-normalization v0.1.22
[INFO] [stderr]    Compiling openssl-sys v0.9.98
[INFO] [stderr]    Compiling miniz-sys v0.1.12
[INFO] [stderr]    Compiling backtrace v0.3.69
[INFO] [stderr]    Compiling phf_generator v0.10.0
[INFO] [stderr]    Compiling crc v1.8.1
[INFO] [stderr]    Compiling phf_codegen v0.10.0
[INFO] [stderr]    Compiling net2 v0.2.39
[INFO] [stderr]    Compiling iovec v0.1.4
[INFO] [stderr]    Compiling object v0.32.2
[INFO] [stderr]    Compiling indexmap v1.9.3
[INFO] [stderr]    Compiling unicode-bidi v0.3.14
[INFO] [stderr]    Compiling addr2line v0.21.0
[INFO] [stderr]    Compiling time-core v0.1.2
[INFO] [stderr]    Compiling foreign-types-shared v0.1.1
[INFO] [stderr]    Compiling percent-encoding v2.3.1
[INFO] [stderr]    Compiling crc32fast v1.3.2
[INFO] [stderr]    Compiling rustc-demangle v0.1.23
[INFO] [stderr]    Compiling async-trait v0.1.77
[INFO] [stderr]    Compiling regex v1.10.2
[INFO] [stderr]    Compiling bitflags v1.3.2
[INFO] [stderr]    Compiling itoa v1.0.10
[INFO] [stderr]    Compiling powerfmt v0.2.0
[INFO] [stderr]    Compiling capnp v0.10.3
[INFO] [stderr]    Compiling openssl v0.10.62
[INFO] [stderr]    Compiling deranged v0.3.11
[INFO] [stderr]    Compiling parse-zoneinfo v0.3.0
[INFO] [stderr]    Compiling idna v0.5.0
[INFO] [stderr]    Compiling form_urlencoded v1.2.1
[INFO] [stderr]    Compiling time-macros v0.2.16
[INFO] [stderr]    Compiling capnpc v0.10.2
[INFO] [stderr]    Compiling foreign-types v0.3.2
[INFO] [stderr]    Compiling mio v0.6.23
[INFO] [stderr]    Compiling inotify-sys v0.1.5
[INFO] [stderr]    Compiling os_str_bytes v6.6.1
[INFO] [stderr]    Compiling lazy_static v1.4.0
[INFO] [stderr]    Compiling once_cell v1.19.0
[INFO] [stderr]    Compiling byteorder v1.5.0
[INFO] [stderr]    Compiling static_assertions v1.1.0
[INFO] [stderr]    Compiling hashbrown v0.12.3
[INFO] [stderr]    Compiling bitflags v2.4.1
[INFO] [stderr]    Compiling serde_derive v1.0.195
[INFO] [stderr]    Compiling thiserror-impl v1.0.56
[INFO] [stderr]    Compiling openssl-macros v0.1.1
[INFO] [stderr]    Compiling bytes v1.5.0
[INFO] [stderr]    Compiling lazycell v1.3.0
[INFO] [stderr]    Compiling same-file v1.0.6
[INFO] [stderr]    Compiling sha1_smol v1.0.0
[INFO] [stderr]    Compiling sha1 v0.6.1
[INFO] [stderr]    Compiling walkdir v2.4.0
[INFO] [stderr]    Compiling combine v4.6.6
[INFO] [stderr]    Compiling flowgger v0.3.1 (/opt/rustwide/workdir)
[INFO] [stderr]    Compiling error-chain v0.10.0
[INFO] [stderr]    Compiling mio-extras v2.0.6
[INFO] [stderr]    Compiling time v0.3.31
[INFO] [stderr]    Compiling snap v0.2.5
[INFO] [stderr]    Compiling twox-hash v1.6.3
[INFO] [stderr]    Compiling num-traits v0.1.43
[INFO] [stderr]    Compiling clap_lex v0.2.4
[INFO] [stderr]    Compiling inotify v0.7.1
[INFO] [stderr]    Compiling flate2 v0.2.20
[INFO] [stderr]    Compiling url v2.5.0
[INFO] [stderr]    Compiling filetime v0.2.23
[INFO] [stderr]    Compiling atty v0.2.14
[INFO] [stderr]    Compiling phf v0.10.1
[INFO] [stderr]    Compiling log v0.3.9
[INFO] [stderr]    Compiling termcolor v1.4.0
[INFO] [stderr]    Compiling ref_slice v1.2.1
[INFO] [stderr]    Compiling strsim v0.10.0
[INFO] [stderr]    Compiling serde v0.8.23
[INFO] [stderr]    Compiling itoa v0.1.1
[INFO] [stderr]    Compiling dtoa v0.2.2
[INFO] [stderr]    Compiling byteorder v0.5.3
[INFO] [stderr]    Compiling fnv v1.0.7
[INFO] [stderr]    Compiling ryu v1.0.16
[INFO] [stderr]    Compiling textwrap v0.16.0
[INFO] [stderr]    Compiling notify v4.0.17
[INFO] [stderr]    Compiling flate2 v1.0.28
[INFO] [stderr]    Compiling kafka v0.8.0
[INFO] [stderr]    Compiling clap v3.2.25
[INFO] [stderr]    Compiling serde_json v0.8.6
[INFO] [stderr]    Compiling capnp v0.14.11
[INFO] [stderr]    Compiling glob v0.3.1
[INFO] [stderr]    Compiling redis v0.21.7
[INFO] [stderr]    Compiling serde-xml-rs v0.5.1
[INFO] [stderr]    Compiling toml v0.5.11
[INFO] [stderr]    Compiling time-tz v0.3.1
[INFO] [stdout] warning: field `threads` is never read
[INFO] [stdout]   --> src/flowgger/input/tcp/mod.rs:18:5
[INFO] [stdout]    |
[INFO] [stdout] 16 | pub struct TcpConfig {
[INFO] [stdout]    |            --------- field in this struct
[INFO] [stdout] 17 |     framing: String,
[INFO] [stdout] 18 |     threads: usize,
[INFO] [stdout]    |     ^^^^^^^
[INFO] [stdout]    |
[INFO] [stdout]    = note: `TcpConfig` has a derived impl for the trait `Clone`, but this is intentionally ignored during dead code analysis
[INFO] [stdout]    = note: `#[warn(dead_code)]` on by default
[INFO] [stdout] 
[INFO] [stdout] 
[INFO] [stdout] warning: field `threads` is never read
[INFO] [stdout]   --> src/flowgger/input/tls/mod.rs:37:5
[INFO] [stdout]    |
[INFO] [stdout] 35 | pub struct TlsConfig {
[INFO] [stdout]    |            --------- field in this struct
[INFO] [stdout] 36 |     framing: String,
[INFO] [stdout] 37 |     threads: usize,
[INFO] [stdout]    |     ^^^^^^^
[INFO] [stdout]    |
[INFO] [stdout]    = note: `TlsConfig` has a derived impl for the trait `Clone`, but this is intentionally ignored during dead code analysis
[INFO] [stdout] 
[INFO] [stdout] 
[INFO] [stdout] warning: field `timeout` is never read
[INFO] [stdout]   --> src/flowgger/output/tls_output.rs:52:5
[INFO] [stdout]    |
[INFO] [stdout] 51 | struct TlsConfig {
[INFO] [stdout]    |        --------- field in this struct
[INFO] [stdout] 52 |     timeout: Option<Duration>,
[INFO] [stdout]    |     ^^^^^^^
[INFO] [stdout]    |
[INFO] [stdout]    = note: `TlsConfig` has a derived impl for the trait `Clone`, but this is intentionally ignored during dead code analysis
[INFO] [stdout] 
[INFO] [stdout] 
[INFO] [stdout] warning: 3 warnings emitted
[INFO] [stdout] 
[INFO] [stdout] 
[INFO] [stderr]     Finished dev [unoptimized + debuginfo] target(s) in 17.58s
[INFO] [stderr] warning: the following packages contain code that will be rejected by a future version of Rust: snap v0.2.5
[INFO] [stderr] note: to see what the problems were, use the option `--future-incompat-report`, or run `cargo report future-incompatibilities --id 1`
[INFO] running `Command { std: "docker" "inspect" "68d9142621b37f59eb294683c02d6fcf1ca71170dc38f7040515b417f9831e6d", kill_on_drop: false }`
[INFO] running `Command { std: "docker" "rm" "-f" "68d9142621b37f59eb294683c02d6fcf1ca71170dc38f7040515b417f9831e6d", kill_on_drop: false }`
[INFO] [stdout] 68d9142621b37f59eb294683c02d6fcf1ca71170dc38f7040515b417f9831e6d
[INFO] running `Command { std: "docker" "create" "-v" "/var/lib/crater-agent-workspace/builds/worker-5-tc2/target:/opt/rustwide/target:rw,Z" "-v" "/var/lib/crater-agent-workspace/builds/worker-5-tc2/source:/opt/rustwide/workdir:ro,Z" "-v" "/var/lib/crater-agent-workspace/cargo-home:/opt/rustwide/cargo-home:ro,Z" "-v" "/var/lib/crater-agent-workspace/rustup-home:/opt/rustwide/rustup-home:ro,Z" "-e" "SOURCE_DIR=/opt/rustwide/workdir" "-e" "CARGO_TARGET_DIR=/opt/rustwide/target" "-e" "CARGO_INCREMENTAL=0" "-e" "RUST_BACKTRACE=full" "-e" "RUSTFLAGS=--cap-lints=warn" "-e" "RUSTDOCFLAGS=--cap-lints=warn" "-e" "CARGO_HOME=/opt/rustwide/cargo-home" "-e" "RUSTUP_HOME=/opt/rustwide/rustup-home" "-w" "/opt/rustwide/workdir" "-m" "1610612736" "--user" "0:0" "--network" "none" "ghcr.io/rust-lang/crates-build-env/linux@sha256:2788e3201cd34a07e3172128adcd8b3090168a8e3bcc40d7c032b9dda1df7d1c" "/opt/rustwide/cargo-home/bin/cargo" "+beta-2023-12-22" "test" "--frozen" "--no-run" "--message-format=json", kill_on_drop: false }`
[INFO] [stdout] 360b07782999937409619893ebd98085506760d5d8070f20422de360c5705c89
[INFO] running `Command { std: "docker" "start" "-a" "360b07782999937409619893ebd98085506760d5d8070f20422de360c5705c89", kill_on_drop: false }`
[INFO] [stderr]    Compiling rand v0.4.6
[INFO] [stderr]    Compiling remove_dir_all v0.5.3
[INFO] [stdout] warning: field `threads` is never read
[INFO] [stdout]   --> src/flowgger/input/tcp/mod.rs:18:5
[INFO] [stdout]    |
[INFO] [stdout] 16 | pub struct TcpConfig {
[INFO] [stdout]    |            --------- field in this struct
[INFO] [stdout] 17 |     framing: String,
[INFO] [stdout] 18 |     threads: usize,
[INFO] [stdout]    |     ^^^^^^^
[INFO] [stdout]    |
[INFO] [stdout]    = note: `TcpConfig` has a derived impl for the trait `Clone`, but this is intentionally ignored during dead code analysis
[INFO] [stdout]    = note: `#[warn(dead_code)]` on by default
[INFO] [stdout] 
[INFO] [stdout] 
[INFO] [stdout] warning: field `threads` is never read
[INFO] [stdout]   --> src/flowgger/input/tls/mod.rs:37:5
[INFO] [stdout]    |
[INFO] [stdout] 35 | pub struct TlsConfig {
[INFO] [stdout]    |            --------- field in this struct
[INFO] [stdout] 36 |     framing: String,
[INFO] [stdout] 37 |     threads: usize,
[INFO] [stdout]    |     ^^^^^^^
[INFO] [stdout]    |
[INFO] [stdout]    = note: `TlsConfig` has a derived impl for the trait `Clone`, but this is intentionally ignored during dead code analysis
[INFO] [stdout] 
[INFO] [stdout] 
[INFO] [stdout] warning: field `timeout` is never read
[INFO] [stdout]   --> src/flowgger/output/tls_output.rs:52:5
[INFO] [stdout]    |
[INFO] [stdout] 51 | struct TlsConfig {
[INFO] [stdout]    |        --------- field in this struct
[INFO] [stdout] 52 |     timeout: Option<Duration>,
[INFO] [stdout]    |     ^^^^^^^
[INFO] [stdout]    |
[INFO] [stdout]    = note: `TlsConfig` has a derived impl for the trait `Clone`, but this is intentionally ignored during dead code analysis
[INFO] [stdout] 
[INFO] [stdout] 
[INFO] [stdout] warning: 3 warnings emitted
[INFO] [stdout] 
[INFO] [stdout] 
[INFO] [stderr]    Compiling tempdir v0.3.7
[INFO] [stderr]    Compiling flowgger v0.3.1 (/opt/rustwide/workdir)
[INFO] [stdout] warning: field `threads` is never read
[INFO] [stdout]   --> src/flowgger/input/tcp/mod.rs:18:5
[INFO] [stdout]    |
[INFO] [stdout] 16 | pub struct TcpConfig {
[INFO] [stdout]    |            --------- field in this struct
[INFO] [stdout] 17 |     framing: String,
[INFO] [stdout] 18 |     threads: usize,
[INFO] [stdout]    |     ^^^^^^^
[INFO] [stdout]    |
[INFO] [stdout]    = note: `TcpConfig` has a derived impl for the trait `Clone`, but this is intentionally ignored during dead code analysis
[INFO] [stdout]    = note: `#[warn(dead_code)]` on by default
[INFO] [stdout] 
[INFO] [stdout] 
[INFO] [stdout] warning: field `threads` is never read
[INFO] [stdout]   --> src/flowgger/input/tls/mod.rs:37:5
[INFO] [stdout]    |
[INFO] [stdout] 35 | pub struct TlsConfig {
[INFO] [stdout]    |            --------- field in this struct
[INFO] [stdout] 36 |     framing: String,
[INFO] [stdout] 37 |     threads: usize,
[INFO] [stdout]    |     ^^^^^^^
[INFO] [stdout]    |
[INFO] [stdout]    = note: `TlsConfig` has a derived impl for the trait `Clone`, but this is intentionally ignored during dead code analysis
[INFO] [stdout] 
[INFO] [stdout] 
[INFO] [stdout] warning: field `timeout` is never read
[INFO] [stdout]   --> src/flowgger/output/tls_output.rs:52:5
[INFO] [stdout]    |
[INFO] [stdout] 51 | struct TlsConfig {
[INFO] [stdout]    |        --------- field in this struct
[INFO] [stdout] 52 |     timeout: Option<Duration>,
[INFO] [stdout]    |     ^^^^^^^
[INFO] [stdout]    |
[INFO] [stdout]    = note: `TlsConfig` has a derived impl for the trait `Clone`, but this is intentionally ignored during dead code analysis
[INFO] [stdout] 
[INFO] [stdout] 
[INFO] [stdout] warning: 3 warnings emitted
[INFO] [stdout] 
[INFO] [stdout] 
[INFO] [stderr]     Finished test [unoptimized + debuginfo] target(s) in 2.52s
[INFO] [stderr] warning: the following packages contain code that will be rejected by a future version of Rust: snap v0.2.5
[INFO] [stderr] note: to see what the problems were, use the option `--future-incompat-report`, or run `cargo report future-incompatibilities --id 1`
[INFO] running `Command { std: "docker" "inspect" "360b07782999937409619893ebd98085506760d5d8070f20422de360c5705c89", kill_on_drop: false }`
[INFO] running `Command { std: "docker" "rm" "-f" "360b07782999937409619893ebd98085506760d5d8070f20422de360c5705c89", kill_on_drop: false }`
[INFO] [stdout] 360b07782999937409619893ebd98085506760d5d8070f20422de360c5705c89
[INFO] running `Command { std: "docker" "create" "-v" "/var/lib/crater-agent-workspace/builds/worker-5-tc2/target:/opt/rustwide/target:rw,Z" "-v" "/var/lib/crater-agent-workspace/builds/worker-5-tc2/source:/opt/rustwide/workdir:ro,Z" "-v" "/var/lib/crater-agent-workspace/cargo-home:/opt/rustwide/cargo-home:ro,Z" "-v" "/var/lib/crater-agent-workspace/rustup-home:/opt/rustwide/rustup-home:ro,Z" "-e" "SOURCE_DIR=/opt/rustwide/workdir" "-e" "CARGO_TARGET_DIR=/opt/rustwide/target" "-e" "CARGO_INCREMENTAL=0" "-e" "RUST_BACKTRACE=full" "-e" "RUSTFLAGS=--cap-lints=warn" "-e" "RUSTDOCFLAGS=--cap-lints=warn" "-e" "CARGO_HOME=/opt/rustwide/cargo-home" "-e" "RUSTUP_HOME=/opt/rustwide/rustup-home" "-w" "/opt/rustwide/workdir" "-m" "1610612736" "--user" "0:0" "--network" "none" "ghcr.io/rust-lang/crates-build-env/linux@sha256:2788e3201cd34a07e3172128adcd8b3090168a8e3bcc40d7c032b9dda1df7d1c" "/opt/rustwide/cargo-home/bin/cargo" "+beta-2023-12-22" "test" "--frozen", kill_on_drop: false }`
[INFO] [stdout] 6bbf81410a7414eec832bc7c5df4027ff2e1893e59dd8edf18ce0c6233d5b312
[INFO] running `Command { std: "docker" "start" "-a" "6bbf81410a7414eec832bc7c5df4027ff2e1893e59dd8edf18ce0c6233d5b312", kill_on_drop: false }`
[INFO] [stderr] warning: field `threads` is never read
[INFO] [stderr]   --> src/flowgger/input/tcp/mod.rs:18:5
[INFO] [stderr]    |
[INFO] [stderr] 16 | pub struct TcpConfig {
[INFO] [stderr]    |            --------- field in this struct
[INFO] [stderr] 17 |     framing: String,
[INFO] [stderr] 18 |     threads: usize,
[INFO] [stderr]    |     ^^^^^^^
[INFO] [stderr]    |
[INFO] [stderr]    = note: `TcpConfig` has a derived impl for the trait `Clone`, but this is intentionally ignored during dead code analysis
[INFO] [stderr]    = note: `#[warn(dead_code)]` on by default
[INFO] [stderr] 
[INFO] [stderr] warning: field `threads` is never read
[INFO] [stderr]   --> src/flowgger/input/tls/mod.rs:37:5
[INFO] [stderr]    |
[INFO] [stderr] 35 | pub struct TlsConfig {
[INFO] [stderr]    |            --------- field in this struct
[INFO] [stderr] 36 |     framing: String,
[INFO] [stderr] 37 |     threads: usize,
[INFO] [stderr]    |     ^^^^^^^
[INFO] [stderr]    |
[INFO] [stderr]    = note: `TlsConfig` has a derived impl for the trait `Clone`, but this is intentionally ignored during dead code analysis
[INFO] [stderr] 
[INFO] [stderr] warning: field `timeout` is never read
[INFO] [stderr]   --> src/flowgger/output/tls_output.rs:52:5
[INFO] [stderr]    |
[INFO] [stderr] 51 | struct TlsConfig {
[INFO] [stderr]    |        --------- field in this struct
[INFO] [stderr] 52 |     timeout: Option<Duration>,
[INFO] [stderr]    |     ^^^^^^^
[INFO] [stderr]    |
[INFO] [stderr]    = note: `TlsConfig` has a derived impl for the trait `Clone`, but this is intentionally ignored during dead code analysis
[INFO] [stderr] 
[INFO] [stderr] warning: `flowgger` (lib) generated 3 warnings
[INFO] [stderr] warning: `flowgger` (lib test) generated 3 warnings (3 duplicates)
[INFO] [stderr]     Finished test [unoptimized + debuginfo] target(s) in 0.07s
[INFO] [stderr] warning: the following packages contain code that will be rejected by a future version of Rust: snap v0.2.5
[INFO] [stderr] note: to see what the problems were, use the option `--future-incompat-report`, or run `cargo report future-incompatibilities --id 1`
[INFO] [stderr]      Running unittests src/lib.rs (/opt/rustwide/target/debug/deps/flowgger-f877fc5657cb1971)
[INFO] [stdout] 
[INFO] [stdout] running 89 tests
[INFO] [stdout] test flowgger::config::test::test_config_clone ... ok
[INFO] [stdout] test flowgger::config::test::test_config_from_path ... ok
[INFO] [stdout] test flowgger::config::test::test_config_from_string ... ok
[INFO] [stdout] test flowgger::decoder::gelf_decoder::test::test_gelf_decoder ... ok
[INFO] [stdout] test flowgger::config::test::test_config_from_path_no_file - should panic ... ok
[INFO] [stdout] test flowgger::config::test::test_config_from_path_bad_format - should panic ... ok
[INFO] [stdout] test flowgger::decoder::ltsv_decoder::test_ltsv ... ok
[INFO] [stdout] test flowgger::config::test::test_config_from_string_bad - should panic ... ok
[INFO] [stdout] test flowgger::decoder::ltsv_decoder::test_ltsv2 ... ok
[INFO] [stdout] test flowgger::decoder::ltsv_decoder::test_ltsv4 ... ok
[INFO] [stdout] test flowgger::decoder::ltsv_decoder::test_ltsv_3 ... ok
[INFO] [stdout] test flowgger::decoder::ltsv_decoder::test_ltsv_suffixes ... ok
[INFO] [stdout] test flowgger::decoder::gelf_decoder::test::test_gelf_decoder_bad_timestamp - should panic ... ok
[INFO] [stdout] test flowgger::decoder::ltsv_decoder::test_ltsv_suffixes_2 ... ok
[INFO] [stdout] test flowgger::decoder::rfc3164_decoder::test_rfc3164_decode_custom_trimed ... ok
[INFO] [stdout] test flowgger::decoder::gelf_decoder::test::test_gelf_decoder_bad_key - should panic ... ok
[INFO] [stdout] test flowgger::decoder::rfc3164_decoder::test_rfc3164_decode_custom_with_pri ... ok
[INFO] [stdout] test flowgger::decoder::gelf_decoder::test::test_gelf_decoder_invalid_input - should panic ... ok
[INFO] [stderr] Unable to parse the rfc3164 input: 'test message'
[INFO] [stdout] test flowgger::decoder::rfc3164_decoder::test_rfc3164_decode_invalid_event ... ok
[INFO] [stderr] Unable to parse the rfc3164 input: 'Aug  36 11:15:24 testhostname appname 69 42 [origin@123 software="te\st sc\"ript" swVersion="0.0.1"] test message'
[INFO] [stdout] test flowgger::decoder::rfc3164_decoder::test_rfc3164_decode_custom_with_year_notz ... ok
[INFO] [stdout] test flowgger::decoder::rfc3164_decoder::test_rfc3164_decode_custom_with_year ... ok
[INFO] [stdout] test flowgger::decoder::rfc3164_decoder::test_rfc3164_decode_invalid_date ... ok
[INFO] [stdout] test flowgger::decoder::rfc3164_decoder::test_rfc3164_decode_tz_no_year ... ok
[INFO] [stdout] test flowgger::decoder::rfc3164_decoder::test_rfc3164_decode_nopri ... ok
[INFO] [stdout] test flowgger::decoder::gelf_decoder::test::test_gelf_decoder_severity_to_high - should panic ... ok
[INFO] [stdout] test flowgger::decoder::rfc3164_decoder::test_rfc3164_decode_with_pri ... ok
[INFO] [stdout] test flowgger::decoder::gelf_decoder::test::test_gelf_decoder_wrong_version - should panic ... ok
[INFO] [stdout] test flowgger::decoder::rfc5424_decoder::test_rfc5424 ... ok
[INFO] [stdout] test flowgger::decoder::rfc5424_decoder::test_rfc5424_multiple_sd ... ok
[INFO] [stdout] test flowgger::decoder::rfc3164_decoder::test_rfc3164_decode_with_pri_year ... ok
[INFO] [stdout] test flowgger::encoder::capnp_encoder::tests::test_add_extra_fields ... ok
[INFO] [stdout] test flowgger::decoder::rfc3164_decoder::test_rfc3164_decode_with_pri_year_tz ... ok
[INFO] [stdout] test flowgger::encoder::capnp_encoder::tests::test_capnp_encode ... ok
[INFO] [stdout] test flowgger::encoder::capnp_encoder::tests::test_capnp_encode_multiple_sd ... ok
[INFO] [stdout] test flowgger::encoder::gelf_encoder::tests::test_gelf_encode ... ok
[INFO] [stdout] test flowgger::encoder::gelf_encoder::tests::test_gelf_encode_empty_hostname ... ok
[INFO] [stdout] test flowgger::encoder::gelf_encoder::tests::test_gelf_encode_multiple_sd ... ok
[INFO] [stdout] test flowgger::encoder::gelf_encoder::tests::test_gelf_encode_replace_extra ... ok
[INFO] [stderr] WARNING: Wrong syslog_prepend_timestamp value received: [%Y-%m-%dT%H:%MZ].
[INFO] [stderr] From version "0.3.0" forward the time format needs to be compliant with:
[INFO] [stderr] https://docs.rs/time/0.3.7/time/format_description/index.html 
[INFO] [stderr] Will use the default one: [year][month][day]T[hour][minute][second]Z. If you want to use %, you need to escape it (\\%)
[INFO] [stderr] 
[INFO] [stdout] test flowgger::encoder::passthrough_encoder::test_passthrough_encode ... ok
[INFO] [stdout] test flowgger::encoder::passthrough_encoder::test_passthrough_encode_with_prepend ... ok
[INFO] [stdout] test flowgger::encoder::rfc3164_encoder::test_rfc3164_encode ... ok
[INFO] [stdout] test flowgger::encoder::rfc3164_encoder::test_rfc3164_encode_with_prepend ... ok
[INFO] [stdout] test flowgger::encoder::rfc3164_encoder::test_rfc3164_full_encode ... ok
[INFO] [stdout] test flowgger::encoder::rfc3164_encoder::test_rfc3164_full_encode_multiple_sd ... ok
[INFO] [stdout] test flowgger::encoder::capnp_encoder::tests::test_wrong_extra_field_value_type_config - should panic ... ok
[INFO] [stdout] test flowgger::encoder::rfc3164_encoder::test_rfc3164_withpri_encode ... ok
[INFO] [stdout] test flowgger::encoder::rfc5424_encoder::test_rfc5424_encode ... ok
[INFO] [stdout] test flowgger::encoder::gelf_encoder::tests::test_gelf_encoder_config_extra_should_be_section - should panic ... ok
[INFO] [stdout] test flowgger::encoder::rfc5424_encoder::test_rfc5424_full_encode ... ok
[INFO] [stdout] test flowgger::encoder::rfc5424_encoder::test_rfc5424_full_encode_multiple_sd ... ok
[INFO] [stdout] test flowgger::input::file::discovery::test_should_be_watched ... ok
[INFO] [stdout] test flowgger::encoder::ltsv_encoder::test_ltsv_full_encode_no_sd ... FAILED
[INFO] [stdout] test flowgger::encoder::gelf_encoder::tests::test_gelf_encoder_config_extra_bad_type - should panic ... ok
[INFO] [stdout] test flowgger::encoder::ltsv_encoder::test_ltsv_full_encode_multiple_sd ... FAILED
[INFO] [stdout] test flowgger::encoder::passthrough_encoder::test_passthrough_encode_no_msg - should panic ... ok
[INFO] [stdout] test flowgger::input::udp_input::test::test_udp_input_constructor ... ok
[INFO] [stdout] test flowgger::encoder::passthrough_encoder::test_passthrough_encode_invalid_prepend - should panic ... ok
[INFO] [stdout] test flowgger::input::udp_input::test::test_udp_input_constructor_bad_input - should panic ... ok
[INFO] [stdout] test flowgger::encoder::rfc3164_encoder::test_rfc3164_invalid_prepend - should panic ... ok
[INFO] [stdout] test flowgger::input::udp_input::test::test_udp_input_default_constructor ... ok
[INFO] [stdout] test flowgger::output::file_output::tests::test_invalid_file_path - should panic ... ok
[INFO] [stdout] test flowgger::output::file_output::tests::test_invalid_buffer_size - should panic ... ok
[INFO] [stdout] test flowgger::output::file_output::tests::test_invalid_rotation_maxfiles - should panic ... ok
[INFO] [stdout] test flowgger::output::file_output::tests::test_invalid_rotation_size - should panic ... ok
[INFO] [stdout] test flowgger::output::file_output::tests::test_invalid_rotation_time - should panic ... ok
[INFO] [stdout] test flowgger::output::file_output::tests::test_invalid_time_format - should panic ... ok
[INFO] [stdout] test flowgger::output::file_output::tests::test_log_norotate_buf ... ok
[INFO] [stdout] test flowgger::output::file_output::tests::test_log_norotate_nobuf ... ok
[INFO] [stderr] Unable to open file /wrong/path/test_log_rotate_buf: No such file or directory (os error 2)
[INFO] [stderr] File /tmp/test_file_output.NSBa7JSyyo99/test_log_rotate_buf reached size limit 15, rotating
[INFO] [stderr] File /tmp/test_file_output.HW6z8OIPR19j/test_log_rotate_nobuf reached size limit 15, rotating
[INFO] [stdout] test flowgger::output::file_output::tests::test_log_norotate_nofile ... ok
[INFO] [stderr] Unable to open rotating file /wrong/path/test_log_rotate_buf: No such file or directory (os error 2)
[INFO] [stdout] test flowgger::output::file_output::tests::test_log_rotate_buf ... ok
[INFO] [stdout] test flowgger::output::file_output::tests::test_log_rotate_nofile ... ok
[INFO] [stdout] test flowgger::output::file_output::tests::test_log_rotate_nobuf ... ok
[INFO] [stdout] test flowgger::output::file_output::tests::test_log_rotate_time_nobuf ... ok
[INFO] [stdout] test flowgger::record::test_record_display ... ok
[INFO] [stdout] test flowgger::record::test_structured_data_display ... ok
[INFO] [stderr] Unable to open file /wrong/path/test_start_nofile: No such file or directory (os error 2)
[INFO] [stdout] test flowgger::splitter::capnp_splitter::tests::test_decode_message ... ok
[INFO] [stdout] test flowgger::output::file_output::tests::test_start_nofile - should panic ... ok
[INFO] [stdout] test flowgger::tests::test_valid_time_format ... ok
[INFO] [stderr] WARNING: Wrong file_rotation_timeformat value received: %Y%M.
[INFO] [stderr] From version "0.3.0" forward the time format needs to be compliant with:
[INFO] [stderr] https://docs.rs/time/0.3.7/time/format_description/index.html 
[INFO] [stderr] Will use the default one: DEFAULT VALUE. If you want to use %, you need to escape it (\\%)
[INFO] [stderr] 
[INFO] [stdout] test flowgger::tests::test_invalid_time_format ... ok
[INFO] [stdout] test flowgger::tests::test_valid_time_format_escaped ... ok
[INFO] [stderr] File /tmp/test_rotation_files_size.aJVj1dxJzBy0/test_log.log reached size limit 16, rotating
[INFO] [stderr] File /tmp/test_rotation_files_size.aJVj1dxJzBy0/test_log.log reached size limit 16, rotating
[INFO] [stdout] test flowgger::utils::rotating_file::tests::test_file_invalid_path ... ok
[INFO] [stderr] File /tmp/test_rotation_files_size.aJVj1dxJzBy0/test_log.log reached size limit 16, rotating
[INFO] [stderr] File /tmp/test_rotation_time_files_time.8G2CFrSXtgEI/test_log.log reached time/size limit 5min/16bytes, rotating
[INFO] [stderr] File /tmp/test_rotation_time_files_time.8G2CFrSXtgEI/test_log.log reached time/size limit 5min/16bytes, rotating
[INFO] [stdout] test flowgger::utils::rotating_file::tests::test_rotation_files_size ... ok
[INFO] [stderr] File /tmp/test_rotation_time_files_time.8G2CFrSXtgEI/test_log.log reached time/size limit 5min/16bytes, rotating
[INFO] [stderr] File /tmp/test_rotation_time_files_time.8G2CFrSXtgEI/test_log.log reached time/size limit 5min/16bytes, rotating
[INFO] [stderr] File /tmp/test_rotation_time_files_time.8G2CFrSXtgEI/test_log.log reached time/size limit 5min/16bytes, rotating
[INFO] [stdout] test flowgger::utils::rotating_file::tests::test_rotation_time_files_time ... ok
[INFO] [stdout] test flowgger::output::file_output::tests::test_start_no_merger ... ok
[INFO] [stdout] test flowgger::output::file_output::tests::test_start_with_merger ... ok
[INFO] [stdout] test flowgger::input::udp_input::test::test_handle_record_bad_record - should panic ... ok
[INFO] [stdout] test flowgger::input::udp_input::test::test_udp_input_handle_record_uncompressed ... ok
[INFO] [stdout] test flowgger::input::udp_input::test::test_handle_record_compressed_zlib ... ok
[INFO] [stdout] test flowgger::input::udp_input::test::test_handle_record_compressed_gz ... ok
[INFO] [stdout] 
[INFO] [stdout] failures:
[INFO] [stdout] 
[INFO] [stdout] ---- flowgger::encoder::ltsv_encoder::test_ltsv_full_encode_no_sd stdout ----
[INFO] [stdout] thread 'flowgger::encoder::ltsv_encoder::test_ltsv_full_encode_no_sd' panicked at src/flowgger/encoder/ltsv_encoder.rs:156:5:
[INFO] [stdout] assertion `left == right` failed
[INFO] [stdout]   left: "host:testhostname\ttime:1722942924\tmessage:some test message\tfull_message:<23>Aug  6 11:15:24 testhostname appname[69]: 42 - some test message\tlevel:7\tfacility:2\tappname:appname\tprocid:69\tmsgid:42"
[INFO] [stdout]  right: "host:testhostname\ttime:1659784524\tmessage:some test message\tfull_message:<23>Aug  6 11:15:24 testhostname appname[69]: 42 - some test message\tlevel:7\tfacility:2\tappname:appname\tprocid:69\tmsgid:42"
[INFO] [stdout] stack backtrace:
[INFO] [stdout]    0:     0x55924c187e66 - std::backtrace_rs::backtrace::libunwind::trace::h261606ad26a499c1
[INFO] [stdout]                                at /rustc/0e09125c6c3c2fd70d7de961bcf0e51575235fad/library/std/src/../../backtrace/src/backtrace/libunwind.rs:104:5
[INFO] [stdout]    1:     0x55924c187e66 - std::backtrace_rs::backtrace::trace_unsynchronized::hd183f0625477fb28
[INFO] [stdout]                                at /rustc/0e09125c6c3c2fd70d7de961bcf0e51575235fad/library/std/src/../../backtrace/src/backtrace/mod.rs:66:5
[INFO] [stdout]    2:     0x55924c187e66 - std::sys_common::backtrace::_print_fmt::hd7f8fef21b4eda67
[INFO] [stdout]                                at /rustc/0e09125c6c3c2fd70d7de961bcf0e51575235fad/library/std/src/sys_common/backtrace.rs:68:5
[INFO] [stdout]    3:     0x55924c187e66 - <std::sys_common::backtrace::_print::DisplayBacktrace as core::fmt::Display>::fmt::h623d9b51f2f453f1
[INFO] [stdout]                                at /rustc/0e09125c6c3c2fd70d7de961bcf0e51575235fad/library/std/src/sys_common/backtrace.rs:44:22
[INFO] [stdout]    4:     0x55924c1b6070 - core::fmt::rt::Argument::fmt::h9f417ac76a86f368
[INFO] [stdout]                                at /rustc/0e09125c6c3c2fd70d7de961bcf0e51575235fad/library/core/src/fmt/rt.rs:142:9
[INFO] [stdout]    5:     0x55924c1b6070 - core::fmt::write::hc9b6faf4ac2aeff7
[INFO] [stdout]                                at /rustc/0e09125c6c3c2fd70d7de961bcf0e51575235fad/library/core/src/fmt/mod.rs:1120:17
[INFO] [stdout]    6:     0x55924c1854df - std::io::Write::write_fmt::he04625a3a989fec3
[INFO] [stdout]                                at /rustc/0e09125c6c3c2fd70d7de961bcf0e51575235fad/library/std/src/io/mod.rs:1810:15
[INFO] [stdout]    7:     0x55924c187c44 - std::sys_common::backtrace::_print::hd5d66399c7df88a2
[INFO] [stdout]                                at /rustc/0e09125c6c3c2fd70d7de961bcf0e51575235fad/library/std/src/sys_common/backtrace.rs:47:5
[INFO] [stdout]    8:     0x55924c187c44 - std::sys_common::backtrace::print::he81ed2da642d37e5
[INFO] [stdout]                                at /rustc/0e09125c6c3c2fd70d7de961bcf0e51575235fad/library/std/src/sys_common/backtrace.rs:34:9
[INFO] [stdout]    9:     0x55924c1899b7 - std::panicking::default_hook::{{closure}}::h85773f4fa117163d
[INFO] [stdout]   10:     0x55924c18969d - std::panicking::default_hook::h6a1694a91d09b278
[INFO] [stdout]                                at /rustc/0e09125c6c3c2fd70d7de961bcf0e51575235fad/library/std/src/panicking.rs:289:9
[INFO] [stdout]   11:     0x55924c00e4b7 - <alloc::boxed::Box<F,A> as core::ops::function::Fn<Args>>::call::h616ac37fa3cd6c8f
[INFO] [stdout]                                at /rustc/0e09125c6c3c2fd70d7de961bcf0e51575235fad/library/alloc/src/boxed.rs:2029:9
[INFO] [stdout]   12:     0x55924c00e4b7 - test::test_main::{{closure}}::h00d84697cefdcbb6
[INFO] [stdout]                                at /rustc/0e09125c6c3c2fd70d7de961bcf0e51575235fad/library/test/src/lib.rs:138:21
[INFO] [stdout]   13:     0x55924c189fd6 - <alloc::boxed::Box<F,A> as core::ops::function::Fn<Args>>::call::hcb3fe3b9bb537ba8
[INFO] [stdout]                                at /rustc/0e09125c6c3c2fd70d7de961bcf0e51575235fad/library/alloc/src/boxed.rs:2029:9
[INFO] [stdout]   14:     0x55924c189fd6 - std::panicking::rust_panic_with_hook::h0a7ad96e90f7145b
[INFO] [stdout]                                at /rustc/0e09125c6c3c2fd70d7de961bcf0e51575235fad/library/std/src/panicking.rs:783:13
[INFO] [stdout]   15:     0x55924c189d22 - std::panicking::begin_panic_handler::{{closure}}::h7919090525c6485e
[INFO] [stdout]                                at /rustc/0e09125c6c3c2fd70d7de961bcf0e51575235fad/library/std/src/panicking.rs:657:13
[INFO] [stdout]   16:     0x55924c188366 - std::sys_common::backtrace::__rust_end_short_backtrace::hf3289479464f7dfe
[INFO] [stdout]                                at /rustc/0e09125c6c3c2fd70d7de961bcf0e51575235fad/library/std/src/sys_common/backtrace.rs:171:18
[INFO] [stdout]   17:     0x55924c189a80 - rust_begin_unwind
[INFO] [stdout]                                at /rustc/0e09125c6c3c2fd70d7de961bcf0e51575235fad/library/std/src/panicking.rs:645:5
[INFO] [stdout]   18:     0x55924bf37795 - core::panicking::panic_fmt::hcc9f77c5c132af55
[INFO] [stdout]                                at /rustc/0e09125c6c3c2fd70d7de961bcf0e51575235fad/library/core/src/panicking.rs:72:14
[INFO] [stdout]   19:     0x55924bf37c0b - core::panicking::assert_failed_inner::h9f13e27dd63c3a08
[INFO] [stdout]                                at /rustc/0e09125c6c3c2fd70d7de961bcf0e51575235fad/library/core/src/panicking.rs:342:17
[INFO] [stdout]   20:     0x55924bfab4b2 - core::panicking::assert_failed::h714368a8efdb8523
[INFO] [stdout]                                at /rustc/0e09125c6c3c2fd70d7de961bcf0e51575235fad/library/core/src/panicking.rs:297:5
[INFO] [stdout]   21:     0x55924bf5a650 - flowgger::flowgger::encoder::ltsv_encoder::test_ltsv_full_encode_no_sd::h2df4344b2fa4ff44
[INFO] [stdout]                                at /opt/rustwide/workdir/src/flowgger/encoder/ltsv_encoder.rs:156:5
[INFO] [stdout]   22:     0x55924bf59ff7 - flowgger::flowgger::encoder::ltsv_encoder::test_ltsv_full_encode_no_sd::{{closure}}::h7f53726f211e2f94
[INFO] [stdout]                                at /opt/rustwide/workdir/src/flowgger/encoder/ltsv_encoder.rs:135:33
[INFO] [stdout]   23:     0x55924bf8eb26 - core::ops::function::FnOnce::call_once::h905de0266eb6a9b7
[INFO] [stdout]                                at /rustc/0e09125c6c3c2fd70d7de961bcf0e51575235fad/library/core/src/ops/function.rs:250:5
[INFO] [stdout]   24:     0x55924c013d8f - core::ops::function::FnOnce::call_once::hd64d26f405258157
[INFO] [stdout]                                at /rustc/0e09125c6c3c2fd70d7de961bcf0e51575235fad/library/core/src/ops/function.rs:250:5
[INFO] [stdout]   25:     0x55924c013d8f - test::__rust_begin_short_backtrace::he21b0b7a6d731bf9
[INFO] [stdout]                                at /rustc/0e09125c6c3c2fd70d7de961bcf0e51575235fad/library/test/src/lib.rs:627:18
[INFO] [stdout]   26:     0x55924c012b11 - test::run_test_in_process::{{closure}}::hf5c73986d7bdfde2
[INFO] [stdout]                                at /rustc/0e09125c6c3c2fd70d7de961bcf0e51575235fad/library/test/src/lib.rs:650:60
[INFO] [stdout]   27:     0x55924c012b11 - <core::panic::unwind_safe::AssertUnwindSafe<F> as core::ops::function::FnOnce<()>>::call_once::h330011ad032aadc0
[INFO] [stdout]                                at /rustc/0e09125c6c3c2fd70d7de961bcf0e51575235fad/library/core/src/panic/unwind_safe.rs:272:9
[INFO] [stdout]   28:     0x55924c012b11 - std::panicking::try::do_call::he61b0a958b795a41
[INFO] [stdout]                                at /rustc/0e09125c6c3c2fd70d7de961bcf0e51575235fad/library/std/src/panicking.rs:552:40
[INFO] [stdout]   29:     0x55924c012b11 - std::panicking::try::h7309da130f906eb7
[INFO] [stdout]                                at /rustc/0e09125c6c3c2fd70d7de961bcf0e51575235fad/library/std/src/panicking.rs:516:19
[INFO] [stdout]   30:     0x55924c012b11 - std::panic::catch_unwind::hc5c3a06fdaf0a92a
[INFO] [stdout]                                at /rustc/0e09125c6c3c2fd70d7de961bcf0e51575235fad/library/std/src/panic.rs:142:14
[INFO] [stdout]   31:     0x55924c012b11 - test::run_test_in_process::h7e7b7c71c3324e0f
[INFO] [stdout]                                at /rustc/0e09125c6c3c2fd70d7de961bcf0e51575235fad/library/test/src/lib.rs:650:27
[INFO] [stdout]   32:     0x55924c012b11 - test::run_test::{{closure}}::h1f509f28f5cf20b1
[INFO] [stdout]                                at /rustc/0e09125c6c3c2fd70d7de961bcf0e51575235fad/library/test/src/lib.rs:573:43
[INFO] [stdout]   33:     0x55924bfd9e46 - test::run_test::{{closure}}::h1754218abf443f6d
[INFO] [stdout]                                at /rustc/0e09125c6c3c2fd70d7de961bcf0e51575235fad/library/test/src/lib.rs:601:41
[INFO] [stdout]   34:     0x55924bfd9e46 - std::sys_common::backtrace::__rust_begin_short_backtrace::h2ee174b9d5954948
[INFO] [stdout]                                at /rustc/0e09125c6c3c2fd70d7de961bcf0e51575235fad/library/std/src/sys_common/backtrace.rs:155:18
[INFO] [stdout]   35:     0x55924bfdeea7 - std::thread::Builder::spawn_unchecked_::{{closure}}::{{closure}}::hf60bee9c1a17ef09
[INFO] [stdout]                                at /rustc/0e09125c6c3c2fd70d7de961bcf0e51575235fad/library/std/src/thread/mod.rs:529:17
[INFO] [stdout]   36:     0x55924bfdeea7 - <core::panic::unwind_safe::AssertUnwindSafe<F> as core::ops::function::FnOnce<()>>::call_once::h33d0dddec5216160
[INFO] [stdout]                                at /rustc/0e09125c6c3c2fd70d7de961bcf0e51575235fad/library/core/src/panic/unwind_safe.rs:272:9
[INFO] [stdout]   37:     0x55924bfdeea7 - std::panicking::try::do_call::h144b3048b546f835
[INFO] [stdout]                                at /rustc/0e09125c6c3c2fd70d7de961bcf0e51575235fad/library/std/src/panicking.rs:552:40
[INFO] [stdout]   38:     0x55924bfdeea7 - std::panicking::try::h978244d04646189f
[INFO] [stdout]                                at /rustc/0e09125c6c3c2fd70d7de961bcf0e51575235fad/library/std/src/panicking.rs:516:19
[INFO] [stdout]   39:     0x55924bfdeea7 - std::panic::catch_unwind::hdf436369d188fe86
[INFO] [stdout]                                at /rustc/0e09125c6c3c2fd70d7de961bcf0e51575235fad/library/std/src/panic.rs:142:14
[INFO] [stdout]   40:     0x55924bfdeea7 - std::thread::Builder::spawn_unchecked_::{{closure}}::h87329cbdd33c79ec
[INFO] [stdout]                                at /rustc/0e09125c6c3c2fd70d7de961bcf0e51575235fad/library/std/src/thread/mod.rs:528:30
[INFO] [stdout]   41:     0x55924bfdeea7 - core::ops::function::FnOnce::call_once{{vtable.shim}}::h401abbe67897d450
[INFO] [stdout]                                at /rustc/0e09125c6c3c2fd70d7de961bcf0e51575235fad/library/core/src/ops/function.rs:250:5
[INFO] [stdout]   42:     0x55924c18f605 - <alloc::boxed::Box<F,A> as core::ops::function::FnOnce<Args>>::call_once::h5d7c8f150ab9c84c
[INFO] [stdout]                                at /rustc/0e09125c6c3c2fd70d7de961bcf0e51575235fad/library/alloc/src/boxed.rs:2015:9
[INFO] [stdout]   43:     0x55924c18f605 - <alloc::boxed::Box<F,A> as core::ops::function::FnOnce<Args>>::call_once::h570d5b005c242c15
[INFO] [stdout]                                at /rustc/0e09125c6c3c2fd70d7de961bcf0e51575235fad/library/alloc/src/boxed.rs:2015:9
[INFO] [stdout]   44:     0x55924c18f605 - std::sys::unix::thread::Thread::new::thread_start::h36b0a20c0b2361ad
[INFO] [stdout]                                at /rustc/0e09125c6c3c2fd70d7de961bcf0e51575235fad/library/std/src/sys/unix/thread.rs:108:17
[INFO] [stdout]   45:     0x7f4233218ac3 - <unknown>
[INFO] [stdout]   46:     0x7f42332a9bf4 - __clone
[INFO] [stdout]   47:                0x0 - <unknown>
[INFO] [stdout] 
[INFO] [stdout] ---- flowgger::encoder::ltsv_encoder::test_ltsv_full_encode_multiple_sd stdout ----
[INFO] [stdout] thread 'flowgger::encoder::ltsv_encoder::test_ltsv_full_encode_multiple_sd' panicked at src/flowgger/encoder/ltsv_encoder.rs:196:5:
[INFO] [stdout] assertion `left == right` failed
[INFO] [stdout]   left: "a:b\tc:123456\ta2:b2\tc2:123456\thost:testhostname\ttime:1722942924\tmessage:some test message\tfull_message:<23>Aug  6 11:15:24 testhostname appname[69]: 42 [someid a=\"b\" c=\"123456\"][someid2 a2=\"b2\" c2=\"123456\"] some test message\tlevel:7\tfacility:2\tappname:appname\tprocid:69\tmsgid:42"
[INFO] [stdout]  right: "a:b\tc:123456\ta2:b2\tc2:123456\thost:testhostname\ttime:1659784524\tmessage:some test message\tfull_message:<23>Aug  6 11:15:24 testhostname appname[69]: 42 [someid a=\"b\" c=\"123456\"][someid2 a2=\"b2\" c2=\"123456\"] some test message\tlevel:7\tfacility:2\tappname:appname\tprocid:69\tmsgid:42"
[INFO] [stdout] stack backtrace:
[INFO] [stdout]    0:     0x55924c187e66 - std::backtrace_rs::backtrace::libunwind::trace::h261606ad26a499c1
[INFO] [stdout]                                at /rustc/0e09125c6c3c2fd70d7de961bcf0e51575235fad/library/std/src/../../backtrace/src/backtrace/libunwind.rs:104:5
[INFO] [stdout]    1:     0x55924c187e66 - std::backtrace_rs::backtrace::trace_unsynchronized::hd183f0625477fb28
[INFO] [stdout]                                at /rustc/0e09125c6c3c2fd70d7de961bcf0e51575235fad/library/std/src/../../backtrace/src/backtrace/mod.rs:66:5
[INFO] [stdout]    2:     0x55924c187e66 - std::sys_common::backtrace::_print_fmt::hd7f8fef21b4eda67
[INFO] [stdout]                                at /rustc/0e09125c6c3c2fd70d7de961bcf0e51575235fad/library/std/src/sys_common/backtrace.rs:68:5
[INFO] [stdout]    3:     0x55924c187e66 - <std::sys_common::backtrace::_print::DisplayBacktrace as core::fmt::Display>::fmt::h623d9b51f2f453f1
[INFO] [stdout]                                at /rustc/0e09125c6c3c2fd70d7de961bcf0e51575235fad/library/std/src/sys_common/backtrace.rs:44:22
[INFO] [stdout]    4:     0x55924c1b6070 - core::fmt::rt::Argument::fmt::h9f417ac76a86f368
[INFO] [stdout]                                at /rustc/0e09125c6c3c2fd70d7de961bcf0e51575235fad/library/core/src/fmt/rt.rs:142:9
[INFO] [stdout]    5:     0x55924c1b6070 - core::fmt::write::hc9b6faf4ac2aeff7
[INFO] [stdout]                                at /rustc/0e09125c6c3c2fd70d7de961bcf0e51575235fad/library/core/src/fmt/mod.rs:1120:17
[INFO] [stdout]    6:     0x55924c1854df - std::io::Write::write_fmt::he04625a3a989fec3
[INFO] [stdout]                                at /rustc/0e09125c6c3c2fd70d7de961bcf0e51575235fad/library/std/src/io/mod.rs:1810:15
[INFO] [stdout]    7:     0x55924c187c44 - std::sys_common::backtrace::_print::hd5d66399c7df88a2
[INFO] [stdout]                                at /rustc/0e09125c6c3c2fd70d7de961bcf0e51575235fad/library/std/src/sys_common/backtrace.rs:47:5
[INFO] [stdout]    8:     0x55924c187c44 - std::sys_common::backtrace::print::he81ed2da642d37e5
[INFO] [stdout]                                at /rustc/0e09125c6c3c2fd70d7de961bcf0e51575235fad/library/std/src/sys_common/backtrace.rs:34:9
[INFO] [stdout]    9:     0x55924c1899b7 - std::panicking::default_hook::{{closure}}::h85773f4fa117163d
[INFO] [stdout]   10:     0x55924c18969d - std::panicking::default_hook::h6a1694a91d09b278
[INFO] [stdout]                                at /rustc/0e09125c6c3c2fd70d7de961bcf0e51575235fad/library/std/src/panicking.rs:289:9
[INFO] [stdout]   11:     0x55924c00e4b7 - <alloc::boxed::Box<F,A> as core::ops::function::Fn<Args>>::call::h616ac37fa3cd6c8f
[INFO] [stdout]                                at /rustc/0e09125c6c3c2fd70d7de961bcf0e51575235fad/library/alloc/src/boxed.rs:2029:9
[INFO] [stdout]   12:     0x55924c00e4b7 - test::test_main::{{closure}}::h00d84697cefdcbb6
[INFO] [stdout]                                at /rustc/0e09125c6c3c2fd70d7de961bcf0e51575235fad/library/test/src/lib.rs:138:21
[INFO] [stdout]   13:     0x55924c189fd6 - <alloc::boxed::Box<F,A> as core::ops::function::Fn<Args>>::call::hcb3fe3b9bb537ba8
[INFO] [stdout]                                at /rustc/0e09125c6c3c2fd70d7de961bcf0e51575235fad/library/alloc/src/boxed.rs:2029:9
[INFO] [stdout]   14:     0x55924c189fd6 - std::panicking::rust_panic_with_hook::h0a7ad96e90f7145b
[INFO] [stdout]                                at /rustc/0e09125c6c3c2fd70d7de961bcf0e51575235fad/library/std/src/panicking.rs:783:13
[INFO] [stdout]   15:     0x55924c189d22 - std::panicking::begin_panic_handler::{{closure}}::h7919090525c6485e
[INFO] [stdout]                                at /rustc/0e09125c6c3c2fd70d7de961bcf0e51575235fad/library/std/src/panicking.rs:657:13
[INFO] [stdout]   16:     0x55924c188366 - std::sys_common::backtrace::__rust_end_short_backtrace::hf3289479464f7dfe
[INFO] [stdout]                                at /rustc/0e09125c6c3c2fd70d7de961bcf0e51575235fad/library/std/src/sys_common/backtrace.rs:171:18
[INFO] [stdout]   17:     0x55924c189a80 - rust_begin_unwind
[INFO] [stdout]                                at /rustc/0e09125c6c3c2fd70d7de961bcf0e51575235fad/library/std/src/panicking.rs:645:5
[INFO] [stdout]   18:     0x55924bf37795 - core::panicking::panic_fmt::hcc9f77c5c132af55
[INFO] [stdout]                                at /rustc/0e09125c6c3c2fd70d7de961bcf0e51575235fad/library/core/src/panicking.rs:72:14
[INFO] [stdout]   19:     0x55924bf37c0b - core::panicking::assert_failed_inner::h9f13e27dd63c3a08
[INFO] [stdout]                                at /rustc/0e09125c6c3c2fd70d7de961bcf0e51575235fad/library/core/src/panicking.rs:342:17
[INFO] [stdout]   20:     0x55924bfab4b2 - core::panicking::assert_failed::h714368a8efdb8523
[INFO] [stdout]                                at /rustc/0e09125c6c3c2fd70d7de961bcf0e51575235fad/library/core/src/panicking.rs:297:5
[INFO] [stdout]   21:     0x55924bf5b4e3 - flowgger::flowgger::encoder::ltsv_encoder::test_ltsv_full_encode_multiple_sd::hb263ad781e330f84
[INFO] [stdout]                                at /opt/rustwide/workdir/src/flowgger/encoder/ltsv_encoder.rs:196:5
[INFO] [stdout]   22:     0x55924bf5a6e7 - flowgger::flowgger::encoder::ltsv_encoder::test_ltsv_full_encode_multiple_sd::{{closure}}::h8497418a203563ef
[INFO] [stdout]                                at /opt/rustwide/workdir/src/flowgger/encoder/ltsv_encoder.rs:160:39
[INFO] [stdout]   23:     0x55924bf8f1c6 - core::ops::function::FnOnce::call_once::hca301841023dc675
[INFO] [stdout]                                at /rustc/0e09125c6c3c2fd70d7de961bcf0e51575235fad/library/core/src/ops/function.rs:250:5
[INFO] [stdout]   24:     0x55924c013d8f - core::ops::function::FnOnce::call_once::hd64d26f405258157
[INFO] [stdout]                                at /rustc/0e09125c6c3c2fd70d7de961bcf0e51575235fad/library/core/src/ops/function.rs:250:5
[INFO] [stdout]   25:     0x55924c013d8f - test::__rust_begin_short_backtrace::he21b0b7a6d731bf9
[INFO] [stdout]                                at /rustc/0e09125c6c3c2fd70d7de961bcf0e51575235fad/library/test/src/lib.rs:627:18
[INFO] [stdout]   26:     0x55924c012b11 - test::run_test_in_process::{{closure}}::hf5c73986d7bdfde2
[INFO] [stdout]                                at /rustc/0e09125c6c3c2fd70d7de961bcf0e51575235fad/library/test/src/lib.rs:650:60
[INFO] [stdout]   27:     0x55924c012b11 - <core::panic::unwind_safe::AssertUnwindSafe<F> as core::ops::function::FnOnce<()>>::call_once::h330011ad032aadc0
[INFO] [stdout]                                at /rustc/0e09125c6c3c2fd70d7de961bcf0e51575235fad/library/core/src/panic/unwind_safe.rs:272:9
[INFO] [stdout]   28:     0x55924c012b11 - std::panicking::try::do_call::he61b0a958b795a41
[INFO] [stdout]                                at /rustc/0e09125c6c3c2fd70d7de961bcf0e51575235fad/library/std/src/panicking.rs:552:40
[INFO] [stdout]   29:     0x55924c012b11 - std::panicking::try::h7309da130f906eb7
[INFO] [stdout]                                at /rustc/0e09125c6c3c2fd70d7de961bcf0e51575235fad/library/std/src/panicking.rs:516:19
[INFO] [stdout]   30:     0x55924c012b11 - std::panic::catch_unwind::hc5c3a06fdaf0a92a
[INFO] [stdout]                                at /rustc/0e09125c6c3c2fd70d7de961bcf0e51575235fad/library/std/src/panic.rs:142:14
[INFO] [stdout]   31:     0x55924c012b11 - test::run_test_in_process::h7e7b7c71c3324e0f
[INFO] [stdout]                                at /rustc/0e09125c6c3c2fd70d7de961bcf0e51575235fad/library/test/src/lib.rs:650:27
[INFO] [stdout]   32:     0x55924c012b11 - test::run_test::{{closure}}::h1f509f28f5cf20b1
[INFO] [stdout]                                at /rustc/0e09125c6c3c2fd70d7de961bcf0e51575235fad/library/test/src/lib.rs:573:43
[INFO] [stdout]   33:     0x55924bfd9e46 - test::run_test::{{closure}}::h1754218abf443f6d
[INFO] [stdout]                                at /rustc/0e09125c6c3c2fd70d7de961bcf0e51575235fad/library/test/src/lib.rs:601:41
[INFO] [stdout]   34:     0x55924bfd9e46 - std::sys_common::backtrace::__rust_begin_short_backtrace::h2ee174b9d5954948
[INFO] [stdout]                                at /rustc/0e09125c6c3c2fd70d7de961bcf0e51575235fad/library/std/src/sys_common/backtrace.rs:155:18
[INFO] [stdout]   35:     0x55924bfdeea7 - std::thread::Builder::spawn_unchecked_::{{closure}}::{{closure}}::hf60bee9c1a17ef09
[INFO] [stdout]                                at /rustc/0e09125c6c3c2fd70d7de961bcf0e51575235fad/library/std/src/thread/mod.rs:529:17
[INFO] [stdout]   36:     0x55924bfdeea7 - <core::panic::unwind_safe::AssertUnwindSafe<F> as core::ops::function::FnOnce<()>>::call_once::h33d0dddec5216160
[INFO] [stdout]                                at /rustc/0e09125c6c3c2fd70d7de961bcf0e51575235fad/library/core/src/panic/unwind_safe.rs:272:9
[INFO] [stdout]   37:     0x55924bfdeea7 - std::panicking::try::do_call::h144b3048b546f835
[INFO] [stdout]                                at /rustc/0e09125c6c3c2fd70d7de961bcf0e51575235fad/library/std/src/panicking.rs:552:40
[INFO] [stdout]   38:     0x55924bfdeea7 - std::panicking::try::h978244d04646189f
[INFO] [stdout]                                at /rustc/0e09125c6c3c2fd70d7de961bcf0e51575235fad/library/std/src/panicking.rs:516:19
[INFO] [stdout]   39:     0x55924bfdeea7 - std::panic::catch_unwind::hdf436369d188fe86
[INFO] [stdout]                                at /rustc/0e09125c6c3c2fd70d7de961bcf0e51575235fad/library/std/src/panic.rs:142:14
[INFO] [stdout]   40:     0x55924bfdeea7 - std::thread::Builder::spawn_unchecked_::{{closure}}::h87329cbdd33c79ec
[INFO] [stdout]                                at /rustc/0e09125c6c3c2fd70d7de961bcf0e51575235fad/library/std/src/thread/mod.rs:528:30
[INFO] [stdout]   41:     0x55924bfdeea7 - core::ops::function::FnOnce::call_once{{vtable.shim}}::h401abbe67897d450
[INFO] [stdout]                                at /rustc/0e09125c6c3c2fd70d7de961bcf0e51575235fad/library/core/src/ops/function.rs:250:5
[INFO] [stdout]   42:     0x55924c18f605 - <alloc::boxed::Box<F,A> as core::ops::function::FnOnce<Args>>::call_once::h5d7c8f150ab9c84c
[INFO] [stdout]                                at /rustc/0e09125c6c3c2fd70d7de961bcf0e51575235fad/library/alloc/src/boxed.rs:2015:9
[INFO] [stdout]   43:     0x55924c18f605 - <alloc::boxed::Box<F,A> as core::ops::function::FnOnce<Args>>::call_once::h570d5b005c242c15
[INFO] [stdout]                                at /rustc/0e09125c6c3c2fd70d7de961bcf0e51575235fad/library/alloc/src/boxed.rs:2015:9
[INFO] [stdout]   44:     0x55924c18f605 - std::sys::unix::thread::Thread::new::thread_start::h36b0a20c0b2361ad
[INFO] [stdout]                                at /rustc/0e09125c6c3c2fd70d7de961bcf0e51575235fad/library/std/src/sys/unix/thread.rs:108:17
[INFO] [stdout]   45:     0x7f4233218ac3 - <unknown>
[INFO] [stdout]   46:     0x7f42332a9bf4 - __clone
[INFO] [stdout]   47:                0x0 - <unknown>
[INFO] [stdout] 
[INFO] [stdout] 
[INFO] [stdout] failures:
[INFO] [stdout]     flowgger::encoder::ltsv_encoder::test_ltsv_full_encode_multiple_sd
[INFO] [stdout]     flowgger::encoder::ltsv_encoder::test_ltsv_full_encode_no_sd
[INFO] [stdout] 
[INFO] [stdout] test result: FAILED. 87 passed; 2 failed; 0 ignored; 0 measured; 0 filtered out; finished in 0.49s
[INFO] [stdout] 
[INFO] [stderr] error: test failed, to rerun pass `--lib`
[INFO] running `Command { std: "docker" "inspect" "6bbf81410a7414eec832bc7c5df4027ff2e1893e59dd8edf18ce0c6233d5b312", kill_on_drop: false }`
[INFO] running `Command { std: "docker" "rm" "-f" "6bbf81410a7414eec832bc7c5df4027ff2e1893e59dd8edf18ce0c6233d5b312", kill_on_drop: false }`
[INFO] [stdout] 6bbf81410a7414eec832bc7c5df4027ff2e1893e59dd8edf18ce0c6233d5b312
