[INFO] cloning repository https://github.com/jdneumeyer77/rust-movie-ingestor
[INFO] running `Command { std: "git" "-c" "credential.helper=" "-c" "credential.helper=/workspace/cargo-home/bin/git-credential-null" "clone" "--bare" "https://github.com/jdneumeyer77/rust-movie-ingestor" "/workspace/cache/git-repos/https%3A%2F%2Fgithub.com%2Fjdneumeyer77%2Frust-movie-ingestor", kill_on_drop: false }`
[INFO] [stderr] Cloning into bare repository '/workspace/cache/git-repos/https%3A%2F%2Fgithub.com%2Fjdneumeyer77%2Frust-movie-ingestor'...
[INFO] running `Command { std: "git" "rev-parse" "HEAD", kill_on_drop: false }`
[INFO] [stdout] afe17e77dc9aa83822c94ab5ea85ebeedaf2b91b
[INFO] testing jdneumeyer77/rust-movie-ingestor against 1.75.0 for beta-1.76-1
[INFO] running `Command { std: "git" "clone" "/workspace/cache/git-repos/https%3A%2F%2Fgithub.com%2Fjdneumeyer77%2Frust-movie-ingestor" "/workspace/builds/worker-0-tc1/source", kill_on_drop: false }`
[INFO] [stderr] Cloning into '/workspace/builds/worker-0-tc1/source'...
[INFO] [stderr] done.
[INFO] validating manifest of git repo https://github.com/jdneumeyer77/rust-movie-ingestor on toolchain 1.75.0
[INFO] running `Command { std: CARGO_HOME="/workspace/cargo-home" RUSTUP_HOME="/workspace/rustup-home" "/workspace/cargo-home/bin/cargo" "+1.75.0" "metadata" "--manifest-path" "Cargo.toml" "--no-deps", kill_on_drop: false }`
[INFO] started tweaking git repo https://github.com/jdneumeyer77/rust-movie-ingestor
[INFO] finished tweaking git repo https://github.com/jdneumeyer77/rust-movie-ingestor
[INFO] tweaked toml for git repo https://github.com/jdneumeyer77/rust-movie-ingestor written to /workspace/builds/worker-0-tc1/source/Cargo.toml
[INFO] crate git repo https://github.com/jdneumeyer77/rust-movie-ingestor already has a lockfile, it will not be regenerated
[INFO] running `Command { std: CARGO_HOME="/workspace/cargo-home" RUSTUP_HOME="/workspace/rustup-home" "/workspace/cargo-home/bin/cargo" "+1.75.0" "fetch" "--manifest-path" "Cargo.toml", kill_on_drop: false }`
[INFO] [stderr] warning: unused manifest key: package.serde
[INFO] running `Command { std: "docker" "create" "-v" "/var/lib/crater-agent-workspace/builds/worker-0-tc1/target:/opt/rustwide/target:rw,Z" "-v" "/var/lib/crater-agent-workspace/builds/worker-0-tc1/source:/opt/rustwide/workdir:ro,Z" "-v" "/var/lib/crater-agent-workspace/cargo-home:/opt/rustwide/cargo-home:ro,Z" "-v" "/var/lib/crater-agent-workspace/rustup-home:/opt/rustwide/rustup-home:ro,Z" "-e" "SOURCE_DIR=/opt/rustwide/workdir" "-e" "CARGO_TARGET_DIR=/opt/rustwide/target" "-e" "CARGO_HOME=/opt/rustwide/cargo-home" "-e" "RUSTUP_HOME=/opt/rustwide/rustup-home" "-w" "/opt/rustwide/workdir" "-m" "1610612736" "--user" "0:0" "--network" "none" "ghcr.io/rust-lang/crates-build-env/linux@sha256:2788e3201cd34a07e3172128adcd8b3090168a8e3bcc40d7c032b9dda1df7d1c" "/opt/rustwide/cargo-home/bin/cargo" "+1.75.0" "metadata" "--no-deps" "--format-version=1", kill_on_drop: false }`
[INFO] [stdout] 5b6968c91c5cdd9d71133e760bb649c3a9fd16c9c9ffece6a6862024be59cf13
[INFO] running `Command { std: "docker" "start" "-a" "5b6968c91c5cdd9d71133e760bb649c3a9fd16c9c9ffece6a6862024be59cf13", kill_on_drop: false }`
[INFO] running `Command { std: "docker" "inspect" "5b6968c91c5cdd9d71133e760bb649c3a9fd16c9c9ffece6a6862024be59cf13", kill_on_drop: false }`
[INFO] running `Command { std: "docker" "rm" "-f" "5b6968c91c5cdd9d71133e760bb649c3a9fd16c9c9ffece6a6862024be59cf13", kill_on_drop: false }`
[INFO] [stdout] 5b6968c91c5cdd9d71133e760bb649c3a9fd16c9c9ffece6a6862024be59cf13
[INFO] running `Command { std: "docker" "create" "-v" "/var/lib/crater-agent-workspace/builds/worker-0-tc1/target:/opt/rustwide/target:rw,Z" "-v" "/var/lib/crater-agent-workspace/builds/worker-0-tc1/source:/opt/rustwide/workdir:ro,Z" "-v" "/var/lib/crater-agent-workspace/cargo-home:/opt/rustwide/cargo-home:ro,Z" "-v" "/var/lib/crater-agent-workspace/rustup-home:/opt/rustwide/rustup-home:ro,Z" "-e" "SOURCE_DIR=/opt/rustwide/workdir" "-e" "CARGO_TARGET_DIR=/opt/rustwide/target" "-e" "CARGO_INCREMENTAL=0" "-e" "RUST_BACKTRACE=full" "-e" "RUSTFLAGS=--cap-lints=warn" "-e" "RUSTDOCFLAGS=--cap-lints=warn" "-e" "CARGO_HOME=/opt/rustwide/cargo-home" "-e" "RUSTUP_HOME=/opt/rustwide/rustup-home" "-w" "/opt/rustwide/workdir" "-m" "1610612736" "--user" "0:0" "--network" "none" "ghcr.io/rust-lang/crates-build-env/linux@sha256:2788e3201cd34a07e3172128adcd8b3090168a8e3bcc40d7c032b9dda1df7d1c" "/opt/rustwide/cargo-home/bin/cargo" "+1.75.0" "build" "--frozen" "--message-format=json", kill_on_drop: false }`
[INFO] [stdout] 5215b5347cd784f4848791a0d52f0b256dd1a0f623a663838fb7f451e4fbcc93
[INFO] running `Command { std: "docker" "start" "-a" "5215b5347cd784f4848791a0d52f0b256dd1a0f623a663838fb7f451e4fbcc93", kill_on_drop: false }`
[INFO] [stderr] warning: unused manifest key: package.serde
[INFO] [stderr]    Compiling libc v0.2.146
[INFO] [stderr]    Compiling proc-macro2 v1.0.60
[INFO] [stderr]    Compiling unicode-ident v1.0.9
[INFO] [stderr]    Compiling quote v1.0.28
[INFO] [stderr]    Compiling cfg-if v1.0.0
[INFO] [stderr]    Compiling memchr v2.5.0
[INFO] [stderr]    Compiling autocfg v1.1.0
[INFO] [stderr]    Compiling serde v1.0.164
[INFO] [stderr]    Compiling ppv-lite86 v0.2.17
[INFO] [stderr]    Compiling itoa v1.0.6
[INFO] [stderr]    Compiling static_assertions v1.1.0
[INFO] [stderr]    Compiling ryu v1.0.13
[INFO] [stderr]    Compiling either v1.8.1
[INFO] [stderr]    Compiling iana-time-zone v0.1.57
[INFO] [stderr]    Compiling json v0.12.4
[INFO] [stderr]    Compiling kstring v2.0.0
[INFO] [stderr]    Compiling itertools v0.11.0
[INFO] [stderr]    Compiling num-traits v0.2.15
[INFO] [stderr]    Compiling csv-core v0.1.10
[INFO] [stderr]    Compiling syn v2.0.18
[INFO] [stderr]    Compiling getrandom v0.2.10
[INFO] [stderr]    Compiling time v0.1.45
[INFO] [stderr]    Compiling rand_core v0.6.4
[INFO] [stderr]    Compiling rand_chacha v0.3.1
[INFO] [stderr]    Compiling rand v0.8.5
[INFO] [stderr]    Compiling serde_derive v1.0.164
[INFO] [stderr]    Compiling chrono v0.4.26
[INFO] [stderr]    Compiling csv v1.2.2
[INFO] [stderr]    Compiling moviedb v0.1.0 (/opt/rustwide/workdir)
[INFO] [stdout] warning: unused import: `borrow::BorrowMut`
[INFO] [stdout]  --> src/main.rs:4:5
[INFO] [stdout]   |
[INFO] [stdout] 4 |     borrow::BorrowMut,
[INFO] [stdout]   |     ^^^^^^^^^^^^^^^^^
[INFO] [stdout]   |
[INFO] [stdout]   = note: `#[warn(unused_imports)]` on by default
[INFO] [stdout] 
[INFO] [stdout] 
[INFO] [stdout] warning: unused variable: `year`
[INFO] [stdout]   --> src/query.rs:49:19
[INFO] [stdout]    |
[INFO] [stdout] 49 |         .filter(|(year, months)| !months.iter().all(|x| x.is_empty()))
[INFO] [stdout]    |                   ^^^^ help: if this is intentional, prefix it with an underscore: `_year`
[INFO] [stdout]    |
[INFO] [stdout]    = note: `#[warn(unused_variables)]` on by default
[INFO] [stdout] 
[INFO] [stdout] 
[INFO] [stdout] warning: structure field `movieIds` should have a snake case name
[INFO] [stdout]   --> src/query/by_production_companies.rs:10:5
[INFO] [stdout]    |
[INFO] [stdout] 10 |     movieIds: HashSet<KString>,
[INFO] [stdout]    |     ^^^^^^^^ help: convert the identifier to snake case: `movie_ids`
[INFO] [stdout]    |
[INFO] [stdout]    = note: `#[warn(non_snake_case)]` on by default
[INFO] [stdout] 
[INFO] [stdout] 
[INFO] [stdout] warning: structure field `genreIds` should have a snake case name
[INFO] [stdout]   --> src/query/by_production_companies.rs:11:5
[INFO] [stdout]    |
[INFO] [stdout] 11 |     genreIds: HashSet<i64>,
[INFO] [stdout]    |     ^^^^^^^^ help: convert the identifier to snake case: `genre_ids`
[INFO] [stdout] 
[INFO] [stdout] 
[INFO] [stdout] warning: 4 warnings emitted
[INFO] [stdout] 
[INFO] [stdout] 
[INFO] [stderr]     Finished dev [unoptimized + debuginfo] target(s) in 8.47s
[INFO] running `Command { std: "docker" "inspect" "5215b5347cd784f4848791a0d52f0b256dd1a0f623a663838fb7f451e4fbcc93", kill_on_drop: false }`
[INFO] running `Command { std: "docker" "rm" "-f" "5215b5347cd784f4848791a0d52f0b256dd1a0f623a663838fb7f451e4fbcc93", kill_on_drop: false }`
[INFO] [stdout] 5215b5347cd784f4848791a0d52f0b256dd1a0f623a663838fb7f451e4fbcc93
[INFO] running `Command { std: "docker" "create" "-v" "/var/lib/crater-agent-workspace/builds/worker-0-tc1/target:/opt/rustwide/target:rw,Z" "-v" "/var/lib/crater-agent-workspace/builds/worker-0-tc1/source:/opt/rustwide/workdir:ro,Z" "-v" "/var/lib/crater-agent-workspace/cargo-home:/opt/rustwide/cargo-home:ro,Z" "-v" "/var/lib/crater-agent-workspace/rustup-home:/opt/rustwide/rustup-home:ro,Z" "-e" "SOURCE_DIR=/opt/rustwide/workdir" "-e" "CARGO_TARGET_DIR=/opt/rustwide/target" "-e" "CARGO_INCREMENTAL=0" "-e" "RUST_BACKTRACE=full" "-e" "RUSTFLAGS=--cap-lints=warn" "-e" "RUSTDOCFLAGS=--cap-lints=warn" "-e" "CARGO_HOME=/opt/rustwide/cargo-home" "-e" "RUSTUP_HOME=/opt/rustwide/rustup-home" "-w" "/opt/rustwide/workdir" "-m" "1610612736" "--user" "0:0" "--network" "none" "ghcr.io/rust-lang/crates-build-env/linux@sha256:2788e3201cd34a07e3172128adcd8b3090168a8e3bcc40d7c032b9dda1df7d1c" "/opt/rustwide/cargo-home/bin/cargo" "+1.75.0" "test" "--frozen" "--no-run" "--message-format=json", kill_on_drop: false }`
[INFO] [stdout] b4e926aa7f05455115ce57606110aedf950c4c7f2de8a41a5000a15a7caf05b9
[INFO] running `Command { std: "docker" "start" "-a" "b4e926aa7f05455115ce57606110aedf950c4c7f2de8a41a5000a15a7caf05b9", kill_on_drop: false }`
[INFO] [stderr] warning: unused manifest key: package.serde
[INFO] [stderr]    Compiling moviedb v0.1.0 (/opt/rustwide/workdir)
[INFO] [stdout] warning: unused import: `borrow::BorrowMut`
[INFO] [stdout]  --> src/main.rs:4:5
[INFO] [stdout]   |
[INFO] [stdout] 4 |     borrow::BorrowMut,
[INFO] [stdout]   |     ^^^^^^^^^^^^^^^^^
[INFO] [stdout]   |
[INFO] [stdout]   = note: `#[warn(unused_imports)]` on by default
[INFO] [stdout] 
[INFO] [stdout] 
[INFO] [stdout] warning: unused import: `std::collections::hash_set`
[INFO] [stdout]  --> src/parsing/tests.rs:3:9
[INFO] [stdout]   |
[INFO] [stdout] 3 |     use std::collections::hash_set;
[INFO] [stdout]   |         ^^^^^^^^^^^^^^^^^^^^^^^^^^
[INFO] [stdout] 
[INFO] [stdout] 
[INFO] [stdout] warning: unused import: `hash::Hash`
[INFO] [stdout]  --> src/query/query_test.rs:8:9
[INFO] [stdout]   |
[INFO] [stdout] 8 |         hash::Hash,
[INFO] [stdout]   |         ^^^^^^^^^^
[INFO] [stdout] 
[INFO] [stdout] 
[INFO] [stdout] warning: use of deprecated associated function `chrono::NaiveDate::from_ymd`: use `from_ymd_opt()` instead
[INFO] [stdout]   --> src/query/query_test.rs:54:48
[INFO] [stdout]    |
[INFO] [stdout] 54 |         let detail1 = Dummy::new(1, NaiveDate::from_ymd(2021, 5, 1));
[INFO] [stdout]    |                                                ^^^^^^^^
[INFO] [stdout]    |
[INFO] [stdout]    = note: `#[warn(deprecated)]` on by default
[INFO] [stdout] 
[INFO] [stdout] 
[INFO] [stdout] warning: use of deprecated associated function `chrono::NaiveDate::from_ymd`: use `from_ymd_opt()` instead
[INFO] [stdout]   --> src/query/query_test.rs:62:48
[INFO] [stdout]    |
[INFO] [stdout] 62 |         let detail2 = Dummy::new(2, NaiveDate::from_ymd(2022, 7, 1));
[INFO] [stdout]    |                                                ^^^^^^^^
[INFO] [stdout] 
[INFO] [stdout] 
[INFO] [stdout] warning: use of deprecated associated function `chrono::NaiveDate::from_ymd`: use `from_ymd_opt()` instead
[INFO] [stdout]   --> src/query/query_test.rs:69:48
[INFO] [stdout]    |
[INFO] [stdout] 69 |         let detail3 = Dummy::new(3, NaiveDate::from_ymd(2022, 7, 1));
[INFO] [stdout]    |                                                ^^^^^^^^
[INFO] [stdout] 
[INFO] [stdout] 
[INFO] [stdout] warning: use of deprecated associated function `chrono::NaiveDate::from_ymd`: use `from_ymd_opt()` instead
[INFO] [stdout]   --> src/query/query_test.rs:80:48
[INFO] [stdout]    |
[INFO] [stdout] 80 |         let detail1 = Dummy::new(1, NaiveDate::from_ymd(2021, 5, 1));
[INFO] [stdout]    |                                                ^^^^^^^^
[INFO] [stdout] 
[INFO] [stdout] 
[INFO] [stdout] warning: use of deprecated associated function `chrono::NaiveDate::from_ymd`: use `from_ymd_opt()` instead
[INFO] [stdout]   --> src/query/query_test.rs:81:48
[INFO] [stdout]    |
[INFO] [stdout] 81 |         let detail2 = Dummy::new(1, NaiveDate::from_ymd(2021, 5, 4));
[INFO] [stdout]    |                                                ^^^^^^^^
[INFO] [stdout] 
[INFO] [stdout] 
[INFO] [stdout] warning: use of deprecated associated function `chrono::NaiveDate::from_ymd`: use `from_ymd_opt()` instead
[INFO] [stdout]   --> src/query/query_test.rs:82:48
[INFO] [stdout]    |
[INFO] [stdout] 82 |         let detail4 = Dummy::new(2, NaiveDate::from_ymd(2021, 5, 1));
[INFO] [stdout]    |                                                ^^^^^^^^
[INFO] [stdout] 
[INFO] [stdout] 
[INFO] [stdout] warning: use of deprecated associated function `chrono::NaiveDate::from_ymd`: use `from_ymd_opt()` instead
[INFO] [stdout]   --> src/query/query_test.rs:83:48
[INFO] [stdout]    |
[INFO] [stdout] 83 |         let detail3 = Dummy::new(1, NaiveDate::from_ymd(2021, 4, 1));
[INFO] [stdout]    |                                                ^^^^^^^^
[INFO] [stdout] 
[INFO] [stdout] 
[INFO] [stdout] warning: use of deprecated associated function `chrono::NaiveDate::from_ymd`: use `from_ymd_opt()` instead
[INFO] [stdout]    --> src/query/query_test.rs:118:48
[INFO] [stdout]     |
[INFO] [stdout] 118 |         let detail1 = Dummy::new(1, NaiveDate::from_ymd(2021, 5, 1));
[INFO] [stdout]     |                                                ^^^^^^^^
[INFO] [stdout] 
[INFO] [stdout] 
[INFO] [stdout] warning: use of deprecated associated function `chrono::NaiveDate::from_ymd`: use `from_ymd_opt()` instead
[INFO] [stdout]    --> src/query/query_test.rs:122:48
[INFO] [stdout]     |
[INFO] [stdout] 122 |         let detail2 = Dummy::new(2, NaiveDate::from_ymd(2022, 7, 1));
[INFO] [stdout]     |                                                ^^^^^^^^
[INFO] [stdout] 
[INFO] [stdout] 
[INFO] [stdout] warning: use of deprecated associated function `chrono::NaiveDate::from_ymd`: use `from_ymd_opt()` instead
[INFO] [stdout]    --> src/query/query_test.rs:138:48
[INFO] [stdout]     |
[INFO] [stdout] 138 |         let detail1 = Dummy::new(1, NaiveDate::from_ymd(2021, 5, 1));
[INFO] [stdout]     |                                                ^^^^^^^^
[INFO] [stdout] 
[INFO] [stdout] 
[INFO] [stdout] warning: use of deprecated associated function `chrono::NaiveDate::from_ymd`: use `from_ymd_opt()` instead
[INFO] [stdout]    --> src/query/query_test.rs:145:48
[INFO] [stdout]     |
[INFO] [stdout] 145 |         let detail2 = Dummy::new(2, NaiveDate::from_ymd(2022, 7, 1));
[INFO] [stdout]     |                                                ^^^^^^^^
[INFO] [stdout] 
[INFO] [stdout] 
[INFO] [stdout] warning: use of deprecated associated function `chrono::NaiveDate::from_ymd`: use `from_ymd_opt()` instead
[INFO] [stdout]    --> src/query/query_test.rs:152:48
[INFO] [stdout]     |
[INFO] [stdout] 152 |         let detail3 = Dummy::new(3, NaiveDate::from_ymd(2022, 7, 1));
[INFO] [stdout]     |                                                ^^^^^^^^
[INFO] [stdout] 
[INFO] [stdout] 
[INFO] [stdout] warning: use of deprecated associated function `chrono::NaiveDate::from_ymd`: use `from_ymd_opt()` instead
[INFO] [stdout]    --> src/query/query_test.rs:159:48
[INFO] [stdout]     |
[INFO] [stdout] 159 |         let detail4 = Dummy::new(4, NaiveDate::from_ymd(2022, 8, 1));
[INFO] [stdout]     |                                                ^^^^^^^^
[INFO] [stdout] 
[INFO] [stdout] 
[INFO] [stdout] warning: use of deprecated associated function `chrono::NaiveDate::from_ymd`: use `from_ymd_opt()` instead
[INFO] [stdout]    --> src/query/query_test.rs:171:48
[INFO] [stdout]     |
[INFO] [stdout] 171 |         let detail1 = Dummy::new(1, NaiveDate::from_ymd(2021, 5, 1));
[INFO] [stdout]     |                                                ^^^^^^^^
[INFO] [stdout] 
[INFO] [stdout] 
[INFO] [stdout] warning: use of deprecated associated function `chrono::NaiveDate::from_ymd`: use `from_ymd_opt()` instead
[INFO] [stdout]    --> src/query/query_test.rs:175:48
[INFO] [stdout]     |
[INFO] [stdout] 175 |         let detail2 = Dummy::new(2, NaiveDate::from_ymd(2022, 7, 1));
[INFO] [stdout]     |                                                ^^^^^^^^
[INFO] [stdout] 
[INFO] [stdout] 
[INFO] [stdout] warning: use of deprecated associated function `chrono::NaiveDate::from_ymd`: use `from_ymd_opt()` instead
[INFO] [stdout]    --> src/query/query_test.rs:186:48
[INFO] [stdout]     |
[INFO] [stdout] 186 |         let detail3 = Dummy::new(3, NaiveDate::from_ymd(2022, 8, 1));
[INFO] [stdout]     |                                                ^^^^^^^^
[INFO] [stdout] 
[INFO] [stdout] 
[INFO] [stdout] warning: use of deprecated associated function `chrono::NaiveDate::from_ymd`: use `from_ymd_opt()` instead
[INFO] [stdout]    --> src/query/query_test.rs:198:48
[INFO] [stdout]     |
[INFO] [stdout] 198 |         let detail4 = Dummy::new(4, NaiveDate::from_ymd(2023, 1, 1));
[INFO] [stdout]     |                                                ^^^^^^^^
[INFO] [stdout] 
[INFO] [stdout] 
[INFO] [stdout] warning: use of deprecated associated function `chrono::NaiveDate::from_ymd`: use `from_ymd_opt()` instead
[INFO] [stdout]    --> src/query/query_test.rs:217:48
[INFO] [stdout]     |
[INFO] [stdout] 217 |         let detail1 = Dummy::new(1, NaiveDate::from_ymd(2021, 5, 1));
[INFO] [stdout]     |                                                ^^^^^^^^
[INFO] [stdout] 
[INFO] [stdout] 
[INFO] [stdout] warning: use of deprecated associated function `chrono::NaiveDate::from_ymd`: use `from_ymd_opt()` instead
[INFO] [stdout]    --> src/query/query_test.rs:221:48
[INFO] [stdout]     |
[INFO] [stdout] 221 |         let detail2 = Dummy::new(2, NaiveDate::from_ymd(2022, 7, 1));
[INFO] [stdout]     |                                                ^^^^^^^^
[INFO] [stdout] 
[INFO] [stdout] 
[INFO] [stdout] warning: use of deprecated associated function `chrono::NaiveDate::from_ymd`: use `from_ymd_opt()` instead
[INFO] [stdout]    --> src/query/query_test.rs:232:48
[INFO] [stdout]     |
[INFO] [stdout] 232 |         let detail3 = Dummy::new(3, NaiveDate::from_ymd(2022, 8, 1));
[INFO] [stdout]     |                                                ^^^^^^^^
[INFO] [stdout] 
[INFO] [stdout] 
[INFO] [stdout] warning: use of deprecated associated function `chrono::NaiveDate::from_ymd`: use `from_ymd_opt()` instead
[INFO] [stdout]    --> src/query/query_test.rs:244:48
[INFO] [stdout]     |
[INFO] [stdout] 244 |         let detail4 = Dummy::new(4, NaiveDate::from_ymd(2023, 1, 1));
[INFO] [stdout]     |                                                ^^^^^^^^
[INFO] [stdout] 
[INFO] [stdout] 
[INFO] [stdout] warning: use of deprecated associated function `chrono::NaiveDate::from_ymd`: use `from_ymd_opt()` instead
[INFO] [stdout]    --> src/query/query_test.rs:258:48
[INFO] [stdout]     |
[INFO] [stdout] 258 |         let detail5 = Dummy::new(5, NaiveDate::from_ymd(2022, 8, 1));
[INFO] [stdout]     |                                                ^^^^^^^^
[INFO] [stdout] 
[INFO] [stdout] 
[INFO] [stdout] warning: use of deprecated associated function `chrono::NaiveDate::from_ymd`: use `from_ymd_opt()` instead
[INFO] [stdout]    --> src/query/query_test.rs:262:48
[INFO] [stdout]     |
[INFO] [stdout] 262 |         let detail6 = Dummy::new(3, NaiveDate::from_ymd(2022, 8, 1));
[INFO] [stdout]     |                                                ^^^^^^^^
[INFO] [stdout] 
[INFO] [stdout] 
[INFO] [stdout] warning: unused variable: `year`
[INFO] [stdout]   --> src/query.rs:49:19
[INFO] [stdout]    |
[INFO] [stdout] 49 |         .filter(|(year, months)| !months.iter().all(|x| x.is_empty()))
[INFO] [stdout]    |                   ^^^^ help: if this is intentional, prefix it with an underscore: `_year`
[INFO] [stdout]    |
[INFO] [stdout]    = note: `#[warn(unused_variables)]` on by default
[INFO] [stdout] 
[INFO] [stdout] 
[INFO] [stdout] warning: structure field `movieIds` should have a snake case name
[INFO] [stdout]   --> src/query/by_production_companies.rs:10:5
[INFO] [stdout]    |
[INFO] [stdout] 10 |     movieIds: HashSet<KString>,
[INFO] [stdout]    |     ^^^^^^^^ help: convert the identifier to snake case: `movie_ids`
[INFO] [stdout]    |
[INFO] [stdout]    = note: `#[warn(non_snake_case)]` on by default
[INFO] [stdout] 
[INFO] [stdout] 
[INFO] [stdout] warning: structure field `genreIds` should have a snake case name
[INFO] [stdout]   --> src/query/by_production_companies.rs:11:5
[INFO] [stdout]    |
[INFO] [stdout] 11 |     genreIds: HashSet<i64>,
[INFO] [stdout]    |     ^^^^^^^^ help: convert the identifier to snake case: `genre_ids`
[INFO] [stdout] 
[INFO] [stdout] 
[INFO] [stdout] warning: 29 warnings emitted
[INFO] [stdout] 
[INFO] [stdout] 
[INFO] [stderr]     Finished test [unoptimized + debuginfo] target(s) in 0.79s
[INFO] running `Command { std: "docker" "inspect" "b4e926aa7f05455115ce57606110aedf950c4c7f2de8a41a5000a15a7caf05b9", kill_on_drop: false }`
[INFO] running `Command { std: "docker" "rm" "-f" "b4e926aa7f05455115ce57606110aedf950c4c7f2de8a41a5000a15a7caf05b9", kill_on_drop: false }`
[INFO] [stdout] b4e926aa7f05455115ce57606110aedf950c4c7f2de8a41a5000a15a7caf05b9
[INFO] running `Command { std: "docker" "create" "-v" "/var/lib/crater-agent-workspace/builds/worker-0-tc1/target:/opt/rustwide/target:rw,Z" "-v" "/var/lib/crater-agent-workspace/builds/worker-0-tc1/source:/opt/rustwide/workdir:ro,Z" "-v" "/var/lib/crater-agent-workspace/cargo-home:/opt/rustwide/cargo-home:ro,Z" "-v" "/var/lib/crater-agent-workspace/rustup-home:/opt/rustwide/rustup-home:ro,Z" "-e" "SOURCE_DIR=/opt/rustwide/workdir" "-e" "CARGO_TARGET_DIR=/opt/rustwide/target" "-e" "CARGO_INCREMENTAL=0" "-e" "RUST_BACKTRACE=full" "-e" "RUSTFLAGS=--cap-lints=warn" "-e" "RUSTDOCFLAGS=--cap-lints=warn" "-e" "CARGO_HOME=/opt/rustwide/cargo-home" "-e" "RUSTUP_HOME=/opt/rustwide/rustup-home" "-w" "/opt/rustwide/workdir" "-m" "1610612736" "--user" "0:0" "--network" "none" "ghcr.io/rust-lang/crates-build-env/linux@sha256:2788e3201cd34a07e3172128adcd8b3090168a8e3bcc40d7c032b9dda1df7d1c" "/opt/rustwide/cargo-home/bin/cargo" "+1.75.0" "test" "--frozen", kill_on_drop: false }`
[INFO] [stdout] 417acef1b88cfcd8802f83c578d675b602913ba1967c62be28c1bb0546be6286
[INFO] running `Command { std: "docker" "start" "-a" "417acef1b88cfcd8802f83c578d675b602913ba1967c62be28c1bb0546be6286", kill_on_drop: false }`
[INFO] [stderr] warning: unused manifest key: package.serde
[INFO] [stderr] warning: unused import: `borrow::BorrowMut`
[INFO] [stderr]  --> src/main.rs:4:5
[INFO] [stderr]   |
[INFO] [stderr] 4 |     borrow::BorrowMut,
[INFO] [stderr]   |     ^^^^^^^^^^^^^^^^^
[INFO] [stderr]   |
[INFO] [stderr]   = note: `#[warn(unused_imports)]` on by default
[INFO] [stderr] 
[INFO] [stderr] warning: unused import: `std::collections::hash_set`
[INFO] [stderr]  --> src/parsing/tests.rs:3:9
[INFO] [stderr]   |
[INFO] [stderr] 3 |     use std::collections::hash_set;
[INFO] [stderr]   |         ^^^^^^^^^^^^^^^^^^^^^^^^^^
[INFO] [stderr] 
[INFO] [stderr] warning: unused import: `hash::Hash`
[INFO] [stderr]  --> src/query/query_test.rs:8:9
[INFO] [stderr]   |
[INFO] [stderr] 8 |         hash::Hash,
[INFO] [stderr]   |         ^^^^^^^^^^
[INFO] [stderr] 
[INFO] [stderr] warning: use of deprecated associated function `chrono::NaiveDate::from_ymd`: use `from_ymd_opt()` instead
[INFO] [stderr]   --> src/query/query_test.rs:54:48
[INFO] [stderr]    |
[INFO] [stderr] 54 |         let detail1 = Dummy::new(1, NaiveDate::from_ymd(2021, 5, 1));
[INFO] [stderr]    |                                                ^^^^^^^^
[INFO] [stderr]    |
[INFO] [stderr]    = note: `#[warn(deprecated)]` on by default
[INFO] [stderr] 
[INFO] [stderr] warning: use of deprecated associated function `chrono::NaiveDate::from_ymd`: use `from_ymd_opt()` instead
[INFO] [stderr]   --> src/query/query_test.rs:62:48
[INFO] [stderr]    |
[INFO] [stderr] 62 |         let detail2 = Dummy::new(2, NaiveDate::from_ymd(2022, 7, 1));
[INFO] [stderr]    |                                                ^^^^^^^^
[INFO] [stderr] 
[INFO] [stderr] warning: use of deprecated associated function `chrono::NaiveDate::from_ymd`: use `from_ymd_opt()` instead
[INFO] [stderr]   --> src/query/query_test.rs:69:48
[INFO] [stderr]    |
[INFO] [stderr] 69 |         let detail3 = Dummy::new(3, NaiveDate::from_ymd(2022, 7, 1));
[INFO] [stderr]    |                                                ^^^^^^^^
[INFO] [stderr] 
[INFO] [stderr] warning: use of deprecated associated function `chrono::NaiveDate::from_ymd`: use `from_ymd_opt()` instead
[INFO] [stderr]   --> src/query/query_test.rs:80:48
[INFO] [stderr]    |
[INFO] [stderr] 80 |         let detail1 = Dummy::new(1, NaiveDate::from_ymd(2021, 5, 1));
[INFO] [stderr]    |                                                ^^^^^^^^
[INFO] [stderr] 
[INFO] [stderr] warning: use of deprecated associated function `chrono::NaiveDate::from_ymd`: use `from_ymd_opt()` instead
[INFO] [stderr]   --> src/query/query_test.rs:81:48
[INFO] [stderr]    |
[INFO] [stderr] 81 |         let detail2 = Dummy::new(1, NaiveDate::from_ymd(2021, 5, 4));
[INFO] [stderr]    |                                                ^^^^^^^^
[INFO] [stderr] 
[INFO] [stderr] warning: use of deprecated associated function `chrono::NaiveDate::from_ymd`: use `from_ymd_opt()` instead
[INFO] [stderr]   --> src/query/query_test.rs:82:48
[INFO] [stderr]    |
[INFO] [stderr] 82 |         let detail4 = Dummy::new(2, NaiveDate::from_ymd(2021, 5, 1));
[INFO] [stderr]    |                                                ^^^^^^^^
[INFO] [stderr] 
[INFO] [stderr] warning: use of deprecated associated function `chrono::NaiveDate::from_ymd`: use `from_ymd_opt()` instead
[INFO] [stderr]   --> src/query/query_test.rs:83:48
[INFO] [stderr]    |
[INFO] [stderr] 83 |         let detail3 = Dummy::new(1, NaiveDate::from_ymd(2021, 4, 1));
[INFO] [stderr]    |                                                ^^^^^^^^
[INFO] [stderr] 
[INFO] [stderr] warning: use of deprecated associated function `chrono::NaiveDate::from_ymd`: use `from_ymd_opt()` instead
[INFO] [stderr]    --> src/query/query_test.rs:118:48
[INFO] [stderr]     |
[INFO] [stderr] 118 |         let detail1 = Dummy::new(1, NaiveDate::from_ymd(2021, 5, 1));
[INFO] [stderr]     |                                                ^^^^^^^^
[INFO] [stderr] 
[INFO] [stderr] warning: use of deprecated associated function `chrono::NaiveDate::from_ymd`: use `from_ymd_opt()` instead
[INFO] [stderr]    --> src/query/query_test.rs:122:48
[INFO] [stderr]     |
[INFO] [stderr] 122 |         let detail2 = Dummy::new(2, NaiveDate::from_ymd(2022, 7, 1));
[INFO] [stderr]     |                                                ^^^^^^^^
[INFO] [stderr] 
[INFO] [stderr] warning: use of deprecated associated function `chrono::NaiveDate::from_ymd`: use `from_ymd_opt()` instead
[INFO] [stderr]    --> src/query/query_test.rs:138:48
[INFO] [stderr]     |
[INFO] [stderr] 138 |         let detail1 = Dummy::new(1, NaiveDate::from_ymd(2021, 5, 1));
[INFO] [stderr]     |                                                ^^^^^^^^
[INFO] [stderr] 
[INFO] [stderr] warning: use of deprecated associated function `chrono::NaiveDate::from_ymd`: use `from_ymd_opt()` instead
[INFO] [stderr]    --> src/query/query_test.rs:145:48
[INFO] [stderr]     |
[INFO] [stderr] 145 |         let detail2 = Dummy::new(2, NaiveDate::from_ymd(2022, 7, 1));
[INFO] [stderr]     |                                                ^^^^^^^^
[INFO] [stderr] 
[INFO] [stderr] warning: use of deprecated associated function `chrono::NaiveDate::from_ymd`: use `from_ymd_opt()` instead
[INFO] [stderr]    --> src/query/query_test.rs:152:48
[INFO] [stderr]     |
[INFO] [stderr] 152 |         let detail3 = Dummy::new(3, NaiveDate::from_ymd(2022, 7, 1));
[INFO] [stderr]     |                                                ^^^^^^^^
[INFO] [stderr] 
[INFO] [stderr] warning: use of deprecated associated function `chrono::NaiveDate::from_ymd`: use `from_ymd_opt()` instead
[INFO] [stderr]    --> src/query/query_test.rs:159:48
[INFO] [stderr]     |
[INFO] [stderr] 159 |         let detail4 = Dummy::new(4, NaiveDate::from_ymd(2022, 8, 1));
[INFO] [stderr]     |                                                ^^^^^^^^
[INFO] [stderr] 
[INFO] [stderr] warning: use of deprecated associated function `chrono::NaiveDate::from_ymd`: use `from_ymd_opt()` instead
[INFO] [stderr]    --> src/query/query_test.rs:171:48
[INFO] [stderr]     |
[INFO] [stderr] 171 |         let detail1 = Dummy::new(1, NaiveDate::from_ymd(2021, 5, 1));
[INFO] [stderr]     |                                                ^^^^^^^^
[INFO] [stderr] 
[INFO] [stderr] warning: use of deprecated associated function `chrono::NaiveDate::from_ymd`: use `from_ymd_opt()` instead
[INFO] [stderr]    --> src/query/query_test.rs:175:48
[INFO] [stderr]     |
[INFO] [stderr] 175 |         let detail2 = Dummy::new(2, NaiveDate::from_ymd(2022, 7, 1));
[INFO] [stderr]     |                                                ^^^^^^^^
[INFO] [stderr] 
[INFO] [stderr] warning: use of deprecated associated function `chrono::NaiveDate::from_ymd`: use `from_ymd_opt()` instead
[INFO] [stderr]    --> src/query/query_test.rs:186:48
[INFO] [stderr]     |
[INFO] [stderr] 186 |         let detail3 = Dummy::new(3, NaiveDate::from_ymd(2022, 8, 1));
[INFO] [stderr]     |                                                ^^^^^^^^
[INFO] [stderr] 
[INFO] [stderr] warning: use of deprecated associated function `chrono::NaiveDate::from_ymd`: use `from_ymd_opt()` instead
[INFO] [stderr]    --> src/query/query_test.rs:198:48
[INFO] [stderr]     |
[INFO] [stderr] 198 |         let detail4 = Dummy::new(4, NaiveDate::from_ymd(2023, 1, 1));
[INFO] [stderr]     |                                                ^^^^^^^^
[INFO] [stderr] 
[INFO] [stderr] warning: use of deprecated associated function `chrono::NaiveDate::from_ymd`: use `from_ymd_opt()` instead
[INFO] [stderr]    --> src/query/query_test.rs:217:48
[INFO] [stderr]     |
[INFO] [stderr] 217 |         let detail1 = Dummy::new(1, NaiveDate::from_ymd(2021, 5, 1));
[INFO] [stderr]     |                                                ^^^^^^^^
[INFO] [stderr] 
[INFO] [stderr] warning: use of deprecated associated function `chrono::NaiveDate::from_ymd`: use `from_ymd_opt()` instead
[INFO] [stderr]    --> src/query/query_test.rs:221:48
[INFO] [stderr]     |
[INFO] [stderr] 221 |         let detail2 = Dummy::new(2, NaiveDate::from_ymd(2022, 7, 1));
[INFO] [stderr]     |                                                ^^^^^^^^
[INFO] [stderr] 
[INFO] [stderr] warning: use of deprecated associated function `chrono::NaiveDate::from_ymd`: use `from_ymd_opt()` instead
[INFO] [stderr]    --> src/query/query_test.rs:232:48
[INFO] [stderr]     |
[INFO] [stderr] 232 |         let detail3 = Dummy::new(3, NaiveDate::from_ymd(2022, 8, 1));
[INFO] [stderr]     |                                                ^^^^^^^^
[INFO] [stderr] 
[INFO] [stderr] warning: use of deprecated associated function `chrono::NaiveDate::from_ymd`: use `from_ymd_opt()` instead
[INFO] [stderr]    --> src/query/query_test.rs:244:48
[INFO] [stderr]     |
[INFO] [stderr] 244 |         let detail4 = Dummy::new(4, NaiveDate::from_ymd(2023, 1, 1));
[INFO] [stderr]     |                                                ^^^^^^^^
[INFO] [stderr] 
[INFO] [stderr] warning: use of deprecated associated function `chrono::NaiveDate::from_ymd`: use `from_ymd_opt()` instead
[INFO] [stderr]    --> src/query/query_test.rs:258:48
[INFO] [stderr]     |
[INFO] [stderr] 258 |         let detail5 = Dummy::new(5, NaiveDate::from_ymd(2022, 8, 1));
[INFO] [stderr]     |                                                ^^^^^^^^
[INFO] [stderr] 
[INFO] [stderr] warning: use of deprecated associated function `chrono::NaiveDate::from_ymd`: use `from_ymd_opt()` instead
[INFO] [stderr]    --> src/query/query_test.rs:262:48
[INFO] [stderr]     |
[INFO] [stderr] 262 |         let detail6 = Dummy::new(3, NaiveDate::from_ymd(2022, 8, 1));
[INFO] [stderr]     |                                                ^^^^^^^^
[INFO] [stderr] 
[INFO] [stderr] warning: unused variable: `year`
[INFO] [stderr]   --> src/query.rs:49:19
[INFO] [stderr]    |
[INFO] [stderr] 49 |         .filter(|(year, months)| !months.iter().all(|x| x.is_empty()))
[INFO] [stderr]    |                   ^^^^ help: if this is intentional, prefix it with an underscore: `_year`
[INFO] [stderr]    |
[INFO] [stderr]    = note: `#[warn(unused_variables)]` on by default
[INFO] [stderr] 
[INFO] [stderr] warning: structure field `movieIds` should have a snake case name
[INFO] [stderr]   --> src/query/by_production_companies.rs:10:5
[INFO] [stderr]    |
[INFO] [stderr] 10 |     movieIds: HashSet<KString>,
[INFO] [stderr]    |     ^^^^^^^^ help: convert the identifier to snake case: `movie_ids`
[INFO] [stderr]    |
[INFO] [stderr]    = note: `#[warn(non_snake_case)]` on by default
[INFO] [stderr] 
[INFO] [stderr] warning: structure field `genreIds` should have a snake case name
[INFO] [stderr]   --> src/query/by_production_companies.rs:11:5
[INFO] [stderr]    |
[INFO] [stderr] 11 |     genreIds: HashSet<i64>,
[INFO] [stderr]    |     ^^^^^^^^ help: convert the identifier to snake case: `genre_ids`
[INFO] [stderr] 
[INFO] [stderr] warning: `moviedb` (bin "moviedb" test) generated 29 warnings (run `cargo fix --bin "moviedb" --tests` to apply 4 suggestions)
[INFO] [stderr]     Finished test [unoptimized + debuginfo] target(s) in 0.02s
[INFO] [stderr]      Running unittests src/main.rs (/opt/rustwide/target/debug/deps/moviedb-d3ee0370ff8eadee)
[INFO] [stdout] 
[INFO] [stdout] running 9 tests
[INFO] [stdout] test data::tests::tests::status_from_str_basics ... ok
[INFO] [stdout] test parsing::tests::tests::json_to_set ... ok
[INFO] [stdout] test query::query_test::query_tests::test_add_detail ... ok
[INFO] [stdout] test query::query_test::query_tests::test_flatten_bucket_year_map ... ok
[INFO] [stdout] test query::query_test::query_tests::test_add_detail_months ... ok
[INFO] [stdout] test query::query_test::query_tests::test_flatten_bucket_year_map3 ... ok
[INFO] [stdout] test query::query_test::query_tests::test_flatten_bucket_year_map2 ... ok
[INFO] [stdout] test tests::test_parse_args ... ok
[INFO] [stdout] test query::query_test::query_tests::sum_add_details ... FAILED
[INFO] [stdout] 
[INFO] [stdout] failures:
[INFO] [stdout] 
[INFO] [stdout] ---- query::query_test::query_tests::sum_add_details stdout ----
[INFO] [stdout] {2021: [Dummy { id: 1, date: 2021-04-01, profit: 3325 }, Dummy { id: 2, date: 2021-05-01, profit: 6597 }, Dummy { id: 1, date: 2021-05-01, profit: 14944 }]}
[INFO] [stdout] {1: 1, 2: 1}
[INFO] [stdout] thread 'query::query_test::query_tests::sum_add_details' panicked at src/query/query_test.rs:109:9:
[INFO] [stdout] assertion `left == right` failed
[INFO] [stdout]   left: 1
[INFO] [stdout]  right: 2
[INFO] [stdout] stack backtrace:
[INFO] [stdout]    0:     0x560546b0578c - std::backtrace_rs::backtrace::libunwind::trace::ha637c64ce894333a
[INFO] [stdout]                                at /rustc/82e1608dfa6e0b5569232559e3d385fea5a93112/library/std/src/../../backtrace/src/backtrace/libunwind.rs:104:5
[INFO] [stdout]    1:     0x560546b0578c - std::backtrace_rs::backtrace::trace_unsynchronized::h47f62dea28e0c88d
[INFO] [stdout]                                at /rustc/82e1608dfa6e0b5569232559e3d385fea5a93112/library/std/src/../../backtrace/src/backtrace/mod.rs:66:5
[INFO] [stdout]    2:     0x560546b0578c - std::sys_common::backtrace::_print_fmt::h9eef0abe20ede486
[INFO] [stdout]                                at /rustc/82e1608dfa6e0b5569232559e3d385fea5a93112/library/std/src/sys_common/backtrace.rs:67:5
[INFO] [stdout]    3:     0x560546b0578c - <std::sys_common::backtrace::_print::DisplayBacktrace as core::fmt::Display>::fmt::hed7f999df88cc644
[INFO] [stdout]                                at /rustc/82e1608dfa6e0b5569232559e3d385fea5a93112/library/std/src/sys_common/backtrace.rs:44:22
[INFO] [stdout]    4:     0x560546b2fec0 - core::fmt::rt::Argument::fmt::h1539a9308b8d058d
[INFO] [stdout]                                at /rustc/82e1608dfa6e0b5569232559e3d385fea5a93112/library/core/src/fmt/rt.rs:142:9
[INFO] [stdout]    5:     0x560546b2fec0 - core::fmt::write::h3a39390d8560d9c9
[INFO] [stdout]                                at /rustc/82e1608dfa6e0b5569232559e3d385fea5a93112/library/core/src/fmt/mod.rs:1120:17
[INFO] [stdout]    6:     0x560546b0313f - std::io::Write::write_fmt::h040b369f3a0f9cbc
[INFO] [stdout]                                at /rustc/82e1608dfa6e0b5569232559e3d385fea5a93112/library/std/src/io/mod.rs:1762:15
[INFO] [stdout]    7:     0x560546b05574 - std::sys_common::backtrace::_print::h894006fb5c6f3d45
[INFO] [stdout]                                at /rustc/82e1608dfa6e0b5569232559e3d385fea5a93112/library/std/src/sys_common/backtrace.rs:47:5
[INFO] [stdout]    8:     0x560546b05574 - std::sys_common::backtrace::print::h23a2d212c6fff936
[INFO] [stdout]                                at /rustc/82e1608dfa6e0b5569232559e3d385fea5a93112/library/std/src/sys_common/backtrace.rs:34:9
[INFO] [stdout]    9:     0x560546b07237 - std::panicking::default_hook::{{closure}}::h8a1d2ee00185001a
[INFO] [stdout]   10:     0x560546b06f23 - std::panicking::default_hook::h6038f2eba384e475
[INFO] [stdout]                                at /rustc/82e1608dfa6e0b5569232559e3d385fea5a93112/library/std/src/panicking.rs:289:9
[INFO] [stdout]   11:     0x560546a7b0c7 - <alloc::boxed::Box<F,A> as core::ops::function::Fn<Args>>::call::h0ad024c9bdc6d768
[INFO] [stdout]                                at /rustc/82e1608dfa6e0b5569232559e3d385fea5a93112/library/alloc/src/boxed.rs:2021:9
[INFO] [stdout]   12:     0x560546a7b0c7 - test::test_main::{{closure}}::h7500b54257359db6
[INFO] [stdout]                                at /rustc/82e1608dfa6e0b5569232559e3d385fea5a93112/library/test/src/lib.rs:138:21
[INFO] [stdout]   13:     0x560546b07848 - <alloc::boxed::Box<F,A> as core::ops::function::Fn<Args>>::call::h1f8f335eaa9cfaee
[INFO] [stdout]                                at /rustc/82e1608dfa6e0b5569232559e3d385fea5a93112/library/alloc/src/boxed.rs:2021:9
[INFO] [stdout]   14:     0x560546b07848 - std::panicking::rust_panic_with_hook::h2b5517d590cab22e
[INFO] [stdout]                                at /rustc/82e1608dfa6e0b5569232559e3d385fea5a93112/library/std/src/panicking.rs:783:13
[INFO] [stdout]   15:     0x560546b0759e - std::panicking::begin_panic_handler::{{closure}}::h233112c06e0ef43e
[INFO] [stdout]                                at /rustc/82e1608dfa6e0b5569232559e3d385fea5a93112/library/std/src/panicking.rs:657:13
[INFO] [stdout]   16:     0x560546b05c56 - std::sys_common::backtrace::__rust_end_short_backtrace::h6e893f24d7ebbff8
[INFO] [stdout]                                at /rustc/82e1608dfa6e0b5569232559e3d385fea5a93112/library/std/src/sys_common/backtrace.rs:170:18
[INFO] [stdout]   17:     0x560546b07302 - rust_begin_unwind
[INFO] [stdout]                                at /rustc/82e1608dfa6e0b5569232559e3d385fea5a93112/library/std/src/panicking.rs:645:5
[INFO] [stdout]   18:     0x5605469f2155 - core::panicking::panic_fmt::hbf0e066aabfa482c
[INFO] [stdout]                                at /rustc/82e1608dfa6e0b5569232559e3d385fea5a93112/library/core/src/panicking.rs:72:14
[INFO] [stdout]   19:     0x5605469f256b - core::panicking::assert_failed_inner::h0bba8b7c26ee4492
[INFO] [stdout]   20:     0x560546a154fe - core::panicking::assert_failed::hf0909763acdb2633
[INFO] [stdout]                                at /rustc/82e1608dfa6e0b5569232559e3d385fea5a93112/library/core/src/panicking.rs:279:5
[INFO] [stdout]   21:     0x560546a2b83a - moviedb::query::query_test::query_tests::sum_add_details::hce5404f1f7a841af
[INFO] [stdout]                                at /opt/rustwide/workdir/src/query/query_test.rs:109:9
[INFO] [stdout]   22:     0x560546a2ac17 - moviedb::query::query_test::query_tests::sum_add_details::{{closure}}::h278558ab3a56ecea
[INFO] [stdout]                                at /opt/rustwide/workdir/src/query/query_test.rs:77:25
[INFO] [stdout]   23:     0x560546a182d6 - core::ops::function::FnOnce::call_once::h6ac7f1ac2b304074
[INFO] [stdout]                                at /rustc/82e1608dfa6e0b5569232559e3d385fea5a93112/library/core/src/ops/function.rs:250:5
[INFO] [stdout]   24:     0x560546a8071f - core::ops::function::FnOnce::call_once::h2b5d431d5046312d
[INFO] [stdout]                                at /rustc/82e1608dfa6e0b5569232559e3d385fea5a93112/library/core/src/ops/function.rs:250:5
[INFO] [stdout]   25:     0x560546a8071f - test::__rust_begin_short_backtrace::h7714669af176e207
[INFO] [stdout]                                at /rustc/82e1608dfa6e0b5569232559e3d385fea5a93112/library/test/src/lib.rs:628:18
[INFO] [stdout]   26:     0x560546a7f735 - test::run_test_in_process::{{closure}}::h85218797dcbcec12
[INFO] [stdout]                                at /rustc/82e1608dfa6e0b5569232559e3d385fea5a93112/library/test/src/lib.rs:651:60
[INFO] [stdout]   27:     0x560546a7f735 - <core::panic::unwind_safe::AssertUnwindSafe<F> as core::ops::function::FnOnce<()>>::call_once::h76c106ea31c14d7b
[INFO] [stdout]                                at /rustc/82e1608dfa6e0b5569232559e3d385fea5a93112/library/core/src/panic/unwind_safe.rs:272:9
[INFO] [stdout]   28:     0x560546a7f735 - std::panicking::try::do_call::h3bd5d0f6620ee946
[INFO] [stdout]                                at /rustc/82e1608dfa6e0b5569232559e3d385fea5a93112/library/std/src/panicking.rs:552:40
[INFO] [stdout]   29:     0x560546a7f735 - std::panicking::try::h232e535e4744fe31
[INFO] [stdout]                                at /rustc/82e1608dfa6e0b5569232559e3d385fea5a93112/library/std/src/panicking.rs:516:19
[INFO] [stdout]   30:     0x560546a7f735 - std::panic::catch_unwind::h3ce3bd6ca8dbac68
[INFO] [stdout]                                at /rustc/82e1608dfa6e0b5569232559e3d385fea5a93112/library/std/src/panic.rs:142:14
[INFO] [stdout]   31:     0x560546a7f735 - test::run_test_in_process::hc97b257c9621286a
[INFO] [stdout]                                at /rustc/82e1608dfa6e0b5569232559e3d385fea5a93112/library/test/src/lib.rs:651:27
[INFO] [stdout]   32:     0x560546a7f735 - test::run_test::{{closure}}::h2aa798823a438d38
[INFO] [stdout]                                at /rustc/82e1608dfa6e0b5569232559e3d385fea5a93112/library/test/src/lib.rs:574:43
[INFO] [stdout]   33:     0x560546a479f6 - test::run_test::{{closure}}::h87d231c78fb59832
[INFO] [stdout]                                at /rustc/82e1608dfa6e0b5569232559e3d385fea5a93112/library/test/src/lib.rs:602:41
[INFO] [stdout]   34:     0x560546a479f6 - std::sys_common::backtrace::__rust_begin_short_backtrace::he6df152596625789
[INFO] [stdout]                                at /rustc/82e1608dfa6e0b5569232559e3d385fea5a93112/library/std/src/sys_common/backtrace.rs:154:18
[INFO] [stdout]   35:     0x560546a4caa7 - std::thread::Builder::spawn_unchecked_::{{closure}}::{{closure}}::ha94be15d1e0acf36
[INFO] [stdout]                                at /rustc/82e1608dfa6e0b5569232559e3d385fea5a93112/library/std/src/thread/mod.rs:529:17
[INFO] [stdout]   36:     0x560546a4caa7 - <core::panic::unwind_safe::AssertUnwindSafe<F> as core::ops::function::FnOnce<()>>::call_once::h9dc6bd6372f16606
[INFO] [stdout]                                at /rustc/82e1608dfa6e0b5569232559e3d385fea5a93112/library/core/src/panic/unwind_safe.rs:272:9
[INFO] [stdout]   37:     0x560546a4caa7 - std::panicking::try::do_call::h9057517f80303cd4
[INFO] [stdout]                                at /rustc/82e1608dfa6e0b5569232559e3d385fea5a93112/library/std/src/panicking.rs:552:40
[INFO] [stdout]   38:     0x560546a4caa7 - std::panicking::try::he3a30b11ee45340c
[INFO] [stdout]                                at /rustc/82e1608dfa6e0b5569232559e3d385fea5a93112/library/std/src/panicking.rs:516:19
[INFO] [stdout]   39:     0x560546a4caa7 - std::panic::catch_unwind::h410458cfd3528b8b
[INFO] [stdout]                                at /rustc/82e1608dfa6e0b5569232559e3d385fea5a93112/library/std/src/panic.rs:142:14
[INFO] [stdout]   40:     0x560546a4caa7 - std::thread::Builder::spawn_unchecked_::{{closure}}::h72ac3bdb567b737b
[INFO] [stdout]                                at /rustc/82e1608dfa6e0b5569232559e3d385fea5a93112/library/std/src/thread/mod.rs:528:30
[INFO] [stdout]   41:     0x560546a4caa7 - core::ops::function::FnOnce::call_once{{vtable.shim}}::h38f34da3654a8344
[INFO] [stdout]                                at /rustc/82e1608dfa6e0b5569232559e3d385fea5a93112/library/core/src/ops/function.rs:250:5
[INFO] [stdout]   42:     0x560546b0c2d5 - <alloc::boxed::Box<F,A> as core::ops::function::FnOnce<Args>>::call_once::hc7eafaff61e32df9
[INFO] [stdout]                                at /rustc/82e1608dfa6e0b5569232559e3d385fea5a93112/library/alloc/src/boxed.rs:2007:9
[INFO] [stdout]   43:     0x560546b0c2d5 - <alloc::boxed::Box<F,A> as core::ops::function::FnOnce<Args>>::call_once::h6ba4a5de48dd2304
[INFO] [stdout]                                at /rustc/82e1608dfa6e0b5569232559e3d385fea5a93112/library/alloc/src/boxed.rs:2007:9
[INFO] [stdout]   44:     0x560546b0c2d5 - std::sys::unix::thread::Thread::new::thread_start::he469335aef763e45
[INFO] [stdout]                                at /rustc/82e1608dfa6e0b5569232559e3d385fea5a93112/library/std/src/sys/unix/thread.rs:108:17
[INFO] [stdout]   45:     0x7f838faf0ac3 - <unknown>
[INFO] [stdout]   46:     0x7f838fb81bf4 - __clone
[INFO] [stdout]   47:                0x0 - <unknown>
[INFO] [stdout] 
[INFO] [stdout] 
[INFO] [stdout] failures:
[INFO] [stdout]     query::query_test::query_tests::sum_add_details
[INFO] [stdout] 
[INFO] [stdout] test result: FAILED. 8 passed; 1 failed; 0 ignored; 0 measured; 0 filtered out; finished in 0.01s
[INFO] [stdout] 
[INFO] [stderr] error: test failed, to rerun pass `--bin moviedb`
[INFO] running `Command { std: "docker" "inspect" "417acef1b88cfcd8802f83c578d675b602913ba1967c62be28c1bb0546be6286", kill_on_drop: false }`
[INFO] running `Command { std: "docker" "rm" "-f" "417acef1b88cfcd8802f83c578d675b602913ba1967c62be28c1bb0546be6286", kill_on_drop: false }`
[INFO] [stdout] 417acef1b88cfcd8802f83c578d675b602913ba1967c62be28c1bb0546be6286
[INFO] testing jdneumeyer77/rust-movie-ingestor against beta-2023-12-22 for beta-1.76-1
[INFO] running `Command { std: "git" "clone" "/workspace/cache/git-repos/https%3A%2F%2Fgithub.com%2Fjdneumeyer77%2Frust-movie-ingestor" "/workspace/builds/worker-0-tc2/source", kill_on_drop: false }`
[INFO] [stderr] Cloning into '/workspace/builds/worker-0-tc2/source'...
[INFO] [stderr] done.
[INFO] validating manifest of git repo https://github.com/jdneumeyer77/rust-movie-ingestor on toolchain beta-2023-12-22
[INFO] running `Command { std: CARGO_HOME="/workspace/cargo-home" RUSTUP_HOME="/workspace/rustup-home" "/workspace/cargo-home/bin/cargo" "+beta-2023-12-22" "metadata" "--manifest-path" "Cargo.toml" "--no-deps", kill_on_drop: false }`
[INFO] started tweaking git repo https://github.com/jdneumeyer77/rust-movie-ingestor
[INFO] finished tweaking git repo https://github.com/jdneumeyer77/rust-movie-ingestor
[INFO] tweaked toml for git repo https://github.com/jdneumeyer77/rust-movie-ingestor written to /workspace/builds/worker-0-tc2/source/Cargo.toml
[INFO] crate git repo https://github.com/jdneumeyer77/rust-movie-ingestor already has a lockfile, it will not be regenerated
[INFO] running `Command { std: CARGO_HOME="/workspace/cargo-home" RUSTUP_HOME="/workspace/rustup-home" "/workspace/cargo-home/bin/cargo" "+beta-2023-12-22" "fetch" "--manifest-path" "Cargo.toml", kill_on_drop: false }`
[INFO] [stderr] warning: unused manifest key: package.serde
[INFO] running `Command { std: "docker" "create" "-v" "/var/lib/crater-agent-workspace/builds/worker-0-tc2/target:/opt/rustwide/target:rw,Z" "-v" "/var/lib/crater-agent-workspace/builds/worker-0-tc2/source:/opt/rustwide/workdir:ro,Z" "-v" "/var/lib/crater-agent-workspace/cargo-home:/opt/rustwide/cargo-home:ro,Z" "-v" "/var/lib/crater-agent-workspace/rustup-home:/opt/rustwide/rustup-home:ro,Z" "-e" "SOURCE_DIR=/opt/rustwide/workdir" "-e" "CARGO_TARGET_DIR=/opt/rustwide/target" "-e" "CARGO_HOME=/opt/rustwide/cargo-home" "-e" "RUSTUP_HOME=/opt/rustwide/rustup-home" "-w" "/opt/rustwide/workdir" "-m" "1610612736" "--user" "0:0" "--network" "none" "ghcr.io/rust-lang/crates-build-env/linux@sha256:2788e3201cd34a07e3172128adcd8b3090168a8e3bcc40d7c032b9dda1df7d1c" "/opt/rustwide/cargo-home/bin/cargo" "+beta-2023-12-22" "metadata" "--no-deps" "--format-version=1", kill_on_drop: false }`
[INFO] [stdout] 7ffc0dd464834000e3ca31aa64b6cd331999477f4ba9860ae18131e9554d072c
[INFO] running `Command { std: "docker" "start" "-a" "7ffc0dd464834000e3ca31aa64b6cd331999477f4ba9860ae18131e9554d072c", kill_on_drop: false }`
[INFO] running `Command { std: "docker" "inspect" "7ffc0dd464834000e3ca31aa64b6cd331999477f4ba9860ae18131e9554d072c", kill_on_drop: false }`
[INFO] running `Command { std: "docker" "rm" "-f" "7ffc0dd464834000e3ca31aa64b6cd331999477f4ba9860ae18131e9554d072c", kill_on_drop: false }`
[INFO] [stdout] 7ffc0dd464834000e3ca31aa64b6cd331999477f4ba9860ae18131e9554d072c
[INFO] running `Command { std: "docker" "create" "-v" "/var/lib/crater-agent-workspace/builds/worker-0-tc2/target:/opt/rustwide/target:rw,Z" "-v" "/var/lib/crater-agent-workspace/builds/worker-0-tc2/source:/opt/rustwide/workdir:ro,Z" "-v" "/var/lib/crater-agent-workspace/cargo-home:/opt/rustwide/cargo-home:ro,Z" "-v" "/var/lib/crater-agent-workspace/rustup-home:/opt/rustwide/rustup-home:ro,Z" "-e" "SOURCE_DIR=/opt/rustwide/workdir" "-e" "CARGO_TARGET_DIR=/opt/rustwide/target" "-e" "CARGO_INCREMENTAL=0" "-e" "RUST_BACKTRACE=full" "-e" "RUSTFLAGS=--cap-lints=warn" "-e" "RUSTDOCFLAGS=--cap-lints=warn" "-e" "CARGO_HOME=/opt/rustwide/cargo-home" "-e" "RUSTUP_HOME=/opt/rustwide/rustup-home" "-w" "/opt/rustwide/workdir" "-m" "1610612736" "--user" "0:0" "--network" "none" "ghcr.io/rust-lang/crates-build-env/linux@sha256:2788e3201cd34a07e3172128adcd8b3090168a8e3bcc40d7c032b9dda1df7d1c" "/opt/rustwide/cargo-home/bin/cargo" "+beta-2023-12-22" "build" "--frozen" "--message-format=json", kill_on_drop: false }`
[INFO] [stdout] 5d2516d58629f384a91875bbc3b254724f3d7c891ebcc294cb4fad2fe571bc04
[INFO] running `Command { std: "docker" "start" "-a" "5d2516d58629f384a91875bbc3b254724f3d7c891ebcc294cb4fad2fe571bc04", kill_on_drop: false }`
[INFO] [stderr] warning: unused manifest key: package.serde
[INFO] [stderr]    Compiling proc-macro2 v1.0.60
[INFO] [stderr]    Compiling libc v0.2.146
[INFO] [stderr]    Compiling quote v1.0.28
[INFO] [stderr]    Compiling unicode-ident v1.0.9
[INFO] [stderr]    Compiling serde v1.0.164
[INFO] [stderr]    Compiling cfg-if v1.0.0
[INFO] [stderr]    Compiling autocfg v1.1.0
[INFO] [stderr]    Compiling memchr v2.5.0
[INFO] [stderr]    Compiling ppv-lite86 v0.2.17
[INFO] [stderr]    Compiling itoa v1.0.6
[INFO] [stderr]    Compiling either v1.8.1
[INFO] [stderr]    Compiling static_assertions v1.1.0
[INFO] [stderr]    Compiling ryu v1.0.13
[INFO] [stderr]    Compiling iana-time-zone v0.1.57
[INFO] [stderr]    Compiling json v0.12.4
[INFO] [stderr]    Compiling kstring v2.0.0
[INFO] [stderr]    Compiling itertools v0.11.0
[INFO] [stderr]    Compiling num-traits v0.2.15
[INFO] [stderr]    Compiling csv-core v0.1.10
[INFO] [stderr]    Compiling syn v2.0.18
[INFO] [stderr]    Compiling getrandom v0.2.10
[INFO] [stderr]    Compiling time v0.1.45
[INFO] [stderr]    Compiling rand_core v0.6.4
[INFO] [stderr]    Compiling rand_chacha v0.3.1
[INFO] [stderr]    Compiling rand v0.8.5
[INFO] [stderr]    Compiling serde_derive v1.0.164
[INFO] [stderr]    Compiling chrono v0.4.26
[INFO] [stderr]    Compiling csv v1.2.2
[INFO] [stderr]    Compiling moviedb v0.1.0 (/opt/rustwide/workdir)
[INFO] [stdout] warning: unused import: `borrow::BorrowMut`
[INFO] [stdout]  --> src/main.rs:4:5
[INFO] [stdout]   |
[INFO] [stdout] 4 |     borrow::BorrowMut,
[INFO] [stdout]   |     ^^^^^^^^^^^^^^^^^
[INFO] [stdout]   |
[INFO] [stdout]   = note: `#[warn(unused_imports)]` on by default
[INFO] [stdout] 
[INFO] [stdout] 
[INFO] [stdout] warning: unused variable: `year`
[INFO] [stdout]   --> src/query.rs:49:19
[INFO] [stdout]    |
[INFO] [stdout] 49 |         .filter(|(year, months)| !months.iter().all(|x| x.is_empty()))
[INFO] [stdout]    |                   ^^^^ help: if this is intentional, prefix it with an underscore: `_year`
[INFO] [stdout]    |
[INFO] [stdout]    = note: `#[warn(unused_variables)]` on by default
[INFO] [stdout] 
[INFO] [stdout] 
[INFO] [stdout] warning: structure field `movieIds` should have a snake case name
[INFO] [stdout]   --> src/query/by_production_companies.rs:10:5
[INFO] [stdout]    |
[INFO] [stdout] 10 |     movieIds: HashSet<KString>,
[INFO] [stdout]    |     ^^^^^^^^ help: convert the identifier to snake case: `movie_ids`
[INFO] [stdout]    |
[INFO] [stdout]    = note: `#[warn(non_snake_case)]` on by default
[INFO] [stdout] 
[INFO] [stdout] 
[INFO] [stdout] warning: structure field `genreIds` should have a snake case name
[INFO] [stdout]   --> src/query/by_production_companies.rs:11:5
[INFO] [stdout]    |
[INFO] [stdout] 11 |     genreIds: HashSet<i64>,
[INFO] [stdout]    |     ^^^^^^^^ help: convert the identifier to snake case: `genre_ids`
[INFO] [stdout] 
[INFO] [stdout] 
[INFO] [stdout] warning: 4 warnings emitted
[INFO] [stdout] 
[INFO] [stdout] 
[INFO] [stderr]     Finished dev [unoptimized + debuginfo] target(s) in 9.22s
[INFO] running `Command { std: "docker" "inspect" "5d2516d58629f384a91875bbc3b254724f3d7c891ebcc294cb4fad2fe571bc04", kill_on_drop: false }`
[INFO] running `Command { std: "docker" "rm" "-f" "5d2516d58629f384a91875bbc3b254724f3d7c891ebcc294cb4fad2fe571bc04", kill_on_drop: false }`
[INFO] [stdout] 5d2516d58629f384a91875bbc3b254724f3d7c891ebcc294cb4fad2fe571bc04
[INFO] running `Command { std: "docker" "create" "-v" "/var/lib/crater-agent-workspace/builds/worker-0-tc2/target:/opt/rustwide/target:rw,Z" "-v" "/var/lib/crater-agent-workspace/builds/worker-0-tc2/source:/opt/rustwide/workdir:ro,Z" "-v" "/var/lib/crater-agent-workspace/cargo-home:/opt/rustwide/cargo-home:ro,Z" "-v" "/var/lib/crater-agent-workspace/rustup-home:/opt/rustwide/rustup-home:ro,Z" "-e" "SOURCE_DIR=/opt/rustwide/workdir" "-e" "CARGO_TARGET_DIR=/opt/rustwide/target" "-e" "CARGO_INCREMENTAL=0" "-e" "RUST_BACKTRACE=full" "-e" "RUSTFLAGS=--cap-lints=warn" "-e" "RUSTDOCFLAGS=--cap-lints=warn" "-e" "CARGO_HOME=/opt/rustwide/cargo-home" "-e" "RUSTUP_HOME=/opt/rustwide/rustup-home" "-w" "/opt/rustwide/workdir" "-m" "1610612736" "--user" "0:0" "--network" "none" "ghcr.io/rust-lang/crates-build-env/linux@sha256:2788e3201cd34a07e3172128adcd8b3090168a8e3bcc40d7c032b9dda1df7d1c" "/opt/rustwide/cargo-home/bin/cargo" "+beta-2023-12-22" "test" "--frozen" "--no-run" "--message-format=json", kill_on_drop: false }`
[INFO] [stdout] d8c431e59a8d1bd6b21b5478d58ca42357f9240a5228126d2a845167a091d432
[INFO] running `Command { std: "docker" "start" "-a" "d8c431e59a8d1bd6b21b5478d58ca42357f9240a5228126d2a845167a091d432", kill_on_drop: false }`
[INFO] [stderr] warning: unused manifest key: package.serde
[INFO] [stderr]    Compiling moviedb v0.1.0 (/opt/rustwide/workdir)
[INFO] [stdout] warning: unused import: `borrow::BorrowMut`
[INFO] [stdout]  --> src/main.rs:4:5
[INFO] [stdout]   |
[INFO] [stdout] 4 |     borrow::BorrowMut,
[INFO] [stdout]   |     ^^^^^^^^^^^^^^^^^
[INFO] [stdout]   |
[INFO] [stdout]   = note: `#[warn(unused_imports)]` on by default
[INFO] [stdout] 
[INFO] [stdout] 
[INFO] [stdout] warning: unused import: `std::collections::hash_set`
[INFO] [stdout]  --> src/parsing/tests.rs:3:9
[INFO] [stdout]   |
[INFO] [stdout] 3 |     use std::collections::hash_set;
[INFO] [stdout]   |         ^^^^^^^^^^^^^^^^^^^^^^^^^^
[INFO] [stdout] 
[INFO] [stdout] 
[INFO] [stdout] warning: unused import: `hash::Hash`
[INFO] [stdout]  --> src/query/query_test.rs:8:9
[INFO] [stdout]   |
[INFO] [stdout] 8 |         hash::Hash,
[INFO] [stdout]   |         ^^^^^^^^^^
[INFO] [stdout] 
[INFO] [stdout] 
[INFO] [stdout] warning: use of deprecated associated function `chrono::NaiveDate::from_ymd`: use `from_ymd_opt()` instead
[INFO] [stdout]   --> src/query/query_test.rs:54:48
[INFO] [stdout]    |
[INFO] [stdout] 54 |         let detail1 = Dummy::new(1, NaiveDate::from_ymd(2021, 5, 1));
[INFO] [stdout]    |                                                ^^^^^^^^
[INFO] [stdout]    |
[INFO] [stdout]    = note: `#[warn(deprecated)]` on by default
[INFO] [stdout] 
[INFO] [stdout] 
[INFO] [stdout] warning: use of deprecated associated function `chrono::NaiveDate::from_ymd`: use `from_ymd_opt()` instead
[INFO] [stdout]   --> src/query/query_test.rs:62:48
[INFO] [stdout]    |
[INFO] [stdout] 62 |         let detail2 = Dummy::new(2, NaiveDate::from_ymd(2022, 7, 1));
[INFO] [stdout]    |                                                ^^^^^^^^
[INFO] [stdout] 
[INFO] [stdout] 
[INFO] [stdout] warning: use of deprecated associated function `chrono::NaiveDate::from_ymd`: use `from_ymd_opt()` instead
[INFO] [stdout]   --> src/query/query_test.rs:69:48
[INFO] [stdout]    |
[INFO] [stdout] 69 |         let detail3 = Dummy::new(3, NaiveDate::from_ymd(2022, 7, 1));
[INFO] [stdout]    |                                                ^^^^^^^^
[INFO] [stdout] 
[INFO] [stdout] 
[INFO] [stdout] warning: use of deprecated associated function `chrono::NaiveDate::from_ymd`: use `from_ymd_opt()` instead
[INFO] [stdout]   --> src/query/query_test.rs:80:48
[INFO] [stdout]    |
[INFO] [stdout] 80 |         let detail1 = Dummy::new(1, NaiveDate::from_ymd(2021, 5, 1));
[INFO] [stdout]    |                                                ^^^^^^^^
[INFO] [stdout] 
[INFO] [stdout] 
[INFO] [stdout] warning: use of deprecated associated function `chrono::NaiveDate::from_ymd`: use `from_ymd_opt()` instead
[INFO] [stdout]   --> src/query/query_test.rs:81:48
[INFO] [stdout]    |
[INFO] [stdout] 81 |         let detail2 = Dummy::new(1, NaiveDate::from_ymd(2021, 5, 4));
[INFO] [stdout]    |                                                ^^^^^^^^
[INFO] [stdout] 
[INFO] [stdout] 
[INFO] [stdout] warning: use of deprecated associated function `chrono::NaiveDate::from_ymd`: use `from_ymd_opt()` instead
[INFO] [stdout]   --> src/query/query_test.rs:82:48
[INFO] [stdout]    |
[INFO] [stdout] 82 |         let detail4 = Dummy::new(2, NaiveDate::from_ymd(2021, 5, 1));
[INFO] [stdout]    |                                                ^^^^^^^^
[INFO] [stdout] 
[INFO] [stdout] 
[INFO] [stdout] warning: use of deprecated associated function `chrono::NaiveDate::from_ymd`: use `from_ymd_opt()` instead
[INFO] [stdout]   --> src/query/query_test.rs:83:48
[INFO] [stdout]    |
[INFO] [stdout] 83 |         let detail3 = Dummy::new(1, NaiveDate::from_ymd(2021, 4, 1));
[INFO] [stdout]    |                                                ^^^^^^^^
[INFO] [stdout] 
[INFO] [stdout] 
[INFO] [stdout] warning: use of deprecated associated function `chrono::NaiveDate::from_ymd`: use `from_ymd_opt()` instead
[INFO] [stdout]    --> src/query/query_test.rs:118:48
[INFO] [stdout]     |
[INFO] [stdout] 118 |         let detail1 = Dummy::new(1, NaiveDate::from_ymd(2021, 5, 1));
[INFO] [stdout]     |                                                ^^^^^^^^
[INFO] [stdout] 
[INFO] [stdout] 
[INFO] [stdout] warning: use of deprecated associated function `chrono::NaiveDate::from_ymd`: use `from_ymd_opt()` instead
[INFO] [stdout]    --> src/query/query_test.rs:122:48
[INFO] [stdout]     |
[INFO] [stdout] 122 |         let detail2 = Dummy::new(2, NaiveDate::from_ymd(2022, 7, 1));
[INFO] [stdout]     |                                                ^^^^^^^^
[INFO] [stdout] 
[INFO] [stdout] 
[INFO] [stdout] warning: use of deprecated associated function `chrono::NaiveDate::from_ymd`: use `from_ymd_opt()` instead
[INFO] [stdout]    --> src/query/query_test.rs:138:48
[INFO] [stdout]     |
[INFO] [stdout] 138 |         let detail1 = Dummy::new(1, NaiveDate::from_ymd(2021, 5, 1));
[INFO] [stdout]     |                                                ^^^^^^^^
[INFO] [stdout] 
[INFO] [stdout] 
[INFO] [stdout] warning: use of deprecated associated function `chrono::NaiveDate::from_ymd`: use `from_ymd_opt()` instead
[INFO] [stdout]    --> src/query/query_test.rs:145:48
[INFO] [stdout]     |
[INFO] [stdout] 145 |         let detail2 = Dummy::new(2, NaiveDate::from_ymd(2022, 7, 1));
[INFO] [stdout]     |                                                ^^^^^^^^
[INFO] [stdout] 
[INFO] [stdout] 
[INFO] [stdout] warning: use of deprecated associated function `chrono::NaiveDate::from_ymd`: use `from_ymd_opt()` instead
[INFO] [stdout]    --> src/query/query_test.rs:152:48
[INFO] [stdout]     |
[INFO] [stdout] 152 |         let detail3 = Dummy::new(3, NaiveDate::from_ymd(2022, 7, 1));
[INFO] [stdout]     |                                                ^^^^^^^^
[INFO] [stdout] 
[INFO] [stdout] 
[INFO] [stdout] warning: use of deprecated associated function `chrono::NaiveDate::from_ymd`: use `from_ymd_opt()` instead
[INFO] [stdout]    --> src/query/query_test.rs:159:48
[INFO] [stdout]     |
[INFO] [stdout] 159 |         let detail4 = Dummy::new(4, NaiveDate::from_ymd(2022, 8, 1));
[INFO] [stdout]     |                                                ^^^^^^^^
[INFO] [stdout] 
[INFO] [stdout] 
[INFO] [stdout] warning: use of deprecated associated function `chrono::NaiveDate::from_ymd`: use `from_ymd_opt()` instead
[INFO] [stdout]    --> src/query/query_test.rs:171:48
[INFO] [stdout]     |
[INFO] [stdout] 171 |         let detail1 = Dummy::new(1, NaiveDate::from_ymd(2021, 5, 1));
[INFO] [stdout]     |                                                ^^^^^^^^
[INFO] [stdout] 
[INFO] [stdout] 
[INFO] [stdout] warning: use of deprecated associated function `chrono::NaiveDate::from_ymd`: use `from_ymd_opt()` instead
[INFO] [stdout]    --> src/query/query_test.rs:175:48
[INFO] [stdout]     |
[INFO] [stdout] 175 |         let detail2 = Dummy::new(2, NaiveDate::from_ymd(2022, 7, 1));
[INFO] [stdout]     |                                                ^^^^^^^^
[INFO] [stdout] 
[INFO] [stdout] 
[INFO] [stdout] warning: use of deprecated associated function `chrono::NaiveDate::from_ymd`: use `from_ymd_opt()` instead
[INFO] [stdout]    --> src/query/query_test.rs:186:48
[INFO] [stdout]     |
[INFO] [stdout] 186 |         let detail3 = Dummy::new(3, NaiveDate::from_ymd(2022, 8, 1));
[INFO] [stdout]     |                                                ^^^^^^^^
[INFO] [stdout] 
[INFO] [stdout] 
[INFO] [stdout] warning: use of deprecated associated function `chrono::NaiveDate::from_ymd`: use `from_ymd_opt()` instead
[INFO] [stdout]    --> src/query/query_test.rs:198:48
[INFO] [stdout]     |
[INFO] [stdout] 198 |         let detail4 = Dummy::new(4, NaiveDate::from_ymd(2023, 1, 1));
[INFO] [stdout]     |                                                ^^^^^^^^
[INFO] [stdout] 
[INFO] [stdout] 
[INFO] [stdout] warning: use of deprecated associated function `chrono::NaiveDate::from_ymd`: use `from_ymd_opt()` instead
[INFO] [stdout]    --> src/query/query_test.rs:217:48
[INFO] [stdout]     |
[INFO] [stdout] 217 |         let detail1 = Dummy::new(1, NaiveDate::from_ymd(2021, 5, 1));
[INFO] [stdout]     |                                                ^^^^^^^^
[INFO] [stdout] 
[INFO] [stdout] 
[INFO] [stdout] warning: use of deprecated associated function `chrono::NaiveDate::from_ymd`: use `from_ymd_opt()` instead
[INFO] [stdout]    --> src/query/query_test.rs:221:48
[INFO] [stdout]     |
[INFO] [stdout] 221 |         let detail2 = Dummy::new(2, NaiveDate::from_ymd(2022, 7, 1));
[INFO] [stdout]     |                                                ^^^^^^^^
[INFO] [stdout] 
[INFO] [stdout] 
[INFO] [stdout] warning: use of deprecated associated function `chrono::NaiveDate::from_ymd`: use `from_ymd_opt()` instead
[INFO] [stdout]    --> src/query/query_test.rs:232:48
[INFO] [stdout]     |
[INFO] [stdout] 232 |         let detail3 = Dummy::new(3, NaiveDate::from_ymd(2022, 8, 1));
[INFO] [stdout]     |                                                ^^^^^^^^
[INFO] [stdout] 
[INFO] [stdout] 
[INFO] [stdout] warning: use of deprecated associated function `chrono::NaiveDate::from_ymd`: use `from_ymd_opt()` instead
[INFO] [stdout]    --> src/query/query_test.rs:244:48
[INFO] [stdout]     |
[INFO] [stdout] 244 |         let detail4 = Dummy::new(4, NaiveDate::from_ymd(2023, 1, 1));
[INFO] [stdout]     |                                                ^^^^^^^^
[INFO] [stdout] 
[INFO] [stdout] 
[INFO] [stdout] warning: use of deprecated associated function `chrono::NaiveDate::from_ymd`: use `from_ymd_opt()` instead
[INFO] [stdout]    --> src/query/query_test.rs:258:48
[INFO] [stdout]     |
[INFO] [stdout] 258 |         let detail5 = Dummy::new(5, NaiveDate::from_ymd(2022, 8, 1));
[INFO] [stdout]     |                                                ^^^^^^^^
[INFO] [stdout] 
[INFO] [stdout] 
[INFO] [stdout] warning: use of deprecated associated function `chrono::NaiveDate::from_ymd`: use `from_ymd_opt()` instead
[INFO] [stdout]    --> src/query/query_test.rs:262:48
[INFO] [stdout]     |
[INFO] [stdout] 262 |         let detail6 = Dummy::new(3, NaiveDate::from_ymd(2022, 8, 1));
[INFO] [stdout]     |                                                ^^^^^^^^
[INFO] [stdout] 
[INFO] [stdout] 
[INFO] [stdout] warning: unused variable: `year`
[INFO] [stdout]   --> src/query.rs:49:19
[INFO] [stdout]    |
[INFO] [stdout] 49 |         .filter(|(year, months)| !months.iter().all(|x| x.is_empty()))
[INFO] [stdout]    |                   ^^^^ help: if this is intentional, prefix it with an underscore: `_year`
[INFO] [stdout]    |
[INFO] [stdout]    = note: `#[warn(unused_variables)]` on by default
[INFO] [stdout] 
[INFO] [stdout] 
[INFO] [stdout] warning: structure field `movieIds` should have a snake case name
[INFO] [stdout]   --> src/query/by_production_companies.rs:10:5
[INFO] [stdout]    |
[INFO] [stdout] 10 |     movieIds: HashSet<KString>,
[INFO] [stdout]    |     ^^^^^^^^ help: convert the identifier to snake case: `movie_ids`
[INFO] [stdout]    |
[INFO] [stdout]    = note: `#[warn(non_snake_case)]` on by default
[INFO] [stdout] 
[INFO] [stdout] 
[INFO] [stdout] warning: structure field `genreIds` should have a snake case name
[INFO] [stdout]   --> src/query/by_production_companies.rs:11:5
[INFO] [stdout]    |
[INFO] [stdout] 11 |     genreIds: HashSet<i64>,
[INFO] [stdout]    |     ^^^^^^^^ help: convert the identifier to snake case: `genre_ids`
[INFO] [stdout] 
[INFO] [stdout] 
[INFO] [stdout] warning: 29 warnings emitted
[INFO] [stdout] 
[INFO] [stdout] 
[INFO] [stderr]     Finished test [unoptimized + debuginfo] target(s) in 0.95s
[INFO] running `Command { std: "docker" "inspect" "d8c431e59a8d1bd6b21b5478d58ca42357f9240a5228126d2a845167a091d432", kill_on_drop: false }`
[INFO] running `Command { std: "docker" "rm" "-f" "d8c431e59a8d1bd6b21b5478d58ca42357f9240a5228126d2a845167a091d432", kill_on_drop: false }`
[INFO] [stdout] d8c431e59a8d1bd6b21b5478d58ca42357f9240a5228126d2a845167a091d432
[INFO] running `Command { std: "docker" "create" "-v" "/var/lib/crater-agent-workspace/builds/worker-0-tc2/target:/opt/rustwide/target:rw,Z" "-v" "/var/lib/crater-agent-workspace/builds/worker-0-tc2/source:/opt/rustwide/workdir:ro,Z" "-v" "/var/lib/crater-agent-workspace/cargo-home:/opt/rustwide/cargo-home:ro,Z" "-v" "/var/lib/crater-agent-workspace/rustup-home:/opt/rustwide/rustup-home:ro,Z" "-e" "SOURCE_DIR=/opt/rustwide/workdir" "-e" "CARGO_TARGET_DIR=/opt/rustwide/target" "-e" "CARGO_INCREMENTAL=0" "-e" "RUST_BACKTRACE=full" "-e" "RUSTFLAGS=--cap-lints=warn" "-e" "RUSTDOCFLAGS=--cap-lints=warn" "-e" "CARGO_HOME=/opt/rustwide/cargo-home" "-e" "RUSTUP_HOME=/opt/rustwide/rustup-home" "-w" "/opt/rustwide/workdir" "-m" "1610612736" "--user" "0:0" "--network" "none" "ghcr.io/rust-lang/crates-build-env/linux@sha256:2788e3201cd34a07e3172128adcd8b3090168a8e3bcc40d7c032b9dda1df7d1c" "/opt/rustwide/cargo-home/bin/cargo" "+beta-2023-12-22" "test" "--frozen", kill_on_drop: false }`
[INFO] [stdout] c24cc6cc8329849dca3b229453cd80d44a44c8489b94c6d9b9e34c25d37642db
[INFO] running `Command { std: "docker" "start" "-a" "c24cc6cc8329849dca3b229453cd80d44a44c8489b94c6d9b9e34c25d37642db", kill_on_drop: false }`
[INFO] [stderr] warning: unused manifest key: package.serde
[INFO] [stderr] warning: unused import: `borrow::BorrowMut`
[INFO] [stderr]  --> src/main.rs:4:5
[INFO] [stderr]   |
[INFO] [stderr] 4 |     borrow::BorrowMut,
[INFO] [stderr]   |     ^^^^^^^^^^^^^^^^^
[INFO] [stderr]   |
[INFO] [stderr]   = note: `#[warn(unused_imports)]` on by default
[INFO] [stderr] 
[INFO] [stderr] warning: unused import: `std::collections::hash_set`
[INFO] [stderr]  --> src/parsing/tests.rs:3:9
[INFO] [stderr]   |
[INFO] [stderr] 3 |     use std::collections::hash_set;
[INFO] [stderr]   |         ^^^^^^^^^^^^^^^^^^^^^^^^^^
[INFO] [stderr] 
[INFO] [stderr] warning: unused import: `hash::Hash`
[INFO] [stderr]  --> src/query/query_test.rs:8:9
[INFO] [stderr]   |
[INFO] [stderr] 8 |         hash::Hash,
[INFO] [stderr]   |         ^^^^^^^^^^
[INFO] [stderr] 
[INFO] [stderr] warning: use of deprecated associated function `chrono::NaiveDate::from_ymd`: use `from_ymd_opt()` instead
[INFO] [stderr]   --> src/query/query_test.rs:54:48
[INFO] [stderr]    |
[INFO] [stderr] 54 |         let detail1 = Dummy::new(1, NaiveDate::from_ymd(2021, 5, 1));
[INFO] [stderr]    |                                                ^^^^^^^^
[INFO] [stderr]    |
[INFO] [stderr]    = note: `#[warn(deprecated)]` on by default
[INFO] [stderr] 
[INFO] [stderr] warning: use of deprecated associated function `chrono::NaiveDate::from_ymd`: use `from_ymd_opt()` instead
[INFO] [stderr]   --> src/query/query_test.rs:62:48
[INFO] [stderr]    |
[INFO] [stderr] 62 |         let detail2 = Dummy::new(2, NaiveDate::from_ymd(2022, 7, 1));
[INFO] [stderr]    |                                                ^^^^^^^^
[INFO] [stderr] 
[INFO] [stderr] warning: use of deprecated associated function `chrono::NaiveDate::from_ymd`: use `from_ymd_opt()` instead
[INFO] [stderr]   --> src/query/query_test.rs:69:48
[INFO] [stderr]    |
[INFO] [stderr] 69 |         let detail3 = Dummy::new(3, NaiveDate::from_ymd(2022, 7, 1));
[INFO] [stderr]    |                                                ^^^^^^^^
[INFO] [stderr] 
[INFO] [stderr] warning: use of deprecated associated function `chrono::NaiveDate::from_ymd`: use `from_ymd_opt()` instead
[INFO] [stderr]   --> src/query/query_test.rs:80:48
[INFO] [stderr]    |
[INFO] [stderr] 80 |         let detail1 = Dummy::new(1, NaiveDate::from_ymd(2021, 5, 1));
[INFO] [stderr]    |                                                ^^^^^^^^
[INFO] [stderr] 
[INFO] [stderr] warning: use of deprecated associated function `chrono::NaiveDate::from_ymd`: use `from_ymd_opt()` instead
[INFO] [stderr]   --> src/query/query_test.rs:81:48
[INFO] [stderr]    |
[INFO] [stderr] 81 |         let detail2 = Dummy::new(1, NaiveDate::from_ymd(2021, 5, 4));
[INFO] [stderr]    |                                                ^^^^^^^^
[INFO] [stderr] 
[INFO] [stderr] warning: use of deprecated associated function `chrono::NaiveDate::from_ymd`: use `from_ymd_opt()` instead
[INFO] [stderr]   --> src/query/query_test.rs:82:48
[INFO] [stderr]    |
[INFO] [stderr] 82 |         let detail4 = Dummy::new(2, NaiveDate::from_ymd(2021, 5, 1));
[INFO] [stderr]    |                                                ^^^^^^^^
[INFO] [stderr] 
[INFO] [stderr] warning: use of deprecated associated function `chrono::NaiveDate::from_ymd`: use `from_ymd_opt()` instead
[INFO] [stderr]   --> src/query/query_test.rs:83:48
[INFO] [stderr]    |
[INFO] [stderr] 83 |         let detail3 = Dummy::new(1, NaiveDate::from_ymd(2021, 4, 1));
[INFO] [stderr]    |                                                ^^^^^^^^
[INFO] [stderr] 
[INFO] [stderr] warning: use of deprecated associated function `chrono::NaiveDate::from_ymd`: use `from_ymd_opt()` instead
[INFO] [stderr]    --> src/query/query_test.rs:118:48
[INFO] [stderr]     |
[INFO] [stderr] 118 |         let detail1 = Dummy::new(1, NaiveDate::from_ymd(2021, 5, 1));
[INFO] [stderr]     |                                                ^^^^^^^^
[INFO] [stderr] 
[INFO] [stderr] warning: use of deprecated associated function `chrono::NaiveDate::from_ymd`: use `from_ymd_opt()` instead
[INFO] [stderr]    --> src/query/query_test.rs:122:48
[INFO] [stderr]     |
[INFO] [stderr] 122 |         let detail2 = Dummy::new(2, NaiveDate::from_ymd(2022, 7, 1));
[INFO] [stderr]     |                                                ^^^^^^^^
[INFO] [stderr] 
[INFO] [stderr] warning: use of deprecated associated function `chrono::NaiveDate::from_ymd`: use `from_ymd_opt()` instead
[INFO] [stderr]    --> src/query/query_test.rs:138:48
[INFO] [stderr]     |
[INFO] [stderr] 138 |         let detail1 = Dummy::new(1, NaiveDate::from_ymd(2021, 5, 1));
[INFO] [stderr]     |                                                ^^^^^^^^
[INFO] [stderr] 
[INFO] [stderr] warning: use of deprecated associated function `chrono::NaiveDate::from_ymd`: use `from_ymd_opt()` instead
[INFO] [stderr]    --> src/query/query_test.rs:145:48
[INFO] [stderr]     |
[INFO] [stderr] 145 |         let detail2 = Dummy::new(2, NaiveDate::from_ymd(2022, 7, 1));
[INFO] [stderr]     |                                                ^^^^^^^^
[INFO] [stderr] 
[INFO] [stderr] warning: use of deprecated associated function `chrono::NaiveDate::from_ymd`: use `from_ymd_opt()` instead
[INFO] [stderr]    --> src/query/query_test.rs:152:48
[INFO] [stderr]     |
[INFO] [stderr] 152 |         let detail3 = Dummy::new(3, NaiveDate::from_ymd(2022, 7, 1));
[INFO] [stderr]     |                                                ^^^^^^^^
[INFO] [stderr] 
[INFO] [stderr] warning: use of deprecated associated function `chrono::NaiveDate::from_ymd`: use `from_ymd_opt()` instead
[INFO] [stderr]    --> src/query/query_test.rs:159:48
[INFO] [stderr]     |
[INFO] [stderr] 159 |         let detail4 = Dummy::new(4, NaiveDate::from_ymd(2022, 8, 1));
[INFO] [stderr]     |                                                ^^^^^^^^
[INFO] [stderr] 
[INFO] [stderr] warning: use of deprecated associated function `chrono::NaiveDate::from_ymd`: use `from_ymd_opt()` instead
[INFO] [stderr]    --> src/query/query_test.rs:171:48
[INFO] [stderr]     |
[INFO] [stderr] 171 |         let detail1 = Dummy::new(1, NaiveDate::from_ymd(2021, 5, 1));
[INFO] [stderr]     |                                                ^^^^^^^^
[INFO] [stderr] 
[INFO] [stderr] warning: use of deprecated associated function `chrono::NaiveDate::from_ymd`: use `from_ymd_opt()` instead
[INFO] [stderr]    --> src/query/query_test.rs:175:48
[INFO] [stderr]     |
[INFO] [stderr] 175 |         let detail2 = Dummy::new(2, NaiveDate::from_ymd(2022, 7, 1));
[INFO] [stderr]     |                                                ^^^^^^^^
[INFO] [stderr] 
[INFO] [stderr] warning: use of deprecated associated function `chrono::NaiveDate::from_ymd`: use `from_ymd_opt()` instead
[INFO] [stderr]    --> src/query/query_test.rs:186:48
[INFO] [stderr]     |
[INFO] [stderr] 186 |         let detail3 = Dummy::new(3, NaiveDate::from_ymd(2022, 8, 1));
[INFO] [stderr]     |                                                ^^^^^^^^
[INFO] [stderr] 
[INFO] [stderr] warning: use of deprecated associated function `chrono::NaiveDate::from_ymd`: use `from_ymd_opt()` instead
[INFO] [stderr]    --> src/query/query_test.rs:198:48
[INFO] [stderr]     |
[INFO] [stderr] 198 |         let detail4 = Dummy::new(4, NaiveDate::from_ymd(2023, 1, 1));
[INFO] [stderr]     |                                                ^^^^^^^^
[INFO] [stderr] 
[INFO] [stderr] warning: use of deprecated associated function `chrono::NaiveDate::from_ymd`: use `from_ymd_opt()` instead
[INFO] [stderr]    --> src/query/query_test.rs:217:48
[INFO] [stderr]     |
[INFO] [stderr] 217 |         let detail1 = Dummy::new(1, NaiveDate::from_ymd(2021, 5, 1));
[INFO] [stderr]     |                                                ^^^^^^^^
[INFO] [stderr] 
[INFO] [stderr] warning: use of deprecated associated function `chrono::NaiveDate::from_ymd`: use `from_ymd_opt()` instead
[INFO] [stderr]    --> src/query/query_test.rs:221:48
[INFO] [stderr]     |
[INFO] [stderr] 221 |         let detail2 = Dummy::new(2, NaiveDate::from_ymd(2022, 7, 1));
[INFO] [stderr]     |                                                ^^^^^^^^
[INFO] [stderr] 
[INFO] [stderr] warning: use of deprecated associated function `chrono::NaiveDate::from_ymd`: use `from_ymd_opt()` instead
[INFO] [stderr]    --> src/query/query_test.rs:232:48
[INFO] [stderr]     |
[INFO] [stderr] 232 |         let detail3 = Dummy::new(3, NaiveDate::from_ymd(2022, 8, 1));
[INFO] [stderr]     |                                                ^^^^^^^^
[INFO] [stderr] 
[INFO] [stderr] warning: use of deprecated associated function `chrono::NaiveDate::from_ymd`: use `from_ymd_opt()` instead
[INFO] [stderr]    --> src/query/query_test.rs:244:48
[INFO] [stderr]     |
[INFO] [stderr] 244 |         let detail4 = Dummy::new(4, NaiveDate::from_ymd(2023, 1, 1));
[INFO] [stderr]     |                                                ^^^^^^^^
[INFO] [stderr] 
[INFO] [stderr] warning: use of deprecated associated function `chrono::NaiveDate::from_ymd`: use `from_ymd_opt()` instead
[INFO] [stderr]    --> src/query/query_test.rs:258:48
[INFO] [stderr]     |
[INFO] [stderr] 258 |         let detail5 = Dummy::new(5, NaiveDate::from_ymd(2022, 8, 1));
[INFO] [stderr]     |                                                ^^^^^^^^
[INFO] [stderr] 
[INFO] [stderr] warning: use of deprecated associated function `chrono::NaiveDate::from_ymd`: use `from_ymd_opt()` instead
[INFO] [stderr]    --> src/query/query_test.rs:262:48
[INFO] [stderr]     |
[INFO] [stderr] 262 |         let detail6 = Dummy::new(3, NaiveDate::from_ymd(2022, 8, 1));
[INFO] [stderr]     |                                                ^^^^^^^^
[INFO] [stderr] 
[INFO] [stderr] warning: unused variable: `year`
[INFO] [stderr]   --> src/query.rs:49:19
[INFO] [stderr]    |
[INFO] [stderr] 49 |         .filter(|(year, months)| !months.iter().all(|x| x.is_empty()))
[INFO] [stderr]    |                   ^^^^ help: if this is intentional, prefix it with an underscore: `_year`
[INFO] [stderr]    |
[INFO] [stderr]    = note: `#[warn(unused_variables)]` on by default
[INFO] [stderr] 
[INFO] [stderr] warning: structure field `movieIds` should have a snake case name
[INFO] [stderr]   --> src/query/by_production_companies.rs:10:5
[INFO] [stderr]    |
[INFO] [stderr] 10 |     movieIds: HashSet<KString>,
[INFO] [stderr]    |     ^^^^^^^^ help: convert the identifier to snake case: `movie_ids`
[INFO] [stderr]    |
[INFO] [stderr]    = note: `#[warn(non_snake_case)]` on by default
[INFO] [stderr] 
[INFO] [stderr] warning: structure field `genreIds` should have a snake case name
[INFO] [stderr]   --> src/query/by_production_companies.rs:11:5
[INFO] [stderr]    |
[INFO] [stderr] 11 |     genreIds: HashSet<i64>,
[INFO] [stderr]    |     ^^^^^^^^ help: convert the identifier to snake case: `genre_ids`
[INFO] [stderr] 
[INFO] [stderr] warning: `moviedb` (bin "moviedb" test) generated 29 warnings (run `cargo fix --bin "moviedb" --tests` to apply 4 suggestions)
[INFO] [stderr]     Finished test [unoptimized + debuginfo] target(s) in 0.02s
[INFO] [stderr]      Running unittests src/main.rs (/opt/rustwide/target/debug/deps/moviedb-3a09e28c739768a2)
[INFO] [stdout] 
[INFO] [stdout] running 9 tests
[INFO] [stdout] test data::tests::tests::status_from_str_basics ... ok
[INFO] [stdout] test parsing::tests::tests::json_to_set ... ok
[INFO] [stdout] test query::query_test::query_tests::test_add_detail_months ... ok
[INFO] [stdout] test query::query_test::query_tests::test_add_detail ... ok
[INFO] [stdout] test query::query_test::query_tests::test_flatten_bucket_year_map2 ... ok
[INFO] [stdout] test tests::test_parse_args ... ok
[INFO] [stdout] test query::query_test::query_tests::test_flatten_bucket_year_map ... ok
[INFO] [stdout] test query::query_test::query_tests::test_flatten_bucket_year_map3 ... ok
[INFO] [stdout] test query::query_test::query_tests::sum_add_details ... FAILED
[INFO] [stdout] 
[INFO] [stdout] failures:
[INFO] [stdout] 
[INFO] [stdout] ---- query::query_test::query_tests::sum_add_details stdout ----
[INFO] [stdout] {2021: [Dummy { id: 1, date: 2021-04-01, profit: 2243 }, Dummy { id: 2, date: 2021-05-01, profit: 2355 }, Dummy { id: 1, date: 2021-05-01, profit: 12640 }]}
[INFO] [stdout] {1: 1, 2: 1}
[INFO] [stdout] thread 'query::query_test::query_tests::sum_add_details' panicked at src/query/query_test.rs:109:9:
[INFO] [stdout] assertion `left == right` failed
[INFO] [stdout]   left: 1
[INFO] [stdout]  right: 2
[INFO] [stdout] stack backtrace:
[INFO] [stdout]    0:     0x55e96c06d5d6 - std::backtrace_rs::backtrace::libunwind::trace::h261606ad26a499c1
[INFO] [stdout]                                at /rustc/0e09125c6c3c2fd70d7de961bcf0e51575235fad/library/std/src/../../backtrace/src/backtrace/libunwind.rs:104:5
[INFO] [stdout]    1:     0x55e96c06d5d6 - std::backtrace_rs::backtrace::trace_unsynchronized::hd183f0625477fb28
[INFO] [stdout]                                at /rustc/0e09125c6c3c2fd70d7de961bcf0e51575235fad/library/std/src/../../backtrace/src/backtrace/mod.rs:66:5
[INFO] [stdout]    2:     0x55e96c06d5d6 - std::sys_common::backtrace::_print_fmt::hd7f8fef21b4eda67
[INFO] [stdout]                                at /rustc/0e09125c6c3c2fd70d7de961bcf0e51575235fad/library/std/src/sys_common/backtrace.rs:68:5
[INFO] [stdout]    3:     0x55e96c06d5d6 - <std::sys_common::backtrace::_print::DisplayBacktrace as core::fmt::Display>::fmt::h623d9b51f2f453f1
[INFO] [stdout]                                at /rustc/0e09125c6c3c2fd70d7de961bcf0e51575235fad/library/std/src/sys_common/backtrace.rs:44:22
[INFO] [stdout]    4:     0x55e96c097000 - core::fmt::rt::Argument::fmt::h9f417ac76a86f368
[INFO] [stdout]                                at /rustc/0e09125c6c3c2fd70d7de961bcf0e51575235fad/library/core/src/fmt/rt.rs:142:9
[INFO] [stdout]    5:     0x55e96c097000 - core::fmt::write::hc9b6faf4ac2aeff7
[INFO] [stdout]                                at /rustc/0e09125c6c3c2fd70d7de961bcf0e51575235fad/library/core/src/fmt/mod.rs:1120:17
[INFO] [stdout]    6:     0x55e96c06b03f - std::io::Write::write_fmt::he04625a3a989fec3
[INFO] [stdout]                                at /rustc/0e09125c6c3c2fd70d7de961bcf0e51575235fad/library/std/src/io/mod.rs:1810:15
[INFO] [stdout]    7:     0x55e96c06d3b4 - std::sys_common::backtrace::_print::hd5d66399c7df88a2
[INFO] [stdout]                                at /rustc/0e09125c6c3c2fd70d7de961bcf0e51575235fad/library/std/src/sys_common/backtrace.rs:47:5
[INFO] [stdout]    8:     0x55e96c06d3b4 - std::sys_common::backtrace::print::he81ed2da642d37e5
[INFO] [stdout]                                at /rustc/0e09125c6c3c2fd70d7de961bcf0e51575235fad/library/std/src/sys_common/backtrace.rs:34:9
[INFO] [stdout]    9:     0x55e96c06f127 - std::panicking::default_hook::{{closure}}::h85773f4fa117163d
[INFO] [stdout]   10:     0x55e96c06ee0d - std::panicking::default_hook::h6a1694a91d09b278
[INFO] [stdout]                                at /rustc/0e09125c6c3c2fd70d7de961bcf0e51575235fad/library/std/src/panicking.rs:289:9
[INFO] [stdout]   11:     0x55e96bfe2f47 - <alloc::boxed::Box<F,A> as core::ops::function::Fn<Args>>::call::h616ac37fa3cd6c8f
[INFO] [stdout]                                at /rustc/0e09125c6c3c2fd70d7de961bcf0e51575235fad/library/alloc/src/boxed.rs:2029:9
[INFO] [stdout]   12:     0x55e96bfe2f47 - test::test_main::{{closure}}::h00d84697cefdcbb6
[INFO] [stdout]                                at /rustc/0e09125c6c3c2fd70d7de961bcf0e51575235fad/library/test/src/lib.rs:138:21
[INFO] [stdout]   13:     0x55e96c06f746 - <alloc::boxed::Box<F,A> as core::ops::function::Fn<Args>>::call::hcb3fe3b9bb537ba8
[INFO] [stdout]                                at /rustc/0e09125c6c3c2fd70d7de961bcf0e51575235fad/library/alloc/src/boxed.rs:2029:9
[INFO] [stdout]   14:     0x55e96c06f746 - std::panicking::rust_panic_with_hook::h0a7ad96e90f7145b
[INFO] [stdout]                                at /rustc/0e09125c6c3c2fd70d7de961bcf0e51575235fad/library/std/src/panicking.rs:783:13
[INFO] [stdout]   15:     0x55e96c06f492 - std::panicking::begin_panic_handler::{{closure}}::h7919090525c6485e
[INFO] [stdout]                                at /rustc/0e09125c6c3c2fd70d7de961bcf0e51575235fad/library/std/src/panicking.rs:657:13
[INFO] [stdout]   16:     0x55e96c06dad6 - std::sys_common::backtrace::__rust_end_short_backtrace::hf3289479464f7dfe
[INFO] [stdout]                                at /rustc/0e09125c6c3c2fd70d7de961bcf0e51575235fad/library/std/src/sys_common/backtrace.rs:171:18
[INFO] [stdout]   17:     0x55e96c06f1f0 - rust_begin_unwind
[INFO] [stdout]                                at /rustc/0e09125c6c3c2fd70d7de961bcf0e51575235fad/library/std/src/panicking.rs:645:5
[INFO] [stdout]   18:     0x55e96bf59135 - core::panicking::panic_fmt::hcc9f77c5c132af55
[INFO] [stdout]                                at /rustc/0e09125c6c3c2fd70d7de961bcf0e51575235fad/library/core/src/panicking.rs:72:14
[INFO] [stdout]   19:     0x55e96bf5956b - core::panicking::assert_failed_inner::h9f13e27dd63c3a08
[INFO] [stdout]                                at /rustc/0e09125c6c3c2fd70d7de961bcf0e51575235fad/library/core/src/panicking.rs:342:17
[INFO] [stdout]   20:     0x55e96bf715fe - core::panicking::assert_failed::h05488ed70f62e0b0
[INFO] [stdout]                                at /rustc/0e09125c6c3c2fd70d7de961bcf0e51575235fad/library/core/src/panicking.rs:297:5
[INFO] [stdout]   21:     0x55e96bf927ea - moviedb::query::query_test::query_tests::sum_add_details::hd09533aa63d83523
[INFO] [stdout]                                at /opt/rustwide/workdir/src/query/query_test.rs:109:9
[INFO] [stdout]   22:     0x55e96bf91bc7 - moviedb::query::query_test::query_tests::sum_add_details::{{closure}}::h78afc153cdd9567f
[INFO] [stdout]                                at /opt/rustwide/workdir/src/query/query_test.rs:77:25
[INFO] [stdout]   23:     0x55e96bf8a856 - core::ops::function::FnOnce::call_once::h5b2f9d168d9cfdff
[INFO] [stdout]                                at /rustc/0e09125c6c3c2fd70d7de961bcf0e51575235fad/library/core/src/ops/function.rs:250:5
[INFO] [stdout]   24:     0x55e96bfe881f - core::ops::function::FnOnce::call_once::hd64d26f405258157
[INFO] [stdout]                                at /rustc/0e09125c6c3c2fd70d7de961bcf0e51575235fad/library/core/src/ops/function.rs:250:5
[INFO] [stdout]   25:     0x55e96bfe881f - test::__rust_begin_short_backtrace::he21b0b7a6d731bf9
[INFO] [stdout]                                at /rustc/0e09125c6c3c2fd70d7de961bcf0e51575235fad/library/test/src/lib.rs:627:18
[INFO] [stdout]   26:     0x55e96bfe75a1 - test::run_test_in_process::{{closure}}::hf5c73986d7bdfde2
[INFO] [stdout]                                at /rustc/0e09125c6c3c2fd70d7de961bcf0e51575235fad/library/test/src/lib.rs:650:60
[INFO] [stdout]   27:     0x55e96bfe75a1 - <core::panic::unwind_safe::AssertUnwindSafe<F> as core::ops::function::FnOnce<()>>::call_once::h330011ad032aadc0
[INFO] [stdout]                                at /rustc/0e09125c6c3c2fd70d7de961bcf0e51575235fad/library/core/src/panic/unwind_safe.rs:272:9
[INFO] [stdout]   28:     0x55e96bfe75a1 - std::panicking::try::do_call::he61b0a958b795a41
[INFO] [stdout]                                at /rustc/0e09125c6c3c2fd70d7de961bcf0e51575235fad/library/std/src/panicking.rs:552:40
[INFO] [stdout]   29:     0x55e96bfe75a1 - std::panicking::try::h7309da130f906eb7
[INFO] [stdout]                                at /rustc/0e09125c6c3c2fd70d7de961bcf0e51575235fad/library/std/src/panicking.rs:516:19
[INFO] [stdout]   30:     0x55e96bfe75a1 - std::panic::catch_unwind::hc5c3a06fdaf0a92a
[INFO] [stdout]                                at /rustc/0e09125c6c3c2fd70d7de961bcf0e51575235fad/library/std/src/panic.rs:142:14
[INFO] [stdout]   31:     0x55e96bfe75a1 - test::run_test_in_process::h7e7b7c71c3324e0f
[INFO] [stdout]                                at /rustc/0e09125c6c3c2fd70d7de961bcf0e51575235fad/library/test/src/lib.rs:650:27
[INFO] [stdout]   32:     0x55e96bfe75a1 - test::run_test::{{closure}}::h1f509f28f5cf20b1
[INFO] [stdout]                                at /rustc/0e09125c6c3c2fd70d7de961bcf0e51575235fad/library/test/src/lib.rs:573:43
[INFO] [stdout]   33:     0x55e96bfae8d6 - test::run_test::{{closure}}::h1754218abf443f6d
[INFO] [stdout]                                at /rustc/0e09125c6c3c2fd70d7de961bcf0e51575235fad/library/test/src/lib.rs:601:41
[INFO] [stdout]   34:     0x55e96bfae8d6 - std::sys_common::backtrace::__rust_begin_short_backtrace::h2ee174b9d5954948
[INFO] [stdout]                                at /rustc/0e09125c6c3c2fd70d7de961bcf0e51575235fad/library/std/src/sys_common/backtrace.rs:155:18
[INFO] [stdout]   35:     0x55e96bfb3937 - std::thread::Builder::spawn_unchecked_::{{closure}}::{{closure}}::hf60bee9c1a17ef09
[INFO] [stdout]                                at /rustc/0e09125c6c3c2fd70d7de961bcf0e51575235fad/library/std/src/thread/mod.rs:529:17
[INFO] [stdout]   36:     0x55e96bfb3937 - <core::panic::unwind_safe::AssertUnwindSafe<F> as core::ops::function::FnOnce<()>>::call_once::h33d0dddec5216160
[INFO] [stdout]                                at /rustc/0e09125c6c3c2fd70d7de961bcf0e51575235fad/library/core/src/panic/unwind_safe.rs:272:9
[INFO] [stdout]   37:     0x55e96bfb3937 - std::panicking::try::do_call::h144b3048b546f835
[INFO] [stdout]                                at /rustc/0e09125c6c3c2fd70d7de961bcf0e51575235fad/library/std/src/panicking.rs:552:40
[INFO] [stdout]   38:     0x55e96bfb3937 - std::panicking::try::h978244d04646189f
[INFO] [stdout]                                at /rustc/0e09125c6c3c2fd70d7de961bcf0e51575235fad/library/std/src/panicking.rs:516:19
[INFO] [stdout]   39:     0x55e96bfb3937 - std::panic::catch_unwind::hdf436369d188fe86
[INFO] [stdout]                                at /rustc/0e09125c6c3c2fd70d7de961bcf0e51575235fad/library/std/src/panic.rs:142:14
[INFO] [stdout]   40:     0x55e96bfb3937 - std::thread::Builder::spawn_unchecked_::{{closure}}::h87329cbdd33c79ec
[INFO] [stdout]                                at /rustc/0e09125c6c3c2fd70d7de961bcf0e51575235fad/library/std/src/thread/mod.rs:528:30
[INFO] [stdout]   41:     0x55e96bfb3937 - core::ops::function::FnOnce::call_once{{vtable.shim}}::h401abbe67897d450
[INFO] [stdout]                                at /rustc/0e09125c6c3c2fd70d7de961bcf0e51575235fad/library/core/src/ops/function.rs:250:5
[INFO] [stdout]   42:     0x55e96c0741f5 - <alloc::boxed::Box<F,A> as core::ops::function::FnOnce<Args>>::call_once::h5d7c8f150ab9c84c
[INFO] [stdout]                                at /rustc/0e09125c6c3c2fd70d7de961bcf0e51575235fad/library/alloc/src/boxed.rs:2015:9
[INFO] [stdout]   43:     0x55e96c0741f5 - <alloc::boxed::Box<F,A> as core::ops::function::FnOnce<Args>>::call_once::h570d5b005c242c15
[INFO] [stdout]                                at /rustc/0e09125c6c3c2fd70d7de961bcf0e51575235fad/library/alloc/src/boxed.rs:2015:9
[INFO] [stdout]   44:     0x55e96c0741f5 - std::sys::unix::thread::Thread::new::thread_start::h36b0a20c0b2361ad
[INFO] [stdout]                                at /rustc/0e09125c6c3c2fd70d7de961bcf0e51575235fad/library/std/src/sys/unix/thread.rs:108:17
[INFO] [stdout]   45:     0x7f787754dac3 - <unknown>
[INFO] [stdout]   46:     0x7f78775debf4 - __clone
[INFO] [stdout]   47:                0x0 - <unknown>
[INFO] [stdout] 
[INFO] [stdout] 
[INFO] [stdout] failures:
[INFO] [stdout]     query::query_test::query_tests::sum_add_details
[INFO] [stdout] 
[INFO] [stdout] test result: FAILED. 8 passed; 1 failed; 0 ignored; 0 measured; 0 filtered out; finished in 0.01s
[INFO] [stdout] 
[INFO] [stderr] error: test failed, to rerun pass `--bin moviedb`
[INFO] running `Command { std: "docker" "inspect" "c24cc6cc8329849dca3b229453cd80d44a44c8489b94c6d9b9e34c25d37642db", kill_on_drop: false }`
[INFO] running `Command { std: "docker" "rm" "-f" "c24cc6cc8329849dca3b229453cd80d44a44c8489b94c6d9b9e34c25d37642db", kill_on_drop: false }`
[INFO] [stdout] c24cc6cc8329849dca3b229453cd80d44a44c8489b94c6d9b9e34c25d37642db
