[INFO] cloning repository https://github.com/jdglaser/axum-simple-auth
[INFO] running `Command { std: "git" "-c" "credential.helper=" "-c" "credential.helper=/workspace/cargo-home/bin/git-credential-null" "clone" "--bare" "https://github.com/jdglaser/axum-simple-auth" "/workspace/cache/git-repos/https%3A%2F%2Fgithub.com%2Fjdglaser%2Faxum-simple-auth", kill_on_drop: false }`
[INFO] [stderr] Cloning into bare repository '/workspace/cache/git-repos/https%3A%2F%2Fgithub.com%2Fjdglaser%2Faxum-simple-auth'...
[INFO] running `Command { std: "git" "rev-parse" "HEAD", kill_on_drop: false }`
[INFO] [stdout] 30ffa958a80751206a18012614967207ade69cf0
[INFO] testing jdglaser/axum-simple-auth against 1.75.0 for beta-1.76-1
[INFO] running `Command { std: "git" "clone" "/workspace/cache/git-repos/https%3A%2F%2Fgithub.com%2Fjdglaser%2Faxum-simple-auth" "/workspace/builds/worker-7-tc1/source", kill_on_drop: false }`
[INFO] [stderr] Cloning into '/workspace/builds/worker-7-tc1/source'...
[INFO] [stderr] done.
[INFO] validating manifest of git repo https://github.com/jdglaser/axum-simple-auth on toolchain 1.75.0
[INFO] running `Command { std: CARGO_HOME="/workspace/cargo-home" RUSTUP_HOME="/workspace/rustup-home" "/workspace/cargo-home/bin/cargo" "+1.75.0" "metadata" "--manifest-path" "Cargo.toml" "--no-deps", kill_on_drop: false }`
[INFO] started tweaking git repo https://github.com/jdglaser/axum-simple-auth
[INFO] finished tweaking git repo https://github.com/jdglaser/axum-simple-auth
[INFO] tweaked toml for git repo https://github.com/jdglaser/axum-simple-auth written to /workspace/builds/worker-7-tc1/source/Cargo.toml
[INFO] crate git repo https://github.com/jdglaser/axum-simple-auth already has a lockfile, it will not be regenerated
[INFO] running `Command { std: CARGO_HOME="/workspace/cargo-home" RUSTUP_HOME="/workspace/rustup-home" "/workspace/cargo-home/bin/cargo" "+1.75.0" "fetch" "--manifest-path" "Cargo.toml", kill_on_drop: false }`
[INFO] running `Command { std: "docker" "create" "-v" "/var/lib/crater-agent-workspace/builds/worker-7-tc1/target:/opt/rustwide/target:rw,Z" "-v" "/var/lib/crater-agent-workspace/builds/worker-7-tc1/source:/opt/rustwide/workdir:ro,Z" "-v" "/var/lib/crater-agent-workspace/cargo-home:/opt/rustwide/cargo-home:ro,Z" "-v" "/var/lib/crater-agent-workspace/rustup-home:/opt/rustwide/rustup-home:ro,Z" "-e" "SOURCE_DIR=/opt/rustwide/workdir" "-e" "CARGO_TARGET_DIR=/opt/rustwide/target" "-e" "CARGO_HOME=/opt/rustwide/cargo-home" "-e" "RUSTUP_HOME=/opt/rustwide/rustup-home" "-w" "/opt/rustwide/workdir" "-m" "1610612736" "--user" "0:0" "--network" "none" "ghcr.io/rust-lang/crates-build-env/linux@sha256:2788e3201cd34a07e3172128adcd8b3090168a8e3bcc40d7c032b9dda1df7d1c" "/opt/rustwide/cargo-home/bin/cargo" "+1.75.0" "metadata" "--no-deps" "--format-version=1", kill_on_drop: false }`
[INFO] [stdout] 5bcde40f2cb43139551c002fe9d75ad673af2b9b93ef57b6ddcb35ad47c0205e
[INFO] running `Command { std: "docker" "start" "-a" "5bcde40f2cb43139551c002fe9d75ad673af2b9b93ef57b6ddcb35ad47c0205e", kill_on_drop: false }`
[INFO] running `Command { std: "docker" "inspect" "5bcde40f2cb43139551c002fe9d75ad673af2b9b93ef57b6ddcb35ad47c0205e", kill_on_drop: false }`
[INFO] running `Command { std: "docker" "rm" "-f" "5bcde40f2cb43139551c002fe9d75ad673af2b9b93ef57b6ddcb35ad47c0205e", kill_on_drop: false }`
[INFO] [stdout] 5bcde40f2cb43139551c002fe9d75ad673af2b9b93ef57b6ddcb35ad47c0205e
[INFO] running `Command { std: "docker" "create" "-v" "/var/lib/crater-agent-workspace/builds/worker-7-tc1/target:/opt/rustwide/target:rw,Z" "-v" "/var/lib/crater-agent-workspace/builds/worker-7-tc1/source:/opt/rustwide/workdir:ro,Z" "-v" "/var/lib/crater-agent-workspace/cargo-home:/opt/rustwide/cargo-home:ro,Z" "-v" "/var/lib/crater-agent-workspace/rustup-home:/opt/rustwide/rustup-home:ro,Z" "-e" "SOURCE_DIR=/opt/rustwide/workdir" "-e" "CARGO_TARGET_DIR=/opt/rustwide/target" "-e" "CARGO_INCREMENTAL=0" "-e" "RUST_BACKTRACE=full" "-e" "RUSTFLAGS=--cap-lints=warn" "-e" "RUSTDOCFLAGS=--cap-lints=warn" "-e" "CARGO_HOME=/opt/rustwide/cargo-home" "-e" "RUSTUP_HOME=/opt/rustwide/rustup-home" "-w" "/opt/rustwide/workdir" "-m" "1610612736" "--user" "0:0" "--network" "none" "ghcr.io/rust-lang/crates-build-env/linux@sha256:2788e3201cd34a07e3172128adcd8b3090168a8e3bcc40d7c032b9dda1df7d1c" "/opt/rustwide/cargo-home/bin/cargo" "+1.75.0" "build" "--frozen" "--message-format=json", kill_on_drop: false }`
[INFO] [stdout] 8fad782cb66a88c22c75e7777f644e6ba8995115bd8e10b932a1a6a2843ecdac
[INFO] running `Command { std: "docker" "start" "-a" "8fad782cb66a88c22c75e7777f644e6ba8995115bd8e10b932a1a6a2843ecdac", kill_on_drop: false }`
[INFO] [stderr]    Compiling proc-macro2 v1.0.69
[INFO] [stderr]    Compiling libc v0.2.149
[INFO] [stderr]    Compiling futures-core v0.3.28
[INFO] [stderr]    Compiling smallvec v1.11.1
[INFO] [stderr]    Compiling futures-task v0.3.28
[INFO] [stderr]    Compiling futures-util v0.3.28
[INFO] [stderr]    Compiling vcpkg v0.2.15
[INFO] [stderr]    Compiling pkg-config v0.3.27
[INFO] [stderr]    Compiling bitflags v2.4.1
[INFO] [stderr]    Compiling tracing v0.1.40
[INFO] [stderr]    Compiling rustversion v1.0.14
[INFO] [stderr]    Compiling http v0.2.9
[INFO] [stderr]    Compiling serde v1.0.189
[INFO] [stderr]    Compiling indexmap v1.9.3
[INFO] [stderr]    Compiling futures-sink v0.3.28
[INFO] [stderr]    Compiling unicase v2.7.0
[INFO] [stderr]    Compiling percent-encoding v2.3.0
[INFO] [stderr]    Compiling futures-channel v0.3.28
[INFO] [stderr]    Compiling foreign-types-shared v0.1.1
[INFO] [stderr]    Compiling hashbrown v0.12.3
[INFO] [stderr]    Compiling openssl v0.10.57
[INFO] [stderr]    Compiling foreign-types v0.3.2
[INFO] [stderr]    Compiling native-tls v0.2.11
[INFO] [stderr]    Compiling form_urlencoded v1.2.0
[INFO] [stderr]    Compiling tower-layer v0.3.2
[INFO] [stderr]    Compiling rustix v0.38.20
[INFO] [stderr]    Compiling serde_json v1.0.107
[INFO] [stderr]    Compiling crypto-common v0.1.6
[INFO] [stderr]    Compiling num-traits v0.2.17
[INFO] [stderr]    Compiling linux-raw-sys v0.4.10
[INFO] [stderr]    Compiling idna v0.4.0
[INFO] [stderr]    Compiling mime_guess v2.0.4
[INFO] [stderr]    Compiling digest v0.10.7
[INFO] [stderr]    Compiling http-range-header v0.3.1
[INFO] [stderr]    Compiling cpufeatures v0.2.10
[INFO] [stderr]    Compiling lazy_static v1.4.0
[INFO] [stderr]    Compiling matchit v0.7.3
[INFO] [stderr]    Compiling blake2 v0.10.6
[INFO] [stderr]    Compiling http-body v0.4.5
[INFO] [stderr]    Compiling quote v1.0.33
[INFO] [stderr]    Compiling sync_wrapper v0.1.2
[INFO] [stderr]    Compiling bitflags v1.3.2
[INFO] [stderr]    Compiling parking_lot_core v0.9.9
[INFO] [stderr]    Compiling syn v2.0.38
[INFO] [stderr]    Compiling cc v1.0.83
[INFO] [stderr]    Compiling num_cpus v1.16.0
[INFO] [stderr]    Compiling socket2 v0.5.5
[INFO] [stderr]    Compiling signal-hook-registry v1.4.1
[INFO] [stderr]    Compiling mio v0.8.8
[INFO] [stderr]    Compiling getrandom v0.2.10
[INFO] [stderr]    Compiling socket2 v0.4.10
[INFO] [stderr]    Compiling parking_lot v0.12.1
[INFO] [stderr]    Compiling axum-core v0.3.4
[INFO] [stderr]    Compiling axum v0.6.20
[INFO] [stderr]    Compiling rand_core v0.6.4
[INFO] [stderr]    Compiling url v2.4.1
[INFO] [stderr]    Compiling rand_chacha v0.3.1
[INFO] [stderr]    Compiling password-hash v0.5.0
[INFO] [stderr]    Compiling rand v0.8.5
[INFO] [stderr]    Compiling argon2 v0.5.2
[INFO] [stderr]    Compiling openssl-sys v0.9.93
[INFO] [stderr]    Compiling is-terminal v0.4.9
[INFO] [stderr]    Compiling colored v2.0.4
[INFO] [stderr]    Compiling chrono v0.4.31
[INFO] [stderr]    Compiling tokio-macros v2.1.0
[INFO] [stderr]    Compiling futures-macro v0.3.28
[INFO] [stderr]    Compiling serde_derive v1.0.189
[INFO] [stderr]    Compiling openssl-macros v0.1.1
[INFO] [stderr]    Compiling pin-project-internal v1.1.3
[INFO] [stderr]    Compiling async-trait v0.1.74
[INFO] [stderr]    Compiling tokio v1.33.0
[INFO] [stderr]    Compiling pin-project v1.1.3
[INFO] [stderr]    Compiling tokio-util v0.7.9
[INFO] [stderr]    Compiling tokio-native-tls v0.3.1
[INFO] [stderr]    Compiling tower v0.4.13
[INFO] [stderr]    Compiling h2 v0.3.21
[INFO] [stderr]    Compiling tower-http v0.4.4
[INFO] [stderr]    Compiling serde_urlencoded v0.7.1
[INFO] [stderr]    Compiling serde_path_to_error v0.1.14
[INFO] [stderr]    Compiling uuid v1.5.0
[INFO] [stderr]    Compiling hyper v0.14.27
[INFO] [stderr]    Compiling hyper-tls v0.5.0
[INFO] [stderr]    Compiling reqwest v0.11.22
[INFO] [stderr]    Compiling axum-simple-auth v0.1.0 (/opt/rustwide/workdir)
[INFO] [stdout] warning: unused import: `collections::HashMap`
[INFO] [stdout]  --> src/main.rs:1:11
[INFO] [stdout]   |
[INFO] [stdout] 1 | use std::{collections::HashMap, net::SocketAddr};
[INFO] [stdout]   |           ^^^^^^^^^^^^^^^^^^^^
[INFO] [stdout]   |
[INFO] [stdout]   = note: `#[warn(unused_imports)]` on by default
[INFO] [stdout] 
[INFO] [stdout] 
[INFO] [stdout] warning: unused imports: `post`, `response::IntoResponse`
[INFO] [stdout]  --> src/main.rs:8:5
[INFO] [stdout]   |
[INFO] [stdout] 8 |     response::IntoResponse,
[INFO] [stdout]   |     ^^^^^^^^^^^^^^^^^^^^^^
[INFO] [stdout] 9 |     routing::{get, post},
[INFO] [stdout]   |                    ^^^^
[INFO] [stdout] 
[INFO] [stdout] 
[INFO] [stdout] warning: unused import: `Value`
[INFO] [stdout]   --> src/main.rs:13:24
[INFO] [stdout]    |
[INFO] [stdout] 13 | use serde_json::{json, Value};
[INFO] [stdout]    |                        ^^^^^
[INFO] [stdout] 
[INFO] [stdout] 
[INFO] [stdout] warning: unused import: `bail`
[INFO] [stdout]  --> src/auth_repo.rs:6:22
[INFO] [stdout]   |
[INFO] [stdout] 6 | use anyhow::{anyhow, bail};
[INFO] [stdout]   |                      ^^^^
[INFO] [stdout] 
[INFO] [stdout] 
[INFO] [stdout] warning: unused import: `UtcDatetime`
[INFO] [stdout]   --> src/auth_repo.rs:13:37
[INFO] [stdout]    |
[INFO] [stdout] 13 |     serde_format::{datetime_format, UtcDatetime},
[INFO] [stdout]    |                                     ^^^^^^^^^^^
[INFO] [stdout] 
[INFO] [stdout] 
[INFO] [stdout] warning: unused import: `get`
[INFO] [stdout]  --> src/auth_router.rs:5:15
[INFO] [stdout]   |
[INFO] [stdout] 5 |     routing::{get, post},
[INFO] [stdout]   |               ^^^
[INFO] [stdout] 
[INFO] [stdout] 
[INFO] [stdout] warning: unused imports: `RequestExt`, `extract::ConnectInfo`
[INFO] [stdout]  --> src/auth_service.rs:2:24
[INFO] [stdout]   |
[INFO] [stdout] 2 | use axum::{body::Body, extract::ConnectInfo, http::Request, response::Response, RequestExt};
[INFO] [stdout]   |                        ^^^^^^^^^^^^^^^^^^^^                                     ^^^^^^^^^^
[INFO] [stdout] 
[INFO] [stdout] 
[INFO] [stdout] warning: unused import: `net::SocketAddr`
[INFO] [stdout]  --> src/auth_service.rs:5:5
[INFO] [stdout]   |
[INFO] [stdout] 5 |     net::SocketAddr,
[INFO] [stdout]   |     ^^^^^^^^^^^^^^^
[INFO] [stdout] 
[INFO] [stdout] 
[INFO] [stdout] warning: unused imports: `Json`, `Request`, `body::Body`
[INFO] [stdout]  --> src/error.rs:4:5
[INFO] [stdout]   |
[INFO] [stdout] 4 |     body::Body,
[INFO] [stdout]   |     ^^^^^^^^^^
[INFO] [stdout] 5 |     http::{Request, StatusCode},
[INFO] [stdout]   |            ^^^^^^^
[INFO] [stdout] 6 |     response::{IntoResponse, Response},
[INFO] [stdout] 7 |     Json,
[INFO] [stdout]   |     ^^^^
[INFO] [stdout] 
[INFO] [stdout] 
[INFO] [stdout] warning: unused import: `serde_json::json`
[INFO] [stdout]  --> src/error.rs:9:5
[INFO] [stdout]   |
[INFO] [stdout] 9 | use serde_json::json;
[INFO] [stdout]   |     ^^^^^^^^^^^^^^^^
[INFO] [stdout] 
[INFO] [stdout] 
[INFO] [stdout] warning: unused import: `tower::Service`
[INFO] [stdout]   --> src/error.rs:10:5
[INFO] [stdout]    |
[INFO] [stdout] 10 | use tower::Service;
[INFO] [stdout]    |     ^^^^^^^^^^^^^^
[INFO] [stdout] 
[INFO] [stdout] 
[INFO] [stdout] warning: unused import: `self`
[INFO] [stdout]   --> src/require_auth_service.rs:12:11
[INFO] [stdout]    |
[INFO] [stdout] 12 |     log::{self, error},
[INFO] [stdout]    |           ^^^^
[INFO] [stdout] 
[INFO] [stdout] 
[INFO] [stdout] warning: field `secret` is never read
[INFO] [stdout]   --> src/auth_context.rs:31:5
[INFO] [stdout]    |
[INFO] [stdout] 30 | pub struct AuthContext {
[INFO] [stdout]    |            ----------- field in this struct
[INFO] [stdout] 31 |     secret: String,
[INFO] [stdout]    |     ^^^^^^
[INFO] [stdout]    |
[INFO] [stdout]    = note: `AuthContext` has a derived impl for the trait `Clone`, but this is intentionally ignored during dead code analysis
[INFO] [stdout]    = note: `#[warn(dead_code)]` on by default
[INFO] [stdout] 
[INFO] [stdout] 
[INFO] [stdout] warning: variants `DEBUG` and `WARNING` are never constructed
[INFO] [stdout]  --> src/log.rs:7:5
[INFO] [stdout]   |
[INFO] [stdout] 5 | enum Level {
[INFO] [stdout]   |      ----- variants in this enum
[INFO] [stdout] 6 |     INFO,
[INFO] [stdout] 7 |     DEBUG,
[INFO] [stdout]   |     ^^^^^
[INFO] [stdout] 8 |     WARNING,
[INFO] [stdout]   |     ^^^^^^^
[INFO] [stdout] 
[INFO] [stdout] 
[INFO] [stdout] warning: function `debug` is never used
[INFO] [stdout]   --> src/log.rs:31:8
[INFO] [stdout]    |
[INFO] [stdout] 31 | pub fn debug<S: AsRef<str> + Display>(message: S) {
[INFO] [stdout]    |        ^^^^^
[INFO] [stdout] 
[INFO] [stdout] 
[INFO] [stdout] warning: function `warning` is never used
[INFO] [stdout]   --> src/log.rs:37:8
[INFO] [stdout]    |
[INFO] [stdout] 37 | pub fn warning<S: AsRef<str> + Display>(message: S) {
[INFO] [stdout]    |        ^^^^^^^
[INFO] [stdout] 
[INFO] [stdout] 
[INFO] [stdout] warning: constant `FORMAT` is never used
[INFO] [stdout]   --> src/serde_format.rs:33:11
[INFO] [stdout]    |
[INFO] [stdout] 33 |     const FORMAT: &'static str = "%Y-%m-%dT%H:%M:%S%.3fZ";
[INFO] [stdout]    |           ^^^^^^
[INFO] [stdout] 
[INFO] [stdout] 
[INFO] [stdout] warning: function `serialize` is never used
[INFO] [stdout]   --> src/serde_format.rs:35:12
[INFO] [stdout]    |
[INFO] [stdout] 35 |     pub fn serialize<S>(date: &Option<DateTime<Utc>>, serializer: S) -> Result<S::Ok, S::Error>
[INFO] [stdout]    |            ^^^^^^^^^
[INFO] [stdout] 
[INFO] [stdout] 
[INFO] [stdout] warning: function `deserialize` is never used
[INFO] [stdout]   --> src/serde_format.rs:47:12
[INFO] [stdout]    |
[INFO] [stdout] 47 |     pub fn deserialize<'de, D>(deserializer: D) -> Result<Option<DateTime<Utc>>, D::Error>
[INFO] [stdout]    |            ^^^^^^^^^^^
[INFO] [stdout] 
[INFO] [stdout] 
[INFO] [stdout] warning: constant `FORMAT` is never used
[INFO] [stdout]   --> src/serde_format.rs:68:11
[INFO] [stdout]    |
[INFO] [stdout] 68 |     const FORMAT: &'static str = "%Y-%m-%d";
[INFO] [stdout]    |           ^^^^^^
[INFO] [stdout] 
[INFO] [stdout] 
[INFO] [stdout] warning: function `serialize` is never used
[INFO] [stdout]   --> src/serde_format.rs:70:12
[INFO] [stdout]    |
[INFO] [stdout] 70 |     pub fn serialize<S>(date: &NaiveDate, serializer: S) -> Result<S::Ok, S::Error>
[INFO] [stdout]    |            ^^^^^^^^^
[INFO] [stdout] 
[INFO] [stdout] 
[INFO] [stdout] warning: function `deserialize` is never used
[INFO] [stdout]   --> src/serde_format.rs:78:12
[INFO] [stdout]    |
[INFO] [stdout] 78 |     pub fn deserialize<'de, D>(deserializer: D) -> Result<NaiveDate, D::Error>
[INFO] [stdout]    |            ^^^^^^^^^^^
[INFO] [stdout] 
[INFO] [stdout] 
[INFO] [stdout] warning: 22 warnings emitted
[INFO] [stdout] 
[INFO] [stdout] 
[INFO] [stderr]     Finished dev [unoptimized + debuginfo] target(s) in 28.12s
[INFO] running `Command { std: "docker" "inspect" "8fad782cb66a88c22c75e7777f644e6ba8995115bd8e10b932a1a6a2843ecdac", kill_on_drop: false }`
[INFO] running `Command { std: "docker" "rm" "-f" "8fad782cb66a88c22c75e7777f644e6ba8995115bd8e10b932a1a6a2843ecdac", kill_on_drop: false }`
[INFO] [stdout] 8fad782cb66a88c22c75e7777f644e6ba8995115bd8e10b932a1a6a2843ecdac
[INFO] running `Command { std: "docker" "create" "-v" "/var/lib/crater-agent-workspace/builds/worker-7-tc1/target:/opt/rustwide/target:rw,Z" "-v" "/var/lib/crater-agent-workspace/builds/worker-7-tc1/source:/opt/rustwide/workdir:ro,Z" "-v" "/var/lib/crater-agent-workspace/cargo-home:/opt/rustwide/cargo-home:ro,Z" "-v" "/var/lib/crater-agent-workspace/rustup-home:/opt/rustwide/rustup-home:ro,Z" "-e" "SOURCE_DIR=/opt/rustwide/workdir" "-e" "CARGO_TARGET_DIR=/opt/rustwide/target" "-e" "CARGO_INCREMENTAL=0" "-e" "RUST_BACKTRACE=full" "-e" "RUSTFLAGS=--cap-lints=warn" "-e" "RUSTDOCFLAGS=--cap-lints=warn" "-e" "CARGO_HOME=/opt/rustwide/cargo-home" "-e" "RUSTUP_HOME=/opt/rustwide/rustup-home" "-w" "/opt/rustwide/workdir" "-m" "1610612736" "--user" "0:0" "--network" "none" "ghcr.io/rust-lang/crates-build-env/linux@sha256:2788e3201cd34a07e3172128adcd8b3090168a8e3bcc40d7c032b9dda1df7d1c" "/opt/rustwide/cargo-home/bin/cargo" "+1.75.0" "test" "--frozen" "--no-run" "--message-format=json", kill_on_drop: false }`
[INFO] [stdout] 9ba59bb1fcf77c8092b9cfc5460d9207bca7f6b330b96234ca129e3855603451
[INFO] running `Command { std: "docker" "start" "-a" "9ba59bb1fcf77c8092b9cfc5460d9207bca7f6b330b96234ca129e3855603451", kill_on_drop: false }`
[INFO] [stderr]    Compiling axum-simple-auth v0.1.0 (/opt/rustwide/workdir)
[INFO] [stdout] warning: unused import: `collections::HashMap`
[INFO] [stdout]  --> src/main.rs:1:11
[INFO] [stdout]   |
[INFO] [stdout] 1 | use std::{collections::HashMap, net::SocketAddr};
[INFO] [stdout]   |           ^^^^^^^^^^^^^^^^^^^^
[INFO] [stdout]   |
[INFO] [stdout]   = note: `#[warn(unused_imports)]` on by default
[INFO] [stdout] 
[INFO] [stdout] 
[INFO] [stdout] warning: unused imports: `post`, `response::IntoResponse`
[INFO] [stdout]  --> src/main.rs:8:5
[INFO] [stdout]   |
[INFO] [stdout] 8 |     response::IntoResponse,
[INFO] [stdout]   |     ^^^^^^^^^^^^^^^^^^^^^^
[INFO] [stdout] 9 |     routing::{get, post},
[INFO] [stdout]   |                    ^^^^
[INFO] [stdout] 
[INFO] [stdout] 
[INFO] [stdout] warning: unused import: `Value`
[INFO] [stdout]   --> src/main.rs:13:24
[INFO] [stdout]    |
[INFO] [stdout] 13 | use serde_json::{json, Value};
[INFO] [stdout]    |                        ^^^^^
[INFO] [stdout] 
[INFO] [stdout] 
[INFO] [stdout] warning: unused import: `anyhow::Context`
[INFO] [stdout]    --> src/auth_context.rs:281:9
[INFO] [stdout]     |
[INFO] [stdout] 281 |     use anyhow::Context;
[INFO] [stdout]     |         ^^^^^^^^^^^^^^^
[INFO] [stdout] 
[INFO] [stdout] 
[INFO] [stdout] warning: unused import: `password_hash::SaltString`
[INFO] [stdout]    --> src/auth_context.rs:283:9
[INFO] [stdout]     |
[INFO] [stdout] 283 |     use password_hash::SaltString;
[INFO] [stdout]     |         ^^^^^^^^^^^^^^^^^^^^^^^^^
[INFO] [stdout] 
[INFO] [stdout] 
[INFO] [stdout] warning: unused import: `bail`
[INFO] [stdout]  --> src/auth_repo.rs:6:22
[INFO] [stdout]   |
[INFO] [stdout] 6 | use anyhow::{anyhow, bail};
[INFO] [stdout]   |                      ^^^^
[INFO] [stdout] 
[INFO] [stdout] 
[INFO] [stdout] warning: unused import: `UtcDatetime`
[INFO] [stdout]   --> src/auth_repo.rs:13:37
[INFO] [stdout]    |
[INFO] [stdout] 13 |     serde_format::{datetime_format, UtcDatetime},
[INFO] [stdout]    |                                     ^^^^^^^^^^^
[INFO] [stdout] 
[INFO] [stdout] 
[INFO] [stdout] warning: unused import: `get`
[INFO] [stdout]  --> src/auth_router.rs:5:15
[INFO] [stdout]   |
[INFO] [stdout] 5 |     routing::{get, post},
[INFO] [stdout]   |               ^^^
[INFO] [stdout] 
[INFO] [stdout] 
[INFO] [stdout] warning: unused imports: `RequestExt`, `extract::ConnectInfo`
[INFO] [stdout]  --> src/auth_service.rs:2:24
[INFO] [stdout]   |
[INFO] [stdout] 2 | use axum::{body::Body, extract::ConnectInfo, http::Request, response::Response, RequestExt};
[INFO] [stdout]   |                        ^^^^^^^^^^^^^^^^^^^^                                     ^^^^^^^^^^
[INFO] [stdout] 
[INFO] [stdout] 
[INFO] [stdout] warning: unused import: `net::SocketAddr`
[INFO] [stdout]  --> src/auth_service.rs:5:5
[INFO] [stdout]   |
[INFO] [stdout] 5 |     net::SocketAddr,
[INFO] [stdout]   |     ^^^^^^^^^^^^^^^
[INFO] [stdout] 
[INFO] [stdout] 
[INFO] [stdout] warning: unused imports: `Json`, `Request`, `body::Body`
[INFO] [stdout]  --> src/error.rs:4:5
[INFO] [stdout]   |
[INFO] [stdout] 4 |     body::Body,
[INFO] [stdout]   |     ^^^^^^^^^^
[INFO] [stdout] 5 |     http::{Request, StatusCode},
[INFO] [stdout]   |            ^^^^^^^
[INFO] [stdout] 6 |     response::{IntoResponse, Response},
[INFO] [stdout] 7 |     Json,
[INFO] [stdout]   |     ^^^^
[INFO] [stdout] 
[INFO] [stdout] 
[INFO] [stdout] warning: unused import: `serde_json::json`
[INFO] [stdout]  --> src/error.rs:9:5
[INFO] [stdout]   |
[INFO] [stdout] 9 | use serde_json::json;
[INFO] [stdout]   |     ^^^^^^^^^^^^^^^^
[INFO] [stdout] 
[INFO] [stdout] 
[INFO] [stdout] warning: unused import: `tower::Service`
[INFO] [stdout]   --> src/error.rs:10:5
[INFO] [stdout]    |
[INFO] [stdout] 10 | use tower::Service;
[INFO] [stdout]    |     ^^^^^^^^^^^^^^
[INFO] [stdout] 
[INFO] [stdout] 
[INFO] [stdout] warning: unused import: `self`
[INFO] [stdout]   --> src/require_auth_service.rs:12:11
[INFO] [stdout]    |
[INFO] [stdout] 12 |     log::{self, error},
[INFO] [stdout]    |           ^^^^
[INFO] [stdout] 
[INFO] [stdout] 
[INFO] [stdout] warning: field `secret` is never read
[INFO] [stdout]   --> src/auth_context.rs:31:5
[INFO] [stdout]    |
[INFO] [stdout] 30 | pub struct AuthContext {
[INFO] [stdout]    |            ----------- field in this struct
[INFO] [stdout] 31 |     secret: String,
[INFO] [stdout]    |     ^^^^^^
[INFO] [stdout]    |
[INFO] [stdout]    = note: `AuthContext` has a derived impl for the trait `Clone`, but this is intentionally ignored during dead code analysis
[INFO] [stdout]    = note: `#[warn(dead_code)]` on by default
[INFO] [stdout] 
[INFO] [stdout] 
[INFO] [stdout] warning: variants `DEBUG` and `WARNING` are never constructed
[INFO] [stdout]  --> src/log.rs:7:5
[INFO] [stdout]   |
[INFO] [stdout] 5 | enum Level {
[INFO] [stdout]   |      ----- variants in this enum
[INFO] [stdout] 6 |     INFO,
[INFO] [stdout] 7 |     DEBUG,
[INFO] [stdout]   |     ^^^^^
[INFO] [stdout] 8 |     WARNING,
[INFO] [stdout]   |     ^^^^^^^
[INFO] [stdout] 
[INFO] [stdout] 
[INFO] [stdout] warning: function `debug` is never used
[INFO] [stdout]   --> src/log.rs:31:8
[INFO] [stdout]    |
[INFO] [stdout] 31 | pub fn debug<S: AsRef<str> + Display>(message: S) {
[INFO] [stdout]    |        ^^^^^
[INFO] [stdout] 
[INFO] [stdout] 
[INFO] [stdout] warning: function `warning` is never used
[INFO] [stdout]   --> src/log.rs:37:8
[INFO] [stdout]    |
[INFO] [stdout] 37 | pub fn warning<S: AsRef<str> + Display>(message: S) {
[INFO] [stdout]    |        ^^^^^^^
[INFO] [stdout] 
[INFO] [stdout] 
[INFO] [stdout] warning: constant `FORMAT` is never used
[INFO] [stdout]   --> src/serde_format.rs:33:11
[INFO] [stdout]    |
[INFO] [stdout] 33 |     const FORMAT: &'static str = "%Y-%m-%dT%H:%M:%S%.3fZ";
[INFO] [stdout]    |           ^^^^^^
[INFO] [stdout] 
[INFO] [stdout] 
[INFO] [stdout] warning: function `serialize` is never used
[INFO] [stdout]   --> src/serde_format.rs:35:12
[INFO] [stdout]    |
[INFO] [stdout] 35 |     pub fn serialize<S>(date: &Option<DateTime<Utc>>, serializer: S) -> Result<S::Ok, S::Error>
[INFO] [stdout]    |            ^^^^^^^^^
[INFO] [stdout] 
[INFO] [stdout] 
[INFO] [stdout] warning: function `deserialize` is never used
[INFO] [stdout]   --> src/serde_format.rs:47:12
[INFO] [stdout]    |
[INFO] [stdout] 47 |     pub fn deserialize<'de, D>(deserializer: D) -> Result<Option<DateTime<Utc>>, D::Error>
[INFO] [stdout]    |            ^^^^^^^^^^^
[INFO] [stdout] 
[INFO] [stdout] 
[INFO] [stdout] warning: constant `FORMAT` is never used
[INFO] [stdout]   --> src/serde_format.rs:68:11
[INFO] [stdout]    |
[INFO] [stdout] 68 |     const FORMAT: &'static str = "%Y-%m-%d";
[INFO] [stdout]    |           ^^^^^^
[INFO] [stdout] 
[INFO] [stdout] 
[INFO] [stdout] warning: function `serialize` is never used
[INFO] [stdout]   --> src/serde_format.rs:70:12
[INFO] [stdout]    |
[INFO] [stdout] 70 |     pub fn serialize<S>(date: &NaiveDate, serializer: S) -> Result<S::Ok, S::Error>
[INFO] [stdout]    |            ^^^^^^^^^
[INFO] [stdout] 
[INFO] [stdout] 
[INFO] [stdout] warning: function `deserialize` is never used
[INFO] [stdout]   --> src/serde_format.rs:78:12
[INFO] [stdout]    |
[INFO] [stdout] 78 |     pub fn deserialize<'de, D>(deserializer: D) -> Result<NaiveDate, D::Error>
[INFO] [stdout]    |            ^^^^^^^^^^^
[INFO] [stdout] 
[INFO] [stdout] 
[INFO] [stdout] warning: 24 warnings emitted
[INFO] [stdout] 
[INFO] [stdout] 
[INFO] [stderr]     Finished test [unoptimized + debuginfo] target(s) in 2.71s
[INFO] running `Command { std: "docker" "inspect" "9ba59bb1fcf77c8092b9cfc5460d9207bca7f6b330b96234ca129e3855603451", kill_on_drop: false }`
[INFO] running `Command { std: "docker" "rm" "-f" "9ba59bb1fcf77c8092b9cfc5460d9207bca7f6b330b96234ca129e3855603451", kill_on_drop: false }`
[INFO] [stdout] 9ba59bb1fcf77c8092b9cfc5460d9207bca7f6b330b96234ca129e3855603451
[INFO] running `Command { std: "docker" "create" "-v" "/var/lib/crater-agent-workspace/builds/worker-7-tc1/target:/opt/rustwide/target:rw,Z" "-v" "/var/lib/crater-agent-workspace/builds/worker-7-tc1/source:/opt/rustwide/workdir:ro,Z" "-v" "/var/lib/crater-agent-workspace/cargo-home:/opt/rustwide/cargo-home:ro,Z" "-v" "/var/lib/crater-agent-workspace/rustup-home:/opt/rustwide/rustup-home:ro,Z" "-e" "SOURCE_DIR=/opt/rustwide/workdir" "-e" "CARGO_TARGET_DIR=/opt/rustwide/target" "-e" "CARGO_INCREMENTAL=0" "-e" "RUST_BACKTRACE=full" "-e" "RUSTFLAGS=--cap-lints=warn" "-e" "RUSTDOCFLAGS=--cap-lints=warn" "-e" "CARGO_HOME=/opt/rustwide/cargo-home" "-e" "RUSTUP_HOME=/opt/rustwide/rustup-home" "-w" "/opt/rustwide/workdir" "-m" "1610612736" "--user" "0:0" "--network" "none" "ghcr.io/rust-lang/crates-build-env/linux@sha256:2788e3201cd34a07e3172128adcd8b3090168a8e3bcc40d7c032b9dda1df7d1c" "/opt/rustwide/cargo-home/bin/cargo" "+1.75.0" "test" "--frozen", kill_on_drop: false }`
[INFO] [stdout] db2424a0aa74c959550e89fe1ba94f8eb57615c0e333526f8c4e46bd76295013
[INFO] running `Command { std: "docker" "start" "-a" "db2424a0aa74c959550e89fe1ba94f8eb57615c0e333526f8c4e46bd76295013", kill_on_drop: false }`
[INFO] [stderr] warning: unused import: `collections::HashMap`
[INFO] [stderr]  --> src/main.rs:1:11
[INFO] [stderr]   |
[INFO] [stderr] 1 | use std::{collections::HashMap, net::SocketAddr};
[INFO] [stderr]   |           ^^^^^^^^^^^^^^^^^^^^
[INFO] [stderr]   |
[INFO] [stderr]   = note: `#[warn(unused_imports)]` on by default
[INFO] [stderr] 
[INFO] [stderr] warning: unused imports: `post`, `response::IntoResponse`
[INFO] [stderr]  --> src/main.rs:8:5
[INFO] [stderr]   |
[INFO] [stderr] 8 |     response::IntoResponse,
[INFO] [stderr]   |     ^^^^^^^^^^^^^^^^^^^^^^
[INFO] [stderr] 9 |     routing::{get, post},
[INFO] [stderr]   |                    ^^^^
[INFO] [stderr] 
[INFO] [stderr] warning: unused import: `Value`
[INFO] [stderr]   --> src/main.rs:13:24
[INFO] [stderr]    |
[INFO] [stderr] 13 | use serde_json::{json, Value};
[INFO] [stderr]    |                        ^^^^^
[INFO] [stderr] 
[INFO] [stderr] warning: unused import: `anyhow::Context`
[INFO] [stderr]    --> src/auth_context.rs:281:9
[INFO] [stderr]     |
[INFO] [stderr] 281 |     use anyhow::Context;
[INFO] [stderr]     |         ^^^^^^^^^^^^^^^
[INFO] [stderr] 
[INFO] [stderr] warning: unused import: `password_hash::SaltString`
[INFO] [stderr]    --> src/auth_context.rs:283:9
[INFO] [stderr]     |
[INFO] [stderr] 283 |     use password_hash::SaltString;
[INFO] [stderr]     |         ^^^^^^^^^^^^^^^^^^^^^^^^^
[INFO] [stderr] 
[INFO] [stderr] warning: unused import: `bail`
[INFO] [stderr]  --> src/auth_repo.rs:6:22
[INFO] [stderr]   |
[INFO] [stderr] 6 | use anyhow::{anyhow, bail};
[INFO] [stderr]   |                      ^^^^
[INFO] [stderr] 
[INFO] [stderr] warning: unused import: `UtcDatetime`
[INFO] [stderr]   --> src/auth_repo.rs:13:37
[INFO] [stderr]    |
[INFO] [stderr] 13 |     serde_format::{datetime_format, UtcDatetime},
[INFO] [stderr]    |                                     ^^^^^^^^^^^
[INFO] [stderr] 
[INFO] [stderr] warning: unused import: `get`
[INFO] [stderr]  --> src/auth_router.rs:5:15
[INFO] [stderr]   |
[INFO] [stderr] 5 |     routing::{get, post},
[INFO] [stderr]   |               ^^^
[INFO] [stderr] 
[INFO] [stderr] warning: unused imports: `RequestExt`, `extract::ConnectInfo`
[INFO] [stderr]  --> src/auth_service.rs:2:24
[INFO] [stderr]   |
[INFO] [stderr] 2 | use axum::{body::Body, extract::ConnectInfo, http::Request, response::Response, RequestExt};
[INFO] [stderr]   |                        ^^^^^^^^^^^^^^^^^^^^                                     ^^^^^^^^^^
[INFO] [stderr] 
[INFO] [stderr] warning: unused import: `net::SocketAddr`
[INFO] [stderr]  --> src/auth_service.rs:5:5
[INFO] [stderr]   |
[INFO] [stderr] 5 |     net::SocketAddr,
[INFO] [stderr]   |     ^^^^^^^^^^^^^^^
[INFO] [stderr] 
[INFO] [stderr] warning: unused imports: `Json`, `Request`, `body::Body`
[INFO] [stderr]  --> src/error.rs:4:5
[INFO] [stderr]   |
[INFO] [stderr] 4 |     body::Body,
[INFO] [stderr]   |     ^^^^^^^^^^
[INFO] [stderr] 5 |     http::{Request, StatusCode},
[INFO] [stderr]   |            ^^^^^^^
[INFO] [stderr] 6 |     response::{IntoResponse, Response},
[INFO] [stderr] 7 |     Json,
[INFO] [stderr]   |     ^^^^
[INFO] [stderr] 
[INFO] [stderr] warning: unused import: `serde_json::json`
[INFO] [stderr]  --> src/error.rs:9:5
[INFO] [stderr]   |
[INFO] [stderr] 9 | use serde_json::json;
[INFO] [stderr]   |     ^^^^^^^^^^^^^^^^
[INFO] [stderr] 
[INFO] [stderr] warning: unused import: `tower::Service`
[INFO] [stderr]   --> src/error.rs:10:5
[INFO] [stderr]    |
[INFO] [stderr] 10 | use tower::Service;
[INFO] [stderr]    |     ^^^^^^^^^^^^^^
[INFO] [stderr] 
[INFO] [stderr] warning: unused import: `self`
[INFO] [stderr]   --> src/require_auth_service.rs:12:11
[INFO] [stderr]    |
[INFO] [stderr] 12 |     log::{self, error},
[INFO] [stderr]    |           ^^^^
[INFO] [stderr] 
[INFO] [stderr] warning: field `secret` is never read
[INFO] [stderr]   --> src/auth_context.rs:31:5
[INFO] [stderr]    |
[INFO] [stderr] 30 | pub struct AuthContext {
[INFO] [stderr]    |            ----------- field in this struct
[INFO] [stderr] 31 |     secret: String,
[INFO] [stderr]    |     ^^^^^^
[INFO] [stderr]    |
[INFO] [stderr]    = note: `AuthContext` has a derived impl for the trait `Clone`, but this is intentionally ignored during dead code analysis
[INFO] [stderr]    = note: `#[warn(dead_code)]` on by default
[INFO] [stderr] 
[INFO] [stderr] warning: variants `DEBUG` and `WARNING` are never constructed
[INFO] [stderr]  --> src/log.rs:7:5
[INFO] [stderr]   |
[INFO] [stderr] 5 | enum Level {
[INFO] [stderr]   |      ----- variants in this enum
[INFO] [stderr] 6 |     INFO,
[INFO] [stderr] 7 |     DEBUG,
[INFO] [stderr]   |     ^^^^^
[INFO] [stderr] 8 |     WARNING,
[INFO] [stderr]   |     ^^^^^^^
[INFO] [stderr] 
[INFO] [stderr] warning: function `debug` is never used
[INFO] [stderr]   --> src/log.rs:31:8
[INFO] [stderr]    |
[INFO] [stderr] 31 | pub fn debug<S: AsRef<str> + Display>(message: S) {
[INFO] [stderr]    |        ^^^^^
[INFO] [stderr] 
[INFO] [stderr] warning: function `warning` is never used
[INFO] [stderr]   --> src/log.rs:37:8
[INFO] [stderr]    |
[INFO] [stderr] 37 | pub fn warning<S: AsRef<str> + Display>(message: S) {
[INFO] [stderr]    |        ^^^^^^^
[INFO] [stderr] 
[INFO] [stderr] warning: constant `FORMAT` is never used
[INFO] [stderr]   --> src/serde_format.rs:33:11
[INFO] [stderr]    |
[INFO] [stderr] 33 |     const FORMAT: &'static str = "%Y-%m-%dT%H:%M:%S%.3fZ";
[INFO] [stderr]    |           ^^^^^^
[INFO] [stderr] 
[INFO] [stderr] warning: function `serialize` is never used
[INFO] [stderr]   --> src/serde_format.rs:35:12
[INFO] [stderr]    |
[INFO] [stderr] 35 |     pub fn serialize<S>(date: &Option<DateTime<Utc>>, serializer: S) -> Result<S::Ok, S::Error>
[INFO] [stderr]    |            ^^^^^^^^^
[INFO] [stderr] 
[INFO] [stderr] warning: function `deserialize` is never used
[INFO] [stderr]   --> src/serde_format.rs:47:12
[INFO] [stderr]    |
[INFO] [stderr] 47 |     pub fn deserialize<'de, D>(deserializer: D) -> Result<Option<DateTime<Utc>>, D::Error>
[INFO] [stderr]    |            ^^^^^^^^^^^
[INFO] [stderr] 
[INFO] [stderr] warning: constant `FORMAT` is never used
[INFO] [stderr]   --> src/serde_format.rs:68:11
[INFO] [stderr]    |
[INFO] [stderr] 68 |     const FORMAT: &'static str = "%Y-%m-%d";
[INFO] [stderr]    |           ^^^^^^
[INFO] [stderr] 
[INFO] [stderr] warning: function `serialize` is never used
[INFO] [stderr]   --> src/serde_format.rs:70:12
[INFO] [stderr]    |
[INFO] [stderr] 70 |     pub fn serialize<S>(date: &NaiveDate, serializer: S) -> Result<S::Ok, S::Error>
[INFO] [stderr]    |            ^^^^^^^^^
[INFO] [stderr] 
[INFO] [stderr] warning: function `deserialize` is never used
[INFO] [stderr]   --> src/serde_format.rs:78:12
[INFO] [stderr]    |
[INFO] [stderr] 78 |     pub fn deserialize<'de, D>(deserializer: D) -> Result<NaiveDate, D::Error>
[INFO] [stderr]    |            ^^^^^^^^^^^
[INFO] [stderr] 
[INFO] [stderr] warning: `axum-simple-auth` (bin "axum-simple-auth" test) generated 24 warnings (run `cargo fix --bin "axum-simple-auth" --tests` to apply 14 suggestions)
[INFO] [stderr]     Finished test [unoptimized + debuginfo] target(s) in 0.09s
[INFO] [stderr]      Running unittests src/main.rs (/opt/rustwide/target/debug/deps/axum_simple_auth-83e505e2ac439b06)
[INFO] [stdout] 
[INFO] [stdout] running 2 tests
[INFO] [stdout] test auth_context::tests::test_string ... ok
[INFO] [stdout] test tests::login ... FAILED
[INFO] [stdout] 
[INFO] [stdout] failures:
[INFO] [stdout] 
[INFO] [stdout] ---- tests::login stdout ----
[INFO] [stdout] Error: error sending request for url (http://localhost:3000/api/login): error trying to connect: tcp connect error: Cannot assign requested address (os error 99)
[INFO] [stdout] 
[INFO] [stdout] Caused by:
[INFO] [stdout]     0: error trying to connect: tcp connect error: Cannot assign requested address (os error 99)
[INFO] [stdout]     1: tcp connect error: Cannot assign requested address (os error 99)
[INFO] [stdout]     2: Cannot assign requested address (os error 99)
[INFO] [stdout] 
[INFO] [stdout] 
[INFO] [stdout] failures:
[INFO] [stdout]     tests::login
[INFO] [stdout] 
[INFO] [stdout] test result: FAILED. 1 passed; 1 failed; 0 ignored; 0 measured; 0 filtered out; finished in 0.06s
[INFO] [stdout] 
[INFO] [stderr] error: test failed, to rerun pass `--bin axum-simple-auth`
[INFO] running `Command { std: "docker" "inspect" "db2424a0aa74c959550e89fe1ba94f8eb57615c0e333526f8c4e46bd76295013", kill_on_drop: false }`
[INFO] running `Command { std: "docker" "rm" "-f" "db2424a0aa74c959550e89fe1ba94f8eb57615c0e333526f8c4e46bd76295013", kill_on_drop: false }`
[INFO] [stdout] db2424a0aa74c959550e89fe1ba94f8eb57615c0e333526f8c4e46bd76295013
[INFO] testing jdglaser/axum-simple-auth against beta-2023-12-22 for beta-1.76-1
[INFO] running `Command { std: "git" "clone" "/workspace/cache/git-repos/https%3A%2F%2Fgithub.com%2Fjdglaser%2Faxum-simple-auth" "/workspace/builds/worker-7-tc2/source", kill_on_drop: false }`
[INFO] [stderr] Cloning into '/workspace/builds/worker-7-tc2/source'...
[INFO] [stderr] done.
[INFO] validating manifest of git repo https://github.com/jdglaser/axum-simple-auth on toolchain beta-2023-12-22
[INFO] running `Command { std: CARGO_HOME="/workspace/cargo-home" RUSTUP_HOME="/workspace/rustup-home" "/workspace/cargo-home/bin/cargo" "+beta-2023-12-22" "metadata" "--manifest-path" "Cargo.toml" "--no-deps", kill_on_drop: false }`
[INFO] started tweaking git repo https://github.com/jdglaser/axum-simple-auth
[INFO] finished tweaking git repo https://github.com/jdglaser/axum-simple-auth
[INFO] tweaked toml for git repo https://github.com/jdglaser/axum-simple-auth written to /workspace/builds/worker-7-tc2/source/Cargo.toml
[INFO] crate git repo https://github.com/jdglaser/axum-simple-auth already has a lockfile, it will not be regenerated
[INFO] running `Command { std: CARGO_HOME="/workspace/cargo-home" RUSTUP_HOME="/workspace/rustup-home" "/workspace/cargo-home/bin/cargo" "+beta-2023-12-22" "fetch" "--manifest-path" "Cargo.toml", kill_on_drop: false }`
[INFO] running `Command { std: "docker" "create" "-v" "/var/lib/crater-agent-workspace/builds/worker-7-tc2/target:/opt/rustwide/target:rw,Z" "-v" "/var/lib/crater-agent-workspace/builds/worker-7-tc2/source:/opt/rustwide/workdir:ro,Z" "-v" "/var/lib/crater-agent-workspace/cargo-home:/opt/rustwide/cargo-home:ro,Z" "-v" "/var/lib/crater-agent-workspace/rustup-home:/opt/rustwide/rustup-home:ro,Z" "-e" "SOURCE_DIR=/opt/rustwide/workdir" "-e" "CARGO_TARGET_DIR=/opt/rustwide/target" "-e" "CARGO_HOME=/opt/rustwide/cargo-home" "-e" "RUSTUP_HOME=/opt/rustwide/rustup-home" "-w" "/opt/rustwide/workdir" "-m" "1610612736" "--user" "0:0" "--network" "none" "ghcr.io/rust-lang/crates-build-env/linux@sha256:2788e3201cd34a07e3172128adcd8b3090168a8e3bcc40d7c032b9dda1df7d1c" "/opt/rustwide/cargo-home/bin/cargo" "+beta-2023-12-22" "metadata" "--no-deps" "--format-version=1", kill_on_drop: false }`
[INFO] [stdout] 12a9791454867d49072aa2121fbdd3dd7b3e84069bafa36736af55a8abdc0093
[INFO] running `Command { std: "docker" "start" "-a" "12a9791454867d49072aa2121fbdd3dd7b3e84069bafa36736af55a8abdc0093", kill_on_drop: false }`
[INFO] running `Command { std: "docker" "inspect" "12a9791454867d49072aa2121fbdd3dd7b3e84069bafa36736af55a8abdc0093", kill_on_drop: false }`
[INFO] running `Command { std: "docker" "rm" "-f" "12a9791454867d49072aa2121fbdd3dd7b3e84069bafa36736af55a8abdc0093", kill_on_drop: false }`
[INFO] [stdout] 12a9791454867d49072aa2121fbdd3dd7b3e84069bafa36736af55a8abdc0093
[INFO] running `Command { std: "docker" "create" "-v" "/var/lib/crater-agent-workspace/builds/worker-7-tc2/target:/opt/rustwide/target:rw,Z" "-v" "/var/lib/crater-agent-workspace/builds/worker-7-tc2/source:/opt/rustwide/workdir:ro,Z" "-v" "/var/lib/crater-agent-workspace/cargo-home:/opt/rustwide/cargo-home:ro,Z" "-v" "/var/lib/crater-agent-workspace/rustup-home:/opt/rustwide/rustup-home:ro,Z" "-e" "SOURCE_DIR=/opt/rustwide/workdir" "-e" "CARGO_TARGET_DIR=/opt/rustwide/target" "-e" "CARGO_INCREMENTAL=0" "-e" "RUST_BACKTRACE=full" "-e" "RUSTFLAGS=--cap-lints=warn" "-e" "RUSTDOCFLAGS=--cap-lints=warn" "-e" "CARGO_HOME=/opt/rustwide/cargo-home" "-e" "RUSTUP_HOME=/opt/rustwide/rustup-home" "-w" "/opt/rustwide/workdir" "-m" "1610612736" "--user" "0:0" "--network" "none" "ghcr.io/rust-lang/crates-build-env/linux@sha256:2788e3201cd34a07e3172128adcd8b3090168a8e3bcc40d7c032b9dda1df7d1c" "/opt/rustwide/cargo-home/bin/cargo" "+beta-2023-12-22" "build" "--frozen" "--message-format=json", kill_on_drop: false }`
[INFO] [stdout] 1f6e1f0258fca8424be881933d7ad91ba14dab24c6e6fdb120c25065fc604dff
[INFO] running `Command { std: "docker" "start" "-a" "1f6e1f0258fca8424be881933d7ad91ba14dab24c6e6fdb120c25065fc604dff", kill_on_drop: false }`
[INFO] [stderr]    Compiling proc-macro2 v1.0.69
[INFO] [stderr]    Compiling libc v0.2.149
[INFO] [stderr]    Compiling futures-core v0.3.28
[INFO] [stderr]    Compiling smallvec v1.11.1
[INFO] [stderr]    Compiling futures-task v0.3.28
[INFO] [stderr]    Compiling pkg-config v0.3.27
[INFO] [stderr]    Compiling vcpkg v0.2.15
[INFO] [stderr]    Compiling futures-util v0.3.28
[INFO] [stderr]    Compiling bitflags v2.4.1
[INFO] [stderr]    Compiling tracing v0.1.40
[INFO] [stderr]    Compiling http v0.2.9
[INFO] [stderr]    Compiling serde v1.0.189
[INFO] [stderr]    Compiling rustversion v1.0.14
[INFO] [stderr]    Compiling indexmap v1.9.3
[INFO] [stderr]    Compiling futures-sink v0.3.28
[INFO] [stderr]    Compiling unicase v2.7.0
[INFO] [stderr]    Compiling percent-encoding v2.3.0
[INFO] [stderr]    Compiling openssl v0.10.57
[INFO] [stderr]    Compiling futures-channel v0.3.28
[INFO] [stderr]    Compiling hashbrown v0.12.3
[INFO] [stderr]    Compiling foreign-types-shared v0.1.1
[INFO] [stderr]    Compiling foreign-types v0.3.2
[INFO] [stderr]    Compiling native-tls v0.2.11
[INFO] [stderr]    Compiling form_urlencoded v1.2.0
[INFO] [stderr]    Compiling rustix v0.38.20
[INFO] [stderr]    Compiling tower-layer v0.3.2
[INFO] [stderr]    Compiling serde_json v1.0.107
[INFO] [stderr]    Compiling crypto-common v0.1.6
[INFO] [stderr]    Compiling num-traits v0.2.17
[INFO] [stderr]    Compiling linux-raw-sys v0.4.10
[INFO] [stderr]    Compiling idna v0.4.0
[INFO] [stderr]    Compiling digest v0.10.7
[INFO] [stderr]    Compiling bitflags v1.3.2
[INFO] [stderr]    Compiling mime_guess v2.0.4
[INFO] [stderr]    Compiling sync_wrapper v0.1.2
[INFO] [stderr]    Compiling http-range-header v0.3.1
[INFO] [stderr]    Compiling blake2 v0.10.6
[INFO] [stderr]    Compiling cpufeatures v0.2.10
[INFO] [stderr]    Compiling matchit v0.7.3
[INFO] [stderr]    Compiling quote v1.0.33
[INFO] [stderr]    Compiling http-body v0.4.5
[INFO] [stderr]    Compiling lazy_static v1.4.0
[INFO] [stderr]    Compiling url v2.4.1
[INFO] [stderr]    Compiling syn v2.0.38
[INFO] [stderr]    Compiling cc v1.0.83
[INFO] [stderr]    Compiling parking_lot_core v0.9.9
[INFO] [stderr]    Compiling signal-hook-registry v1.4.1
[INFO] [stderr]    Compiling mio v0.8.8
[INFO] [stderr]    Compiling socket2 v0.5.5
[INFO] [stderr]    Compiling num_cpus v1.16.0
[INFO] [stderr]    Compiling getrandom v0.2.10
[INFO] [stderr]    Compiling socket2 v0.4.10
[INFO] [stderr]    Compiling axum-core v0.3.4
[INFO] [stderr]    Compiling parking_lot v0.12.1
[INFO] [stderr]    Compiling rand_core v0.6.4
[INFO] [stderr]    Compiling axum v0.6.20
[INFO] [stderr]    Compiling password-hash v0.5.0
[INFO] [stderr]    Compiling rand_chacha v0.3.1
[INFO] [stderr]    Compiling is-terminal v0.4.9
[INFO] [stderr]    Compiling colored v2.0.4
[INFO] [stderr]    Compiling argon2 v0.5.2
[INFO] [stderr]    Compiling rand v0.8.5
[INFO] [stderr]    Compiling openssl-sys v0.9.93
[INFO] [stderr]    Compiling chrono v0.4.31
[INFO] [stderr]    Compiling tokio-macros v2.1.0
[INFO] [stderr]    Compiling futures-macro v0.3.28
[INFO] [stderr]    Compiling serde_derive v1.0.189
[INFO] [stderr]    Compiling openssl-macros v0.1.1
[INFO] [stderr]    Compiling pin-project-internal v1.1.3
[INFO] [stderr]    Compiling async-trait v0.1.74
[INFO] [stderr]    Compiling tokio v1.33.0
[INFO] [stderr]    Compiling pin-project v1.1.3
[INFO] [stderr]    Compiling tokio-util v0.7.9
[INFO] [stderr]    Compiling tokio-native-tls v0.3.1
[INFO] [stderr]    Compiling tower v0.4.13
[INFO] [stderr]    Compiling h2 v0.3.21
[INFO] [stderr]    Compiling tower-http v0.4.4
[INFO] [stderr]    Compiling serde_urlencoded v0.7.1
[INFO] [stderr]    Compiling serde_path_to_error v0.1.14
[INFO] [stderr]    Compiling uuid v1.5.0
[INFO] [stderr]    Compiling hyper v0.14.27
[INFO] [stderr]    Compiling hyper-tls v0.5.0
[INFO] [stderr]    Compiling reqwest v0.11.22
[INFO] [stderr]    Compiling axum-simple-auth v0.1.0 (/opt/rustwide/workdir)
[INFO] [stdout] warning: unused import: `collections::HashMap`
[INFO] [stdout]  --> src/main.rs:1:11
[INFO] [stdout]   |
[INFO] [stdout] 1 | use std::{collections::HashMap, net::SocketAddr};
[INFO] [stdout]   |           ^^^^^^^^^^^^^^^^^^^^
[INFO] [stdout]   |
[INFO] [stdout]   = note: `#[warn(unused_imports)]` on by default
[INFO] [stdout] 
[INFO] [stdout] 
[INFO] [stdout] warning: unused imports: `post`, `response::IntoResponse`
[INFO] [stdout]  --> src/main.rs:8:5
[INFO] [stdout]   |
[INFO] [stdout] 8 |     response::IntoResponse,
[INFO] [stdout]   |     ^^^^^^^^^^^^^^^^^^^^^^
[INFO] [stdout] 9 |     routing::{get, post},
[INFO] [stdout]   |                    ^^^^
[INFO] [stdout] 
[INFO] [stdout] 
[INFO] [stdout] warning: unused import: `Value`
[INFO] [stdout]   --> src/main.rs:13:24
[INFO] [stdout]    |
[INFO] [stdout] 13 | use serde_json::{json, Value};
[INFO] [stdout]    |                        ^^^^^
[INFO] [stdout] 
[INFO] [stdout] 
[INFO] [stdout] warning: unused import: `bail`
[INFO] [stdout]  --> src/auth_repo.rs:6:22
[INFO] [stdout]   |
[INFO] [stdout] 6 | use anyhow::{anyhow, bail};
[INFO] [stdout]   |                      ^^^^
[INFO] [stdout] 
[INFO] [stdout] 
[INFO] [stdout] warning: unused import: `UtcDatetime`
[INFO] [stdout]   --> src/auth_repo.rs:13:37
[INFO] [stdout]    |
[INFO] [stdout] 13 |     serde_format::{datetime_format, UtcDatetime},
[INFO] [stdout]    |                                     ^^^^^^^^^^^
[INFO] [stdout] 
[INFO] [stdout] 
[INFO] [stdout] warning: unused import: `get`
[INFO] [stdout]  --> src/auth_router.rs:5:15
[INFO] [stdout]   |
[INFO] [stdout] 5 |     routing::{get, post},
[INFO] [stdout]   |               ^^^
[INFO] [stdout] 
[INFO] [stdout] 
[INFO] [stdout] warning: unused imports: `RequestExt`, `extract::ConnectInfo`
[INFO] [stdout]  --> src/auth_service.rs:2:24
[INFO] [stdout]   |
[INFO] [stdout] 2 | use axum::{body::Body, extract::ConnectInfo, http::Request, response::Response, RequestExt};
[INFO] [stdout]   |                        ^^^^^^^^^^^^^^^^^^^^                                     ^^^^^^^^^^
[INFO] [stdout] 
[INFO] [stdout] 
[INFO] [stdout] warning: unused import: `net::SocketAddr`
[INFO] [stdout]  --> src/auth_service.rs:5:5
[INFO] [stdout]   |
[INFO] [stdout] 5 |     net::SocketAddr,
[INFO] [stdout]   |     ^^^^^^^^^^^^^^^
[INFO] [stdout] 
[INFO] [stdout] 
[INFO] [stdout] warning: unused imports: `Json`, `Request`, `body::Body`
[INFO] [stdout]  --> src/error.rs:4:5
[INFO] [stdout]   |
[INFO] [stdout] 4 |     body::Body,
[INFO] [stdout]   |     ^^^^^^^^^^
[INFO] [stdout] 5 |     http::{Request, StatusCode},
[INFO] [stdout]   |            ^^^^^^^
[INFO] [stdout] 6 |     response::{IntoResponse, Response},
[INFO] [stdout] 7 |     Json,
[INFO] [stdout]   |     ^^^^
[INFO] [stdout] 
[INFO] [stdout] 
[INFO] [stdout] warning: unused import: `serde_json::json`
[INFO] [stdout]  --> src/error.rs:9:5
[INFO] [stdout]   |
[INFO] [stdout] 9 | use serde_json::json;
[INFO] [stdout]   |     ^^^^^^^^^^^^^^^^
[INFO] [stdout] 
[INFO] [stdout] 
[INFO] [stdout] warning: unused import: `tower::Service`
[INFO] [stdout]   --> src/error.rs:10:5
[INFO] [stdout]    |
[INFO] [stdout] 10 | use tower::Service;
[INFO] [stdout]    |     ^^^^^^^^^^^^^^
[INFO] [stdout] 
[INFO] [stdout] 
[INFO] [stdout] warning: unused import: `self`
[INFO] [stdout]   --> src/require_auth_service.rs:12:11
[INFO] [stdout]    |
[INFO] [stdout] 12 |     log::{self, error},
[INFO] [stdout]    |           ^^^^
[INFO] [stdout] 
[INFO] [stdout] 
[INFO] [stdout] warning: field `secret` is never read
[INFO] [stdout]   --> src/auth_context.rs:31:5
[INFO] [stdout]    |
[INFO] [stdout] 30 | pub struct AuthContext {
[INFO] [stdout]    |            ----------- field in this struct
[INFO] [stdout] 31 |     secret: String,
[INFO] [stdout]    |     ^^^^^^
[INFO] [stdout]    |
[INFO] [stdout]    = note: `AuthContext` has a derived impl for the trait `Clone`, but this is intentionally ignored during dead code analysis
[INFO] [stdout]    = note: `#[warn(dead_code)]` on by default
[INFO] [stdout] 
[INFO] [stdout] 
[INFO] [stdout] warning: variants `DEBUG` and `WARNING` are never constructed
[INFO] [stdout]  --> src/log.rs:7:5
[INFO] [stdout]   |
[INFO] [stdout] 5 | enum Level {
[INFO] [stdout]   |      ----- variants in this enum
[INFO] [stdout] 6 |     INFO,
[INFO] [stdout] 7 |     DEBUG,
[INFO] [stdout]   |     ^^^^^
[INFO] [stdout] 8 |     WARNING,
[INFO] [stdout]   |     ^^^^^^^
[INFO] [stdout] 
[INFO] [stdout] 
[INFO] [stdout] warning: function `debug` is never used
[INFO] [stdout]   --> src/log.rs:31:8
[INFO] [stdout]    |
[INFO] [stdout] 31 | pub fn debug<S: AsRef<str> + Display>(message: S) {
[INFO] [stdout]    |        ^^^^^
[INFO] [stdout] 
[INFO] [stdout] 
[INFO] [stdout] warning: function `warning` is never used
[INFO] [stdout]   --> src/log.rs:37:8
[INFO] [stdout]    |
[INFO] [stdout] 37 | pub fn warning<S: AsRef<str> + Display>(message: S) {
[INFO] [stdout]    |        ^^^^^^^
[INFO] [stdout] 
[INFO] [stdout] 
[INFO] [stdout] warning: constant `FORMAT` is never used
[INFO] [stdout]   --> src/serde_format.rs:33:11
[INFO] [stdout]    |
[INFO] [stdout] 33 |     const FORMAT: &'static str = "%Y-%m-%dT%H:%M:%S%.3fZ";
[INFO] [stdout]    |           ^^^^^^
[INFO] [stdout] 
[INFO] [stdout] 
[INFO] [stdout] warning: function `serialize` is never used
[INFO] [stdout]   --> src/serde_format.rs:35:12
[INFO] [stdout]    |
[INFO] [stdout] 35 |     pub fn serialize<S>(date: &Option<DateTime<Utc>>, serializer: S) -> Result<S::Ok, S::Error>
[INFO] [stdout]    |            ^^^^^^^^^
[INFO] [stdout] 
[INFO] [stdout] 
[INFO] [stdout] warning: function `deserialize` is never used
[INFO] [stdout]   --> src/serde_format.rs:47:12
[INFO] [stdout]    |
[INFO] [stdout] 47 |     pub fn deserialize<'de, D>(deserializer: D) -> Result<Option<DateTime<Utc>>, D::Error>
[INFO] [stdout]    |            ^^^^^^^^^^^
[INFO] [stdout] 
[INFO] [stdout] 
[INFO] [stdout] warning: constant `FORMAT` is never used
[INFO] [stdout]   --> src/serde_format.rs:68:11
[INFO] [stdout]    |
[INFO] [stdout] 68 |     const FORMAT: &'static str = "%Y-%m-%d";
[INFO] [stdout]    |           ^^^^^^
[INFO] [stdout] 
[INFO] [stdout] 
[INFO] [stdout] warning: function `serialize` is never used
[INFO] [stdout]   --> src/serde_format.rs:70:12
[INFO] [stdout]    |
[INFO] [stdout] 70 |     pub fn serialize<S>(date: &NaiveDate, serializer: S) -> Result<S::Ok, S::Error>
[INFO] [stdout]    |            ^^^^^^^^^
[INFO] [stdout] 
[INFO] [stdout] 
[INFO] [stdout] warning: function `deserialize` is never used
[INFO] [stdout]   --> src/serde_format.rs:78:12
[INFO] [stdout]    |
[INFO] [stdout] 78 |     pub fn deserialize<'de, D>(deserializer: D) -> Result<NaiveDate, D::Error>
[INFO] [stdout]    |            ^^^^^^^^^^^
[INFO] [stdout] 
[INFO] [stdout] 
[INFO] [stdout] warning: 22 warnings emitted
[INFO] [stdout] 
[INFO] [stdout] 
[INFO] [stderr]     Finished dev [unoptimized + debuginfo] target(s) in 22.07s
[INFO] running `Command { std: "docker" "inspect" "1f6e1f0258fca8424be881933d7ad91ba14dab24c6e6fdb120c25065fc604dff", kill_on_drop: false }`
[INFO] running `Command { std: "docker" "rm" "-f" "1f6e1f0258fca8424be881933d7ad91ba14dab24c6e6fdb120c25065fc604dff", kill_on_drop: false }`
[INFO] [stdout] 1f6e1f0258fca8424be881933d7ad91ba14dab24c6e6fdb120c25065fc604dff
[INFO] running `Command { std: "docker" "create" "-v" "/var/lib/crater-agent-workspace/builds/worker-7-tc2/target:/opt/rustwide/target:rw,Z" "-v" "/var/lib/crater-agent-workspace/builds/worker-7-tc2/source:/opt/rustwide/workdir:ro,Z" "-v" "/var/lib/crater-agent-workspace/cargo-home:/opt/rustwide/cargo-home:ro,Z" "-v" "/var/lib/crater-agent-workspace/rustup-home:/opt/rustwide/rustup-home:ro,Z" "-e" "SOURCE_DIR=/opt/rustwide/workdir" "-e" "CARGO_TARGET_DIR=/opt/rustwide/target" "-e" "CARGO_INCREMENTAL=0" "-e" "RUST_BACKTRACE=full" "-e" "RUSTFLAGS=--cap-lints=warn" "-e" "RUSTDOCFLAGS=--cap-lints=warn" "-e" "CARGO_HOME=/opt/rustwide/cargo-home" "-e" "RUSTUP_HOME=/opt/rustwide/rustup-home" "-w" "/opt/rustwide/workdir" "-m" "1610612736" "--user" "0:0" "--network" "none" "ghcr.io/rust-lang/crates-build-env/linux@sha256:2788e3201cd34a07e3172128adcd8b3090168a8e3bcc40d7c032b9dda1df7d1c" "/opt/rustwide/cargo-home/bin/cargo" "+beta-2023-12-22" "test" "--frozen" "--no-run" "--message-format=json", kill_on_drop: false }`
[INFO] [stdout] 49b2f95fb4998b446a4785244bd612741a7b6afcf25ef5d1ecf879bfe5fd5c9b
[INFO] running `Command { std: "docker" "start" "-a" "49b2f95fb4998b446a4785244bd612741a7b6afcf25ef5d1ecf879bfe5fd5c9b", kill_on_drop: false }`
[INFO] [stderr]    Compiling axum-simple-auth v0.1.0 (/opt/rustwide/workdir)
[INFO] [stdout] warning: unused import: `collections::HashMap`
[INFO] [stdout]  --> src/main.rs:1:11
[INFO] [stdout]   |
[INFO] [stdout] 1 | use std::{collections::HashMap, net::SocketAddr};
[INFO] [stdout]   |           ^^^^^^^^^^^^^^^^^^^^
[INFO] [stdout]   |
[INFO] [stdout]   = note: `#[warn(unused_imports)]` on by default
[INFO] [stdout] 
[INFO] [stdout] 
[INFO] [stdout] warning: unused imports: `post`, `response::IntoResponse`
[INFO] [stdout]  --> src/main.rs:8:5
[INFO] [stdout]   |
[INFO] [stdout] 8 |     response::IntoResponse,
[INFO] [stdout]   |     ^^^^^^^^^^^^^^^^^^^^^^
[INFO] [stdout] 9 |     routing::{get, post},
[INFO] [stdout]   |                    ^^^^
[INFO] [stdout] 
[INFO] [stdout] 
[INFO] [stdout] warning: unused import: `Value`
[INFO] [stdout]   --> src/main.rs:13:24
[INFO] [stdout]    |
[INFO] [stdout] 13 | use serde_json::{json, Value};
[INFO] [stdout]    |                        ^^^^^
[INFO] [stdout] 
[INFO] [stdout] 
[INFO] [stdout] warning: unused import: `anyhow::Context`
[INFO] [stdout]    --> src/auth_context.rs:281:9
[INFO] [stdout]     |
[INFO] [stdout] 281 |     use anyhow::Context;
[INFO] [stdout]     |         ^^^^^^^^^^^^^^^
[INFO] [stdout] 
[INFO] [stdout] 
[INFO] [stdout] warning: unused import: `password_hash::SaltString`
[INFO] [stdout]    --> src/auth_context.rs:283:9
[INFO] [stdout]     |
[INFO] [stdout] 283 |     use password_hash::SaltString;
[INFO] [stdout]     |         ^^^^^^^^^^^^^^^^^^^^^^^^^
[INFO] [stdout] 
[INFO] [stdout] 
[INFO] [stdout] warning: unused import: `bail`
[INFO] [stdout]  --> src/auth_repo.rs:6:22
[INFO] [stdout]   |
[INFO] [stdout] 6 | use anyhow::{anyhow, bail};
[INFO] [stdout]   |                      ^^^^
[INFO] [stdout] 
[INFO] [stdout] 
[INFO] [stdout] warning: unused import: `UtcDatetime`
[INFO] [stdout]   --> src/auth_repo.rs:13:37
[INFO] [stdout]    |
[INFO] [stdout] 13 |     serde_format::{datetime_format, UtcDatetime},
[INFO] [stdout]    |                                     ^^^^^^^^^^^
[INFO] [stdout] 
[INFO] [stdout] 
[INFO] [stdout] warning: unused import: `get`
[INFO] [stdout]  --> src/auth_router.rs:5:15
[INFO] [stdout]   |
[INFO] [stdout] 5 |     routing::{get, post},
[INFO] [stdout]   |               ^^^
[INFO] [stdout] 
[INFO] [stdout] 
[INFO] [stdout] warning: unused imports: `RequestExt`, `extract::ConnectInfo`
[INFO] [stdout]  --> src/auth_service.rs:2:24
[INFO] [stdout]   |
[INFO] [stdout] 2 | use axum::{body::Body, extract::ConnectInfo, http::Request, response::Response, RequestExt};
[INFO] [stdout]   |                        ^^^^^^^^^^^^^^^^^^^^                                     ^^^^^^^^^^
[INFO] [stdout] 
[INFO] [stdout] 
[INFO] [stdout] warning: unused import: `net::SocketAddr`
[INFO] [stdout]  --> src/auth_service.rs:5:5
[INFO] [stdout]   |
[INFO] [stdout] 5 |     net::SocketAddr,
[INFO] [stdout]   |     ^^^^^^^^^^^^^^^
[INFO] [stdout] 
[INFO] [stdout] 
[INFO] [stdout] warning: unused imports: `Json`, `Request`, `body::Body`
[INFO] [stdout]  --> src/error.rs:4:5
[INFO] [stdout]   |
[INFO] [stdout] 4 |     body::Body,
[INFO] [stdout]   |     ^^^^^^^^^^
[INFO] [stdout] 5 |     http::{Request, StatusCode},
[INFO] [stdout]   |            ^^^^^^^
[INFO] [stdout] 6 |     response::{IntoResponse, Response},
[INFO] [stdout] 7 |     Json,
[INFO] [stdout]   |     ^^^^
[INFO] [stdout] 
[INFO] [stdout] 
[INFO] [stdout] warning: unused import: `serde_json::json`
[INFO] [stdout]  --> src/error.rs:9:5
[INFO] [stdout]   |
[INFO] [stdout] 9 | use serde_json::json;
[INFO] [stdout]   |     ^^^^^^^^^^^^^^^^
[INFO] [stdout] 
[INFO] [stdout] 
[INFO] [stdout] warning: unused import: `tower::Service`
[INFO] [stdout]   --> src/error.rs:10:5
[INFO] [stdout]    |
[INFO] [stdout] 10 | use tower::Service;
[INFO] [stdout]    |     ^^^^^^^^^^^^^^
[INFO] [stdout] 
[INFO] [stdout] 
[INFO] [stdout] warning: unused import: `self`
[INFO] [stdout]   --> src/require_auth_service.rs:12:11
[INFO] [stdout]    |
[INFO] [stdout] 12 |     log::{self, error},
[INFO] [stdout]    |           ^^^^
[INFO] [stdout] 
[INFO] [stdout] 
[INFO] [stdout] warning: field `secret` is never read
[INFO] [stdout]   --> src/auth_context.rs:31:5
[INFO] [stdout]    |
[INFO] [stdout] 30 | pub struct AuthContext {
[INFO] [stdout]    |            ----------- field in this struct
[INFO] [stdout] 31 |     secret: String,
[INFO] [stdout]    |     ^^^^^^
[INFO] [stdout]    |
[INFO] [stdout]    = note: `AuthContext` has a derived impl for the trait `Clone`, but this is intentionally ignored during dead code analysis
[INFO] [stdout]    = note: `#[warn(dead_code)]` on by default
[INFO] [stdout] 
[INFO] [stdout] 
[INFO] [stdout] warning: variants `DEBUG` and `WARNING` are never constructed
[INFO] [stdout]  --> src/log.rs:7:5
[INFO] [stdout]   |
[INFO] [stdout] 5 | enum Level {
[INFO] [stdout]   |      ----- variants in this enum
[INFO] [stdout] 6 |     INFO,
[INFO] [stdout] 7 |     DEBUG,
[INFO] [stdout]   |     ^^^^^
[INFO] [stdout] 8 |     WARNING,
[INFO] [stdout]   |     ^^^^^^^
[INFO] [stdout] 
[INFO] [stdout] 
[INFO] [stdout] warning: function `debug` is never used
[INFO] [stdout]   --> src/log.rs:31:8
[INFO] [stdout]    |
[INFO] [stdout] 31 | pub fn debug<S: AsRef<str> + Display>(message: S) {
[INFO] [stdout]    |        ^^^^^
[INFO] [stdout] 
[INFO] [stdout] 
[INFO] [stdout] warning: function `warning` is never used
[INFO] [stdout]   --> src/log.rs:37:8
[INFO] [stdout]    |
[INFO] [stdout] 37 | pub fn warning<S: AsRef<str> + Display>(message: S) {
[INFO] [stdout]    |        ^^^^^^^
[INFO] [stdout] 
[INFO] [stdout] 
[INFO] [stdout] warning: constant `FORMAT` is never used
[INFO] [stdout]   --> src/serde_format.rs:33:11
[INFO] [stdout]    |
[INFO] [stdout] 33 |     const FORMAT: &'static str = "%Y-%m-%dT%H:%M:%S%.3fZ";
[INFO] [stdout]    |           ^^^^^^
[INFO] [stdout] 
[INFO] [stdout] 
[INFO] [stdout] warning: function `serialize` is never used
[INFO] [stdout]   --> src/serde_format.rs:35:12
[INFO] [stdout]    |
[INFO] [stdout] 35 |     pub fn serialize<S>(date: &Option<DateTime<Utc>>, serializer: S) -> Result<S::Ok, S::Error>
[INFO] [stdout]    |            ^^^^^^^^^
[INFO] [stdout] 
[INFO] [stdout] 
[INFO] [stdout] warning: function `deserialize` is never used
[INFO] [stdout]   --> src/serde_format.rs:47:12
[INFO] [stdout]    |
[INFO] [stdout] 47 |     pub fn deserialize<'de, D>(deserializer: D) -> Result<Option<DateTime<Utc>>, D::Error>
[INFO] [stdout]    |            ^^^^^^^^^^^
[INFO] [stdout] 
[INFO] [stdout] 
[INFO] [stdout] warning: constant `FORMAT` is never used
[INFO] [stdout]   --> src/serde_format.rs:68:11
[INFO] [stdout]    |
[INFO] [stdout] 68 |     const FORMAT: &'static str = "%Y-%m-%d";
[INFO] [stdout]    |           ^^^^^^
[INFO] [stdout] 
[INFO] [stdout] 
[INFO] [stdout] warning: function `serialize` is never used
[INFO] [stdout]   --> src/serde_format.rs:70:12
[INFO] [stdout]    |
[INFO] [stdout] 70 |     pub fn serialize<S>(date: &NaiveDate, serializer: S) -> Result<S::Ok, S::Error>
[INFO] [stdout]    |            ^^^^^^^^^
[INFO] [stdout] 
[INFO] [stdout] 
[INFO] [stdout] warning: function `deserialize` is never used
[INFO] [stdout]   --> src/serde_format.rs:78:12
[INFO] [stdout]    |
[INFO] [stdout] 78 |     pub fn deserialize<'de, D>(deserializer: D) -> Result<NaiveDate, D::Error>
[INFO] [stdout]    |            ^^^^^^^^^^^
[INFO] [stdout] 
[INFO] [stdout] 
[INFO] [stdout] warning: 24 warnings emitted
[INFO] [stdout] 
[INFO] [stdout] 
[INFO] [stderr]     Finished test [unoptimized + debuginfo] target(s) in 2.41s
[INFO] running `Command { std: "docker" "inspect" "49b2f95fb4998b446a4785244bd612741a7b6afcf25ef5d1ecf879bfe5fd5c9b", kill_on_drop: false }`
[INFO] running `Command { std: "docker" "rm" "-f" "49b2f95fb4998b446a4785244bd612741a7b6afcf25ef5d1ecf879bfe5fd5c9b", kill_on_drop: false }`
[INFO] [stdout] 49b2f95fb4998b446a4785244bd612741a7b6afcf25ef5d1ecf879bfe5fd5c9b
[INFO] running `Command { std: "docker" "create" "-v" "/var/lib/crater-agent-workspace/builds/worker-7-tc2/target:/opt/rustwide/target:rw,Z" "-v" "/var/lib/crater-agent-workspace/builds/worker-7-tc2/source:/opt/rustwide/workdir:ro,Z" "-v" "/var/lib/crater-agent-workspace/cargo-home:/opt/rustwide/cargo-home:ro,Z" "-v" "/var/lib/crater-agent-workspace/rustup-home:/opt/rustwide/rustup-home:ro,Z" "-e" "SOURCE_DIR=/opt/rustwide/workdir" "-e" "CARGO_TARGET_DIR=/opt/rustwide/target" "-e" "CARGO_INCREMENTAL=0" "-e" "RUST_BACKTRACE=full" "-e" "RUSTFLAGS=--cap-lints=warn" "-e" "RUSTDOCFLAGS=--cap-lints=warn" "-e" "CARGO_HOME=/opt/rustwide/cargo-home" "-e" "RUSTUP_HOME=/opt/rustwide/rustup-home" "-w" "/opt/rustwide/workdir" "-m" "1610612736" "--user" "0:0" "--network" "none" "ghcr.io/rust-lang/crates-build-env/linux@sha256:2788e3201cd34a07e3172128adcd8b3090168a8e3bcc40d7c032b9dda1df7d1c" "/opt/rustwide/cargo-home/bin/cargo" "+beta-2023-12-22" "test" "--frozen", kill_on_drop: false }`
[INFO] [stdout] 0afa74575d1e6a16c38800a344f4ed1f5b7022bad9a2ce87fba2571a9ed35b2a
[INFO] running `Command { std: "docker" "start" "-a" "0afa74575d1e6a16c38800a344f4ed1f5b7022bad9a2ce87fba2571a9ed35b2a", kill_on_drop: false }`
[INFO] [stderr] warning: unused import: `collections::HashMap`
[INFO] [stderr]  --> src/main.rs:1:11
[INFO] [stderr]   |
[INFO] [stderr] 1 | use std::{collections::HashMap, net::SocketAddr};
[INFO] [stderr]   |           ^^^^^^^^^^^^^^^^^^^^
[INFO] [stderr]   |
[INFO] [stderr]   = note: `#[warn(unused_imports)]` on by default
[INFO] [stderr] 
[INFO] [stderr] warning: unused imports: `post`, `response::IntoResponse`
[INFO] [stderr]  --> src/main.rs:8:5
[INFO] [stderr]   |
[INFO] [stderr] 8 |     response::IntoResponse,
[INFO] [stderr]   |     ^^^^^^^^^^^^^^^^^^^^^^
[INFO] [stderr] 9 |     routing::{get, post},
[INFO] [stderr]   |                    ^^^^
[INFO] [stderr] 
[INFO] [stderr] warning: unused import: `Value`
[INFO] [stderr]   --> src/main.rs:13:24
[INFO] [stderr]    |
[INFO] [stderr] 13 | use serde_json::{json, Value};
[INFO] [stderr]    |                        ^^^^^
[INFO] [stderr] 
[INFO] [stderr] warning: unused import: `anyhow::Context`
[INFO] [stderr]    --> src/auth_context.rs:281:9
[INFO] [stderr]     |
[INFO] [stderr] 281 |     use anyhow::Context;
[INFO] [stderr]     |         ^^^^^^^^^^^^^^^
[INFO] [stderr] 
[INFO] [stderr] warning: unused import: `password_hash::SaltString`
[INFO] [stderr]    --> src/auth_context.rs:283:9
[INFO] [stderr]     |
[INFO] [stderr] 283 |     use password_hash::SaltString;
[INFO] [stderr]     |         ^^^^^^^^^^^^^^^^^^^^^^^^^
[INFO] [stderr] 
[INFO] [stderr] warning: unused import: `bail`
[INFO] [stderr]  --> src/auth_repo.rs:6:22
[INFO] [stderr]   |
[INFO] [stderr] 6 | use anyhow::{anyhow, bail};
[INFO] [stderr]   |                      ^^^^
[INFO] [stderr] 
[INFO] [stderr] warning: unused import: `UtcDatetime`
[INFO] [stderr]   --> src/auth_repo.rs:13:37
[INFO] [stderr]    |
[INFO] [stderr] 13 |     serde_format::{datetime_format, UtcDatetime},
[INFO] [stderr]    |                                     ^^^^^^^^^^^
[INFO] [stderr] 
[INFO] [stderr] warning: unused import: `get`
[INFO] [stderr]  --> src/auth_router.rs:5:15
[INFO] [stderr]   |
[INFO] [stderr] 5 |     routing::{get, post},
[INFO] [stderr]   |               ^^^
[INFO] [stderr] 
[INFO] [stderr] warning: unused imports: `RequestExt`, `extract::ConnectInfo`
[INFO] [stderr]  --> src/auth_service.rs:2:24
[INFO] [stderr]   |
[INFO] [stderr] 2 | use axum::{body::Body, extract::ConnectInfo, http::Request, response::Response, RequestExt};
[INFO] [stderr]   |                        ^^^^^^^^^^^^^^^^^^^^                                     ^^^^^^^^^^
[INFO] [stderr] 
[INFO] [stderr] warning: unused import: `net::SocketAddr`
[INFO] [stderr]  --> src/auth_service.rs:5:5
[INFO] [stderr]   |
[INFO] [stderr] 5 |     net::SocketAddr,
[INFO] [stderr]   |     ^^^^^^^^^^^^^^^
[INFO] [stderr] 
[INFO] [stderr] warning: unused imports: `Json`, `Request`, `body::Body`
[INFO] [stderr]  --> src/error.rs:4:5
[INFO] [stderr]   |
[INFO] [stderr] 4 |     body::Body,
[INFO] [stderr]   |     ^^^^^^^^^^
[INFO] [stderr] 5 |     http::{Request, StatusCode},
[INFO] [stderr]   |            ^^^^^^^
[INFO] [stderr] 6 |     response::{IntoResponse, Response},
[INFO] [stderr] 7 |     Json,
[INFO] [stderr]   |     ^^^^
[INFO] [stderr] 
[INFO] [stderr] warning: unused import: `serde_json::json`
[INFO] [stderr]  --> src/error.rs:9:5
[INFO] [stderr]   |
[INFO] [stderr] 9 | use serde_json::json;
[INFO] [stderr]   |     ^^^^^^^^^^^^^^^^
[INFO] [stderr] 
[INFO] [stderr] warning: unused import: `tower::Service`
[INFO] [stderr]   --> src/error.rs:10:5
[INFO] [stderr]    |
[INFO] [stderr] 10 | use tower::Service;
[INFO] [stderr]    |     ^^^^^^^^^^^^^^
[INFO] [stderr] 
[INFO] [stderr] warning: unused import: `self`
[INFO] [stderr]   --> src/require_auth_service.rs:12:11
[INFO] [stderr]    |
[INFO] [stderr] 12 |     log::{self, error},
[INFO] [stderr]    |           ^^^^
[INFO] [stderr] 
[INFO] [stderr] warning: field `secret` is never read
[INFO] [stderr]   --> src/auth_context.rs:31:5
[INFO] [stderr]    |
[INFO] [stderr] 30 | pub struct AuthContext {
[INFO] [stderr]    |            ----------- field in this struct
[INFO] [stderr] 31 |     secret: String,
[INFO] [stderr]    |     ^^^^^^
[INFO] [stderr]    |
[INFO] [stderr]    = note: `AuthContext` has a derived impl for the trait `Clone`, but this is intentionally ignored during dead code analysis
[INFO] [stderr]    = note: `#[warn(dead_code)]` on by default
[INFO] [stderr] 
[INFO] [stderr] warning: variants `DEBUG` and `WARNING` are never constructed
[INFO] [stderr]  --> src/log.rs:7:5
[INFO] [stderr]   |
[INFO] [stderr] 5 | enum Level {
[INFO] [stderr]   |      ----- variants in this enum
[INFO] [stderr] 6 |     INFO,
[INFO] [stderr] 7 |     DEBUG,
[INFO] [stderr]   |     ^^^^^
[INFO] [stderr] 8 |     WARNING,
[INFO] [stderr]   |     ^^^^^^^
[INFO] [stderr] 
[INFO] [stderr] warning: function `debug` is never used
[INFO] [stderr]   --> src/log.rs:31:8
[INFO] [stderr]    |
[INFO] [stderr] 31 | pub fn debug<S: AsRef<str> + Display>(message: S) {
[INFO] [stderr]    |        ^^^^^
[INFO] [stderr] 
[INFO] [stderr] warning: function `warning` is never used
[INFO] [stderr]   --> src/log.rs:37:8
[INFO] [stderr]    |
[INFO] [stderr] 37 | pub fn warning<S: AsRef<str> + Display>(message: S) {
[INFO] [stderr]    |        ^^^^^^^
[INFO] [stderr] 
[INFO] [stderr] warning: constant `FORMAT` is never used
[INFO] [stderr]   --> src/serde_format.rs:33:11
[INFO] [stderr]    |
[INFO] [stderr] 33 |     const FORMAT: &'static str = "%Y-%m-%dT%H:%M:%S%.3fZ";
[INFO] [stderr]    |           ^^^^^^
[INFO] [stderr] 
[INFO] [stderr] warning: function `serialize` is never used
[INFO] [stderr]   --> src/serde_format.rs:35:12
[INFO] [stderr]    |
[INFO] [stderr] 35 |     pub fn serialize<S>(date: &Option<DateTime<Utc>>, serializer: S) -> Result<S::Ok, S::Error>
[INFO] [stderr]    |            ^^^^^^^^^
[INFO] [stderr] 
[INFO] [stderr] warning: function `deserialize` is never used
[INFO] [stderr]   --> src/serde_format.rs:47:12
[INFO] [stderr]    |
[INFO] [stderr] 47 |     pub fn deserialize<'de, D>(deserializer: D) -> Result<Option<DateTime<Utc>>, D::Error>
[INFO] [stderr]    |            ^^^^^^^^^^^
[INFO] [stderr] 
[INFO] [stderr] warning: constant `FORMAT` is never used
[INFO] [stderr]   --> src/serde_format.rs:68:11
[INFO] [stderr]    |
[INFO] [stderr] 68 |     const FORMAT: &'static str = "%Y-%m-%d";
[INFO] [stderr]    |           ^^^^^^
[INFO] [stderr] 
[INFO] [stderr] warning: function `serialize` is never used
[INFO] [stderr]   --> src/serde_format.rs:70:12
[INFO] [stderr]    |
[INFO] [stderr] 70 |     pub fn serialize<S>(date: &NaiveDate, serializer: S) -> Result<S::Ok, S::Error>
[INFO] [stderr]    |            ^^^^^^^^^
[INFO] [stderr] 
[INFO] [stderr] warning: function `deserialize` is never used
[INFO] [stderr]   --> src/serde_format.rs:78:12
[INFO] [stderr]    |
[INFO] [stderr] 78 |     pub fn deserialize<'de, D>(deserializer: D) -> Result<NaiveDate, D::Error>
[INFO] [stderr]    |            ^^^^^^^^^^^
[INFO] [stderr] 
[INFO] [stderr] warning: `axum-simple-auth` (bin "axum-simple-auth" test) generated 24 warnings (run `cargo fix --bin "axum-simple-auth" --tests` to apply 14 suggestions)
[INFO] [stderr]     Finished test [unoptimized + debuginfo] target(s) in 0.09s
[INFO] [stderr]      Running unittests src/main.rs (/opt/rustwide/target/debug/deps/axum_simple_auth-eabd4ffa209b3fe3)
[INFO] [stdout] 
[INFO] [stdout] running 2 tests
[INFO] [stdout] test auth_context::tests::test_string ... ok
[INFO] [stdout] test tests::login ... FAILED
[INFO] [stdout] 
[INFO] [stdout] failures:
[INFO] [stdout] 
[INFO] [stdout] ---- tests::login stdout ----
[INFO] [stdout] Error: error sending request for url (http://localhost:3000/api/login): error trying to connect: tcp connect error: Cannot assign requested address (os error 99)
[INFO] [stdout] 
[INFO] [stdout] Caused by:
[INFO] [stdout]     0: error trying to connect: tcp connect error: Cannot assign requested address (os error 99)
[INFO] [stdout]     1: tcp connect error: Cannot assign requested address (os error 99)
[INFO] [stdout]     2: Cannot assign requested address (os error 99)
[INFO] [stdout] 
[INFO] [stdout] 
[INFO] [stdout] failures:
[INFO] [stdout]     tests::login
[INFO] [stdout] 
[INFO] [stdout] test result: FAILED. 1 passed; 1 failed; 0 ignored; 0 measured; 0 filtered out; finished in 0.06s
[INFO] [stdout] 
[INFO] [stderr] error: test failed, to rerun pass `--bin axum-simple-auth`
[INFO] running `Command { std: "docker" "inspect" "0afa74575d1e6a16c38800a344f4ed1f5b7022bad9a2ce87fba2571a9ed35b2a", kill_on_drop: false }`
[INFO] running `Command { std: "docker" "rm" "-f" "0afa74575d1e6a16c38800a344f4ed1f5b7022bad9a2ce87fba2571a9ed35b2a", kill_on_drop: false }`
[INFO] [stdout] 0afa74575d1e6a16c38800a344f4ed1f5b7022bad9a2ce87fba2571a9ed35b2a
