[INFO] cloning repository https://github.com/jaymody/nand2tetris
[INFO] running `Command { std: "git" "-c" "credential.helper=" "-c" "credential.helper=/workspace/cargo-home/bin/git-credential-null" "clone" "--bare" "https://github.com/jaymody/nand2tetris" "/workspace/cache/git-repos/https%3A%2F%2Fgithub.com%2Fjaymody%2Fnand2tetris", kill_on_drop: false }`
[INFO] [stderr] Cloning into bare repository '/workspace/cache/git-repos/https%3A%2F%2Fgithub.com%2Fjaymody%2Fnand2tetris'...
[INFO] running `Command { std: "git" "rev-parse" "HEAD", kill_on_drop: false }`
[INFO] [stdout] 9d94bc443238fd9b8d4ce1f3c833baebc1bd2fb8
[INFO] testing jaymody/nand2tetris against 1.75.0 for beta-1.76-1
[INFO] running `Command { std: "git" "clone" "/workspace/cache/git-repos/https%3A%2F%2Fgithub.com%2Fjaymody%2Fnand2tetris" "/workspace/builds/worker-3-tc1/source", kill_on_drop: false }`
[INFO] [stderr] Cloning into '/workspace/builds/worker-3-tc1/source'...
[INFO] [stderr] done.
[INFO] validating manifest of git repo https://github.com/jaymody/nand2tetris on toolchain 1.75.0
[INFO] running `Command { std: CARGO_HOME="/workspace/cargo-home" RUSTUP_HOME="/workspace/rustup-home" "/workspace/cargo-home/bin/cargo" "+1.75.0" "metadata" "--manifest-path" "Cargo.toml" "--no-deps", kill_on_drop: false }`
[INFO] started tweaking git repo https://github.com/jaymody/nand2tetris
[INFO] finished tweaking git repo https://github.com/jaymody/nand2tetris
[INFO] tweaked toml for git repo https://github.com/jaymody/nand2tetris written to /workspace/builds/worker-3-tc1/source/Cargo.toml
[INFO] crate git repo https://github.com/jaymody/nand2tetris already has a lockfile, it will not be regenerated
[INFO] running `Command { std: CARGO_HOME="/workspace/cargo-home" RUSTUP_HOME="/workspace/rustup-home" "/workspace/cargo-home/bin/cargo" "+1.75.0" "fetch" "--manifest-path" "Cargo.toml", kill_on_drop: false }`
[INFO] [stderr] warning: virtual workspace defaulting to `resolver = "1"` despite one or more workspace members being on edition 2021 which implies `resolver = "2"`
[INFO] [stderr] note: to keep the current resolver, specify `workspace.resolver = "1"` in the workspace root's manifest
[INFO] [stderr] note: to use the edition 2021 resolver, specify `workspace.resolver = "2"` in the workspace root's manifest
[INFO] [stderr] note: for more details see https://doc.rust-lang.org/cargo/reference/resolver.html#resolver-versions
[INFO] running `Command { std: "docker" "create" "-v" "/var/lib/crater-agent-workspace/builds/worker-3-tc1/target:/opt/rustwide/target:rw,Z" "-v" "/var/lib/crater-agent-workspace/builds/worker-3-tc1/source:/opt/rustwide/workdir:ro,Z" "-v" "/var/lib/crater-agent-workspace/cargo-home:/opt/rustwide/cargo-home:ro,Z" "-v" "/var/lib/crater-agent-workspace/rustup-home:/opt/rustwide/rustup-home:ro,Z" "-e" "SOURCE_DIR=/opt/rustwide/workdir" "-e" "CARGO_TARGET_DIR=/opt/rustwide/target" "-e" "CARGO_HOME=/opt/rustwide/cargo-home" "-e" "RUSTUP_HOME=/opt/rustwide/rustup-home" "-w" "/opt/rustwide/workdir" "-m" "1610612736" "--user" "0:0" "--network" "none" "ghcr.io/rust-lang/crates-build-env/linux@sha256:2788e3201cd34a07e3172128adcd8b3090168a8e3bcc40d7c032b9dda1df7d1c" "/opt/rustwide/cargo-home/bin/cargo" "+1.75.0" "metadata" "--no-deps" "--format-version=1", kill_on_drop: false }`
[INFO] [stdout] cc664228587e768ef22e0d361343663f567f15d0c3b5ceeebe2bc8211fee4262
[INFO] running `Command { std: "docker" "start" "-a" "cc664228587e768ef22e0d361343663f567f15d0c3b5ceeebe2bc8211fee4262", kill_on_drop: false }`
[INFO] running `Command { std: "docker" "inspect" "cc664228587e768ef22e0d361343663f567f15d0c3b5ceeebe2bc8211fee4262", kill_on_drop: false }`
[INFO] running `Command { std: "docker" "rm" "-f" "cc664228587e768ef22e0d361343663f567f15d0c3b5ceeebe2bc8211fee4262", kill_on_drop: false }`
[INFO] [stdout] cc664228587e768ef22e0d361343663f567f15d0c3b5ceeebe2bc8211fee4262
[INFO] running `Command { std: "docker" "create" "-v" "/var/lib/crater-agent-workspace/builds/worker-3-tc1/target:/opt/rustwide/target:rw,Z" "-v" "/var/lib/crater-agent-workspace/builds/worker-3-tc1/source:/opt/rustwide/workdir:ro,Z" "-v" "/var/lib/crater-agent-workspace/cargo-home:/opt/rustwide/cargo-home:ro,Z" "-v" "/var/lib/crater-agent-workspace/rustup-home:/opt/rustwide/rustup-home:ro,Z" "-e" "SOURCE_DIR=/opt/rustwide/workdir" "-e" "CARGO_TARGET_DIR=/opt/rustwide/target" "-e" "CARGO_INCREMENTAL=0" "-e" "RUST_BACKTRACE=full" "-e" "RUSTFLAGS=--cap-lints=warn" "-e" "RUSTDOCFLAGS=--cap-lints=warn" "-e" "CARGO_HOME=/opt/rustwide/cargo-home" "-e" "RUSTUP_HOME=/opt/rustwide/rustup-home" "-w" "/opt/rustwide/workdir" "-m" "1610612736" "--user" "0:0" "--network" "none" "ghcr.io/rust-lang/crates-build-env/linux@sha256:2788e3201cd34a07e3172128adcd8b3090168a8e3bcc40d7c032b9dda1df7d1c" "/opt/rustwide/cargo-home/bin/cargo" "+1.75.0" "build" "--frozen" "--message-format=json", kill_on_drop: false }`
[INFO] [stdout] 3053a58e2195b8d9abb506adcb7ae051c43dd80cddac4c1345c3be335008ba85
[INFO] running `Command { std: "docker" "start" "-a" "3053a58e2195b8d9abb506adcb7ae051c43dd80cddac4c1345c3be335008ba85", kill_on_drop: false }`
[INFO] [stderr] warning: virtual workspace defaulting to `resolver = "1"` despite one or more workspace members being on edition 2021 which implies `resolver = "2"`
[INFO] [stderr] note: to keep the current resolver, specify `workspace.resolver = "1"` in the workspace root's manifest
[INFO] [stderr] note: to use the edition 2021 resolver, specify `workspace.resolver = "2"` in the workspace root's manifest
[INFO] [stderr] note: for more details see https://doc.rust-lang.org/cargo/reference/resolver.html#resolver-versions
[INFO] [stderr]    Compiling assembler v0.1.0 (/opt/rustwide/workdir/crates/assembler)
[INFO] [stderr]    Compiling vm v0.1.0 (/opt/rustwide/workdir/crates/vm)
[INFO] [stderr]     Finished dev [unoptimized + debuginfo] target(s) in 0.49s
[INFO] running `Command { std: "docker" "inspect" "3053a58e2195b8d9abb506adcb7ae051c43dd80cddac4c1345c3be335008ba85", kill_on_drop: false }`
[INFO] running `Command { std: "docker" "rm" "-f" "3053a58e2195b8d9abb506adcb7ae051c43dd80cddac4c1345c3be335008ba85", kill_on_drop: false }`
[INFO] [stdout] 3053a58e2195b8d9abb506adcb7ae051c43dd80cddac4c1345c3be335008ba85
[INFO] running `Command { std: "docker" "create" "-v" "/var/lib/crater-agent-workspace/builds/worker-3-tc1/target:/opt/rustwide/target:rw,Z" "-v" "/var/lib/crater-agent-workspace/builds/worker-3-tc1/source:/opt/rustwide/workdir:ro,Z" "-v" "/var/lib/crater-agent-workspace/cargo-home:/opt/rustwide/cargo-home:ro,Z" "-v" "/var/lib/crater-agent-workspace/rustup-home:/opt/rustwide/rustup-home:ro,Z" "-e" "SOURCE_DIR=/opt/rustwide/workdir" "-e" "CARGO_TARGET_DIR=/opt/rustwide/target" "-e" "CARGO_INCREMENTAL=0" "-e" "RUST_BACKTRACE=full" "-e" "RUSTFLAGS=--cap-lints=warn" "-e" "RUSTDOCFLAGS=--cap-lints=warn" "-e" "CARGO_HOME=/opt/rustwide/cargo-home" "-e" "RUSTUP_HOME=/opt/rustwide/rustup-home" "-w" "/opt/rustwide/workdir" "-m" "1610612736" "--user" "0:0" "--network" "none" "ghcr.io/rust-lang/crates-build-env/linux@sha256:2788e3201cd34a07e3172128adcd8b3090168a8e3bcc40d7c032b9dda1df7d1c" "/opt/rustwide/cargo-home/bin/cargo" "+1.75.0" "test" "--frozen" "--no-run" "--message-format=json", kill_on_drop: false }`
[INFO] [stdout] 4acfdc57fa6e18e616ce2f37191da73311b296eaea1560d687b81deb3ecbb648
[INFO] running `Command { std: "docker" "start" "-a" "4acfdc57fa6e18e616ce2f37191da73311b296eaea1560d687b81deb3ecbb648", kill_on_drop: false }`
[INFO] [stderr] warning: virtual workspace defaulting to `resolver = "1"` despite one or more workspace members being on edition 2021 which implies `resolver = "2"`
[INFO] [stderr] note: to keep the current resolver, specify `workspace.resolver = "1"` in the workspace root's manifest
[INFO] [stderr] note: to use the edition 2021 resolver, specify `workspace.resolver = "2"` in the workspace root's manifest
[INFO] [stderr] note: for more details see https://doc.rust-lang.org/cargo/reference/resolver.html#resolver-versions
[INFO] [stderr]    Compiling assembler v0.1.0 (/opt/rustwide/workdir/crates/assembler)
[INFO] [stderr]    Compiling vm v0.1.0 (/opt/rustwide/workdir/crates/vm)
[INFO] [stderr]     Finished test [unoptimized + debuginfo] target(s) in 0.40s
[INFO] running `Command { std: "docker" "inspect" "4acfdc57fa6e18e616ce2f37191da73311b296eaea1560d687b81deb3ecbb648", kill_on_drop: false }`
[INFO] running `Command { std: "docker" "rm" "-f" "4acfdc57fa6e18e616ce2f37191da73311b296eaea1560d687b81deb3ecbb648", kill_on_drop: false }`
[INFO] [stdout] 4acfdc57fa6e18e616ce2f37191da73311b296eaea1560d687b81deb3ecbb648
[INFO] running `Command { std: "docker" "create" "-v" "/var/lib/crater-agent-workspace/builds/worker-3-tc1/target:/opt/rustwide/target:rw,Z" "-v" "/var/lib/crater-agent-workspace/builds/worker-3-tc1/source:/opt/rustwide/workdir:ro,Z" "-v" "/var/lib/crater-agent-workspace/cargo-home:/opt/rustwide/cargo-home:ro,Z" "-v" "/var/lib/crater-agent-workspace/rustup-home:/opt/rustwide/rustup-home:ro,Z" "-e" "SOURCE_DIR=/opt/rustwide/workdir" "-e" "CARGO_TARGET_DIR=/opt/rustwide/target" "-e" "CARGO_INCREMENTAL=0" "-e" "RUST_BACKTRACE=full" "-e" "RUSTFLAGS=--cap-lints=warn" "-e" "RUSTDOCFLAGS=--cap-lints=warn" "-e" "CARGO_HOME=/opt/rustwide/cargo-home" "-e" "RUSTUP_HOME=/opt/rustwide/rustup-home" "-w" "/opt/rustwide/workdir" "-m" "1610612736" "--user" "0:0" "--network" "none" "ghcr.io/rust-lang/crates-build-env/linux@sha256:2788e3201cd34a07e3172128adcd8b3090168a8e3bcc40d7c032b9dda1df7d1c" "/opt/rustwide/cargo-home/bin/cargo" "+1.75.0" "test" "--frozen", kill_on_drop: false }`
[INFO] [stdout] 7973b8626f3cb5f1fe1775e41d5f48e3068492bc17763abcf960d061f9f57d00
[INFO] running `Command { std: "docker" "start" "-a" "7973b8626f3cb5f1fe1775e41d5f48e3068492bc17763abcf960d061f9f57d00", kill_on_drop: false }`
[INFO] [stderr] warning: virtual workspace defaulting to `resolver = "1"` despite one or more workspace members being on edition 2021 which implies `resolver = "2"`
[INFO] [stderr] note: to keep the current resolver, specify `workspace.resolver = "1"` in the workspace root's manifest
[INFO] [stderr] note: to use the edition 2021 resolver, specify `workspace.resolver = "2"` in the workspace root's manifest
[INFO] [stderr] note: for more details see https://doc.rust-lang.org/cargo/reference/resolver.html#resolver-versions
[INFO] [stderr]     Finished test [unoptimized + debuginfo] target(s) in 0.00s
[INFO] [stderr]      Running unittests src/lib.rs (/opt/rustwide/target/debug/deps/assembler-5e7b6ac7936f6342)
[INFO] [stdout] 
[INFO] [stdout] running 0 tests
[INFO] [stdout] 
[INFO] [stdout] test result: ok. 0 passed; 0 failed; 0 ignored; 0 measured; 0 filtered out; finished in 0.00s
[INFO] [stdout] 
[INFO] [stderr]      Running unittests src/main.rs (/opt/rustwide/target/debug/deps/assembler-142ceff6df2727f5)
[INFO] [stdout] 
[INFO] [stdout] running 0 tests
[INFO] [stdout] 
[INFO] [stdout] test result: ok. 0 passed; 0 failed; 0 ignored; 0 measured; 0 filtered out; finished in 0.00s
[INFO] [stdout] 
[INFO] [stderr]      Running unittests src/lib.rs (/opt/rustwide/target/debug/deps/vm-72073ffa59e60344)
[INFO] [stdout] 
[INFO] [stdout] running 0 tests
[INFO] [stdout] 
[INFO] [stdout] test result: ok. 0 passed; 0 failed; 0 ignored; 0 measured; 0 filtered out; finished in 0.00s
[INFO] [stdout] 
[INFO] [stderr]      Running unittests src/main.rs (/opt/rustwide/target/debug/deps/vm-8462f4cbdaac1bc1)
[INFO] [stdout] 
[INFO] [stdout] running 0 tests
[INFO] [stdout] 
[INFO] [stdout] test result: ok. 0 passed; 0 failed; 0 ignored; 0 measured; 0 filtered out; finished in 0.00s
[INFO] [stdout] 
[INFO] [stderr]    Doc-tests assembler
[INFO] [stdout] 
[INFO] [stdout] running 0 tests
[INFO] [stdout] 
[INFO] [stdout] test result: ok. 0 passed; 0 failed; 0 ignored; 0 measured; 0 filtered out; finished in 0.00s
[INFO] [stdout] 
[INFO] [stderr]    Doc-tests vm
[INFO] [stdout] 
[INFO] [stdout] running 5 tests
[INFO] [stdout] test crates/vm/src/translator.rs - translator::OpCode (line 12) ... FAILED
[INFO] [stdout] test crates/vm/src/translator.rs - translator (line 12) ... FAILED
[INFO] [stdout] test crates/vm/src/translator.rs - translator::parse_opcode (line 12) ... FAILED
[INFO] [stdout] test crates/vm/src/translator.rs - translator::Segment (line 12) ... FAILED
[INFO] [stdout] test crates/vm/src/translator.rs - translator (line 12) ... FAILED
[INFO] [stdout] 
[INFO] [stdout] failures:
[INFO] [stdout] 
[INFO] [stdout] ---- crates/vm/src/translator.rs - translator::OpCode (line 12) stdout ----
[INFO] [stdout] error: expected one of `!`, `)`, `,`, `.`, `::`, `?`, `{`, or an operator, found `data`
[INFO] [stdout]  --> crates/vm/src/translator.rs:13:34
[INFO] [stdout]   |
[INFO] [stdout] 3 | D                           (the data register)
[INFO] [stdout]   |                                 -^^^^ expected one of 8 possible tokens
[INFO] [stdout]   |                                 |
[INFO] [stdout]   |                                 help: missing `,`
[INFO] [stdout] 
[INFO] [stdout] error: expected one of `!`, `)`, `,`, `.`, `::`, `?`, `{`, or an operator, found `register`
[INFO] [stdout]  --> crates/vm/src/translator.rs:13:39
[INFO] [stdout]   |
[INFO] [stdout] 3 | D                           (the data register)
[INFO] [stdout]   |                                      -^^^^^^^^ expected one of 8 possible tokens
[INFO] [stdout]   |                                      |
[INFO] [stdout]   |                                      help: missing `,`
[INFO] [stdout] 
[INFO] [stdout] error: expected `;`, found `RAM`
[INFO] [stdout]  --> crates/vm/src/translator.rs:13:48
[INFO] [stdout]   |
[INFO] [stdout] 3 | D                           (the data register)
[INFO] [stdout]   |                                                ^ help: add `;` here
[INFO] [stdout] 4 | RAM[addr]                   (the value at address addr in RAM)
[INFO] [stdout]   | --- unexpected token
[INFO] [stdout] 
[INFO] [stdout] error: expected one of `!`, `)`, `,`, `.`, `::`, `?`, `{`, or an operator, found `value`
[INFO] [stdout]  --> crates/vm/src/translator.rs:14:34
[INFO] [stdout]   |
[INFO] [stdout] 4 | RAM[addr]                   (the value at address addr in RAM)
[INFO] [stdout]   |                                 -^^^^^ expected one of 8 possible tokens
[INFO] [stdout]   |                                 |
[INFO] [stdout]   |                                 help: missing `,`
[INFO] [stdout] 
[INFO] [stdout] error: expected one of `!`, `)`, `,`, `.`, `::`, `?`, `{`, or an operator, found `at`
[INFO] [stdout]  --> crates/vm/src/translator.rs:14:40
[INFO] [stdout]   |
[INFO] [stdout] 4 | RAM[addr]                   (the value at address addr in RAM)
[INFO] [stdout]   |                                       -^^ expected one of 8 possible tokens
[INFO] [stdout]   |                                       |
[INFO] [stdout]   |                                       help: missing `,`
[INFO] [stdout] 
[INFO] [stdout] error: expected one of `!`, `)`, `,`, `.`, `::`, `?`, `{`, or an operator, found `address`
[INFO] [stdout]  --> crates/vm/src/translator.rs:14:43
[INFO] [stdout]   |
[INFO] [stdout] 4 | RAM[addr]                   (the value at address addr in RAM)
[INFO] [stdout]   |                                          -^^^^^^^ expected one of 8 possible tokens
[INFO] [stdout]   |                                          |
[INFO] [stdout]   |                                          help: missing `,`
[INFO] [stdout] 
[INFO] [stdout] error: expected one of `!`, `)`, `,`, `.`, `::`, `?`, `{`, or an operator, found `addr`
[INFO] [stdout]  --> crates/vm/src/translator.rs:14:51
[INFO] [stdout]   |
[INFO] [stdout] 4 | RAM[addr]                   (the value at address addr in RAM)
[INFO] [stdout]   |                                                  -^^^^ expected one of 8 possible tokens
[INFO] [stdout]   |                                                  |
[INFO] [stdout]   |                                                  help: missing `,`
[INFO] [stdout] 
[INFO] [stdout] error: expected one of `!`, `)`, `,`, `.`, `::`, `?`, `{`, or an operator, found keyword `in`
[INFO] [stdout]  --> crates/vm/src/translator.rs:14:56
[INFO] [stdout]   |
[INFO] [stdout] 4 | RAM[addr]                   (the value at address addr in RAM)
[INFO] [stdout]   |                                                        ^^ expected one of 8 possible tokens
[INFO] [stdout] 
[INFO] [stdout] error: aborting due to 8 previous errors
[INFO] [stdout] 
[INFO] [stdout] Couldn't compile the test.
[INFO] [stdout] ---- crates/vm/src/translator.rs - translator (line 12) stdout ----
[INFO] [stdout] error: expected one of `!`, `)`, `,`, `.`, `::`, `?`, `{`, or an operator, found `data`
[INFO] [stdout]  --> crates/vm/src/translator.rs:13:34
[INFO] [stdout]   |
[INFO] [stdout] 3 | D                           (the data register)
[INFO] [stdout]   |                                 -^^^^ expected one of 8 possible tokens
[INFO] [stdout]   |                                 |
[INFO] [stdout]   |                                 help: missing `,`
[INFO] [stdout] 
[INFO] [stdout] error: expected one of `!`, `)`, `,`, `.`, `::`, `?`, `{`, or an operator, found `register`
[INFO] [stdout]  --> crates/vm/src/translator.rs:13:39
[INFO] [stdout]   |
[INFO] [stdout] 3 | D                           (the data register)
[INFO] [stdout]   |                                      -^^^^^^^^ expected one of 8 possible tokens
[INFO] [stdout]   |                                      |
[INFO] [stdout]   |                                      help: missing `,`
[INFO] [stdout] 
[INFO] [stdout] error: expected `;`, found `RAM`
[INFO] [stdout]  --> crates/vm/src/translator.rs:13:48
[INFO] [stdout]   |
[INFO] [stdout] 3 | D                           (the data register)
[INFO] [stdout]   |                                                ^ help: add `;` here
[INFO] [stdout] 4 | RAM[addr]                   (the value at address addr in RAM)
[INFO] [stdout]   | --- unexpected token
[INFO] [stdout] 
[INFO] [stdout] error: expected one of `!`, `)`, `,`, `.`, `::`, `?`, `{`, or an operator, found `value`
[INFO] [stdout]  --> crates/vm/src/translator.rs:14:34
[INFO] [stdout]   |
[INFO] [stdout] 4 | RAM[addr]                   (the value at address addr in RAM)
[INFO] [stdout]   |                                 -^^^^^ expected one of 8 possible tokens
[INFO] [stdout]   |                                 |
[INFO] [stdout]   |                                 help: missing `,`
[INFO] [stdout] 
[INFO] [stdout] error: expected one of `!`, `)`, `,`, `.`, `::`, `?`, `{`, or an operator, found `at`
[INFO] [stdout]  --> crates/vm/src/translator.rs:14:40
[INFO] [stdout]   |
[INFO] [stdout] 4 | RAM[addr]                   (the value at address addr in RAM)
[INFO] [stdout]   |                                       -^^ expected one of 8 possible tokens
[INFO] [stdout]   |                                       |
[INFO] [stdout]   |                                       help: missing `,`
[INFO] [stdout] 
[INFO] [stdout] error: expected one of `!`, `)`, `,`, `.`, `::`, `?`, `{`, or an operator, found `address`
[INFO] [stdout]  --> crates/vm/src/translator.rs:14:43
[INFO] [stdout]   |
[INFO] [stdout] 4 | RAM[addr]                   (the value at address addr in RAM)
[INFO] [stdout]   |                                          -^^^^^^^ expected one of 8 possible tokens
[INFO] [stdout]   |                                          |
[INFO] [stdout]   |                                          help: missing `,`
[INFO] [stdout] 
[INFO] [stdout] error: expected one of `!`, `)`, `,`, `.`, `::`, `?`, `{`, or an operator, found `addr`
[INFO] [stdout]  --> crates/vm/src/translator.rs:14:51
[INFO] [stdout]   |
[INFO] [stdout] 4 | RAM[addr]                   (the value at address addr in RAM)
[INFO] [stdout]   |                                                  -^^^^ expected one of 8 possible tokens
[INFO] [stdout]   |                                                  |
[INFO] [stdout]   |                                                  help: missing `,`
[INFO] [stdout] 
[INFO] [stdout] error: expected one of `!`, `)`, `,`, `.`, `::`, `?`, `{`, or an operator, found keyword `in`
[INFO] [stdout]  --> crates/vm/src/translator.rs:14:56
[INFO] [stdout]   |
[INFO] [stdout] 4 | RAM[addr]                   (the value at address addr in RAM)
[INFO] [stdout]   |                                                        ^^ expected one of 8 possible tokens
[INFO] [stdout] 
[INFO] [stdout] error: aborting due to 8 previous errors
[INFO] [stdout] 
[INFO] [stdout] Couldn't compile the test.
[INFO] [stdout] ---- crates/vm/src/translator.rs - translator::parse_opcode (line 12) stdout ----
[INFO] [stdout] error: expected one of `!`, `)`, `,`, `.`, `::`, `?`, `{`, or an operator, found `data`
[INFO] [stdout]  --> crates/vm/src/translator.rs:13:34
[INFO] [stdout]   |
[INFO] [stdout] 3 | D                           (the data register)
[INFO] [stdout]   |                                 -^^^^ expected one of 8 possible tokens
[INFO] [stdout]   |                                 |
[INFO] [stdout]   |                                 help: missing `,`
[INFO] [stdout] 
[INFO] [stdout] error: expected one of `!`, `)`, `,`, `.`, `::`, `?`, `{`, or an operator, found `register`
[INFO] [stdout]  --> crates/vm/src/translator.rs:13:39
[INFO] [stdout]   |
[INFO] [stdout] 3 | D                           (the data register)
[INFO] [stdout]   |                                      -^^^^^^^^ expected one of 8 possible tokens
[INFO] [stdout]   |                                      |
[INFO] [stdout]   |                                      help: missing `,`
[INFO] [stdout] 
[INFO] [stdout] error: expected `;`, found `RAM`
[INFO] [stdout]  --> crates/vm/src/translator.rs:13:48
[INFO] [stdout]   |
[INFO] [stdout] 3 | D                           (the data register)
[INFO] [stdout]   |                                                ^ help: add `;` here
[INFO] [stdout] 4 | RAM[addr]                   (the value at address addr in RAM)
[INFO] [stdout]   | --- unexpected token
[INFO] [stdout] 
[INFO] [stdout] error: expected one of `!`, `)`, `,`, `.`, `::`, `?`, `{`, or an operator, found `value`
[INFO] [stdout]  --> crates/vm/src/translator.rs:14:34
[INFO] [stdout]   |
[INFO] [stdout] 4 | RAM[addr]                   (the value at address addr in RAM)
[INFO] [stdout]   |                                 -^^^^^ expected one of 8 possible tokens
[INFO] [stdout]   |                                 |
[INFO] [stdout]   |                                 help: missing `,`
[INFO] [stdout] 
[INFO] [stdout] error: expected one of `!`, `)`, `,`, `.`, `::`, `?`, `{`, or an operator, found `at`
[INFO] [stdout]  --> crates/vm/src/translator.rs:14:40
[INFO] [stdout]   |
[INFO] [stdout] 4 | RAM[addr]                   (the value at address addr in RAM)
[INFO] [stdout]   |                                       -^^ expected one of 8 possible tokens
[INFO] [stdout]   |                                       |
[INFO] [stdout]   |                                       help: missing `,`
[INFO] [stdout] 
[INFO] [stdout] error: expected one of `!`, `)`, `,`, `.`, `::`, `?`, `{`, or an operator, found `address`
[INFO] [stdout]  --> crates/vm/src/translator.rs:14:43
[INFO] [stdout]   |
[INFO] [stdout] 4 | RAM[addr]                   (the value at address addr in RAM)
[INFO] [stdout]   |                                          -^^^^^^^ expected one of 8 possible tokens
[INFO] [stdout]   |                                          |
[INFO] [stdout]   |                                          help: missing `,`
[INFO] [stdout] 
[INFO] [stdout] error: expected one of `!`, `)`, `,`, `.`, `::`, `?`, `{`, or an operator, found `addr`
[INFO] [stdout]  --> crates/vm/src/translator.rs:14:51
[INFO] [stdout]   |
[INFO] [stdout] 4 | RAM[addr]                   (the value at address addr in RAM)
[INFO] [stdout]   |                                                  -^^^^ expected one of 8 possible tokens
[INFO] [stdout]   |                                                  |
[INFO] [stdout]   |                                                  help: missing `,`
[INFO] [stdout] 
[INFO] [stdout] error: expected one of `!`, `)`, `,`, `.`, `::`, `?`, `{`, or an operator, found keyword `in`
[INFO] [stdout]  --> crates/vm/src/translator.rs:14:56
[INFO] [stdout]   |
[INFO] [stdout] 4 | RAM[addr]                   (the value at address addr in RAM)
[INFO] [stdout]   |                                                        ^^ expected one of 8 possible tokens
[INFO] [stdout] 
[INFO] [stdout] error: aborting due to 8 previous errors
[INFO] [stdout] 
[INFO] [stdout] Couldn't compile the test.
[INFO] [stdout] ---- crates/vm/src/translator.rs - translator::Segment (line 12) stdout ----
[INFO] [stdout] error: expected one of `!`, `)`, `,`, `.`, `::`, `?`, `{`, or an operator, found `data`
[INFO] [stdout]  --> crates/vm/src/translator.rs:13:34
[INFO] [stdout]   |
[INFO] [stdout] 3 | D                           (the data register)
[INFO] [stdout]   |                                 -^^^^ expected one of 8 possible tokens
[INFO] [stdout]   |                                 |
[INFO] [stdout]   |                                 help: missing `,`
[INFO] [stdout] 
[INFO] [stdout] error: expected one of `!`, `)`, `,`, `.`, `::`, `?`, `{`, or an operator, found `register`
[INFO] [stdout]  --> crates/vm/src/translator.rs:13:39
[INFO] [stdout]   |
[INFO] [stdout] 3 | D                           (the data register)
[INFO] [stdout]   |                                      -^^^^^^^^ expected one of 8 possible tokens
[INFO] [stdout]   |                                      |
[INFO] [stdout]   |                                      help: missing `,`
[INFO] [stdout] 
[INFO] [stdout] error: expected `;`, found `RAM`
[INFO] [stdout]  --> crates/vm/src/translator.rs:13:48
[INFO] [stdout]   |
[INFO] [stdout] 3 | D                           (the data register)
[INFO] [stdout]   |                                                ^ help: add `;` here
[INFO] [stdout] 4 | RAM[addr]                   (the value at address addr in RAM)
[INFO] [stdout]   | --- unexpected token
[INFO] [stdout] 
[INFO] [stdout] error: expected one of `!`, `)`, `,`, `.`, `::`, `?`, `{`, or an operator, found `value`
[INFO] [stdout]  --> crates/vm/src/translator.rs:14:34
[INFO] [stdout]   |
[INFO] [stdout] 4 | RAM[addr]                   (the value at address addr in RAM)
[INFO] [stdout]   |                                 -^^^^^ expected one of 8 possible tokens
[INFO] [stdout]   |                                 |
[INFO] [stdout]   |                                 help: missing `,`
[INFO] [stdout] 
[INFO] [stdout] error: expected one of `!`, `)`, `,`, `.`, `::`, `?`, `{`, or an operator, found `at`
[INFO] [stdout]  --> crates/vm/src/translator.rs:14:40
[INFO] [stdout]   |
[INFO] [stdout] 4 | RAM[addr]                   (the value at address addr in RAM)
[INFO] [stdout]   |                                       -^^ expected one of 8 possible tokens
[INFO] [stdout]   |                                       |
[INFO] [stdout]   |                                       help: missing `,`
[INFO] [stdout] 
[INFO] [stdout] error: expected one of `!`, `)`, `,`, `.`, `::`, `?`, `{`, or an operator, found `address`
[INFO] [stdout]  --> crates/vm/src/translator.rs:14:43
[INFO] [stdout]   |
[INFO] [stdout] 4 | RAM[addr]                   (the value at address addr in RAM)
[INFO] [stdout]   |                                          -^^^^^^^ expected one of 8 possible tokens
[INFO] [stdout]   |                                          |
[INFO] [stdout]   |                                          help: missing `,`
[INFO] [stdout] 
[INFO] [stdout] error: expected one of `!`, `)`, `,`, `.`, `::`, `?`, `{`, or an operator, found `addr`
[INFO] [stdout]  --> crates/vm/src/translator.rs:14:51
[INFO] [stdout]   |
[INFO] [stdout] 4 | RAM[addr]                   (the value at address addr in RAM)
[INFO] [stdout]   |                                                  -^^^^ expected one of 8 possible tokens
[INFO] [stdout]   |                                                  |
[INFO] [stdout]   |                                                  help: missing `,`
[INFO] [stdout] 
[INFO] [stdout] error: expected one of `!`, `)`, `,`, `.`, `::`, `?`, `{`, or an operator, found keyword `in`
[INFO] [stdout]  --> crates/vm/src/translator.rs:14:56
[INFO] [stdout]   |
[INFO] [stdout] 4 | RAM[addr]                   (the value at address addr in RAM)
[INFO] [stdout]   |                                                        ^^ expected one of 8 possible tokens
[INFO] [stdout] 
[INFO] [stdout] error: aborting due to 8 previous errors
[INFO] [stdout] 
[INFO] [stdout] Couldn't compile the test.
[INFO] [stdout] ---- crates/vm/src/translator.rs - translator (line 12) stdout ----
[INFO] [stdout] error: expected one of `!`, `)`, `,`, `.`, `::`, `?`, `{`, or an operator, found `data`
[INFO] [stdout]  --> crates/vm/src/translator.rs:13:34
[INFO] [stdout]   |
[INFO] [stdout] 3 | D                           (the data register)
[INFO] [stdout]   |                                 -^^^^ expected one of 8 possible tokens
[INFO] [stdout]   |                                 |
[INFO] [stdout]   |                                 help: missing `,`
[INFO] [stdout] 
[INFO] [stdout] error: expected one of `!`, `)`, `,`, `.`, `::`, `?`, `{`, or an operator, found `register`
[INFO] [stdout]  --> crates/vm/src/translator.rs:13:39
[INFO] [stdout]   |
[INFO] [stdout] 3 | D                           (the data register)
[INFO] [stdout]   |                                      -^^^^^^^^ expected one of 8 possible tokens
[INFO] [stdout]   |                                      |
[INFO] [stdout]   |                                      help: missing `,`
[INFO] [stdout] 
[INFO] [stdout] error: expected `;`, found `RAM`
[INFO] [stdout]  --> crates/vm/src/translator.rs:13:48
[INFO] [stdout]   |
[INFO] [stdout] 3 | D                           (the data register)
[INFO] [stdout]   |                                                ^ help: add `;` here
[INFO] [stdout] 4 | RAM[addr]                   (the value at address addr in RAM)
[INFO] [stdout]   | --- unexpected token
[INFO] [stdout] 
[INFO] [stdout] error: expected one of `!`, `)`, `,`, `.`, `::`, `?`, `{`, or an operator, found `value`
[INFO] [stdout]  --> crates/vm/src/translator.rs:14:34
[INFO] [stdout]   |
[INFO] [stdout] 4 | RAM[addr]                   (the value at address addr in RAM)
[INFO] [stdout]   |                                 -^^^^^ expected one of 8 possible tokens
[INFO] [stdout]   |                                 |
[INFO] [stdout]   |                                 help: missing `,`
[INFO] [stdout] 
[INFO] [stdout] error: expected one of `!`, `)`, `,`, `.`, `::`, `?`, `{`, or an operator, found `at`
[INFO] [stdout]  --> crates/vm/src/translator.rs:14:40
[INFO] [stdout]   |
[INFO] [stdout] 4 | RAM[addr]                   (the value at address addr in RAM)
[INFO] [stdout]   |                                       -^^ expected one of 8 possible tokens
[INFO] [stdout]   |                                       |
[INFO] [stdout]   |                                       help: missing `,`
[INFO] [stdout] 
[INFO] [stdout] error: expected one of `!`, `)`, `,`, `.`, `::`, `?`, `{`, or an operator, found `address`
[INFO] [stdout]  --> crates/vm/src/translator.rs:14:43
[INFO] [stdout]   |
[INFO] [stdout] 4 | RAM[addr]                   (the value at address addr in RAM)
[INFO] [stdout]   |                                          -^^^^^^^ expected one of 8 possible tokens
[INFO] [stdout]   |                                          |
[INFO] [stdout]   |                                          help: missing `,`
[INFO] [stdout] 
[INFO] [stdout] error: expected one of `!`, `)`, `,`, `.`, `::`, `?`, `{`, or an operator, found `addr`
[INFO] [stdout]  --> crates/vm/src/translator.rs:14:51
[INFO] [stdout]   |
[INFO] [stdout] 4 | RAM[addr]                   (the value at address addr in RAM)
[INFO] [stdout]   |                                                  -^^^^ expected one of 8 possible tokens
[INFO] [stdout]   |                                                  |
[INFO] [stdout]   |                                                  help: missing `,`
[INFO] [stdout] 
[INFO] [stdout] error: expected one of `!`, `)`, `,`, `.`, `::`, `?`, `{`, or an operator, found keyword `in`
[INFO] [stdout]  --> crates/vm/src/translator.rs:14:56
[INFO] [stdout]   |
[INFO] [stdout] 4 | RAM[addr]                   (the value at address addr in RAM)
[INFO] [stdout]   |                                                        ^^ expected one of 8 possible tokens
[INFO] [stdout] 
[INFO] [stdout] error: aborting due to 8 previous errors
[INFO] [stdout] 
[INFO] [stdout] Couldn't compile the test.
[INFO] [stdout] 
[INFO] [stdout] failures:
[INFO] [stdout]     crates/vm/src/translator.rs - translator (line 12)
[INFO] [stdout]     crates/vm/src/translator.rs - translator (line 12)
[INFO] [stdout]     crates/vm/src/translator.rs - translator::OpCode (line 12)
[INFO] [stdout]     crates/vm/src/translator.rs - translator::Segment (line 12)
[INFO] [stdout]     crates/vm/src/translator.rs - translator::parse_opcode (line 12)
[INFO] [stdout] 
[INFO] [stdout] test result: FAILED. 0 passed; 5 failed; 0 ignored; 0 measured; 0 filtered out; finished in 0.07s
[INFO] [stdout] 
[INFO] [stderr] error: doctest failed, to rerun pass `-p vm --doc`
[INFO] running `Command { std: "docker" "inspect" "7973b8626f3cb5f1fe1775e41d5f48e3068492bc17763abcf960d061f9f57d00", kill_on_drop: false }`
[INFO] running `Command { std: "docker" "rm" "-f" "7973b8626f3cb5f1fe1775e41d5f48e3068492bc17763abcf960d061f9f57d00", kill_on_drop: false }`
[INFO] [stdout] 7973b8626f3cb5f1fe1775e41d5f48e3068492bc17763abcf960d061f9f57d00
