[INFO] cloning repository https://github.com/jamroks/zenoh-backend-s3
[INFO] running `Command { std: "git" "-c" "credential.helper=" "-c" "credential.helper=/workspace/cargo-home/bin/git-credential-null" "clone" "--bare" "https://github.com/jamroks/zenoh-backend-s3" "/workspace/cache/git-repos/https%3A%2F%2Fgithub.com%2Fjamroks%2Fzenoh-backend-s3", kill_on_drop: false }`
[INFO] [stderr] Cloning into bare repository '/workspace/cache/git-repos/https%3A%2F%2Fgithub.com%2Fjamroks%2Fzenoh-backend-s3'...
[INFO] running `Command { std: "git" "rev-parse" "HEAD", kill_on_drop: false }`
[INFO] [stdout] f6e36de3d0b3bf6812c874ddf9b77c50e386c85e
[INFO] testing jamroks/zenoh-backend-s3 against 1.75.0 for beta-1.76-1
[INFO] running `Command { std: "git" "clone" "/workspace/cache/git-repos/https%3A%2F%2Fgithub.com%2Fjamroks%2Fzenoh-backend-s3" "/workspace/builds/worker-6-tc1/source", kill_on_drop: false }`
[INFO] [stderr] Cloning into '/workspace/builds/worker-6-tc1/source'...
[INFO] [stderr] done.
[INFO] validating manifest of git repo https://github.com/jamroks/zenoh-backend-s3 on toolchain 1.75.0
[INFO] running `Command { std: CARGO_HOME="/workspace/cargo-home" RUSTUP_HOME="/workspace/rustup-home" "/workspace/cargo-home/bin/cargo" "+1.75.0" "metadata" "--manifest-path" "Cargo.toml" "--no-deps", kill_on_drop: false }`
[INFO] removed /workspace/builds/worker-6-tc1/source/.cargo/config
[INFO] removed /workspace/builds/worker-6-tc1/source/rust-toolchain
[INFO] started tweaking git repo https://github.com/jamroks/zenoh-backend-s3
[INFO] finished tweaking git repo https://github.com/jamroks/zenoh-backend-s3
[INFO] tweaked toml for git repo https://github.com/jamroks/zenoh-backend-s3 written to /workspace/builds/worker-6-tc1/source/Cargo.toml
[INFO] crate git repo https://github.com/jamroks/zenoh-backend-s3 already has a lockfile, it will not be regenerated
[INFO] running `Command { std: CARGO_HOME="/workspace/cargo-home" RUSTUP_HOME="/workspace/rustup-home" "/workspace/cargo-home/bin/cargo" "+1.75.0" "fetch" "--manifest-path" "Cargo.toml", kill_on_drop: false }`
[INFO] [stderr]     Updating git repository `https://github.com/eclipse-zenoh/zenoh`
[INFO] [stderr]  Downloading crates ...
[INFO] [stderr]   Downloaded aws-smithy-checksums v0.51.0
[INFO] [stderr]   Downloaded uhlc v0.5.2
[INFO] [stderr]   Downloaded aws-smithy-client v0.51.0
[INFO] [stderr]   Downloaded aws-types v0.51.0
[INFO] [stderr]   Downloaded aws-smithy-xml v0.51.0
[INFO] [stderr]   Downloaded aws-sig-auth v0.51.0
[INFO] [stderr]   Downloaded pnet_macros_support v0.33.0
[INFO] [stderr]   Downloaded pnet_transport v0.33.0
[INFO] [stderr]   Downloaded aws-endpoint v0.51.0
[INFO] [stderr]   Downloaded aws-smithy-query v0.51.0
[INFO] [stderr]   Downloaded aws-smithy-async v0.51.0
[INFO] [stderr]   Downloaded aws-smithy-types v0.51.0
[INFO] [stderr]   Downloaded aws-sdk-sts v0.21.0
[INFO] [stderr]   Downloaded aws-sdk-s3 v0.21.0
[INFO] [stderr]   Downloaded aws-config v0.51.0
[INFO] [stderr]   Downloaded pnet v0.33.0
[INFO] [stderr]   Downloaded async-rustls v0.4.0
[INFO] [stderr]   Downloaded aws-smithy-http v0.51.0
[INFO] [stderr]   Downloaded aws-sdk-sso v0.21.0
[INFO] [stderr]   Downloaded pnet_packet v0.33.0
[INFO] [stderr]   Downloaded aws-sigv4 v0.51.1
[INFO] [stderr]   Downloaded clap v3.2.24
[INFO] [stderr]   Downloaded aws-http v0.51.0
[INFO] [stderr]   Downloaded aws-smithy-eventstream v0.51.0
[INFO] [stderr]   Downloaded aws-smithy-json v0.51.0
[INFO] [stderr]   Downloaded aws-smithy-http-tower v0.51.0
[INFO] [stderr]   Downloaded pnet_macros v0.33.0
[INFO] running `Command { std: "docker" "create" "-v" "/var/lib/crater-agent-workspace/builds/worker-6-tc1/target:/opt/rustwide/target:rw,Z" "-v" "/var/lib/crater-agent-workspace/builds/worker-6-tc1/source:/opt/rustwide/workdir:ro,Z" "-v" "/var/lib/crater-agent-workspace/cargo-home:/opt/rustwide/cargo-home:ro,Z" "-v" "/var/lib/crater-agent-workspace/rustup-home:/opt/rustwide/rustup-home:ro,Z" "-e" "SOURCE_DIR=/opt/rustwide/workdir" "-e" "CARGO_TARGET_DIR=/opt/rustwide/target" "-e" "CARGO_HOME=/opt/rustwide/cargo-home" "-e" "RUSTUP_HOME=/opt/rustwide/rustup-home" "-w" "/opt/rustwide/workdir" "-m" "1610612736" "--user" "0:0" "--network" "none" "ghcr.io/rust-lang/crates-build-env/linux@sha256:2788e3201cd34a07e3172128adcd8b3090168a8e3bcc40d7c032b9dda1df7d1c" "/opt/rustwide/cargo-home/bin/cargo" "+1.75.0" "metadata" "--no-deps" "--format-version=1", kill_on_drop: false }`
[INFO] [stdout] 684cb2c0e8a67b3ae7197eed7090b1b1b545f5dbf52752c78ca9ca69c93ad5ea
[INFO] running `Command { std: "docker" "start" "-a" "684cb2c0e8a67b3ae7197eed7090b1b1b545f5dbf52752c78ca9ca69c93ad5ea", kill_on_drop: false }`
[INFO] running `Command { std: "docker" "inspect" "684cb2c0e8a67b3ae7197eed7090b1b1b545f5dbf52752c78ca9ca69c93ad5ea", kill_on_drop: false }`
[INFO] running `Command { std: "docker" "rm" "-f" "684cb2c0e8a67b3ae7197eed7090b1b1b545f5dbf52752c78ca9ca69c93ad5ea", kill_on_drop: false }`
[INFO] [stdout] 684cb2c0e8a67b3ae7197eed7090b1b1b545f5dbf52752c78ca9ca69c93ad5ea
[INFO] running `Command { std: "docker" "create" "-v" "/var/lib/crater-agent-workspace/builds/worker-6-tc1/target:/opt/rustwide/target:rw,Z" "-v" "/var/lib/crater-agent-workspace/builds/worker-6-tc1/source:/opt/rustwide/workdir:ro,Z" "-v" "/var/lib/crater-agent-workspace/cargo-home:/opt/rustwide/cargo-home:ro,Z" "-v" "/var/lib/crater-agent-workspace/rustup-home:/opt/rustwide/rustup-home:ro,Z" "-e" "SOURCE_DIR=/opt/rustwide/workdir" "-e" "CARGO_TARGET_DIR=/opt/rustwide/target" "-e" "CARGO_INCREMENTAL=0" "-e" "RUST_BACKTRACE=full" "-e" "RUSTFLAGS=--cap-lints=warn" "-e" "RUSTDOCFLAGS=--cap-lints=warn" "-e" "CARGO_HOME=/opt/rustwide/cargo-home" "-e" "RUSTUP_HOME=/opt/rustwide/rustup-home" "-w" "/opt/rustwide/workdir" "-m" "1610612736" "--user" "0:0" "--network" "none" "ghcr.io/rust-lang/crates-build-env/linux@sha256:2788e3201cd34a07e3172128adcd8b3090168a8e3bcc40d7c032b9dda1df7d1c" "/opt/rustwide/cargo-home/bin/cargo" "+1.75.0" "build" "--frozen" "--message-format=json", kill_on_drop: false }`
[INFO] [stdout] 095ce32d34a298403d0940fad7c1211257b952bbe0cb577a29d114936d7596c9
[INFO] running `Command { std: "docker" "start" "-a" "095ce32d34a298403d0940fad7c1211257b952bbe0cb577a29d114936d7596c9", kill_on_drop: false }`
[INFO] [stderr]    Compiling proc-macro2 v1.0.56
[INFO] [stderr]    Compiling unicode-ident v1.0.8
[INFO] [stderr]    Compiling quote v1.0.26
[INFO] [stderr]    Compiling autocfg v1.1.0
[INFO] [stderr]    Compiling libc v0.2.142
[INFO] [stderr]    Compiling version_check v0.9.4
[INFO] [stderr]    Compiling syn v1.0.109
[INFO] [stderr]    Compiling once_cell v1.17.1
[INFO] [stderr]    Compiling log v0.4.17
[INFO] [stderr]    Compiling pin-project-lite v0.2.9
[INFO] [stderr]    Compiling memchr v2.5.0
[INFO] [stderr]    Compiling futures-core v0.3.28
[INFO] [stderr]    Compiling bytes v1.4.0
[INFO] [stderr]    Compiling scopeguard v1.1.0
[INFO] [stderr]    Compiling value-bag v1.0.0-alpha.9
[INFO] [stderr]    Compiling lock_api v0.4.9
[INFO] [stderr]    Compiling slab v0.4.8
[INFO] [stderr]    Compiling smallvec v1.10.0
[INFO] [stderr]    Compiling parking_lot_core v0.9.7
[INFO] [stderr]    Compiling futures-io v0.3.28
[INFO] [stderr]    Compiling spin v0.5.2
[INFO] [stderr]    Compiling syn v2.0.15
[INFO] [stderr]    Compiling tokio v1.28.0
[INFO] [stderr]    Compiling pin-utils v0.1.0
[INFO] [stderr]    Compiling futures-sink v0.3.28
[INFO] [stderr]    Compiling futures-channel v0.3.28
[INFO] [stderr]    Compiling futures-task v0.3.28
[INFO] [stderr]    Compiling futures-util v0.3.28
[INFO] [stderr]    Compiling itoa v1.0.6
[INFO] [stderr]    Compiling cc v1.0.79
[INFO] [stderr]    Compiling indexmap v1.9.3
[INFO] [stderr]    Compiling hashbrown v0.12.3
[INFO] [stderr]    Compiling fastrand v1.9.0
[INFO] [stderr]    Compiling typenum v1.16.0
[INFO] [stderr]    Compiling serde_derive v1.0.160
[INFO] [stderr]    Compiling socket2 v0.4.9
[INFO] [stderr]    Compiling signal-hook-registry v1.4.1
[INFO] [stderr]    Compiling num_cpus v1.15.0
[INFO] [stderr]    Compiling parking_lot v0.12.1
[INFO] [stderr]    Compiling getrandom v0.2.9
[INFO] [stderr]    Compiling untrusted v0.7.1
[INFO] [stderr]    Compiling lazy_static v1.4.0
[INFO] [stderr]    Compiling tracing-core v0.1.30
[INFO] [stderr]    Compiling ryu v1.0.13
[INFO] [stderr]    Compiling libm v0.2.6
[INFO] [stderr]    Compiling ring v0.16.20
[INFO] [stderr]    Compiling num-traits v0.2.15
[INFO] [stderr]    Compiling anyhow v1.0.70
[INFO] [stderr]    Compiling crossbeam-utils v0.8.15
[INFO] [stderr]    Compiling serde v1.0.160
[INFO] [stderr]    Compiling fnv v1.0.7
[INFO] [stderr]    Compiling http v0.2.9
[INFO] [stderr]    Compiling aho-corasick v1.0.1
[INFO] [stderr]    Compiling num-integer v0.1.45
[INFO] [stderr]    Compiling generic-array v0.14.7
[INFO] [stderr]    Compiling httparse v1.8.0
[INFO] [stderr]    Compiling bitflags v1.3.2
[INFO] [stderr]    Compiling regex-syntax v0.7.1
[INFO] [stderr]    Compiling event-listener v2.5.3
[INFO] [stderr]    Compiling semver v1.0.17
[INFO] [stderr]    Compiling io-lifetimes v1.0.10
[INFO] [stderr]    Compiling concurrent-queue v2.2.0
[INFO] [stderr]    Compiling hex v0.4.3
[INFO] [stderr]    Compiling rustix v0.37.15
[INFO] [stderr]    Compiling ahash v0.8.3
[INFO] [stderr]    Compiling linux-raw-sys v0.3.4
[INFO] [stderr]    Compiling waker-fn v1.1.0
[INFO] [stderr]    Compiling parking v2.1.0
[INFO] [stderr]    Compiling futures-lite v1.13.0
[INFO] [stderr]    Compiling rustc_version v0.4.0
[INFO] [stderr]    Compiling async-lock v2.7.0
[INFO] [stderr]    Compiling regex v1.8.1
[INFO] [stderr]    Compiling polling v2.8.0
[INFO] [stderr]    Compiling base64 v0.21.0
[INFO] [stderr]    Compiling tokio-macros v2.1.0
[INFO] [stderr]    Compiling futures-macro v0.3.28
[INFO] [stderr]    Compiling ctor v0.1.26
[INFO] [stderr]    Compiling pin-project-internal v1.0.12
[INFO] [stderr]    Compiling tracing-attributes v0.1.24
[INFO] [stderr]    Compiling sct v0.7.0
[INFO] [stderr]    Compiling mio v0.8.6
[INFO] [stderr]    Compiling webpki v0.22.0
[INFO] [stderr]    Compiling const-oid v0.9.2
[INFO] [stderr]    Compiling percent-encoding v2.2.0
[INFO] [stderr]    Compiling paste v1.0.12
[INFO] [stderr]    Compiling rustls-pemfile v1.0.2
[INFO] [stderr]    Compiling pin-project v1.0.12
[INFO] [stderr]    Compiling zenoh-result v0.7.0-rc (https://github.com/eclipse-zenoh/zenoh?branch=master#2027bbd4)
[INFO] [stderr]    Compiling async-io v1.13.0
[INFO] [stderr]    Compiling thiserror v1.0.40
[INFO] [stderr]    Compiling rustls v0.20.8
[INFO] [stderr]    Compiling hashbrown v0.13.2
[INFO] [stderr]    Compiling tracing v0.1.38
[INFO] [stderr]    Compiling thiserror-impl v1.0.40
[INFO] [stderr]    Compiling crypto-common v0.1.6
[INFO] [stderr]    Compiling async-channel v1.8.0
[INFO] [stderr]    Compiling async-task v4.4.0
[INFO] [stderr]    Compiling signal-hook v0.3.15
[INFO] [stderr]    Compiling openssl-probe v0.1.5
[INFO] [stderr]    Compiling token-cell v1.5.0
[INFO] [stderr]    Compiling rustls-native-certs v0.6.2
[INFO] [stderr]    Compiling keyed-set v0.4.5
[INFO] [stderr]    Compiling spin v0.9.8
[INFO] [stderr]    Compiling async-process v1.7.0
[INFO] [stderr]    Compiling atomic-waker v1.1.1
[INFO] [stderr]    Compiling blocking v1.3.1
[INFO] [stderr]    Compiling async-executor v1.5.1
[INFO] [stderr]    Compiling block-buffer v0.10.4
[INFO] [stderr]    Compiling time-core v0.1.0
[INFO] [stderr]    Compiling humantime v2.1.0
[INFO] [stderr]    Compiling zenoh-collections v0.7.0-rc (https://github.com/eclipse-zenoh/zenoh?branch=master#2027bbd4)
[INFO] [stderr]    Compiling no-std-net v0.6.0
[INFO] [stderr]    Compiling subtle v2.4.1
[INFO] [stderr]    Compiling pnet_base v0.33.0
[INFO] [stderr]    Compiling zenoh-buffers v0.7.0-rc (https://github.com/eclipse-zenoh/zenoh?branch=master#2027bbd4)
[INFO] [stderr]    Compiling time v0.3.20
[INFO] [stderr]    Compiling digest v0.10.6
[INFO] [stderr]    Compiling kv-log-macro v1.0.7
[INFO] [stderr]    Compiling async-attributes v1.1.2
[INFO] [stderr]    Compiling uuid v1.3.1
[INFO] [stderr]    Compiling rand_core v0.6.4
[INFO] [stderr]    Compiling zeroize v1.6.0
[INFO] [stderr]    Compiling tower-service v0.3.2
[INFO] [stderr]    Compiling try-lock v0.2.4
[INFO] [stderr]    Compiling want v0.3.0
[INFO] [stderr]    Compiling http-body v0.4.5
[INFO] [stderr]    Compiling nanorand v0.7.0
[INFO] [stderr]    Compiling async-trait v0.1.68
[INFO] [stderr]    Compiling crc32fast v1.3.2
[INFO] [stderr]    Compiling ppv-lite86 v0.2.17
[INFO] [stderr]    Compiling httpdate v1.0.2
[INFO] [stderr]    Compiling flume v0.10.14
[INFO] [stderr]    Compiling pnet_macros_support v0.33.0
[INFO] [stderr]    Compiling futures-executor v0.3.28
[INFO] [stderr]    Compiling rand_chacha v0.3.1
[INFO] [stderr]    Compiling pnet_macros v0.33.0
[INFO] [stderr]    Compiling aws-smithy-types v0.51.0
[INFO] [stderr]    Compiling tokio-util v0.7.8
[INFO] [stderr]    Compiling async-global-executor v2.3.1
[INFO] [stderr]    Compiling async-std v1.12.0
[INFO] [stderr]    Compiling h2 v0.3.18
[INFO] [stderr]    Compiling pnet_sys v0.33.0
[INFO] [stderr]    Compiling uhlc v0.5.2
[INFO] [stderr]    Compiling zenoh-keyexpr v0.7.0-rc (https://github.com/eclipse-zenoh/zenoh?branch=master#2027bbd4)
[INFO] [stderr]    Compiling tinyvec_macros v0.1.1
[INFO] [stderr]    Compiling pnet_packet v0.33.0
[INFO] [stderr]    Compiling tinyvec v1.6.0
[INFO] [stderr]    Compiling ipnetwork v0.20.0
[INFO] [stderr]    Compiling rand v0.8.5
[INFO] [stderr]    Compiling zenoh-protocol v0.7.0-rc (https://github.com/eclipse-zenoh/zenoh?branch=master#2027bbd4)
[INFO] [stderr]    Compiling futures v0.3.28
[INFO] [stderr]    Compiling form_urlencoded v1.1.0
[INFO] [stderr]    Compiling dirs-sys v0.4.0
[INFO] [stderr]    Compiling zenoh-core v0.7.0-rc (https://github.com/eclipse-zenoh/zenoh?branch=master#2027bbd4)
[INFO] [stderr]    Compiling os_str_bytes v6.5.0
[INFO] [stderr]    Compiling termcolor v1.2.0
[INFO] [stderr]    Compiling either v1.8.1
[INFO] [stderr]    Compiling pnet v0.33.0
[INFO] [stderr]    Compiling bytes-utils v0.1.3
[INFO] [stderr]    Compiling clap_lex v0.2.4
[INFO] [stderr]    Compiling dirs v5.0.0
[INFO] [stderr]    Compiling aws-smithy-eventstream v0.51.0
[INFO] [stderr]    Compiling pnet_datalink v0.33.0
[INFO] [stderr]    Compiling atty v0.2.14
[INFO] [stderr]    Compiling strsim v0.10.0
[INFO] [stderr]    Compiling ucd-trie v0.1.5
[INFO] [stderr]    Compiling textwrap v0.16.0
[INFO] [stderr]    Compiling pnet_transport v0.33.0
[INFO] [stderr]    Compiling cpufeatures v0.2.7
[INFO] [stderr]    Compiling clap v3.2.24
[INFO] [stderr]    Compiling hyper v0.14.26
[INFO] [stderr]    Compiling pest v2.6.0
[INFO] [stderr]    Compiling shellexpand v3.1.0
[INFO] [stderr]    Compiling zenoh-cfg-properties v0.7.0-rc (https://github.com/eclipse-zenoh/zenoh?branch=master#2027bbd4)
[INFO] [stderr]    Compiling libloading v0.7.4
[INFO] [stderr]    Compiling home v0.5.5
[INFO] [stderr]    Compiling zenoh-codec v0.7.0-rc (https://github.com/eclipse-zenoh/zenoh?branch=master#2027bbd4)
[INFO] [stderr]    Compiling unzip-n v0.1.2
[INFO] [stderr]    Compiling tower-layer v0.3.2
[INFO] [stderr]    Compiling serde_json v1.0.96
[INFO] [stderr]    Compiling tower v0.4.13
[INFO] [stderr]    Compiling zenoh-link-commons v0.7.0-rc (https://github.com/eclipse-zenoh/zenoh?branch=master#2027bbd4)
[INFO] [stderr]    Compiling zenoh-sync v0.7.0-rc (https://github.com/eclipse-zenoh/zenoh?branch=master#2027bbd4)
[INFO] [stderr]    Compiling tokio-stream v0.1.14
[INFO] [stderr]    Compiling tokio-rustls v0.23.4
[INFO] [stderr]    Compiling pest_meta v2.6.0
[INFO] [stderr]    Compiling rustls v0.21.0
[INFO] [stderr]    Compiling sha1 v0.10.5
[INFO] [stderr]    Compiling aws-smithy-async v0.51.0
[INFO] [stderr]    Compiling unicode-normalization v0.1.22
[INFO] [stderr]    Compiling rustls-webpki v0.100.1
[INFO] [stderr]    Compiling aws-types v0.51.0
[INFO] [stderr]    Compiling pest_generator v2.6.0
[INFO] [stderr]    Compiling zenoh-util v0.7.0-rc (https://github.com/eclipse-zenoh/zenoh?branch=master#2027bbd4)
[INFO] [stderr]    Compiling unicode-bidi v0.3.13
[INFO] [stderr]    Compiling base64ct v1.6.0
[INFO] [stderr]    Compiling byteorder v1.4.3
[INFO] [stderr]    Compiling idna v0.3.0
[INFO] [stderr]    Compiling pem-rfc7468 v0.6.0
[INFO] [stderr]    Compiling aws-smithy-http v0.51.0
[INFO] [stderr]    Compiling hyper-rustls v0.23.2
[INFO] [stderr]    Compiling pest_derive v2.6.0
[INFO] [stderr]    Compiling validated_struct_macros v2.1.0
[INFO] [stderr]    Compiling memoffset v0.7.1
[INFO] [stderr]    Compiling aws-smithy-http-tower v0.51.0
[INFO] [stderr]    Compiling aws-smithy-client v0.51.0
[INFO] [stderr]    Compiling json5 v0.4.1
[INFO] [stderr]    Compiling rustc-hash v1.1.0
[INFO] [stderr]    Compiling unsafe-libyaml v0.2.8
[INFO] [stderr]    Compiling validated_struct v2.1.0
[INFO] [stderr]    Compiling quinn-proto v0.9.3
[INFO] [stderr]    Compiling url v2.3.1
[INFO] [stderr]    Compiling der v0.6.1
[INFO] [stderr]    Compiling num-iter v0.1.43
[INFO] [stderr]    Compiling serde_yaml v0.9.21
[INFO] [stderr]    Compiling base64 v0.13.1
[INFO] [stderr]    Compiling utf-8 v0.7.6
[INFO] [stderr]    Compiling tungstenite v0.18.0
[INFO] [stderr]    Compiling spki v0.6.0
[INFO] [stderr]    Compiling inout v0.1.3
[INFO] [stderr]    Compiling num-bigint-dig v0.8.2
[INFO] [stderr]    Compiling proc-macro-hack v0.5.20+deprecated
[INFO] [stderr]    Compiling static_assertions v1.1.0
[INFO] [stderr]    Compiling tokio-tungstenite v0.18.0
[INFO] [stderr]    Compiling nix v0.26.2
[INFO] [stderr]    Compiling zenoh-config v0.7.0-rc (https://github.com/eclipse-zenoh/zenoh?branch=master#2027bbd4)
[INFO] [stderr]    Compiling cipher v0.4.4
[INFO] [stderr]    Compiling pkcs8 v0.9.0
[INFO] [stderr]    Compiling async-rustls v0.4.0
[INFO] [stderr]    Compiling aws-sigv4 v0.51.1
[INFO] [stderr]    Compiling webpki-roots v0.22.6
[INFO] [stderr]    Compiling socket2 v0.5.2
[INFO] [stderr]    Compiling quinn-udp v0.3.2
[INFO] [stderr]    Compiling keccak v0.1.3
[INFO] [stderr]    Compiling zenoh-macros v0.7.0-rc (https://github.com/eclipse-zenoh/zenoh?branch=master#2027bbd4)
[INFO] [stderr]    Compiling quinn v0.9.3
[INFO] [stderr]    Compiling zenoh-link-tls v0.7.0-rc (https://github.com/eclipse-zenoh/zenoh?branch=master#2027bbd4)
[INFO] [stderr]    Compiling sha3 v0.10.7
[INFO] [stderr]    Compiling zenoh-link-quic v0.7.0-rc (https://github.com/eclipse-zenoh/zenoh?branch=master#2027bbd4)
[INFO] [stderr]    Compiling zenoh-link-udp v0.7.0-rc (https://github.com/eclipse-zenoh/zenoh?branch=master#2027bbd4)
[INFO] [stderr]    Compiling zenoh-link-unixsock_stream v0.7.0-rc (https://github.com/eclipse-zenoh/zenoh?branch=master#2027bbd4)
[INFO] [stderr]    Compiling aws-sig-auth v0.51.0
[INFO] [stderr]    Compiling pkcs1 v0.4.1
[INFO] [stderr]    Compiling aes v0.8.2
[INFO] [stderr]    Compiling zenoh-link-ws v0.7.0-rc (https://github.com/eclipse-zenoh/zenoh?branch=master#2027bbd4)
[INFO] [stderr]    Compiling aws-http v0.51.0
[INFO] [stderr]    Compiling aws-endpoint v0.51.0
[INFO] [stderr]    Compiling zenoh-link-tcp v0.7.0-rc (https://github.com/eclipse-zenoh/zenoh?branch=master#2027bbd4)
[INFO] [stderr]    Compiling signature v2.1.0
[INFO] [stderr]    Compiling hmac v0.12.1
[INFO] [stderr]    Compiling crc32c v0.6.3
[INFO] [stderr]    Compiling array-init v2.1.0
[INFO] [stderr]    Compiling cache-padded v1.2.0
[INFO] [stderr]    Compiling xmlparser v0.13.5
[INFO] [stderr]    Compiling zenoh-link v0.7.0-rc (https://github.com/eclipse-zenoh/zenoh?branch=master#2027bbd4)
[INFO] [stderr]    Compiling git-version-macro v0.3.5
[INFO] [stderr]    Compiling ringbuffer-spsc v0.1.9
[INFO] [stderr]    Compiling zenoh-crypto v0.7.0-rc (https://github.com/eclipse-zenoh/zenoh?branch=master#2027bbd4)
[INFO] [stderr]    Compiling aws-smithy-xml v0.51.0
[INFO] [stderr]    Compiling rsa v0.8.2
[INFO] [stderr]    Compiling is-terminal v0.4.7
[INFO] [stderr]    Compiling zenoh v0.7.0-rc (https://github.com/eclipse-zenoh/zenoh?branch=master#2027bbd4)
[INFO] [stderr]    Compiling urlencoding v2.1.2
[INFO] [stderr]    Compiling fixedbitset v0.4.2
[INFO] [stderr]    Compiling aws-smithy-query v0.51.0
[INFO] [stderr]    Compiling zenoh-transport v0.7.0-rc (https://github.com/eclipse-zenoh/zenoh?branch=master#2027bbd4)
[INFO] [stderr]    Compiling env_logger v0.10.0
[INFO] [stderr]    Compiling petgraph v0.6.3
[INFO] [stderr]    Compiling git-version v0.3.5
[INFO] [stderr]    Compiling sha2 v0.10.6
[INFO] [stderr]    Compiling aws-smithy-json v0.51.0
[INFO] [stderr]    Compiling md-5 v0.10.5
[INFO] [stderr]    Compiling stop-token v0.7.0
[INFO] [stderr]    Compiling ordered-float v3.7.0
[INFO] [stderr]    Compiling convert_case v0.4.0
[INFO] [stderr]    Compiling zenoh-plugin-trait v0.7.0-rc (https://github.com/eclipse-zenoh/zenoh?branch=master#2027bbd4)
[INFO] [stderr]    Compiling vec_map v0.8.2
[INFO] [stderr]    Compiling aws-smithy-checksums v0.51.0
[INFO] [stderr]    Compiling aws-sdk-sso v0.21.0
[INFO] [stderr]    Compiling aws-sdk-sts v0.21.0
[INFO] [stderr]    Compiling tokio-rustls v0.24.0
[INFO] [stderr]    Compiling derive_more v0.99.17
[INFO] [stderr]    Compiling zenoh-backend-s3 v0.7.0-rc (/opt/rustwide/workdir)
[INFO] [stderr]    Compiling hyper-rustls v0.24.0
[INFO] [stderr]    Compiling aws-sdk-s3 v0.21.0
[INFO] [stderr]    Compiling aws-config v0.51.0
[INFO] [stderr]    Compiling zenoh_backend_traits v0.7.0-rc (https://github.com/eclipse-zenoh/zenoh?branch=master#2027bbd4)
[INFO] [stderr]     Finished dev [unoptimized + debuginfo] target(s) in 1m 12s
[INFO] running `Command { std: "docker" "inspect" "095ce32d34a298403d0940fad7c1211257b952bbe0cb577a29d114936d7596c9", kill_on_drop: false }`
[INFO] running `Command { std: "docker" "rm" "-f" "095ce32d34a298403d0940fad7c1211257b952bbe0cb577a29d114936d7596c9", kill_on_drop: false }`
[INFO] [stdout] 095ce32d34a298403d0940fad7c1211257b952bbe0cb577a29d114936d7596c9
[INFO] running `Command { std: "docker" "create" "-v" "/var/lib/crater-agent-workspace/builds/worker-6-tc1/target:/opt/rustwide/target:rw,Z" "-v" "/var/lib/crater-agent-workspace/builds/worker-6-tc1/source:/opt/rustwide/workdir:ro,Z" "-v" "/var/lib/crater-agent-workspace/cargo-home:/opt/rustwide/cargo-home:ro,Z" "-v" "/var/lib/crater-agent-workspace/rustup-home:/opt/rustwide/rustup-home:ro,Z" "-e" "SOURCE_DIR=/opt/rustwide/workdir" "-e" "CARGO_TARGET_DIR=/opt/rustwide/target" "-e" "CARGO_INCREMENTAL=0" "-e" "RUST_BACKTRACE=full" "-e" "RUSTFLAGS=--cap-lints=warn" "-e" "RUSTDOCFLAGS=--cap-lints=warn" "-e" "CARGO_HOME=/opt/rustwide/cargo-home" "-e" "RUSTUP_HOME=/opt/rustwide/rustup-home" "-w" "/opt/rustwide/workdir" "-m" "1610612736" "--user" "0:0" "--network" "none" "ghcr.io/rust-lang/crates-build-env/linux@sha256:2788e3201cd34a07e3172128adcd8b3090168a8e3bcc40d7c032b9dda1df7d1c" "/opt/rustwide/cargo-home/bin/cargo" "+1.75.0" "test" "--frozen" "--no-run" "--message-format=json", kill_on_drop: false }`
[INFO] [stdout] 534a9d8bbeffe04affb452d0ee9fd412bee412ac4f2a1353f81dc8fa6234fc67
[INFO] running `Command { std: "docker" "start" "-a" "534a9d8bbeffe04affb452d0ee9fd412bee412ac4f2a1353f81dc8fa6234fc67", kill_on_drop: false }`
[INFO] [stderr]    Compiling zenoh-backend-s3 v0.7.0-rc (/opt/rustwide/workdir)
[INFO] [stderr]     Finished test [unoptimized + debuginfo] target(s) in 17.80s
[INFO] running `Command { std: "docker" "inspect" "534a9d8bbeffe04affb452d0ee9fd412bee412ac4f2a1353f81dc8fa6234fc67", kill_on_drop: false }`
[INFO] running `Command { std: "docker" "rm" "-f" "534a9d8bbeffe04affb452d0ee9fd412bee412ac4f2a1353f81dc8fa6234fc67", kill_on_drop: false }`
[INFO] [stdout] 534a9d8bbeffe04affb452d0ee9fd412bee412ac4f2a1353f81dc8fa6234fc67
[INFO] running `Command { std: "docker" "create" "-v" "/var/lib/crater-agent-workspace/builds/worker-6-tc1/target:/opt/rustwide/target:rw,Z" "-v" "/var/lib/crater-agent-workspace/builds/worker-6-tc1/source:/opt/rustwide/workdir:ro,Z" "-v" "/var/lib/crater-agent-workspace/cargo-home:/opt/rustwide/cargo-home:ro,Z" "-v" "/var/lib/crater-agent-workspace/rustup-home:/opt/rustwide/rustup-home:ro,Z" "-e" "SOURCE_DIR=/opt/rustwide/workdir" "-e" "CARGO_TARGET_DIR=/opt/rustwide/target" "-e" "CARGO_INCREMENTAL=0" "-e" "RUST_BACKTRACE=full" "-e" "RUSTFLAGS=--cap-lints=warn" "-e" "RUSTDOCFLAGS=--cap-lints=warn" "-e" "CARGO_HOME=/opt/rustwide/cargo-home" "-e" "RUSTUP_HOME=/opt/rustwide/rustup-home" "-w" "/opt/rustwide/workdir" "-m" "1610612736" "--user" "0:0" "--network" "none" "ghcr.io/rust-lang/crates-build-env/linux@sha256:2788e3201cd34a07e3172128adcd8b3090168a8e3bcc40d7c032b9dda1df7d1c" "/opt/rustwide/cargo-home/bin/cargo" "+1.75.0" "test" "--frozen", kill_on_drop: false }`
[INFO] [stdout] d18fdaca3910dc4729cfae30a21b525e498a8211ff3851dce4740a6301c35697
[INFO] running `Command { std: "docker" "start" "-a" "d18fdaca3910dc4729cfae30a21b525e498a8211ff3851dce4740a6301c35697", kill_on_drop: false }`
[INFO] [stderr]     Finished test [unoptimized + debuginfo] target(s) in 0.55s
[INFO] [stderr]      Running unittests src/lib.rs (/opt/rustwide/target/debug/deps/zenoh_backend_s3-6b3508029792016b)
[INFO] [stdout] 
[INFO] [stdout] running 0 tests
[INFO] [stdout] 
[INFO] [stdout] test result: ok. 0 passed; 0 failed; 0 ignored; 0 measured; 0 filtered out; finished in 0.00s
[INFO] [stdout] 
[INFO] [stderr]    Doc-tests zenoh_backend_s3
[INFO] [stdout] 
[INFO] [stdout] running 1 test
[INFO] [stdout] test src/config.rs - config::S3Config (line 51) ... FAILED
[INFO] [stdout] 
[INFO] [stdout] failures:
[INFO] [stdout] 
[INFO] [stdout] ---- src/config.rs - config::S3Config (line 51) stdout ----
[INFO] [stdout] error: struct literal body without path
[INFO] [stdout]   --> src/config.rs:61:17
[INFO] [stdout]    |
[INFO] [stdout] 12 |          private: {
[INFO] [stdout]    |  _________________^
[INFO] [stdout] 13 | |            access_key: "AKIAIOSFODNN7EXAMPLE",
[INFO] [stdout] 14 | |            secret_key: "wJalrXUtnFEMI/K7MDENG/bPxRfiCYEXAMPLEKEY",
[INFO] [stdout] 15 | |        }
[INFO] [stdout]    | |________^
[INFO] [stdout]    |
[INFO] [stdout] help: you might have forgotten to add the struct literal inside the block
[INFO] [stdout]    |
[INFO] [stdout] 12 ~        private: { SomeStruct {
[INFO] [stdout] 13 |            access_key: "AKIAIOSFODNN7EXAMPLE",
[INFO] [stdout] 14 |            secret_key: "wJalrXUtnFEMI/K7MDENG/bPxRfiCYEXAMPLEKEY",
[INFO] [stdout] 15 ~        } }
[INFO] [stdout]    |
[INFO] [stdout] 
[INFO] [stdout] error: struct literal body without path
[INFO] [stdout]   --> src/config.rs:56:14
[INFO] [stdout]    |
[INFO] [stdout] 7  |        volume: {
[INFO] [stdout]    |  ______________^
[INFO] [stdout] 8  | |        id: "s3",
[INFO] [stdout] 9  | |        reuse_bucket: true,
[INFO] [stdout] 10 | |        bucket: "zenoh-test-bucket",
[INFO] [stdout] ...  |
[INFO] [stdout] 15 | |        }
[INFO] [stdout] 16 | |      }
[INFO] [stdout]    | |______^
[INFO] [stdout]    |
[INFO] [stdout] help: you might have forgotten to add the struct literal inside the block
[INFO] [stdout]    |
[INFO] [stdout] 7  ~      volume: { SomeStruct {
[INFO] [stdout] 8  |        id: "s3",
[INFO] [stdout]  ...
[INFO] [stdout] 15 |        }
[INFO] [stdout] 16 ~      } }
[INFO] [stdout]    |
[INFO] [stdout] 
[INFO] [stdout] error: struct literal body without path
[INFO] [stdout]   --> src/config.rs:53:16
[INFO] [stdout]    |
[INFO] [stdout] 4  |      s3_storage: {
[INFO] [stdout]    |  ________________^
[INFO] [stdout] 5  | |      key_expr: "s3/example/*",
[INFO] [stdout] 6  | |      strip_prefix: "s3/example",
[INFO] [stdout] 7  | |      volume: {
[INFO] [stdout] ...  |
[INFO] [stdout] 16 | |      }
[INFO] [stdout] 17 | |    },
[INFO] [stdout]    | |____^
[INFO] [stdout]    |
[INFO] [stdout] help: you might have forgotten to add the struct literal inside the block
[INFO] [stdout]    |
[INFO] [stdout] 4  ~    s3_storage: { SomeStruct {
[INFO] [stdout] 5  |      key_expr: "s3/example/*",
[INFO] [stdout]  ...
[INFO] [stdout] 16 |      }
[INFO] [stdout] 17 ~    } },
[INFO] [stdout]    |
[INFO] [stdout] 
[INFO] [stdout] error: malformed loop label
[INFO] [stdout]  --> src/config.rs:53:4
[INFO] [stdout]   |
[INFO] [stdout] 4 |    s3_storage: {
[INFO] [stdout]   |    ^^^^^^^^^^ help: use the correct loop label format: `'s3_storage`
[INFO] [stdout] 
[INFO] [stdout] error: struct literal body without path
[INFO] [stdout]   --> src/config.rs:52:11
[INFO] [stdout]    |
[INFO] [stdout] 3  |   storages: {
[INFO] [stdout]    |  ___________^
[INFO] [stdout] 4  | |    s3_storage: {
[INFO] [stdout] 5  | |      key_expr: "s3/example/*",
[INFO] [stdout] 6  | |      strip_prefix: "s3/example",
[INFO] [stdout] ...  |
[INFO] [stdout] 17 | |    },
[INFO] [stdout] 18 | |  }
[INFO] [stdout]    | |__^
[INFO] [stdout]    |
[INFO] [stdout] help: you might have forgotten to add the struct literal inside the block
[INFO] [stdout]    |
[INFO] [stdout] 3  ~ storages: { SomeStruct {
[INFO] [stdout] 4  |    s3_storage: {
[INFO] [stdout]  ...
[INFO] [stdout] 17 |    },
[INFO] [stdout] 18 ~  } }
[INFO] [stdout]    |
[INFO] [stdout] 
[INFO] [stdout] error: malformed loop label
[INFO] [stdout]  --> src/config.rs:52:1
[INFO] [stdout]   |
[INFO] [stdout] 3 | storages: {
[INFO] [stdout]   | ^^^^^^^^ help: use the correct loop label format: `'storages`
[INFO] [stdout] 
[INFO] [stdout] error: aborting due to 6 previous errors
[INFO] [stdout] 
[INFO] [stdout] Couldn't compile the test.
[INFO] [stdout] 
[INFO] [stdout] failures:
[INFO] [stdout]     src/config.rs - config::S3Config (line 51)
[INFO] [stdout] 
[INFO] [stdout] test result: FAILED. 0 passed; 1 failed; 0 ignored; 0 measured; 0 filtered out; finished in 0.03s
[INFO] [stdout] 
[INFO] [stderr] error: doctest failed, to rerun pass `--doc`
[INFO] running `Command { std: "docker" "inspect" "d18fdaca3910dc4729cfae30a21b525e498a8211ff3851dce4740a6301c35697", kill_on_drop: false }`
[INFO] running `Command { std: "docker" "rm" "-f" "d18fdaca3910dc4729cfae30a21b525e498a8211ff3851dce4740a6301c35697", kill_on_drop: false }`
[INFO] [stdout] d18fdaca3910dc4729cfae30a21b525e498a8211ff3851dce4740a6301c35697
[INFO] testing jamroks/zenoh-backend-s3 against beta-2023-12-22 for beta-1.76-1
[INFO] running `Command { std: "git" "clone" "/workspace/cache/git-repos/https%3A%2F%2Fgithub.com%2Fjamroks%2Fzenoh-backend-s3" "/workspace/builds/worker-6-tc2/source", kill_on_drop: false }`
[INFO] [stderr] Cloning into '/workspace/builds/worker-6-tc2/source'...
[INFO] [stderr] done.
[INFO] validating manifest of git repo https://github.com/jamroks/zenoh-backend-s3 on toolchain beta-2023-12-22
[INFO] running `Command { std: CARGO_HOME="/workspace/cargo-home" RUSTUP_HOME="/workspace/rustup-home" "/workspace/cargo-home/bin/cargo" "+beta-2023-12-22" "metadata" "--manifest-path" "Cargo.toml" "--no-deps", kill_on_drop: false }`
[INFO] removed /workspace/builds/worker-6-tc2/source/.cargo/config
[INFO] removed /workspace/builds/worker-6-tc2/source/rust-toolchain
[INFO] started tweaking git repo https://github.com/jamroks/zenoh-backend-s3
[INFO] finished tweaking git repo https://github.com/jamroks/zenoh-backend-s3
[INFO] tweaked toml for git repo https://github.com/jamroks/zenoh-backend-s3 written to /workspace/builds/worker-6-tc2/source/Cargo.toml
[INFO] crate git repo https://github.com/jamroks/zenoh-backend-s3 already has a lockfile, it will not be regenerated
[INFO] running `Command { std: CARGO_HOME="/workspace/cargo-home" RUSTUP_HOME="/workspace/rustup-home" "/workspace/cargo-home/bin/cargo" "+beta-2023-12-22" "fetch" "--manifest-path" "Cargo.toml", kill_on_drop: false }`
[INFO] running `Command { std: "docker" "create" "-v" "/var/lib/crater-agent-workspace/builds/worker-6-tc2/target:/opt/rustwide/target:rw,Z" "-v" "/var/lib/crater-agent-workspace/builds/worker-6-tc2/source:/opt/rustwide/workdir:ro,Z" "-v" "/var/lib/crater-agent-workspace/cargo-home:/opt/rustwide/cargo-home:ro,Z" "-v" "/var/lib/crater-agent-workspace/rustup-home:/opt/rustwide/rustup-home:ro,Z" "-e" "SOURCE_DIR=/opt/rustwide/workdir" "-e" "CARGO_TARGET_DIR=/opt/rustwide/target" "-e" "CARGO_HOME=/opt/rustwide/cargo-home" "-e" "RUSTUP_HOME=/opt/rustwide/rustup-home" "-w" "/opt/rustwide/workdir" "-m" "1610612736" "--user" "0:0" "--network" "none" "ghcr.io/rust-lang/crates-build-env/linux@sha256:2788e3201cd34a07e3172128adcd8b3090168a8e3bcc40d7c032b9dda1df7d1c" "/opt/rustwide/cargo-home/bin/cargo" "+beta-2023-12-22" "metadata" "--no-deps" "--format-version=1", kill_on_drop: false }`
[INFO] [stdout] 918576762ec2e988595cf36de97368484356fe661f938a1feaf25d4da4acbd3f
[INFO] running `Command { std: "docker" "start" "-a" "918576762ec2e988595cf36de97368484356fe661f938a1feaf25d4da4acbd3f", kill_on_drop: false }`
[INFO] running `Command { std: "docker" "inspect" "918576762ec2e988595cf36de97368484356fe661f938a1feaf25d4da4acbd3f", kill_on_drop: false }`
[INFO] running `Command { std: "docker" "rm" "-f" "918576762ec2e988595cf36de97368484356fe661f938a1feaf25d4da4acbd3f", kill_on_drop: false }`
[INFO] [stdout] 918576762ec2e988595cf36de97368484356fe661f938a1feaf25d4da4acbd3f
[INFO] running `Command { std: "docker" "create" "-v" "/var/lib/crater-agent-workspace/builds/worker-6-tc2/target:/opt/rustwide/target:rw,Z" "-v" "/var/lib/crater-agent-workspace/builds/worker-6-tc2/source:/opt/rustwide/workdir:ro,Z" "-v" "/var/lib/crater-agent-workspace/cargo-home:/opt/rustwide/cargo-home:ro,Z" "-v" "/var/lib/crater-agent-workspace/rustup-home:/opt/rustwide/rustup-home:ro,Z" "-e" "SOURCE_DIR=/opt/rustwide/workdir" "-e" "CARGO_TARGET_DIR=/opt/rustwide/target" "-e" "CARGO_INCREMENTAL=0" "-e" "RUST_BACKTRACE=full" "-e" "RUSTFLAGS=--cap-lints=warn" "-e" "RUSTDOCFLAGS=--cap-lints=warn" "-e" "CARGO_HOME=/opt/rustwide/cargo-home" "-e" "RUSTUP_HOME=/opt/rustwide/rustup-home" "-w" "/opt/rustwide/workdir" "-m" "1610612736" "--user" "0:0" "--network" "none" "ghcr.io/rust-lang/crates-build-env/linux@sha256:2788e3201cd34a07e3172128adcd8b3090168a8e3bcc40d7c032b9dda1df7d1c" "/opt/rustwide/cargo-home/bin/cargo" "+beta-2023-12-22" "build" "--frozen" "--message-format=json", kill_on_drop: false }`
[INFO] [stdout] 1ccfa13db8fb67cdee18ce05aa9cfeb6661c2fff3dbf2dc9c6515edcf3be3fc5
[INFO] running `Command { std: "docker" "start" "-a" "1ccfa13db8fb67cdee18ce05aa9cfeb6661c2fff3dbf2dc9c6515edcf3be3fc5", kill_on_drop: false }`
[INFO] [stderr]    Compiling proc-macro2 v1.0.56
[INFO] [stderr]    Compiling quote v1.0.26
[INFO] [stderr]    Compiling unicode-ident v1.0.8
[INFO] [stderr]    Compiling autocfg v1.1.0
[INFO] [stderr]    Compiling libc v0.2.142
[INFO] [stderr]    Compiling version_check v0.9.4
[INFO] [stderr]    Compiling syn v1.0.109
[INFO] [stderr]    Compiling once_cell v1.17.1
[INFO] [stderr]    Compiling log v0.4.17
[INFO] [stderr]    Compiling pin-project-lite v0.2.9
[INFO] [stderr]    Compiling memchr v2.5.0
[INFO] [stderr]    Compiling futures-core v0.3.28
[INFO] [stderr]    Compiling bytes v1.4.0
[INFO] [stderr]    Compiling lock_api v0.4.9
[INFO] [stderr]    Compiling value-bag v1.0.0-alpha.9
[INFO] [stderr]    Compiling scopeguard v1.1.0
[INFO] [stderr]    Compiling slab v0.4.8
[INFO] [stderr]    Compiling smallvec v1.10.0
[INFO] [stderr]    Compiling spin v0.5.2
[INFO] [stderr]    Compiling parking_lot_core v0.9.7
[INFO] [stderr]    Compiling futures-io v0.3.28
[INFO] [stderr]    Compiling syn v2.0.15
[INFO] [stderr]    Compiling tokio v1.28.0
[INFO] [stderr]    Compiling futures-sink v0.3.28
[INFO] [stderr]    Compiling pin-utils v0.1.0
[INFO] [stderr]    Compiling futures-channel v0.3.28
[INFO] [stderr]    Compiling futures-task v0.3.28
[INFO] [stderr]    Compiling futures-util v0.3.28
[INFO] [stderr]    Compiling itoa v1.0.6
[INFO] [stderr]    Compiling cc v1.0.79
[INFO] [stderr]    Compiling indexmap v1.9.3
[INFO] [stderr]    Compiling hashbrown v0.12.3
[INFO] [stderr]    Compiling fastrand v1.9.0
[INFO] [stderr]    Compiling typenum v1.16.0
[INFO] [stderr]    Compiling socket2 v0.4.9
[INFO] [stderr]    Compiling signal-hook-registry v1.4.1
[INFO] [stderr]    Compiling num_cpus v1.15.0
[INFO] [stderr]    Compiling parking_lot v0.12.1
[INFO] [stderr]    Compiling getrandom v0.2.9
[INFO] [stderr]    Compiling untrusted v0.7.1
[INFO] [stderr]    Compiling serde_derive v1.0.160
[INFO] [stderr]    Compiling lazy_static v1.4.0
[INFO] [stderr]    Compiling ring v0.16.20
[INFO] [stderr]    Compiling tracing-core v0.1.30
[INFO] [stderr]    Compiling libm v0.2.6
[INFO] [stderr]    Compiling ryu v1.0.13
[INFO] [stderr]    Compiling num-traits v0.2.15
[INFO] [stderr]    Compiling crossbeam-utils v0.8.15
[INFO] [stderr]    Compiling serde v1.0.160
[INFO] [stderr]    Compiling anyhow v1.0.70
[INFO] [stderr]    Compiling fnv v1.0.7
[INFO] [stderr]    Compiling http v0.2.9
[INFO] [stderr]    Compiling aho-corasick v1.0.1
[INFO] [stderr]    Compiling generic-array v0.14.7
[INFO] [stderr]    Compiling num-integer v0.1.45
[INFO] [stderr]    Compiling httparse v1.8.0
[INFO] [stderr]    Compiling event-listener v2.5.3
[INFO] [stderr]    Compiling regex-syntax v0.7.1
[INFO] [stderr]    Compiling io-lifetimes v1.0.10
[INFO] [stderr]    Compiling bitflags v1.3.2
[INFO] [stderr]    Compiling semver v1.0.17
[INFO] [stderr]    Compiling concurrent-queue v2.2.0
[INFO] [stderr]    Compiling hex v0.4.3
[INFO] [stderr]    Compiling rustix v0.37.15
[INFO] [stderr]    Compiling ahash v0.8.3
[INFO] [stderr]    Compiling parking v2.1.0
[INFO] [stderr]    Compiling waker-fn v1.1.0
[INFO] [stderr]    Compiling linux-raw-sys v0.3.4
[INFO] [stderr]    Compiling futures-lite v1.13.0
[INFO] [stderr]    Compiling rustc_version v0.4.0
[INFO] [stderr]    Compiling regex v1.8.1
[INFO] [stderr]    Compiling async-lock v2.7.0
[INFO] [stderr]    Compiling sct v0.7.0
[INFO] [stderr]    Compiling tokio-macros v2.1.0
[INFO] [stderr]    Compiling futures-macro v0.3.28
[INFO] [stderr]    Compiling ctor v0.1.26
[INFO] [stderr]    Compiling pin-project-internal v1.0.12
[INFO] [stderr]    Compiling tracing-attributes v0.1.24
[INFO] [stderr]    Compiling mio v0.8.6
[INFO] [stderr]    Compiling webpki v0.22.0
[INFO] [stderr]    Compiling polling v2.8.0
[INFO] [stderr]    Compiling const-oid v0.9.2
[INFO] [stderr]    Compiling base64 v0.21.0
[INFO] [stderr]    Compiling percent-encoding v2.2.0
[INFO] [stderr]    Compiling pin-project v1.0.12
[INFO] [stderr]    Compiling paste v1.0.12
[INFO] [stderr]    Compiling rustls-pemfile v1.0.2
[INFO] [stderr]    Compiling zenoh-result v0.7.0-rc (https://github.com/eclipse-zenoh/zenoh?branch=master#2027bbd4)
[INFO] [stderr]    Compiling async-io v1.13.0
[INFO] [stderr]    Compiling rustls v0.20.8
[INFO] [stderr]    Compiling thiserror v1.0.40
[INFO] [stderr]    Compiling tracing v0.1.38
[INFO] [stderr]    Compiling hashbrown v0.13.2
[INFO] [stderr]    Compiling thiserror-impl v1.0.40
[INFO] [stderr]    Compiling crypto-common v0.1.6
[INFO] [stderr]    Compiling async-channel v1.8.0
[INFO] [stderr]    Compiling async-task v4.4.0
[INFO] [stderr]    Compiling openssl-probe v0.1.5
[INFO] [stderr]    Compiling signal-hook v0.3.15
[INFO] [stderr]    Compiling token-cell v1.5.0
[INFO] [stderr]    Compiling keyed-set v0.4.5
[INFO] [stderr]    Compiling rustls-native-certs v0.6.2
[INFO] [stderr]    Compiling spin v0.9.8
[INFO] [stderr]    Compiling async-process v1.7.0
[INFO] [stderr]    Compiling atomic-waker v1.1.1
[INFO] [stderr]    Compiling blocking v1.3.1
[INFO] [stderr]    Compiling async-executor v1.5.1
[INFO] [stderr]    Compiling block-buffer v0.10.4
[INFO] [stderr]    Compiling no-std-net v0.6.0
[INFO] [stderr]    Compiling zenoh-collections v0.7.0-rc (https://github.com/eclipse-zenoh/zenoh?branch=master#2027bbd4)
[INFO] [stderr]    Compiling humantime v2.1.0
[INFO] [stderr]    Compiling subtle v2.4.1
[INFO] [stderr]    Compiling time-core v0.1.0
[INFO] [stderr]    Compiling zenoh-buffers v0.7.0-rc (https://github.com/eclipse-zenoh/zenoh?branch=master#2027bbd4)
[INFO] [stderr]    Compiling digest v0.10.6
[INFO] [stderr]    Compiling time v0.3.20
[INFO] [stderr]    Compiling pnet_base v0.33.0
[INFO] [stderr]    Compiling kv-log-macro v1.0.7
[INFO] [stderr]    Compiling async-attributes v1.1.2
[INFO] [stderr]    Compiling rand_core v0.6.4
[INFO] [stderr]    Compiling uuid v1.3.1
[INFO] [stderr]    Compiling tower-service v0.3.2
[INFO] [stderr]    Compiling zeroize v1.6.0
[INFO] [stderr]    Compiling try-lock v0.2.4
[INFO] [stderr]    Compiling http-body v0.4.5
[INFO] [stderr]    Compiling want v0.3.0
[INFO] [stderr]    Compiling nanorand v0.7.0
[INFO] [stderr]    Compiling crc32fast v1.3.2
[INFO] [stderr]    Compiling async-trait v0.1.68
[INFO] [stderr]    Compiling ppv-lite86 v0.2.17
[INFO] [stderr]    Compiling httpdate v1.0.2
[INFO] [stderr]    Compiling tokio-util v0.7.8
[INFO] [stderr]    Compiling async-global-executor v2.3.1
[INFO] [stderr]    Compiling aws-smithy-types v0.51.0
[INFO] [stderr]    Compiling rand_chacha v0.3.1
[INFO] [stderr]    Compiling h2 v0.3.18
[INFO] [stderr]    Compiling zenoh-keyexpr v0.7.0-rc (https://github.com/eclipse-zenoh/zenoh?branch=master#2027bbd4)
[INFO] [stderr]    Compiling uhlc v0.5.2
[INFO] [stderr]    Compiling async-std v1.12.0
[INFO] [stderr]    Compiling flume v0.10.14
[INFO] [stderr]    Compiling pnet_macros_support v0.33.0
[INFO] [stderr]    Compiling futures-executor v0.3.28
[INFO] [stderr]    Compiling zenoh-protocol v0.7.0-rc (https://github.com/eclipse-zenoh/zenoh?branch=master#2027bbd4)
[INFO] [stderr]    Compiling pnet_macros v0.33.0
[INFO] [stderr]    Compiling pnet_sys v0.33.0
[INFO] [stderr]    Compiling tinyvec_macros v0.1.1
[INFO] [stderr]    Compiling tinyvec v1.6.0
[INFO] [stderr]    Compiling futures v0.3.28
[INFO] [stderr]    Compiling ipnetwork v0.20.0
[INFO] [stderr]    Compiling rand v0.8.5
[INFO] [stderr]    Compiling form_urlencoded v1.1.0
[INFO] [stderr]    Compiling dirs-sys v0.4.0
[INFO] [stderr]    Compiling termcolor v1.2.0
[INFO] [stderr]    Compiling pnet_packet v0.33.0
[INFO] [stderr]    Compiling zenoh-core v0.7.0-rc (https://github.com/eclipse-zenoh/zenoh?branch=master#2027bbd4)
[INFO] [stderr]    Compiling os_str_bytes v6.5.0
[INFO] [stderr]    Compiling pnet v0.33.0
[INFO] [stderr]    Compiling either v1.8.1
[INFO] [stderr]    Compiling clap_lex v0.2.4
[INFO] [stderr]    Compiling bytes-utils v0.1.3
[INFO] [stderr]    Compiling dirs v5.0.0
[INFO] [stderr]    Compiling pnet_datalink v0.33.0
[INFO] [stderr]    Compiling aws-smithy-eventstream v0.51.0
[INFO] [stderr]    Compiling atty v0.2.14
[INFO] [stderr]    Compiling strsim v0.10.0
[INFO] [stderr]    Compiling ucd-trie v0.1.5
[INFO] [stderr]    Compiling textwrap v0.16.0
[INFO] [stderr]    Compiling hyper v0.14.26
[INFO] [stderr]    Compiling cpufeatures v0.2.7
[INFO] [stderr]    Compiling clap v3.2.24
[INFO] [stderr]    Compiling pest v2.6.0
[INFO] [stderr]    Compiling shellexpand v3.1.0
[INFO] [stderr]    Compiling zenoh-cfg-properties v0.7.0-rc (https://github.com/eclipse-zenoh/zenoh?branch=master#2027bbd4)
[INFO] [stderr]    Compiling libloading v0.7.4
[INFO] [stderr]    Compiling home v0.5.5
[INFO] [stderr]    Compiling zenoh-codec v0.7.0-rc (https://github.com/eclipse-zenoh/zenoh?branch=master#2027bbd4)
[INFO] [stderr]    Compiling unzip-n v0.1.2
[INFO] [stderr]    Compiling serde_json v1.0.96
[INFO] [stderr]    Compiling tower-layer v0.3.2
[INFO] [stderr]    Compiling pest_meta v2.6.0
[INFO] [stderr]    Compiling tower v0.4.13
[INFO] [stderr]    Compiling pnet_transport v0.33.0
[INFO] [stderr]    Compiling zenoh-link-commons v0.7.0-rc (https://github.com/eclipse-zenoh/zenoh?branch=master#2027bbd4)
[INFO] [stderr]    Compiling zenoh-sync v0.7.0-rc (https://github.com/eclipse-zenoh/zenoh?branch=master#2027bbd4)
[INFO] [stderr]    Compiling tokio-rustls v0.23.4
[INFO] [stderr]    Compiling pest_generator v2.6.0
[INFO] [stderr]    Compiling tokio-stream v0.1.14
[INFO] [stderr]    Compiling rustls v0.21.0
[INFO] [stderr]    Compiling zenoh-util v0.7.0-rc (https://github.com/eclipse-zenoh/zenoh?branch=master#2027bbd4)
[INFO] [stderr]    Compiling aws-smithy-async v0.51.0
[INFO] [stderr]    Compiling sha1 v0.10.5
[INFO] [stderr]    Compiling unicode-normalization v0.1.22
[INFO] [stderr]    Compiling rustls-webpki v0.100.1
[INFO] [stderr]    Compiling aws-types v0.51.0
[INFO] [stderr]    Compiling aws-smithy-http v0.51.0
[INFO] [stderr]    Compiling hyper-rustls v0.23.2
[INFO] [stderr]    Compiling byteorder v1.4.3
[INFO] [stderr]    Compiling pest_derive v2.6.0
[INFO] [stderr]    Compiling unicode-bidi v0.3.13
[INFO] [stderr]    Compiling base64ct v1.6.0
[INFO] [stderr]    Compiling aws-smithy-http-tower v0.51.0
[INFO] [stderr]    Compiling aws-smithy-client v0.51.0
[INFO] [stderr]    Compiling json5 v0.4.1
[INFO] [stderr]    Compiling idna v0.3.0
[INFO] [stderr]    Compiling pem-rfc7468 v0.6.0
[INFO] [stderr]    Compiling validated_struct_macros v2.1.0
[INFO] [stderr]    Compiling memoffset v0.7.1
[INFO] [stderr]    Compiling rustc-hash v1.1.0
[INFO] [stderr]    Compiling unsafe-libyaml v0.2.8
[INFO] [stderr]    Compiling quinn-proto v0.9.3
[INFO] [stderr]    Compiling url v2.3.1
[INFO] [stderr]    Compiling serde_yaml v0.9.21
[INFO] [stderr]    Compiling der v0.6.1
[INFO] [stderr]    Compiling validated_struct v2.1.0
[INFO] [stderr]    Compiling num-iter v0.1.43
[INFO] [stderr]    Compiling utf-8 v0.7.6
[INFO] [stderr]    Compiling base64 v0.13.1
[INFO] [stderr]    Compiling spki v0.6.0
[INFO] [stderr]    Compiling tungstenite v0.18.0
[INFO] [stderr]    Compiling inout v0.1.3
[INFO] [stderr]    Compiling zenoh-config v0.7.0-rc (https://github.com/eclipse-zenoh/zenoh?branch=master#2027bbd4)
[INFO] [stderr]    Compiling proc-macro-hack v0.5.20+deprecated
[INFO] [stderr]    Compiling num-bigint-dig v0.8.2
[INFO] [stderr]    Compiling static_assertions v1.1.0
[INFO] [stderr]    Compiling tokio-tungstenite v0.18.0
[INFO] [stderr]    Compiling nix v0.26.2
[INFO] [stderr]    Compiling cipher v0.4.4
[INFO] [stderr]    Compiling quinn-udp v0.3.2
[INFO] [stderr]    Compiling quinn v0.9.3
[INFO] [stderr]    Compiling pkcs8 v0.9.0
[INFO] [stderr]    Compiling async-rustls v0.4.0
[INFO] [stderr]    Compiling aws-sigv4 v0.51.1
[INFO] [stderr]    Compiling webpki-roots v0.22.6
[INFO] [stderr]    Compiling socket2 v0.5.2
[INFO] [stderr]    Compiling zenoh-macros v0.7.0-rc (https://github.com/eclipse-zenoh/zenoh?branch=master#2027bbd4)
[INFO] [stderr]    Compiling keccak v0.1.3
[INFO] [stderr]    Compiling zenoh-link-udp v0.7.0-rc (https://github.com/eclipse-zenoh/zenoh?branch=master#2027bbd4)
[INFO] [stderr]    Compiling aws-sig-auth v0.51.0
[INFO] [stderr]    Compiling sha3 v0.10.7
[INFO] [stderr]    Compiling zenoh-link-tls v0.7.0-rc (https://github.com/eclipse-zenoh/zenoh?branch=master#2027bbd4)
[INFO] [stderr]    Compiling zenoh-link-quic v0.7.0-rc (https://github.com/eclipse-zenoh/zenoh?branch=master#2027bbd4)
[INFO] [stderr]    Compiling zenoh-link-unixsock_stream v0.7.0-rc (https://github.com/eclipse-zenoh/zenoh?branch=master#2027bbd4)
[INFO] [stderr]    Compiling pkcs1 v0.4.1
[INFO] [stderr]    Compiling aes v0.8.2
[INFO] [stderr]    Compiling zenoh-link-ws v0.7.0-rc (https://github.com/eclipse-zenoh/zenoh?branch=master#2027bbd4)
[INFO] [stderr]    Compiling aws-http v0.51.0
[INFO] [stderr]    Compiling aws-endpoint v0.51.0
[INFO] [stderr]    Compiling zenoh-link-tcp v0.7.0-rc (https://github.com/eclipse-zenoh/zenoh?branch=master#2027bbd4)
[INFO] [stderr]    Compiling signature v2.1.0
[INFO] [stderr]    Compiling hmac v0.12.1
[INFO] [stderr]    Compiling crc32c v0.6.3
[INFO] [stderr]    Compiling cache-padded v1.2.0
[INFO] [stderr]    Compiling xmlparser v0.13.5
[INFO] [stderr]    Compiling array-init v2.1.0
[INFO] [stderr]    Compiling ringbuffer-spsc v0.1.9
[INFO] [stderr]    Compiling zenoh-link v0.7.0-rc (https://github.com/eclipse-zenoh/zenoh?branch=master#2027bbd4)
[INFO] [stderr]    Compiling zenoh-crypto v0.7.0-rc (https://github.com/eclipse-zenoh/zenoh?branch=master#2027bbd4)
[INFO] [stderr]    Compiling rsa v0.8.2
[INFO] [stderr]    Compiling git-version-macro v0.3.5
[INFO] [stderr]    Compiling aws-smithy-xml v0.51.0
[INFO] [stderr]    Compiling is-terminal v0.4.7
[INFO] [stderr]    Compiling zenoh v0.7.0-rc (https://github.com/eclipse-zenoh/zenoh?branch=master#2027bbd4)
[INFO] [stderr]    Compiling urlencoding v2.1.2
[INFO] [stderr]    Compiling fixedbitset v0.4.2
[INFO] [stderr]    Compiling aws-smithy-query v0.51.0
[INFO] [stderr]    Compiling zenoh-transport v0.7.0-rc (https://github.com/eclipse-zenoh/zenoh?branch=master#2027bbd4)
[INFO] [stderr]    Compiling env_logger v0.10.0
[INFO] [stderr]    Compiling petgraph v0.6.3
[INFO] [stderr]    Compiling sha2 v0.10.6
[INFO] [stderr]    Compiling aws-smithy-json v0.51.0
[INFO] [stderr]    Compiling git-version v0.3.5
[INFO] [stderr]    Compiling md-5 v0.10.5
[INFO] [stderr]    Compiling stop-token v0.7.0
[INFO] [stderr]    Compiling ordered-float v3.7.0
[INFO] [stderr]    Compiling zenoh-plugin-trait v0.7.0-rc (https://github.com/eclipse-zenoh/zenoh?branch=master#2027bbd4)
[INFO] [stderr]    Compiling convert_case v0.4.0
[INFO] [stderr]    Compiling vec_map v0.8.2
[INFO] [stderr]    Compiling aws-sdk-sso v0.21.0
[INFO] [stderr]    Compiling aws-smithy-checksums v0.51.0
[INFO] [stderr]    Compiling aws-sdk-sts v0.21.0
[INFO] [stderr]    Compiling tokio-rustls v0.24.0
[INFO] [stderr]    Compiling zenoh-backend-s3 v0.7.0-rc (/opt/rustwide/workdir)
[INFO] [stderr]    Compiling aws-sdk-s3 v0.21.0
[INFO] [stderr]    Compiling hyper-rustls v0.24.0
[INFO] [stderr]    Compiling derive_more v0.99.17
[INFO] [stderr]    Compiling aws-config v0.51.0
[INFO] [stderr]    Compiling zenoh_backend_traits v0.7.0-rc (https://github.com/eclipse-zenoh/zenoh?branch=master#2027bbd4)
[INFO] [stderr]     Finished dev [unoptimized + debuginfo] target(s) in 1m 02s
[INFO] running `Command { std: "docker" "inspect" "1ccfa13db8fb67cdee18ce05aa9cfeb6661c2fff3dbf2dc9c6515edcf3be3fc5", kill_on_drop: false }`
[INFO] running `Command { std: "docker" "rm" "-f" "1ccfa13db8fb67cdee18ce05aa9cfeb6661c2fff3dbf2dc9c6515edcf3be3fc5", kill_on_drop: false }`
[INFO] [stdout] 1ccfa13db8fb67cdee18ce05aa9cfeb6661c2fff3dbf2dc9c6515edcf3be3fc5
[INFO] running `Command { std: "docker" "create" "-v" "/var/lib/crater-agent-workspace/builds/worker-6-tc2/target:/opt/rustwide/target:rw,Z" "-v" "/var/lib/crater-agent-workspace/builds/worker-6-tc2/source:/opt/rustwide/workdir:ro,Z" "-v" "/var/lib/crater-agent-workspace/cargo-home:/opt/rustwide/cargo-home:ro,Z" "-v" "/var/lib/crater-agent-workspace/rustup-home:/opt/rustwide/rustup-home:ro,Z" "-e" "SOURCE_DIR=/opt/rustwide/workdir" "-e" "CARGO_TARGET_DIR=/opt/rustwide/target" "-e" "CARGO_INCREMENTAL=0" "-e" "RUST_BACKTRACE=full" "-e" "RUSTFLAGS=--cap-lints=warn" "-e" "RUSTDOCFLAGS=--cap-lints=warn" "-e" "CARGO_HOME=/opt/rustwide/cargo-home" "-e" "RUSTUP_HOME=/opt/rustwide/rustup-home" "-w" "/opt/rustwide/workdir" "-m" "1610612736" "--user" "0:0" "--network" "none" "ghcr.io/rust-lang/crates-build-env/linux@sha256:2788e3201cd34a07e3172128adcd8b3090168a8e3bcc40d7c032b9dda1df7d1c" "/opt/rustwide/cargo-home/bin/cargo" "+beta-2023-12-22" "test" "--frozen" "--no-run" "--message-format=json", kill_on_drop: false }`
[INFO] [stdout] e6fbebe4ac57476bd2f5c91547b53306f5cbcba4e49509d16aa715a13e1b5441
[INFO] running `Command { std: "docker" "start" "-a" "e6fbebe4ac57476bd2f5c91547b53306f5cbcba4e49509d16aa715a13e1b5441", kill_on_drop: false }`
[INFO] [stderr]    Compiling zenoh-backend-s3 v0.7.0-rc (/opt/rustwide/workdir)
[INFO] [stderr]     Finished test [unoptimized + debuginfo] target(s) in 12.57s
[INFO] running `Command { std: "docker" "inspect" "e6fbebe4ac57476bd2f5c91547b53306f5cbcba4e49509d16aa715a13e1b5441", kill_on_drop: false }`
[INFO] running `Command { std: "docker" "rm" "-f" "e6fbebe4ac57476bd2f5c91547b53306f5cbcba4e49509d16aa715a13e1b5441", kill_on_drop: false }`
[INFO] [stdout] e6fbebe4ac57476bd2f5c91547b53306f5cbcba4e49509d16aa715a13e1b5441
[INFO] running `Command { std: "docker" "create" "-v" "/var/lib/crater-agent-workspace/builds/worker-6-tc2/target:/opt/rustwide/target:rw,Z" "-v" "/var/lib/crater-agent-workspace/builds/worker-6-tc2/source:/opt/rustwide/workdir:ro,Z" "-v" "/var/lib/crater-agent-workspace/cargo-home:/opt/rustwide/cargo-home:ro,Z" "-v" "/var/lib/crater-agent-workspace/rustup-home:/opt/rustwide/rustup-home:ro,Z" "-e" "SOURCE_DIR=/opt/rustwide/workdir" "-e" "CARGO_TARGET_DIR=/opt/rustwide/target" "-e" "CARGO_INCREMENTAL=0" "-e" "RUST_BACKTRACE=full" "-e" "RUSTFLAGS=--cap-lints=warn" "-e" "RUSTDOCFLAGS=--cap-lints=warn" "-e" "CARGO_HOME=/opt/rustwide/cargo-home" "-e" "RUSTUP_HOME=/opt/rustwide/rustup-home" "-w" "/opt/rustwide/workdir" "-m" "1610612736" "--user" "0:0" "--network" "none" "ghcr.io/rust-lang/crates-build-env/linux@sha256:2788e3201cd34a07e3172128adcd8b3090168a8e3bcc40d7c032b9dda1df7d1c" "/opt/rustwide/cargo-home/bin/cargo" "+beta-2023-12-22" "test" "--frozen", kill_on_drop: false }`
[INFO] [stdout] f7b7dd2006709c16dc2d0090f4ead6627f8a4677463cc98d53a367d1e2671c16
[INFO] running `Command { std: "docker" "start" "-a" "f7b7dd2006709c16dc2d0090f4ead6627f8a4677463cc98d53a367d1e2671c16", kill_on_drop: false }`
[INFO] [stderr]     Finished test [unoptimized + debuginfo] target(s) in 0.45s
[INFO] [stderr]      Running unittests src/lib.rs (/opt/rustwide/target/debug/deps/zenoh_backend_s3-85a6fe2ed6155a02)
[INFO] [stdout] 
[INFO] [stdout] running 0 tests
[INFO] [stdout] 
[INFO] [stdout] test result: ok. 0 passed; 0 failed; 0 ignored; 0 measured; 0 filtered out; finished in 0.00s
[INFO] [stdout] 
[INFO] [stderr]    Doc-tests zenoh_backend_s3
[INFO] [stdout] 
[INFO] [stdout] running 1 test
[INFO] [stdout] test src/config.rs - config::S3Config (line 51) ... FAILED
[INFO] [stdout] 
[INFO] [stdout] failures:
[INFO] [stdout] 
[INFO] [stdout] ---- src/config.rs - config::S3Config (line 51) stdout ----
[INFO] [stdout] error: struct literal body without path
[INFO] [stdout]   --> src/config.rs:61:17
[INFO] [stdout]    |
[INFO] [stdout] 12 |          private: {
[INFO] [stdout]    |  _________________^
[INFO] [stdout] 13 | |            access_key: "AKIAIOSFODNN7EXAMPLE",
[INFO] [stdout] 14 | |            secret_key: "wJalrXUtnFEMI/K7MDENG/bPxRfiCYEXAMPLEKEY",
[INFO] [stdout] 15 | |        }
[INFO] [stdout]    | |________^
[INFO] [stdout]    |
[INFO] [stdout] help: you might have forgotten to add the struct literal inside the block
[INFO] [stdout]    |
[INFO] [stdout] 12 ~        private: { SomeStruct {
[INFO] [stdout] 13 |            access_key: "AKIAIOSFODNN7EXAMPLE",
[INFO] [stdout] 14 |            secret_key: "wJalrXUtnFEMI/K7MDENG/bPxRfiCYEXAMPLEKEY",
[INFO] [stdout] 15 ~        } }
[INFO] [stdout]    |
[INFO] [stdout] 
[INFO] [stdout] error: struct literal body without path
[INFO] [stdout]   --> src/config.rs:56:14
[INFO] [stdout]    |
[INFO] [stdout] 7  |        volume: {
[INFO] [stdout]    |  ______________^
[INFO] [stdout] 8  | |        id: "s3",
[INFO] [stdout] 9  | |        reuse_bucket: true,
[INFO] [stdout] 10 | |        bucket: "zenoh-test-bucket",
[INFO] [stdout] ...  |
[INFO] [stdout] 15 | |        }
[INFO] [stdout] 16 | |      }
[INFO] [stdout]    | |______^
[INFO] [stdout]    |
[INFO] [stdout] help: you might have forgotten to add the struct literal inside the block
[INFO] [stdout]    |
[INFO] [stdout] 7  ~      volume: { SomeStruct {
[INFO] [stdout] 8  |        id: "s3",
[INFO] [stdout]  ...
[INFO] [stdout] 15 |        }
[INFO] [stdout] 16 ~      } }
[INFO] [stdout]    |
[INFO] [stdout] 
[INFO] [stdout] error: struct literal body without path
[INFO] [stdout]   --> src/config.rs:53:16
[INFO] [stdout]    |
[INFO] [stdout] 4  |      s3_storage: {
[INFO] [stdout]    |  ________________^
[INFO] [stdout] 5  | |      key_expr: "s3/example/*",
[INFO] [stdout] 6  | |      strip_prefix: "s3/example",
[INFO] [stdout] 7  | |      volume: {
[INFO] [stdout] ...  |
[INFO] [stdout] 16 | |      }
[INFO] [stdout] 17 | |    },
[INFO] [stdout]    | |____^
[INFO] [stdout]    |
[INFO] [stdout] help: you might have forgotten to add the struct literal inside the block
[INFO] [stdout]    |
[INFO] [stdout] 4  ~    s3_storage: { SomeStruct {
[INFO] [stdout] 5  |      key_expr: "s3/example/*",
[INFO] [stdout]  ...
[INFO] [stdout] 16 |      }
[INFO] [stdout] 17 ~    } },
[INFO] [stdout]    |
[INFO] [stdout] 
[INFO] [stdout] error: malformed loop label
[INFO] [stdout]  --> src/config.rs:53:4
[INFO] [stdout]   |
[INFO] [stdout] 4 |    s3_storage: {
[INFO] [stdout]   |    ^^^^^^^^^^ help: use the correct loop label format: `'s3_storage`
[INFO] [stdout] 
[INFO] [stdout] error: struct literal body without path
[INFO] [stdout]   --> src/config.rs:52:11
[INFO] [stdout]    |
[INFO] [stdout] 3  |   storages: {
[INFO] [stdout]    |  ___________^
[INFO] [stdout] 4  | |    s3_storage: {
[INFO] [stdout] 5  | |      key_expr: "s3/example/*",
[INFO] [stdout] 6  | |      strip_prefix: "s3/example",
[INFO] [stdout] ...  |
[INFO] [stdout] 17 | |    },
[INFO] [stdout] 18 | |  }
[INFO] [stdout]    | |__^
[INFO] [stdout]    |
[INFO] [stdout] help: you might have forgotten to add the struct literal inside the block
[INFO] [stdout]    |
[INFO] [stdout] 3  ~ storages: { SomeStruct {
[INFO] [stdout] 4  |    s3_storage: {
[INFO] [stdout]  ...
[INFO] [stdout] 17 |    },
[INFO] [stdout] 18 ~  } }
[INFO] [stdout]    |
[INFO] [stdout] 
[INFO] [stdout] error: malformed loop label
[INFO] [stdout]  --> src/config.rs:52:1
[INFO] [stdout]   |
[INFO] [stdout] 3 | storages: {
[INFO] [stdout]   | ^^^^^^^^ help: use the correct loop label format: `'storages`
[INFO] [stdout] 
[INFO] [stdout] error: aborting due to 6 previous errors
[INFO] [stdout] 
[INFO] [stdout] Couldn't compile the test.
[INFO] [stdout] 
[INFO] [stdout] failures:
[INFO] [stdout]     src/config.rs - config::S3Config (line 51)
[INFO] [stdout] 
[INFO] [stdout] test result: FAILED. 0 passed; 1 failed; 0 ignored; 0 measured; 0 filtered out; finished in 0.06s
[INFO] [stdout] 
[INFO] [stderr] error: doctest failed, to rerun pass `--doc`
[INFO] running `Command { std: "docker" "inspect" "f7b7dd2006709c16dc2d0090f4ead6627f8a4677463cc98d53a367d1e2671c16", kill_on_drop: false }`
[INFO] running `Command { std: "docker" "rm" "-f" "f7b7dd2006709c16dc2d0090f4ead6627f8a4677463cc98d53a367d1e2671c16", kill_on_drop: false }`
[INFO] [stdout] f7b7dd2006709c16dc2d0090f4ead6627f8a4677463cc98d53a367d1e2671c16
