[INFO] cloning repository https://github.com/jamesonkunkel/bumpy
[INFO] running `Command { std: "git" "-c" "credential.helper=" "-c" "credential.helper=/workspace/cargo-home/bin/git-credential-null" "clone" "--bare" "https://github.com/jamesonkunkel/bumpy" "/workspace/cache/git-repos/https%3A%2F%2Fgithub.com%2Fjamesonkunkel%2Fbumpy", kill_on_drop: false }`
[INFO] [stderr] Cloning into bare repository '/workspace/cache/git-repos/https%3A%2F%2Fgithub.com%2Fjamesonkunkel%2Fbumpy'...
[INFO] running `Command { std: "git" "rev-parse" "HEAD", kill_on_drop: false }`
[INFO] [stdout] 100d7045b8a62c73c61eca3a1e323fcfe406e1d2
[INFO] testing jamesonkunkel/bumpy against 1.75.0 for beta-1.76-1
[INFO] running `Command { std: "git" "clone" "/workspace/cache/git-repos/https%3A%2F%2Fgithub.com%2Fjamesonkunkel%2Fbumpy" "/workspace/builds/worker-6-tc1/source", kill_on_drop: false }`
[INFO] [stderr] Cloning into '/workspace/builds/worker-6-tc1/source'...
[INFO] [stderr] done.
[INFO] validating manifest of git repo https://github.com/jamesonkunkel/bumpy on toolchain 1.75.0
[INFO] running `Command { std: CARGO_HOME="/workspace/cargo-home" RUSTUP_HOME="/workspace/rustup-home" "/workspace/cargo-home/bin/cargo" "+1.75.0" "metadata" "--manifest-path" "Cargo.toml" "--no-deps", kill_on_drop: false }`
[INFO] started tweaking git repo https://github.com/jamesonkunkel/bumpy
[INFO] finished tweaking git repo https://github.com/jamesonkunkel/bumpy
[INFO] tweaked toml for git repo https://github.com/jamesonkunkel/bumpy written to /workspace/builds/worker-6-tc1/source/Cargo.toml
[INFO] crate git repo https://github.com/jamesonkunkel/bumpy already has a lockfile, it will not be regenerated
[INFO] running `Command { std: CARGO_HOME="/workspace/cargo-home" RUSTUP_HOME="/workspace/rustup-home" "/workspace/cargo-home/bin/cargo" "+1.75.0" "fetch" "--manifest-path" "Cargo.toml", kill_on_drop: false }`
[INFO] running `Command { std: "docker" "create" "-v" "/var/lib/crater-agent-workspace/builds/worker-6-tc1/target:/opt/rustwide/target:rw,Z" "-v" "/var/lib/crater-agent-workspace/builds/worker-6-tc1/source:/opt/rustwide/workdir:ro,Z" "-v" "/var/lib/crater-agent-workspace/cargo-home:/opt/rustwide/cargo-home:ro,Z" "-v" "/var/lib/crater-agent-workspace/rustup-home:/opt/rustwide/rustup-home:ro,Z" "-e" "SOURCE_DIR=/opt/rustwide/workdir" "-e" "CARGO_TARGET_DIR=/opt/rustwide/target" "-e" "CARGO_HOME=/opt/rustwide/cargo-home" "-e" "RUSTUP_HOME=/opt/rustwide/rustup-home" "-w" "/opt/rustwide/workdir" "-m" "1610612736" "--user" "0:0" "--network" "none" "ghcr.io/rust-lang/crates-build-env/linux@sha256:2788e3201cd34a07e3172128adcd8b3090168a8e3bcc40d7c032b9dda1df7d1c" "/opt/rustwide/cargo-home/bin/cargo" "+1.75.0" "metadata" "--no-deps" "--format-version=1", kill_on_drop: false }`
[INFO] [stdout] 62fd7122cd03a594d826222667f4b3752589b2f4640cb147636d13ae34a3c6a3
[INFO] running `Command { std: "docker" "start" "-a" "62fd7122cd03a594d826222667f4b3752589b2f4640cb147636d13ae34a3c6a3", kill_on_drop: false }`
[INFO] running `Command { std: "docker" "inspect" "62fd7122cd03a594d826222667f4b3752589b2f4640cb147636d13ae34a3c6a3", kill_on_drop: false }`
[INFO] running `Command { std: "docker" "rm" "-f" "62fd7122cd03a594d826222667f4b3752589b2f4640cb147636d13ae34a3c6a3", kill_on_drop: false }`
[INFO] [stdout] 62fd7122cd03a594d826222667f4b3752589b2f4640cb147636d13ae34a3c6a3
[INFO] running `Command { std: "docker" "create" "-v" "/var/lib/crater-agent-workspace/builds/worker-6-tc1/target:/opt/rustwide/target:rw,Z" "-v" "/var/lib/crater-agent-workspace/builds/worker-6-tc1/source:/opt/rustwide/workdir:ro,Z" "-v" "/var/lib/crater-agent-workspace/cargo-home:/opt/rustwide/cargo-home:ro,Z" "-v" "/var/lib/crater-agent-workspace/rustup-home:/opt/rustwide/rustup-home:ro,Z" "-e" "SOURCE_DIR=/opt/rustwide/workdir" "-e" "CARGO_TARGET_DIR=/opt/rustwide/target" "-e" "CARGO_INCREMENTAL=0" "-e" "RUST_BACKTRACE=full" "-e" "RUSTFLAGS=--cap-lints=warn" "-e" "RUSTDOCFLAGS=--cap-lints=warn" "-e" "CARGO_HOME=/opt/rustwide/cargo-home" "-e" "RUSTUP_HOME=/opt/rustwide/rustup-home" "-w" "/opt/rustwide/workdir" "-m" "1610612736" "--user" "0:0" "--network" "none" "ghcr.io/rust-lang/crates-build-env/linux@sha256:2788e3201cd34a07e3172128adcd8b3090168a8e3bcc40d7c032b9dda1df7d1c" "/opt/rustwide/cargo-home/bin/cargo" "+1.75.0" "build" "--frozen" "--message-format=json", kill_on_drop: false }`
[INFO] [stdout] c3d86359e5cfbc4667254a7efaa711c07ef03dfdb138a05d9ea473b9bc6cffda
[INFO] running `Command { std: "docker" "start" "-a" "c3d86359e5cfbc4667254a7efaa711c07ef03dfdb138a05d9ea473b9bc6cffda", kill_on_drop: false }`
[INFO] [stderr]    Compiling bumpy v0.0.2 (/opt/rustwide/workdir)
[INFO] [stderr]     Finished dev [unoptimized + debuginfo] target(s) in 0.50s
[INFO] running `Command { std: "docker" "inspect" "c3d86359e5cfbc4667254a7efaa711c07ef03dfdb138a05d9ea473b9bc6cffda", kill_on_drop: false }`
[INFO] running `Command { std: "docker" "rm" "-f" "c3d86359e5cfbc4667254a7efaa711c07ef03dfdb138a05d9ea473b9bc6cffda", kill_on_drop: false }`
[INFO] [stdout] c3d86359e5cfbc4667254a7efaa711c07ef03dfdb138a05d9ea473b9bc6cffda
[INFO] running `Command { std: "docker" "create" "-v" "/var/lib/crater-agent-workspace/builds/worker-6-tc1/target:/opt/rustwide/target:rw,Z" "-v" "/var/lib/crater-agent-workspace/builds/worker-6-tc1/source:/opt/rustwide/workdir:ro,Z" "-v" "/var/lib/crater-agent-workspace/cargo-home:/opt/rustwide/cargo-home:ro,Z" "-v" "/var/lib/crater-agent-workspace/rustup-home:/opt/rustwide/rustup-home:ro,Z" "-e" "SOURCE_DIR=/opt/rustwide/workdir" "-e" "CARGO_TARGET_DIR=/opt/rustwide/target" "-e" "CARGO_INCREMENTAL=0" "-e" "RUST_BACKTRACE=full" "-e" "RUSTFLAGS=--cap-lints=warn" "-e" "RUSTDOCFLAGS=--cap-lints=warn" "-e" "CARGO_HOME=/opt/rustwide/cargo-home" "-e" "RUSTUP_HOME=/opt/rustwide/rustup-home" "-w" "/opt/rustwide/workdir" "-m" "1610612736" "--user" "0:0" "--network" "none" "ghcr.io/rust-lang/crates-build-env/linux@sha256:2788e3201cd34a07e3172128adcd8b3090168a8e3bcc40d7c032b9dda1df7d1c" "/opt/rustwide/cargo-home/bin/cargo" "+1.75.0" "test" "--frozen" "--no-run" "--message-format=json", kill_on_drop: false }`
[INFO] [stdout] 1392a56579bf50d1599ac0c92c03c97c1ba5185ccba0b9ada6bb3a6cddd70f5a
[INFO] running `Command { std: "docker" "start" "-a" "1392a56579bf50d1599ac0c92c03c97c1ba5185ccba0b9ada6bb3a6cddd70f5a", kill_on_drop: false }`
[INFO] [stderr]    Compiling bumpy v0.0.2 (/opt/rustwide/workdir)
[INFO] [stderr]     Finished test [unoptimized + debuginfo] target(s) in 0.28s
[INFO] running `Command { std: "docker" "inspect" "1392a56579bf50d1599ac0c92c03c97c1ba5185ccba0b9ada6bb3a6cddd70f5a", kill_on_drop: false }`
[INFO] running `Command { std: "docker" "rm" "-f" "1392a56579bf50d1599ac0c92c03c97c1ba5185ccba0b9ada6bb3a6cddd70f5a", kill_on_drop: false }`
[INFO] [stdout] 1392a56579bf50d1599ac0c92c03c97c1ba5185ccba0b9ada6bb3a6cddd70f5a
[INFO] running `Command { std: "docker" "create" "-v" "/var/lib/crater-agent-workspace/builds/worker-6-tc1/target:/opt/rustwide/target:rw,Z" "-v" "/var/lib/crater-agent-workspace/builds/worker-6-tc1/source:/opt/rustwide/workdir:ro,Z" "-v" "/var/lib/crater-agent-workspace/cargo-home:/opt/rustwide/cargo-home:ro,Z" "-v" "/var/lib/crater-agent-workspace/rustup-home:/opt/rustwide/rustup-home:ro,Z" "-e" "SOURCE_DIR=/opt/rustwide/workdir" "-e" "CARGO_TARGET_DIR=/opt/rustwide/target" "-e" "CARGO_INCREMENTAL=0" "-e" "RUST_BACKTRACE=full" "-e" "RUSTFLAGS=--cap-lints=warn" "-e" "RUSTDOCFLAGS=--cap-lints=warn" "-e" "CARGO_HOME=/opt/rustwide/cargo-home" "-e" "RUSTUP_HOME=/opt/rustwide/rustup-home" "-w" "/opt/rustwide/workdir" "-m" "1610612736" "--user" "0:0" "--network" "none" "ghcr.io/rust-lang/crates-build-env/linux@sha256:2788e3201cd34a07e3172128adcd8b3090168a8e3bcc40d7c032b9dda1df7d1c" "/opt/rustwide/cargo-home/bin/cargo" "+1.75.0" "test" "--frozen", kill_on_drop: false }`
[INFO] [stdout] d76c34f7c60f0b8878f8c2e66d0dbd0e8e7dfadbb34824ebb4fee84dd6598e97
[INFO] running `Command { std: "docker" "start" "-a" "d76c34f7c60f0b8878f8c2e66d0dbd0e8e7dfadbb34824ebb4fee84dd6598e97", kill_on_drop: false }`
[INFO] [stderr]     Finished test [unoptimized + debuginfo] target(s) in 0.00s
[INFO] [stderr]      Running unittests src/lib.rs (/opt/rustwide/target/debug/deps/bumpy-c8a31f459c1df486)
[INFO] [stdout] 
[INFO] [stdout] running 0 tests
[INFO] [stdout] 
[INFO] [stdout] test result: ok. 0 passed; 0 failed; 0 ignored; 0 measured; 0 filtered out; finished in 0.00s
[INFO] [stdout] 
[INFO] [stdout] 
[INFO] [stderr]      Running unittests src/main.rs (/opt/rustwide/target/debug/deps/bumpy-a3efcf0827af34b1)
[INFO] [stdout] running 0 tests
[INFO] [stderr]    Doc-tests bumpy
[INFO] [stdout] 
[INFO] [stdout] test result: ok. 0 passed; 0 failed; 0 ignored; 0 measured; 0 filtered out; finished in 0.00s
[INFO] [stdout] 
[INFO] [stdout] 
[INFO] [stdout] running 10 tests
[INFO] [stdout] test src/bmp.rs - bmp::Bmp::print_all (line 111) ... ok
[INFO] [stdout] test src/bmp.rs - bmp::Bmp::new (line 35) ... ok
[INFO] [stdout] test src/bmp.rs - bmp::Bmp::build_from_file (line 66) ... ok
[INFO] [stdout] test src/bmp.rs - bmp::Bmp::rotate_90 (line 344) ... FAILED
[INFO] [stdout] test src/bmp.rs - bmp::Bmp::print_all_raw (line 170) ... ok
[INFO] [stdout] test src/bmp.rs - bmp::Bmp::rotate_180 (line 317) ... FAILED
[INFO] [stdout] test src/bmp.rs - bmp::Bmp::flip_hor (line 413) ... FAILED
[INFO] [stdout] test src/bmp.rs - bmp::Bmp::rotate_270 (line 388) ... FAILED
[INFO] [stdout] test src/bmp.rs - bmp::Bmp::write_to_file (line 230) ... FAILED
[INFO] [stdout] test src/bmp.rs - bmp::Bmp::to_greyscale (line 285) ... FAILED
[INFO] [stdout] 
[INFO] [stdout] failures:
[INFO] [stdout] 
[INFO] [stdout] ---- src/bmp.rs - bmp::Bmp::rotate_90 (line 344) stdout ----
[INFO] [stdout] Test executable failed (exit status: 1).
[INFO] [stdout] 
[INFO] [stdout] stderr:
[INFO] [stdout] Error: Os { code: 30, kind: ReadOnlyFilesystem, message: "Read-only file system" }
[INFO] [stdout] 
[INFO] [stdout] 
[INFO] [stdout] ---- src/bmp.rs - bmp::Bmp::rotate_180 (line 317) stdout ----
[INFO] [stdout] Test executable failed (exit status: 1).
[INFO] [stdout] 
[INFO] [stdout] stderr:
[INFO] [stdout] Error: Os { code: 30, kind: ReadOnlyFilesystem, message: "Read-only file system" }
[INFO] [stdout] 
[INFO] [stdout] 
[INFO] [stdout] ---- src/bmp.rs - bmp::Bmp::flip_hor (line 413) stdout ----
[INFO] [stdout] Test executable failed (exit status: 1).
[INFO] [stdout] 
[INFO] [stdout] stderr:
[INFO] [stdout] Error: Os { code: 30, kind: ReadOnlyFilesystem, message: "Read-only file system" }
[INFO] [stdout] 
[INFO] [stdout] 
[INFO] [stdout] ---- src/bmp.rs - bmp::Bmp::rotate_270 (line 388) stdout ----
[INFO] [stdout] Test executable failed (exit status: 1).
[INFO] [stdout] 
[INFO] [stdout] stderr:
[INFO] [stdout] Error: Os { code: 30, kind: ReadOnlyFilesystem, message: "Read-only file system" }
[INFO] [stdout] 
[INFO] [stdout] 
[INFO] [stdout] ---- src/bmp.rs - bmp::Bmp::write_to_file (line 230) stdout ----
[INFO] [stdout] Test executable failed (exit status: 1).
[INFO] [stdout] 
[INFO] [stdout] stderr:
[INFO] [stdout] Error: Os { code: 30, kind: ReadOnlyFilesystem, message: "Read-only file system" }
[INFO] [stdout] 
[INFO] [stdout] 
[INFO] [stdout] ---- src/bmp.rs - bmp::Bmp::to_greyscale (line 285) stdout ----
[INFO] [stdout] Test executable failed (exit status: 1).
[INFO] [stdout] 
[INFO] [stdout] stderr:
[INFO] [stdout] Error: Os { code: 30, kind: ReadOnlyFilesystem, message: "Read-only file system" }
[INFO] [stdout] 
[INFO] [stdout] 
[INFO] [stdout] 
[INFO] [stdout] failures:
[INFO] [stdout]     src/bmp.rs - bmp::Bmp::flip_hor (line 413)
[INFO] [stdout]     src/bmp.rs - bmp::Bmp::rotate_180 (line 317)
[INFO] [stdout]     src/bmp.rs - bmp::Bmp::rotate_270 (line 388)
[INFO] [stdout]     src/bmp.rs - bmp::Bmp::rotate_90 (line 344)
[INFO] [stdout]     src/bmp.rs - bmp::Bmp::to_greyscale (line 285)
[INFO] [stdout]     src/bmp.rs - bmp::Bmp::write_to_file (line 230)
[INFO] [stdout] 
[INFO] [stdout] test result: FAILED. 4 passed; 6 failed; 0 ignored; 0 measured; 0 filtered out; finished in 0.52s
[INFO] [stdout] 
[INFO] [stderr] error: doctest failed, to rerun pass `--doc`
[INFO] running `Command { std: "docker" "inspect" "d76c34f7c60f0b8878f8c2e66d0dbd0e8e7dfadbb34824ebb4fee84dd6598e97", kill_on_drop: false }`
[INFO] running `Command { std: "docker" "rm" "-f" "d76c34f7c60f0b8878f8c2e66d0dbd0e8e7dfadbb34824ebb4fee84dd6598e97", kill_on_drop: false }`
[INFO] [stdout] d76c34f7c60f0b8878f8c2e66d0dbd0e8e7dfadbb34824ebb4fee84dd6598e97
