[INFO] cloning repository https://github.com/jakerdxworks/take_badge
[INFO] running `Command { std: "git" "-c" "credential.helper=" "-c" "credential.helper=/workspace/cargo-home/bin/git-credential-null" "clone" "--bare" "https://github.com/jakerdxworks/take_badge" "/workspace/cache/git-repos/https%3A%2F%2Fgithub.com%2Fjakerdxworks%2Ftake_badge", kill_on_drop: false }`
[INFO] [stderr] Cloning into bare repository '/workspace/cache/git-repos/https%3A%2F%2Fgithub.com%2Fjakerdxworks%2Ftake_badge'...
[INFO] running `Command { std: "git" "rev-parse" "HEAD", kill_on_drop: false }`
[INFO] [stdout] 24d0473c586a1aa02e7bcfb44e4938d096ac898f
[INFO] testing jakerdxworks/take_badge against 1.75.0 for beta-1.76-1
[INFO] running `Command { std: "git" "clone" "/workspace/cache/git-repos/https%3A%2F%2Fgithub.com%2Fjakerdxworks%2Ftake_badge" "/workspace/builds/worker-4-tc1/source", kill_on_drop: false }`
[INFO] [stderr] Cloning into '/workspace/builds/worker-4-tc1/source'...
[INFO] [stderr] done.
[INFO] [stderr] Updating files:  58% (1267/2177)
Updating files:  59% (1285/2177)
Updating files:  60% (1307/2177)
Updating files:  61% (1328/2177)
Updating files:  62% (1350/2177)
Updating files:  63% (1372/2177)
Updating files:  64% (1394/2177)
Updating files:  65% (1416/2177)
Updating files:  66% (1437/2177)
Updating files:  66% (1456/2177)
Updating files:  67% (1459/2177)
Updating files:  68% (1481/2177)
Updating files:  69% (1503/2177)
Updating files:  70% (1524/2177)
Updating files:  71% (1546/2177)
Updating files:  72% (1568/2177)
Updating files:  73% (1590/2177)
Updating files:  74% (1611/2177)
Updating files:  75% (1633/2177)
Updating files:  76% (1655/2177)
Updating files:  77% (1677/2177)
Updating files:  78% (1699/2177)
Updating files:  79% (1720/2177)
Updating files:  80% (1742/2177)
Updating files:  81% (1764/2177)
Updating files:  82% (1786/2177)
Updating files:  83% (1807/2177)
Updating files:  84% (1829/2177)
Updating files:  85% (1851/2177)
Updating files:  86% (1873/2177)
Updating files:  87% (1894/2177)
Updating files:  88% (1916/2177)
Updating files:  89% (1938/2177)
Updating files:  89% (1957/2177)
Updating files:  90% (1960/2177)
Updating files:  91% (1982/2177)
Updating files:  92% (2003/2177)
Updating files:  93% (2025/2177)
Updating files:  94% (2047/2177)
Updating files:  95% (2069/2177)
Updating files:  96% (2090/2177)
Updating files:  97% (2112/2177)
Updating files:  98% (2134/2177)
Updating files:  99% (2156/2177)
Updating files: 100% (2177/2177)
Updating files: 100% (2177/2177), done.
[INFO] validating manifest of git repo https://github.com/jakerdxworks/take_badge on toolchain 1.75.0
[INFO] running `Command { std: CARGO_HOME="/workspace/cargo-home" RUSTUP_HOME="/workspace/rustup-home" "/workspace/cargo-home/bin/cargo" "+1.75.0" "metadata" "--manifest-path" "Cargo.toml" "--no-deps", kill_on_drop: false }`
[INFO] started tweaking git repo https://github.com/jakerdxworks/take_badge
[INFO] finished tweaking git repo https://github.com/jakerdxworks/take_badge
[INFO] tweaked toml for git repo https://github.com/jakerdxworks/take_badge written to /workspace/builds/worker-4-tc1/source/Cargo.toml
[INFO] crate git repo https://github.com/jakerdxworks/take_badge already has a lockfile, it will not be regenerated
[INFO] running `Command { std: CARGO_HOME="/workspace/cargo-home" RUSTUP_HOME="/workspace/rustup-home" "/workspace/cargo-home/bin/cargo" "+1.75.0" "fetch" "--manifest-path" "Cargo.toml", kill_on_drop: false }`
[INFO] [stderr]     Updating git repository `https://github.com/radixdlt/radixdlt-scrypto`
[INFO] [stderr]     Blocking waiting for file lock on package cache
[INFO] [stderr]  Downloading crates ...
[INFO] [stderr]   Downloaded wabt v0.10.0
[INFO] [stderr]   Downloaded wasmi v0.11.0
[INFO] [stderr]   Downloaded secp256k1 v0.24.1
[INFO] running `Command { std: "docker" "create" "-v" "/var/lib/crater-agent-workspace/builds/worker-4-tc1/target:/opt/rustwide/target:rw,Z" "-v" "/var/lib/crater-agent-workspace/builds/worker-4-tc1/source:/opt/rustwide/workdir:ro,Z" "-v" "/var/lib/crater-agent-workspace/cargo-home:/opt/rustwide/cargo-home:ro,Z" "-v" "/var/lib/crater-agent-workspace/rustup-home:/opt/rustwide/rustup-home:ro,Z" "-e" "SOURCE_DIR=/opt/rustwide/workdir" "-e" "CARGO_TARGET_DIR=/opt/rustwide/target" "-e" "CARGO_HOME=/opt/rustwide/cargo-home" "-e" "RUSTUP_HOME=/opt/rustwide/rustup-home" "-w" "/opt/rustwide/workdir" "-m" "1610612736" "--user" "0:0" "--network" "none" "ghcr.io/rust-lang/crates-build-env/linux@sha256:2788e3201cd34a07e3172128adcd8b3090168a8e3bcc40d7c032b9dda1df7d1c" "/opt/rustwide/cargo-home/bin/cargo" "+1.75.0" "metadata" "--no-deps" "--format-version=1", kill_on_drop: false }`
[INFO] [stdout] b12bee727c182e4ee634813b90e7772d317cc2464732c98e8f9266014cd7a51b
[INFO] running `Command { std: "docker" "start" "-a" "b12bee727c182e4ee634813b90e7772d317cc2464732c98e8f9266014cd7a51b", kill_on_drop: false }`
[INFO] running `Command { std: "docker" "inspect" "b12bee727c182e4ee634813b90e7772d317cc2464732c98e8f9266014cd7a51b", kill_on_drop: false }`
[INFO] running `Command { std: "docker" "rm" "-f" "b12bee727c182e4ee634813b90e7772d317cc2464732c98e8f9266014cd7a51b", kill_on_drop: false }`
[INFO] [stdout] b12bee727c182e4ee634813b90e7772d317cc2464732c98e8f9266014cd7a51b
[INFO] running `Command { std: "docker" "create" "-v" "/var/lib/crater-agent-workspace/builds/worker-4-tc1/target:/opt/rustwide/target:rw,Z" "-v" "/var/lib/crater-agent-workspace/builds/worker-4-tc1/source:/opt/rustwide/workdir:ro,Z" "-v" "/var/lib/crater-agent-workspace/cargo-home:/opt/rustwide/cargo-home:ro,Z" "-v" "/var/lib/crater-agent-workspace/rustup-home:/opt/rustwide/rustup-home:ro,Z" "-e" "SOURCE_DIR=/opt/rustwide/workdir" "-e" "CARGO_TARGET_DIR=/opt/rustwide/target" "-e" "CARGO_INCREMENTAL=0" "-e" "RUST_BACKTRACE=full" "-e" "RUSTFLAGS=--cap-lints=warn" "-e" "RUSTDOCFLAGS=--cap-lints=warn" "-e" "CARGO_HOME=/opt/rustwide/cargo-home" "-e" "RUSTUP_HOME=/opt/rustwide/rustup-home" "-w" "/opt/rustwide/workdir" "-m" "1610612736" "--user" "0:0" "--network" "none" "ghcr.io/rust-lang/crates-build-env/linux@sha256:2788e3201cd34a07e3172128adcd8b3090168a8e3bcc40d7c032b9dda1df7d1c" "/opt/rustwide/cargo-home/bin/cargo" "+1.75.0" "build" "--frozen" "--message-format=json", kill_on_drop: false }`
[INFO] [stdout] a86ae3ec72635da3f541b70b76c885c70967aff361aec14dee209492747bde6f
[INFO] running `Command { std: "docker" "start" "-a" "a86ae3ec72635da3f541b70b76c885c70967aff361aec14dee209492747bde6f", kill_on_drop: false }`
[INFO] [stderr]    Compiling proc-macro2 v1.0.47
[INFO] [stderr]    Compiling unicode-ident v1.0.5
[INFO] [stderr]    Compiling quote v1.0.21
[INFO] [stderr]    Compiling syn v1.0.104
[INFO] [stderr]    Compiling libc v0.2.137
[INFO] [stderr]    Compiling autocfg v1.1.0
[INFO] [stderr]    Compiling cfg-if v1.0.0
[INFO] [stderr]    Compiling serde_derive v1.0.148
[INFO] [stderr]    Compiling typenum v1.15.0
[INFO] [stderr]    Compiling version_check v0.9.4
[INFO] [stderr]    Compiling serde v1.0.148
[INFO] [stderr]    Compiling serde_json v1.0.89
[INFO] [stderr]    Compiling ryu v1.0.11
[INFO] [stderr]    Compiling num-traits v0.2.15
[INFO] [stderr]    Compiling generic-array v0.14.6
[INFO] [stderr]    Compiling num-integer v0.1.45
[INFO] [stderr]    Compiling num-bigint v0.4.3
[INFO] [stderr]    Compiling itoa v1.0.4
[INFO] [stderr]    Compiling cpufeatures v0.2.5
[INFO] [stderr]    Compiling keccak v0.1.3
[INFO] [stderr]    Compiling paste v1.0.9
[INFO] [stderr]    Compiling hex v0.4.3
[INFO] [stderr]    Compiling getrandom v0.2.8
[INFO] [stderr]    Compiling uuid v1.2.2
[INFO] [stderr]    Compiling forward_ref v1.0.0
[INFO] [stderr]    Compiling bech32 v0.9.1
[INFO] [stderr]    Compiling once_cell v1.16.0
[INFO] [stderr]    Compiling block-buffer v0.10.3
[INFO] [stderr]    Compiling crypto-common v0.1.6
[INFO] [stderr]    Compiling digest v0.10.6
[INFO] [stderr]    Compiling sha2 v0.10.6
[INFO] [stderr]    Compiling sha3 v0.10.6
[INFO] [stderr]    Compiling sbor-derive v0.6.0 (https://github.com/radixdlt/radixdlt-scrypto?tag=v0.6.0#f4c41985)
[INFO] [stderr]    Compiling sbor v0.6.0 (https://github.com/radixdlt/radixdlt-scrypto?tag=v0.6.0#f4c41985)
[INFO] [stderr]    Compiling scrypto-abi v0.6.0 (https://github.com/radixdlt/radixdlt-scrypto?tag=v0.6.0#f4c41985)
[INFO] [stderr]    Compiling scrypto-derive v0.6.0 (https://github.com/radixdlt/radixdlt-scrypto?tag=v0.6.0#f4c41985)
[INFO] [stderr]    Compiling scrypto v0.6.0 (https://github.com/radixdlt/radixdlt-scrypto?tag=v0.6.0#f4c41985)
[INFO] [stderr]    Compiling take_badge v0.1.0 (/opt/rustwide/workdir)
[INFO] [stderr]     Finished dev [unoptimized + debuginfo] target(s) in 30.85s
[INFO] running `Command { std: "docker" "inspect" "a86ae3ec72635da3f541b70b76c885c70967aff361aec14dee209492747bde6f", kill_on_drop: false }`
[INFO] running `Command { std: "docker" "rm" "-f" "a86ae3ec72635da3f541b70b76c885c70967aff361aec14dee209492747bde6f", kill_on_drop: false }`
[INFO] [stdout] a86ae3ec72635da3f541b70b76c885c70967aff361aec14dee209492747bde6f
[INFO] running `Command { std: "docker" "create" "-v" "/var/lib/crater-agent-workspace/builds/worker-4-tc1/target:/opt/rustwide/target:rw,Z" "-v" "/var/lib/crater-agent-workspace/builds/worker-4-tc1/source:/opt/rustwide/workdir:ro,Z" "-v" "/var/lib/crater-agent-workspace/cargo-home:/opt/rustwide/cargo-home:ro,Z" "-v" "/var/lib/crater-agent-workspace/rustup-home:/opt/rustwide/rustup-home:ro,Z" "-e" "SOURCE_DIR=/opt/rustwide/workdir" "-e" "CARGO_TARGET_DIR=/opt/rustwide/target" "-e" "CARGO_INCREMENTAL=0" "-e" "RUST_BACKTRACE=full" "-e" "RUSTFLAGS=--cap-lints=warn" "-e" "RUSTDOCFLAGS=--cap-lints=warn" "-e" "CARGO_HOME=/opt/rustwide/cargo-home" "-e" "RUSTUP_HOME=/opt/rustwide/rustup-home" "-w" "/opt/rustwide/workdir" "-m" "1610612736" "--user" "0:0" "--network" "none" "ghcr.io/rust-lang/crates-build-env/linux@sha256:2788e3201cd34a07e3172128adcd8b3090168a8e3bcc40d7c032b9dda1df7d1c" "/opt/rustwide/cargo-home/bin/cargo" "+1.75.0" "test" "--frozen" "--no-run" "--message-format=json", kill_on_drop: false }`
[INFO] [stdout] 7be066db9309fa269a2ae2aa751cc6b50a2e8894fc0ed471d402e605ee218733
[INFO] running `Command { std: "docker" "start" "-a" "7be066db9309fa269a2ae2aa751cc6b50a2e8894fc0ed471d402e605ee218733", kill_on_drop: false }`
[INFO] [stderr]    Compiling syn v1.0.104
[INFO] [stderr]    Compiling libc v0.2.137
[INFO] [stderr]    Compiling serde v1.0.148
[INFO] [stderr]    Compiling cc v1.0.77
[INFO] [stderr]    Compiling num-traits v0.2.15
[INFO] [stderr]    Compiling num-integer v0.1.45
[INFO] [stderr]    Compiling getrandom v0.1.16
[INFO] [stderr]    Compiling num-bigint v0.4.3
[INFO] [stderr]    Compiling itoa v1.0.4
[INFO] [stderr]    Compiling strsim v0.10.0
[INFO] [stderr]    Compiling ryu v1.0.11
[INFO] [stderr]    Compiling proc-macro-error-attr v1.0.4
[INFO] [stderr]    Compiling fnv v1.0.7
[INFO] [stderr]    Compiling unicode-xid v0.2.4
[INFO] [stderr]    Compiling ident_case v1.0.1
[INFO] [stderr]    Compiling proc-macro-error v1.0.4
[INFO] [stderr]    Compiling digest v0.9.0
[INFO] [stderr]    Compiling getrandom v0.2.8
[INFO] [stderr]    Compiling indexmap v1.9.2
[INFO] [stderr]    Compiling uuid v1.2.2
[INFO] [stderr]    Compiling rand_core v0.5.1
[INFO] [stderr]    Compiling ppv-lite86 v0.2.17
[INFO] [stderr]    Compiling once_cell v1.16.0
[INFO] [stderr]    Compiling secp256k1-sys v0.6.1
[INFO] [stderr]    Compiling atty v0.2.14
[INFO] [stderr]    Compiling cmake v0.1.49
[INFO] [stderr]    Compiling block-buffer v0.9.0
[INFO] [stderr]    Compiling num-rational v0.4.1
[INFO] [stderr]    Compiling parity-wasm v0.42.2
[INFO] [stderr]    Compiling byteorder v1.4.3
[INFO] [stderr]    Compiling rand_chacha v0.2.2
[INFO] [stderr]    Compiling subtle v2.4.1
[INFO] [stderr]    Compiling libm v0.2.6
[INFO] [stderr]    Compiling os_str_bytes v6.4.1
[INFO] [stderr]    Compiling hashbrown v0.12.3
[INFO] [stderr]    Compiling opaque-debug v0.3.0
[INFO] [stderr]    Compiling heck v0.4.0
[INFO] [stderr]    Compiling signature v1.6.4
[INFO] [stderr]    Compiling ed25519 v1.5.2
[INFO] [stderr]    Compiling clap_lex v0.2.4
[INFO] [stderr]    Compiling sha2 v0.9.9
[INFO] [stderr]    Compiling wabt-sys v0.8.0
[INFO] [stderr]    Compiling rand v0.7.3
[INFO] [stderr]    Compiling bitflags v1.3.2
[INFO] [stderr]    Compiling termcolor v1.1.3
[INFO] [stderr]    Compiling textwrap v0.16.0
[INFO] [stderr]    Compiling serde_json v1.0.89
[INFO] [stderr]    Compiling wasmi-validation v0.4.1
[INFO] [stderr]    Compiling memory_units v0.3.0
[INFO] [stderr]    Compiling downcast-rs v1.2.0
[INFO] [stderr]    Compiling colored v2.0.0
[INFO] [stderr]    Compiling wasm-instrument v0.1.1
[INFO] [stderr]    Compiling wasmi v0.11.0
[INFO] [stderr]    Compiling darling_core v0.14.2
[INFO] [stderr]    Compiling synstructure v0.12.6
[INFO] [stderr]    Compiling secp256k1 v0.24.1
[INFO] [stderr]    Compiling serde_derive v1.0.148
[INFO] [stderr]    Compiling sbor-derive v0.6.0 (https://github.com/radixdlt/radixdlt-scrypto?tag=v0.6.0#f4c41985)
[INFO] [stderr]    Compiling zeroize_derive v1.3.2
[INFO] [stderr]    Compiling clap_derive v3.2.18
[INFO] [stderr]    Compiling zeroize v1.3.0
[INFO] [stderr]    Compiling curve25519-dalek v3.2.1
[INFO] [stderr]    Compiling darling_macro v0.14.2
[INFO] [stderr]    Compiling darling v0.14.2
[INFO] [stderr]    Compiling serde_with_macros v2.1.0
[INFO] [stderr]    Compiling clap v3.2.23
[INFO] [stderr]    Compiling hex v0.4.3
[INFO] [stderr]    Compiling sbor v0.6.0 (https://github.com/radixdlt/radixdlt-scrypto?tag=v0.6.0#f4c41985)
[INFO] [stderr]    Compiling ed25519-dalek v1.0.1
[INFO] [stderr]    Compiling serde_with v2.1.0
[INFO] [stderr]    Compiling scrypto-abi v0.6.0 (https://github.com/radixdlt/radixdlt-scrypto?tag=v0.6.0#f4c41985)
[INFO] [stderr]    Compiling scrypto-derive v0.6.0 (https://github.com/radixdlt/radixdlt-scrypto?tag=v0.6.0#f4c41985)
[INFO] [stderr]    Compiling scrypto v0.6.0 (https://github.com/radixdlt/radixdlt-scrypto?tag=v0.6.0#f4c41985)
[INFO] [stderr]    Compiling transaction v0.6.0 (https://github.com/radixdlt/radixdlt-scrypto?tag=v0.6.0#f4c41985)
[INFO] [stderr]    Compiling take_badge v0.1.0 (/opt/rustwide/workdir)
[INFO] [stderr]    Compiling radix-engine v0.6.0 (https://github.com/radixdlt/radixdlt-scrypto?tag=v0.6.0#f4c41985)
[INFO] [stderr]    Compiling wabt v0.10.0
[INFO] [stderr]    Compiling scrypto-unit v0.6.0 (https://github.com/radixdlt/radixdlt-scrypto?tag=v0.6.0#f4c41985)
[INFO] [stderr]     Finished test [unoptimized + debuginfo] target(s) in 2m 27s
[INFO] running `Command { std: "docker" "inspect" "7be066db9309fa269a2ae2aa751cc6b50a2e8894fc0ed471d402e605ee218733", kill_on_drop: false }`
[INFO] running `Command { std: "docker" "rm" "-f" "7be066db9309fa269a2ae2aa751cc6b50a2e8894fc0ed471d402e605ee218733", kill_on_drop: false }`
[INFO] [stdout] 7be066db9309fa269a2ae2aa751cc6b50a2e8894fc0ed471d402e605ee218733
[INFO] running `Command { std: "docker" "create" "-v" "/var/lib/crater-agent-workspace/builds/worker-4-tc1/target:/opt/rustwide/target:rw,Z" "-v" "/var/lib/crater-agent-workspace/builds/worker-4-tc1/source:/opt/rustwide/workdir:ro,Z" "-v" "/var/lib/crater-agent-workspace/cargo-home:/opt/rustwide/cargo-home:ro,Z" "-v" "/var/lib/crater-agent-workspace/rustup-home:/opt/rustwide/rustup-home:ro,Z" "-e" "SOURCE_DIR=/opt/rustwide/workdir" "-e" "CARGO_TARGET_DIR=/opt/rustwide/target" "-e" "CARGO_INCREMENTAL=0" "-e" "RUST_BACKTRACE=full" "-e" "RUSTFLAGS=--cap-lints=warn" "-e" "RUSTDOCFLAGS=--cap-lints=warn" "-e" "CARGO_HOME=/opt/rustwide/cargo-home" "-e" "RUSTUP_HOME=/opt/rustwide/rustup-home" "-w" "/opt/rustwide/workdir" "-m" "1610612736" "--user" "0:0" "--network" "none" "ghcr.io/rust-lang/crates-build-env/linux@sha256:2788e3201cd34a07e3172128adcd8b3090168a8e3bcc40d7c032b9dda1df7d1c" "/opt/rustwide/cargo-home/bin/cargo" "+1.75.0" "test" "--frozen", kill_on_drop: false }`
[INFO] [stdout] 2a9a9f036b0df5311270644a5193f5ed08b7e4e998c91842852d0f9a62a90f03
[INFO] running `Command { std: "docker" "start" "-a" "2a9a9f036b0df5311270644a5193f5ed08b7e4e998c91842852d0f9a62a90f03", kill_on_drop: false }`
[INFO] [stderr]     Finished test [unoptimized + debuginfo] target(s) in 0.22s
[INFO] [stderr]      Running unittests src/lib.rs (/opt/rustwide/target/debug/deps/take_badge-2f3f28bac88dc16f)
[INFO] [stdout] 
[INFO] [stdout] running 0 tests
[INFO] [stdout] 
[INFO] [stdout] test result: ok. 0 passed; 0 failed; 0 ignored; 0 measured; 0 filtered out; finished in 0.00s
[INFO] [stdout] 
[INFO] [stderr]      Running tests/lib.rs (/opt/rustwide/target/debug/deps/lib-db98c85237ef19ab)
[INFO] [stdout] 
[INFO] [stdout] running 1 test
[INFO] [stderr]    Compiling proc-macro2 v1.0.47
[INFO] [stderr]    Compiling quote v1.0.21
[INFO] [stderr]    Compiling unicode-ident v1.0.5
[INFO] [stderr]    Compiling syn v1.0.104
[INFO] [stderr]    Compiling libc v0.2.137
[INFO] [stderr]    Compiling autocfg v1.1.0
[INFO] [stderr]    Compiling cfg-if v1.0.0
[INFO] [stderr]    Compiling serde_derive v1.0.148
[INFO] [stderr]    Compiling typenum v1.15.0
[INFO] [stderr]    Compiling version_check v0.9.4
[INFO] [stderr]    Compiling serde v1.0.148
[INFO] [stderr]    Compiling serde_json v1.0.89
[INFO] [stderr]    Compiling ryu v1.0.11
[INFO] [stderr]    Compiling generic-array v0.14.6
[INFO] [stderr]    Compiling num-traits v0.2.15
[INFO] [stderr]    Compiling num-integer v0.1.45
[INFO] [stderr]    Compiling num-bigint v0.4.3
[INFO] [stderr]    Compiling itoa v1.0.4
[INFO] [stderr]    Compiling keccak v0.1.3
[INFO] [stderr] error[E0463]: can't find crate for `core`
[INFO] [stderr]   |
[INFO] [stderr]   = note: the `wasm32-unknown-unknown` target may not be installed
[INFO] [stderr]   = help: consider downloading the target with `rustup target add wasm32-unknown-unknown`
[INFO] [stderr] 
[INFO] [stderr] error[E0463]: can't find crate for `compiler_builtins`
[INFO] [stderr] 
[INFO] [stderr] error: cannot find macro `panic` in this scope
[INFO] [stderr]    --> /opt/rustwide/cargo-home/registry/src/index.crates.io-6f17d22bba15001f/keccak-0.1.3/src/lib.rs:200:9
[INFO] [stderr]     |
[INFO] [stderr] 200 |         panic!("A round_count greater than KECCAK_F_ROUND_COUNT is not supported!");
[INFO] [stderr]     |         ^^^^^
[INFO] [stderr] 
[INFO] [stderr] error[E0405]: cannot find trait `Copy` in this scope
[INFO] [stderr]   --> /opt/rustwide/cargo-home/registry/src/index.crates.io-6f17d22bba15001f/keccak-0.1.3/src/lib.rs:96:5
[INFO] [stderr]    |
[INFO] [stderr] 96 |     Copy
[INFO] [stderr]    |     ^^^^ not found in this scope
[INFO] [stderr] 
[INFO] [stderr] error[E0405]: cannot find trait `Clone` in this scope
[INFO] [stderr]   --> /opt/rustwide/cargo-home/registry/src/index.crates.io-6f17d22bba15001f/keccak-0.1.3/src/lib.rs:97:7
[INFO] [stderr]    |
[INFO] [stderr] 97 |     + Clone
[INFO] [stderr]    |       ^^^^^ not found in this scope
[INFO] [stderr] 
[INFO] [stderr] error[E0405]: cannot find trait `Default` in this scope
[INFO] [stderr]   --> /opt/rustwide/cargo-home/registry/src/index.crates.io-6f17d22bba15001f/keccak-0.1.3/src/lib.rs:99:7
[INFO] [stderr]    |
[INFO] [stderr] 99 |     + Default
[INFO] [stderr]    |       ^^^^^^^ not found in this scope
[INFO] [stderr] 
[INFO] [stderr] error[E0405]: cannot find trait `PartialEq` in this scope
[INFO] [stderr]    --> /opt/rustwide/cargo-home/registry/src/index.crates.io-6f17d22bba15001f/keccak-0.1.3/src/lib.rs:100:7
[INFO] [stderr]     |
[INFO] [stderr] 100 |     + PartialEq
[INFO] [stderr]     |       ^^^^^^^^^ not found in this scope
[INFO] [stderr] 
[INFO] [stderr] Some errors have detailed explanations: E0405, E0463.
[INFO] [stderr] For more information about an error, try `rustc --explain E0405`.
[INFO] [stderr] error: could not compile `keccak` (lib) due to 7 previous errors
[INFO] [stderr] warning: build failed, waiting for other jobs to finish...
[INFO] [stderr] For more information about this error, try `rustc --explain E0463`.
[INFO] [stderr] error: could not compile `cfg-if` (lib) due to 2 previous errors
[INFO] [stdout] test test_hello ... FAILED
[INFO] [stdout] 
[INFO] [stdout] failures:
[INFO] [stdout] 
[INFO] [stdout] ---- test_hello stdout ----
[INFO] [stdout] ------------------------------Transaction Metadata------------------------------
[INFO] [stdout] Transaction hash: a35528d8ff14477b7d1865995a1ebdd94aea62c09a9682ffb36008bf1e35d402
[INFO] [stdout] Transaction proofs: []
[INFO] [stdout] Number of unique blobs: 0
[INFO] [stdout] ------------------------------Engine Execution Log------------------------------
[INFO] [stdout] [0] Invoking function: fn = Native(TransactionProcessor(Run)), buckets = {}, proofs = {}
[INFO] [stdout]     [1] Creating node: node = Worktop(Worktop { containers: {} })
[INFO] [stdout]     [1] Reading substate: substate_id = ComponentInfo(system_sim1qsqqqqqqqqqqqqqqqqqqqqqqqqqqqqqqqqqqqqqqqqqs9fh54n)
[INFO] [stdout]     [1] Invoking method: fn = Scrypto { package_address: package_sim1qyqqqqqqqqqqqqqqqqqqqqqqqqqqqqqqqqqqqqqqqqqsnznk7n, blueprint_name: "SysFaucet", ident: "lock_fee" }, buckets = {}, proofs = {}
[INFO] [stdout]         [2] Reading substate: substate_id = ComponentState(system_sim1qsqqqqqqqqqqqqqqqqqqqqqqqqqqqqqqqqqqqqqqqqqs9fh54n)
[INFO] [stdout]         [2] Invoking method: fn = Native(Vault(LockFee)), buckets = {}, proofs = {}
[INFO] [stdout]             [3] Borrowing substate: substate_id = Vault((0000000000000000000000000000000000000000000000000000000000000000, 0))
[INFO] [stdout]             [3] Returning substate: substate_ref = Track(Vault((0000000000000000000000000000000000000000000000000000000000000000, 0)), Vault(Vault { container: RefCell { value: Fungible { resource_address: resource_sim1qqqqqqqqqqqqqqqqqqqqqqqqqqqqqqqqqqqqqqqqqqzqu57yag, divisibility: 18, locked_amounts: {}, liquid_amount: 999999999900.00000025 } } }))
[INFO] [stdout]         [2] Exiting method: output = ()
[INFO] [stdout]         [2] Writing substate: substate_id = ComponentState(system_sim1qsqqqqqqqqqqqqqqqqqqqqqqqqqqqqqqqqqqqqqqqqqs9fh54n), value = Struct(Vault("000000000000000000000000000000000000000000000000000000000000000000000000"), KeyValueStore("000000000000000000000000000000000000000000000000000000000000000001000000"))
[INFO] [stdout]     [1] Exiting method: output = ()
[INFO] [stdout]     [1] Reading substate: substate_id = ComponentInfo(system_sim1qsqqqqqqqqqqqqqqqqqqqqqqqqqqqqqqqqqqqqqqqqqs9fh54n)
[INFO] [stdout]     [1] Invoking method: fn = Scrypto { package_address: package_sim1qyqqqqqqqqqqqqqqqqqqqqqqqqqqqqqqqqqqqqqqqqqsnznk7n, blueprint_name: "SysFaucet", ident: "free_xrd" }, buckets = {}, proofs = {}
[INFO] [stdout]         [2] Reading substate: substate_id = ComponentState(system_sim1qsqqqqqqqqqqqqqqqqqqqqqqqqqqqqqqqqqqqqqqqqqs9fh54n)
[INFO] [stdout]         [2] Invoking method: fn = Native(System(GetTransactionHash)), buckets = {}, proofs = {}
[INFO] [stdout]             [3] Reading transaction hash
[INFO] [stdout]         [2] Exiting method: output = Hash("a35528d8ff14477b7d1865995a1ebdd94aea62c09a9682ffb36008bf1e35d402")
[INFO] [stdout]         [2] Invoking method: fn = Native(System(GetCurrentEpoch)), buckets = {}, proofs = {}
[INFO] [stdout]             [3] Borrowing node: node_id = System
[INFO] [stdout]         [2] Exiting method: output = 0u64
[INFO] [stdout]         [2] Reading substate: substate_id = KeyValueStoreEntry((0000000000000000000000000000000000000000000000000000000000000000, 1), [144, 32, 0, 0, 0, 163, 85, 40, 216, 255, 20, 71, 123, 125, 24, 101, 153, 90, 30, 189, 217, 74, 234, 98, 192, 154, 150, 130, 255, 179, 96, 8, 191, 30, 53, 212, 2])
[INFO] [stdout]         [2] Writing substate: substate_id = KeyValueStoreEntry((0000000000000000000000000000000000000000000000000000000000000000, 1), [144, 32, 0, 0, 0, 163, 85, 40, 216, 255, 20, 71, 123, 125, 24, 101, 153, 90, 30, 189, 217, 74, 234, 98, 192, 154, 150, 130, 255, 179, 96, 8, 191, 30, 53, 212, 2]), value = 0u64
[INFO] [stdout]         [2] Invoking method: fn = Native(Vault(Take)), buckets = {}, proofs = {}
[INFO] [stdout]             [3] Borrowing substate: substate_id = Vault((0000000000000000000000000000000000000000000000000000000000000000, 0))
[INFO] [stdout]             [3] Creating node: node = Bucket(Bucket { container: RefCell { value: Fungible { resource_address: resource_sim1qqqqqqqqqqqqqqqqqqqqqqqqqqqqqqqqqqqqqqqqqqzqu57yag, divisibility: 18, locked_amounts: {}, liquid_amount: 1000 } } })
[INFO] [stdout]             [3] Returning substate: substate_ref = Track(Vault((0000000000000000000000000000000000000000000000000000000000000000, 0)), Vault(Vault { container: RefCell { value: Fungible { resource_address: resource_sim1qqqqqqqqqqqqqqqqqqqqqqqqqqqqqqqqqqqqqqqqqqzqu57yag, divisibility: 18, locked_amounts: {}, liquid_amount: 999999998900.00000025 } } }))
[INFO] [stdout]         [2] Exiting method: output = Bucket(1024u32)
[INFO] [stdout]         [2] Writing substate: substate_id = ComponentState(system_sim1qsqqqqqqqqqqqqqqqqqqqqqqqqqqqqqqqqqqqqqqqqqs9fh54n), value = Struct(Vault("000000000000000000000000000000000000000000000000000000000000000000000000"), KeyValueStore("000000000000000000000000000000000000000000000000000000000000000001000000"))
[INFO] [stdout]     [1] Exiting method: output = Bucket(1024u32)
[INFO] [stdout]     [1] Invoking method: fn = Native(Worktop(Put)), buckets = {1024: SborPath([0])}, proofs = {}
[INFO] [stdout]         [2] Borrowing substate: substate_id = Worktop
[INFO] [stdout]         [2] Dropping node: node_id = Bucket(1024)
[INFO] [stdout]         [2] Returning substate: substate_ref = Stack(HeapRootRENode { root: Worktop(Worktop { containers: {resource_sim1qqqqqqqqqqqqqqqqqqqqqqqqqqqqqqqqqqqqqqqqqqzqu57yag: RefCell { value: Fungible { resource_address: resource_sim1qqqqqqqqqqqqqqqqqqqqqqqqqqqqqqqqqqqqqqqqqqzqu57yag, divisibility: 18, locked_amounts: {}, liquid_amount: 1000 } }} }), child_nodes: {} }, 1, Worktop, None)
[INFO] [stdout]     [1] Exiting method: output = ()
[INFO] [stdout]     [1] Invoking method: fn = Native(Worktop(TakeAll)), buckets = {}, proofs = {}
[INFO] [stdout]         [2] Borrowing substate: substate_id = Worktop
[INFO] [stdout]         [2] Creating node: node = Bucket(Bucket { container: RefCell { value: Fungible { resource_address: resource_sim1qqqqqqqqqqqqqqqqqqqqqqqqqqqqqqqqqqqqqqqqqqzqu57yag, divisibility: 18, locked_amounts: {}, liquid_amount: 1000 } } })
[INFO] [stdout]         [2] Returning substate: substate_ref = Stack(HeapRootRENode { root: Worktop(Worktop { containers: {resource_sim1qqqqqqqqqqqqqqqqqqqqqqqqqqqqqqqqqqqqqqqqqqzqu57yag: RefCell { value: Fungible { resource_address: resource_sim1qqqqqqqqqqqqqqqqqqqqqqqqqqqqqqqqqqqqqqqqqqzqu57yag, divisibility: 18, locked_amounts: {}, liquid_amount: 0 } }} }), child_nodes: {} }, 1, Worktop, None)
[INFO] [stdout]     [1] Exiting method: output = Bucket(1025u32)
[INFO] [stdout]     [1] Invoking function: fn = Scrypto { package_address: package_sim1qyqqqqqqqqqqqqqqqqqqqqqqqqqqqqqqqqqqqqqqqqpsuluv44, blueprint_name: "Account", ident: "new_with_resource" }, buckets = {1025: SborPath([1])}, proofs = {}
[INFO] [stdout]         [2] Creating node: node = KeyValueStore(HeapKeyValueStore { store: {} })
[INFO] [stdout]         [2] Creating node: node = Component(ComponentInfo { package_address: package_sim1qyqqqqqqqqqqqqqqqqqqqqqqqqqqqqqqqqqqqqqqqqpsuluv44, blueprint_name: "Account", access_rules: [] }, ComponentState { state: [16, 1, 0, 0, 0, 131, 36, 0, 0, 0, 163, 85, 40, 216, 255, 20, 71, 123, 125, 24, 101, 153, 90, 30, 189, 217, 74, 234, 98, 192, 154, 150, 130, 255, 179, 96, 8, 191, 30, 53, 212, 2, 2, 4, 0, 0] })
[INFO] [stdout]         [2] Reading substate: substate_id = ComponentInfo(account_sim1qvv66gl6335ff48dn4hm4f0dz09tz9pnzs866y5jjjsqzt0nlf)
[INFO] [stdout]         [2] Invoking method: fn = Scrypto { package_address: package_sim1qyqqqqqqqqqqqqqqqqqqqqqqqqqqqqqqqqqqqqqqqqpsuluv44, blueprint_name: "Account", ident: "deposit" }, buckets = {1025: SborPath([0])}, proofs = {}
[INFO] [stdout]             [3] Reading substate: substate_id = ComponentState(account_sim1qvv66gl6335ff48dn4hm4f0dz09tz9pnzs866y5jjjsqzt0nlf)
[INFO] [stdout]             [3] Invoking method: fn = Native(Bucket(GetResourceAddress)), buckets = {}, proofs = {}
[INFO] [stdout]                 [4] Borrowing substate: substate_id = Bucket(1025)
[INFO] [stdout]                 [4] Returning substate: substate_ref = Stack(HeapRootRENode { root: Bucket(Bucket { container: RefCell { value: Fungible { resource_address: resource_sim1qqqqqqqqqqqqqqqqqqqqqqqqqqqqqqqqqqqqqqqqqqzqu57yag, divisibility: 18, locked_amounts: {}, liquid_amount: 1000 } } }), child_nodes: {} }, 3, Bucket(1025), None)
[INFO] [stdout]             [3] Exiting method: output = ResourceAddress("resource_sim1qqqqqqqqqqqqqqqqqqqqqqqqqqqqqqqqqqqqqqqqqqzqu57yag")
[INFO] [stdout]             [3] Reading substate: substate_id = KeyValueStoreEntry((a35528d8ff14477b7d1865995a1ebdd94aea62c09a9682ffb36008bf1e35d402, 1026), [182, 27, 0, 0, 0, 0, 0, 0, 0, 0, 0, 0, 0, 0, 0, 0, 0, 0, 0, 0, 0, 0, 0, 0, 0, 0, 0, 0, 0, 0, 0, 4])
[INFO] [stdout]             [3] Invoking method: fn = Native(Bucket(GetResourceAddress)), buckets = {}, proofs = {}
[INFO] [stdout]                 [4] Borrowing substate: substate_id = Bucket(1025)
[INFO] [stdout]                 [4] Returning substate: substate_ref = Stack(HeapRootRENode { root: Bucket(Bucket { container: RefCell { value: Fungible { resource_address: resource_sim1qqqqqqqqqqqqqqqqqqqqqqqqqqqqqqqqqqqqqqqqqqzqu57yag, divisibility: 18, locked_amounts: {}, liquid_amount: 1000 } } }), child_nodes: {} }, 3, Bucket(1025), None)
[INFO] [stdout]             [3] Exiting method: output = ResourceAddress("resource_sim1qqqqqqqqqqqqqqqqqqqqqqqqqqqqqqqqqqqqqqqqqqzqu57yag")
[INFO] [stdout]             [3] Invoking method: fn = Native(ResourceManager(CreateVault)), buckets = {}, proofs = {}
[INFO] [stdout]                 [4] Borrowing substate: substate_id = ResourceManager(resource_sim1qqqqqqqqqqqqqqqqqqqqqqqqqqqqqqqqqqqqqqqqqqzqu57yag)
[INFO] [stdout]                 [4] Creating node: node = Vault(Vault { container: RefCell { value: Fungible { resource_address: resource_sim1qqqqqqqqqqqqqqqqqqqqqqqqqqqqqqqqqqqqqqqqqqzqu57yag, divisibility: 18, locked_amounts: {}, liquid_amount: 0 } } })
[INFO] [stdout]                 [4] Returning substate: substate_ref = Track(ResourceManager(resource_sim1qqqqqqqqqqqqqqqqqqqqqqqqqqqqqqqqqqqqqqqqqqzqu57yag), Resource(ResourceManager { resource_type: Fungible { divisibility: 18 }, metadata: {"description": "The Radix Public Network's native token, used to pay the network's required transaction fees and to secure the network through staking to its validator nodes.", "symbol": "XRD", "url": "https://tokens.radixdlt.com", "name": "Radix"}, method_table: {GetNonFungible: Public, CreateBucket: Public, Mint: Protected(Mint), GetMetadata: Public, CreateVault: Public, NonFungibleExists: Public, GetTotalSupply: Public, UpdateMetadata: Protected(UpdateMetadata), UpdateNonFungibleData: Protected(UpdateNonFungibleData), GetResourceType: Public}, vault_method_table: {CreateProofByIds: Public, GetAmount: Public, GetResourceAddress: Public, Take: Protected(Withdraw), LockContingentFee: Protected(Withdraw), TakeNonFungibles: Protected(Withdraw), CreateProofByAmount: Public, LockFee: Protected(Withdraw), GetNonFungibleIds: Public, Put: Protected(Deposit), CreateProof: Public}, bucket_method_table: {Burn: Protected(Burn)}, authorization: {Deposit: MethodAccessRule { auth: AllowAll, update_auth: DenyAll }, UpdateNonFungibleData: MethodAccessRule { auth: DenyAll, update_auth: DenyAll }, Burn: MethodAccessRule { auth: DenyAll, update_auth: DenyAll }, Mint: MethodAccessRule { auth: DenyAll, update_auth: DenyAll }, UpdateMetadata: MethodAccessRule { auth: DenyAll, update_auth: DenyAll }, Withdraw: MethodAccessRule { auth: AllowAll, update_auth: DenyAll }}, total_supply: 1000000000000 }))
[INFO] [stdout]             [3] Exiting method: output = Vault("a35528d8ff14477b7d1865995a1ebdd94aea62c09a9682ffb36008bf1e35d40204040000")
[INFO] [stdout]             [3] Invoking method: fn = Native(Vault(Put)), buckets = {1025: SborPath([0])}, proofs = {}
[INFO] [stdout]                 [4] Borrowing substate: substate_id = Vault((a35528d8ff14477b7d1865995a1ebdd94aea62c09a9682ffb36008bf1e35d402, 1028))
[INFO] [stdout]                 [4] Dropping node: node_id = Bucket(1025)
[INFO] [stdout]                 [4] Returning substate: substate_ref = Stack(HeapRootRENode { root: Vault(Vault { container: RefCell { value: Fungible { resource_address: resource_sim1qqqqqqqqqqqqqqqqqqqqqqqqqqqqqqqqqqqqqqqqqqzqu57yag, divisibility: 18, locked_amounts: {}, liquid_amount: 1000 } } }), child_nodes: {} }, 3, Vault((a35528d8ff14477b7d1865995a1ebdd94aea62c09a9682ffb36008bf1e35d402, 1028)), None)
[INFO] [stdout]             [3] Exiting method: output = ()
[INFO] [stdout]             [3] Writing substate: substate_id = KeyValueStoreEntry((a35528d8ff14477b7d1865995a1ebdd94aea62c09a9682ffb36008bf1e35d402, 1026), [182, 27, 0, 0, 0, 0, 0, 0, 0, 0, 0, 0, 0, 0, 0, 0, 0, 0, 0, 0, 0, 0, 0, 0, 0, 0, 0, 0, 0, 0, 0, 4]), value = Vault("a35528d8ff14477b7d1865995a1ebdd94aea62c09a9682ffb36008bf1e35d40204040000")
[INFO] [stdout]             [3] Writing substate: substate_id = ComponentState(account_sim1qvv66gl6335ff48dn4hm4f0dz09tz9pnzs866y5jjjsqzt0nlf), value = Struct(KeyValueStore("a35528d8ff14477b7d1865995a1ebdd94aea62c09a9682ffb36008bf1e35d40202040000"))
[INFO] [stdout]         [2] Exiting method: output = ()
[INFO] [stdout]         [2] Invoking method: fn = Native(Component(AddAccessCheck)), buckets = {}, proofs = {}
[INFO] [stdout]             [3] Borrowing node: node_id = Component(account_sim1qvv66gl6335ff48dn4hm4f0dz09tz9pnzs866y5jjjsqzt0nlf)
[INFO] [stdout]             [3] Borrowing node: node_id = Package(package_sim1qyqqqqqqqqqqqqqqqqqqqqqqqqqqqqqqqqqqqqqqqqpsuluv44)
[INFO] [stdout]             [3] Borrowing substate: substate_id = ComponentInfo(account_sim1qvv66gl6335ff48dn4hm4f0dz09tz9pnzs866y5jjjsqzt0nlf)
[INFO] [stdout]             [3] Returning substate: substate_ref = Stack(HeapRootRENode { root: Component(ComponentInfo { package_address: package_sim1qyqqqqqqqqqqqqqqqqqqqqqqqqqqqqqqqqqqqqqqqqpsuluv44, blueprint_name: "Account", access_rules: [AccessRules { method_auth: {"deposit": AllowAll, "balance": AllowAll, "deposit_batch": AllowAll}, default_auth: Protected(ProofRule(Require(StaticNonFungible(0000000000000000000000000000000000000000000000000000023007210000000279be667ef9dcbbac55a06295ce870b07029bfcdb2dce28d959f2815b16f81798)))) }] }, ComponentState { state: [16, 1, 0, 0, 0, 131, 36, 0, 0, 0, 163, 85, 40, 216, 255, 20, 71, 123, 125, 24, 101, 153, 90, 30, 189, 217, 74, 234, 98, 192, 154, 150, 130, 255, 179, 96, 8, 191, 30, 53, 212, 2, 2, 4, 0, 0] }), child_nodes: {KeyValueStore((a35528d8ff14477b7d1865995a1ebdd94aea62c09a9682ffb36008bf1e35d402, 1026)): KeyValueStore(HeapKeyValueStore { store: {[182, 27, 0, 0, 0, 0, 0, 0, 0, 0, 0, 0, 0, 0, 0, 0, 0, 0, 0, 0, 0, 0, 0, 0, 0, 0, 0, 0, 0, 0, 0, 4]: Vault("a35528d8ff14477b7d1865995a1ebdd94aea62c09a9682ffb36008bf1e35d40204040000")} }), Vault((a35528d8ff14477b7d1865995a1ebdd94aea62c09a9682ffb36008bf1e35d402, 1028)): Vault(Vault { container: RefCell { value: Fungible { resource_address: resource_sim1qqqqqqqqqqqqqqqqqqqqqqqqqqqqqqqqqqqqqqqqqqzqu57yag, divisibility: 18, locked_amounts: {}, liquid_amount: 1000 } } })} }, 2, Component(account_sim1qvv66gl6335ff48dn4hm4f0dz09tz9pnzs866y5jjjsqzt0nlf), None)
[INFO] [stdout]         [2] Exiting method: output = ()
[INFO] [stdout]         [2] Globalizing node: node_id = Component(account_sim1qvv66gl6335ff48dn4hm4f0dz09tz9pnzs866y5jjjsqzt0nlf)
[INFO] [stdout]     [1] Exiting function: output = ComponentAddress("account_sim1qvv66gl6335ff48dn4hm4f0dz09tz9pnzs866y5jjjsqzt0nlf")
[INFO] [stdout] [0] Exiting function: output = Vec<List>(Vec<U8>(0u8, 0u8), Vec<U8>(177u8, 4u8, 0u8, 0u8, 0u8, 0u8, 4u8, 0u8, 0u8), Vec<U8>(177u8, 4u8, 0u8, 0u8, 0u8, 0u8, 2u8, 0u8, 0u8), Vec<U8>(129u8, 27u8, 0u8, 0u8, 0u8, 3u8, 25u8, 173u8, 35u8, 250u8, 140u8, 104u8, 148u8, 212u8, 237u8, 157u8, 111u8, 186u8, 165u8, 237u8, 19u8, 202u8, 177u8, 20u8, 51u8, 20u8, 15u8, 173u8, 18u8, 146u8, 148u8, 160u8))
[INFO] [stdout] ---------------------------------Cost Analysis----------------------------------
[INFO] [stdout] base_fee                      :    10000
[INFO] [stdout] blobs                         :        0
[INFO] [stdout] borrow_node                   :      300
[INFO] [stdout] borrow_substate               :     4500
[INFO] [stdout] create_node                   :     3000
[INFO] [stdout] decode_manifest               :     1647
[INFO] [stdout] drop_node                     :     1000
[INFO] [stdout] globalize_node                :     1000
[INFO] [stdout] instantiate_wasm              :   645138
[INFO] [stdout] invoke_function               :     3795
[INFO] [stdout] invoke_method                 :     3870
[INFO] [stdout] read_substate                 :     4000
[INFO] [stdout] read_transaction_hash         :      100
[INFO] [stdout] return_substate               :      900
[INFO] [stdout] run_function                  :     1000
[INFO] [stdout] run_method                    :     6900
[INFO] [stdout] run_wasm                      :   457232
[INFO] [stdout] verify_manifest               :      549
[INFO] [stdout] verify_signatures             :        0
[INFO] [stdout] write_substate                :     2500
[INFO] [stdout] --------------------------------Application Logs--------------------------------
[INFO] [stdout] None
[INFO] [stdout] thread 'test_hello' panicked at /opt/rustwide/cargo-home/git/checkouts/radixdlt-scrypto-1833d92590086ce0/f4c4198/scrypto-unit/src/test_runner.rs:184:13:
[INFO] [stdout] Failed to compile package: "/opt/rustwide/workdir"
[INFO] [stdout] stack backtrace:
[INFO] [stdout]    0:     0x55dbb334ee3c - std::backtrace_rs::backtrace::libunwind::trace::ha637c64ce894333a
[INFO] [stdout]                                at /rustc/82e1608dfa6e0b5569232559e3d385fea5a93112/library/std/src/../../backtrace/src/backtrace/libunwind.rs:104:5
[INFO] [stdout]    1:     0x55dbb334ee3c - std::backtrace_rs::backtrace::trace_unsynchronized::h47f62dea28e0c88d
[INFO] [stdout]                                at /rustc/82e1608dfa6e0b5569232559e3d385fea5a93112/library/std/src/../../backtrace/src/backtrace/mod.rs:66:5
[INFO] [stdout]    2:     0x55dbb334ee3c - std::sys_common::backtrace::_print_fmt::h9eef0abe20ede486
[INFO] [stdout]                                at /rustc/82e1608dfa6e0b5569232559e3d385fea5a93112/library/std/src/sys_common/backtrace.rs:67:5
[INFO] [stdout]    3:     0x55dbb334ee3c - <std::sys_common::backtrace::_print::DisplayBacktrace as core::fmt::Display>::fmt::hed7f999df88cc644
[INFO] [stdout]                                at /rustc/82e1608dfa6e0b5569232559e3d385fea5a93112/library/std/src/sys_common/backtrace.rs:44:22
[INFO] [stdout]    4:     0x55dbb33797f0 - core::fmt::rt::Argument::fmt::h1539a9308b8d058d
[INFO] [stdout]                                at /rustc/82e1608dfa6e0b5569232559e3d385fea5a93112/library/core/src/fmt/rt.rs:142:9
[INFO] [stdout]    5:     0x55dbb33797f0 - core::fmt::write::h3a39390d8560d9c9
[INFO] [stdout]                                at /rustc/82e1608dfa6e0b5569232559e3d385fea5a93112/library/core/src/fmt/mod.rs:1120:17
[INFO] [stdout]    6:     0x55dbb334c58f - std::io::Write::write_fmt::h040b369f3a0f9cbc
[INFO] [stdout]                                at /rustc/82e1608dfa6e0b5569232559e3d385fea5a93112/library/std/src/io/mod.rs:1762:15
[INFO] [stdout]    7:     0x55dbb334ec24 - std::sys_common::backtrace::_print::h894006fb5c6f3d45
[INFO] [stdout]                                at /rustc/82e1608dfa6e0b5569232559e3d385fea5a93112/library/std/src/sys_common/backtrace.rs:47:5
[INFO] [stdout]    8:     0x55dbb334ec24 - std::sys_common::backtrace::print::h23a2d212c6fff936
[INFO] [stdout]                                at /rustc/82e1608dfa6e0b5569232559e3d385fea5a93112/library/std/src/sys_common/backtrace.rs:34:9
[INFO] [stdout]    9:     0x55dbb33508e7 - std::panicking::default_hook::{{closure}}::h8a1d2ee00185001a
[INFO] [stdout]   10:     0x55dbb33505d3 - std::panicking::default_hook::h6038f2eba384e475
[INFO] [stdout]                                at /rustc/82e1608dfa6e0b5569232559e3d385fea5a93112/library/std/src/panicking.rs:289:9
[INFO] [stdout]   11:     0x55dbb2f59177 - <alloc::boxed::Box<F,A> as core::ops::function::Fn<Args>>::call::h0ad024c9bdc6d768
[INFO] [stdout]                                at /rustc/82e1608dfa6e0b5569232559e3d385fea5a93112/library/alloc/src/boxed.rs:2021:9
[INFO] [stdout]   12:     0x55dbb2f59177 - test::test_main::{{closure}}::h7500b54257359db6
[INFO] [stdout]                                at /rustc/82e1608dfa6e0b5569232559e3d385fea5a93112/library/test/src/lib.rs:138:21
[INFO] [stdout]   13:     0x55dbb3350ef8 - <alloc::boxed::Box<F,A> as core::ops::function::Fn<Args>>::call::h1f8f335eaa9cfaee
[INFO] [stdout]                                at /rustc/82e1608dfa6e0b5569232559e3d385fea5a93112/library/alloc/src/boxed.rs:2021:9
[INFO] [stdout]   14:     0x55dbb3350ef8 - std::panicking::rust_panic_with_hook::h2b5517d590cab22e
[INFO] [stdout]                                at /rustc/82e1608dfa6e0b5569232559e3d385fea5a93112/library/std/src/panicking.rs:783:13
[INFO] [stdout]   15:     0x55dbb3350c4e - std::panicking::begin_panic_handler::{{closure}}::h233112c06e0ef43e
[INFO] [stdout]                                at /rustc/82e1608dfa6e0b5569232559e3d385fea5a93112/library/std/src/panicking.rs:657:13
[INFO] [stdout]   16:     0x55dbb334f306 - std::sys_common::backtrace::__rust_end_short_backtrace::h6e893f24d7ebbff8
[INFO] [stdout]                                at /rustc/82e1608dfa6e0b5569232559e3d385fea5a93112/library/std/src/sys_common/backtrace.rs:170:18
[INFO] [stdout]   17:     0x55dbb33509b2 - rust_begin_unwind
[INFO] [stdout]                                at /rustc/82e1608dfa6e0b5569232559e3d385fea5a93112/library/std/src/panicking.rs:645:5
[INFO] [stdout]   18:     0x55dbb2e63de5 - core::panicking::panic_fmt::hbf0e066aabfa482c
[INFO] [stdout]                                at /rustc/82e1608dfa6e0b5569232559e3d385fea5a93112/library/core/src/panicking.rs:72:14
[INFO] [stdout]   19:     0x55dbb2eeb718 - scrypto_unit::test_runner::TestRunner<S>::compile_and_publish::hfeaacbca0d8ca911
[INFO] [stdout]                                at /opt/rustwide/cargo-home/git/checkouts/radixdlt-scrypto-1833d92590086ce0/f4c4198/scrypto-unit/src/test_runner.rs:184:13
[INFO] [stdout]   20:     0x55dbb2f05cab - lib::test_hello::h54955d15de240763
[INFO] [stdout]                                at /opt/rustwide/workdir/tests/lib.rs:17:27
[INFO] [stdout]   21:     0x55dbb2f05b37 - lib::test_hello::{{closure}}::ha8d0d87e81ffb706
[INFO] [stdout]                                at /opt/rustwide/workdir/tests/lib.rs:8:16
[INFO] [stdout]   22:     0x55dbb2ebf6b6 - core::ops::function::FnOnce::call_once::h05f06a8a322c0f15
[INFO] [stdout]                                at /rustc/82e1608dfa6e0b5569232559e3d385fea5a93112/library/core/src/ops/function.rs:250:5
[INFO] [stdout]   23:     0x55dbb2f5e7cf - core::ops::function::FnOnce::call_once::h2b5d431d5046312d
[INFO] [stdout]                                at /rustc/82e1608dfa6e0b5569232559e3d385fea5a93112/library/core/src/ops/function.rs:250:5
[INFO] [stdout]   24:     0x55dbb2f5e7cf - test::__rust_begin_short_backtrace::h7714669af176e207
[INFO] [stdout]                                at /rustc/82e1608dfa6e0b5569232559e3d385fea5a93112/library/test/src/lib.rs:628:18
[INFO] [stdout]   25:     0x55dbb2f5d7e5 - test::run_test_in_process::{{closure}}::h85218797dcbcec12
[INFO] [stdout]                                at /rustc/82e1608dfa6e0b5569232559e3d385fea5a93112/library/test/src/lib.rs:651:60
[INFO] [stdout]   26:     0x55dbb2f5d7e5 - <core::panic::unwind_safe::AssertUnwindSafe<F> as core::ops::function::FnOnce<()>>::call_once::h76c106ea31c14d7b
[INFO] [stdout]                                at /rustc/82e1608dfa6e0b5569232559e3d385fea5a93112/library/core/src/panic/unwind_safe.rs:272:9
[INFO] [stdout]   27:     0x55dbb2f5d7e5 - std::panicking::try::do_call::h3bd5d0f6620ee946
[INFO] [stdout]                                at /rustc/82e1608dfa6e0b5569232559e3d385fea5a93112/library/std/src/panicking.rs:552:40
[INFO] [stdout]   28:     0x55dbb2f5d7e5 - std::panicking::try::h232e535e4744fe31
[INFO] [stdout]                                at /rustc/82e1608dfa6e0b5569232559e3d385fea5a93112/library/std/src/panicking.rs:516:19
[INFO] [stdout]   29:     0x55dbb2f5d7e5 - std::panic::catch_unwind::h3ce3bd6ca8dbac68
[INFO] [stdout]                                at /rustc/82e1608dfa6e0b5569232559e3d385fea5a93112/library/std/src/panic.rs:142:14
[INFO] [stdout]   30:     0x55dbb2f5d7e5 - test::run_test_in_process::hc97b257c9621286a
[INFO] [stdout]                                at /rustc/82e1608dfa6e0b5569232559e3d385fea5a93112/library/test/src/lib.rs:651:27
[INFO] [stdout]   31:     0x55dbb2f5d7e5 - test::run_test::{{closure}}::h2aa798823a438d38
[INFO] [stdout]                                at /rustc/82e1608dfa6e0b5569232559e3d385fea5a93112/library/test/src/lib.rs:574:43
[INFO] [stdout]   32:     0x55dbb2f25aa6 - test::run_test::{{closure}}::h87d231c78fb59832
[INFO] [stdout]                                at /rustc/82e1608dfa6e0b5569232559e3d385fea5a93112/library/test/src/lib.rs:602:41
[INFO] [stdout]   33:     0x55dbb2f25aa6 - std::sys_common::backtrace::__rust_begin_short_backtrace::he6df152596625789
[INFO] [stdout]                                at /rustc/82e1608dfa6e0b5569232559e3d385fea5a93112/library/std/src/sys_common/backtrace.rs:154:18
[INFO] [stdout]   34:     0x55dbb2f2ab57 - std::thread::Builder::spawn_unchecked_::{{closure}}::{{closure}}::ha94be15d1e0acf36
[INFO] [stdout]                                at /rustc/82e1608dfa6e0b5569232559e3d385fea5a93112/library/std/src/thread/mod.rs:529:17
[INFO] [stdout]   35:     0x55dbb2f2ab57 - <core::panic::unwind_safe::AssertUnwindSafe<F> as core::ops::function::FnOnce<()>>::call_once::h9dc6bd6372f16606
[INFO] [stdout]                                at /rustc/82e1608dfa6e0b5569232559e3d385fea5a93112/library/core/src/panic/unwind_safe.rs:272:9
[INFO] [stdout]   36:     0x55dbb2f2ab57 - std::panicking::try::do_call::h9057517f80303cd4
[INFO] [stdout]                                at /rustc/82e1608dfa6e0b5569232559e3d385fea5a93112/library/std/src/panicking.rs:552:40
[INFO] [stdout]   37:     0x55dbb2f2ab57 - std::panicking::try::he3a30b11ee45340c
[INFO] [stdout]                                at /rustc/82e1608dfa6e0b5569232559e3d385fea5a93112/library/std/src/panicking.rs:516:19
[INFO] [stdout]   38:     0x55dbb2f2ab57 - std::panic::catch_unwind::h410458cfd3528b8b
[INFO] [stdout]                                at /rustc/82e1608dfa6e0b5569232559e3d385fea5a93112/library/std/src/panic.rs:142:14
[INFO] [stdout]   39:     0x55dbb2f2ab57 - std::thread::Builder::spawn_unchecked_::{{closure}}::h72ac3bdb567b737b
[INFO] [stdout]                                at /rustc/82e1608dfa6e0b5569232559e3d385fea5a93112/library/std/src/thread/mod.rs:528:30
[INFO] [stdout]   40:     0x55dbb2f2ab57 - core::ops::function::FnOnce::call_once{{vtable.shim}}::h38f34da3654a8344
[INFO] [stdout]                                at /rustc/82e1608dfa6e0b5569232559e3d385fea5a93112/library/core/src/ops/function.rs:250:5
[INFO] [stdout]   41:     0x55dbb3355b55 - <alloc::boxed::Box<F,A> as core::ops::function::FnOnce<Args>>::call_once::hc7eafaff61e32df9
[INFO] [stdout]                                at /rustc/82e1608dfa6e0b5569232559e3d385fea5a93112/library/alloc/src/boxed.rs:2007:9
[INFO] [stdout]   42:     0x55dbb3355b55 - <alloc::boxed::Box<F,A> as core::ops::function::FnOnce<Args>>::call_once::h6ba4a5de48dd2304
[INFO] [stdout]                                at /rustc/82e1608dfa6e0b5569232559e3d385fea5a93112/library/alloc/src/boxed.rs:2007:9
[INFO] [stdout]   43:     0x55dbb3355b55 - std::sys::unix::thread::Thread::new::thread_start::he469335aef763e45
[INFO] [stdout]                                at /rustc/82e1608dfa6e0b5569232559e3d385fea5a93112/library/std/src/sys/unix/thread.rs:108:17
[INFO] [stdout]   44:     0x7f166e19dac3 - <unknown>
[INFO] [stdout]   45:     0x7f166e22ebf4 - __clone
[INFO] [stdout]   46:                0x0 - <unknown>
[INFO] [stdout] 
[INFO] [stdout] 
[INFO] [stdout] failures:
[INFO] [stdout]     test_hello
[INFO] [stdout] 
[INFO] [stdout] test result: FAILED. 0 passed; 1 failed; 0 ignored; 0 measured; 0 filtered out; finished in 6.11s
[INFO] [stdout] 
[INFO] [stderr] error: test failed, to rerun pass `--test lib`
[INFO] running `Command { std: "docker" "inspect" "2a9a9f036b0df5311270644a5193f5ed08b7e4e998c91842852d0f9a62a90f03", kill_on_drop: false }`
[INFO] running `Command { std: "docker" "rm" "-f" "2a9a9f036b0df5311270644a5193f5ed08b7e4e998c91842852d0f9a62a90f03", kill_on_drop: false }`
[INFO] [stdout] 2a9a9f036b0df5311270644a5193f5ed08b7e4e998c91842852d0f9a62a90f03
[INFO] testing jakerdxworks/take_badge against beta-2023-12-22 for beta-1.76-1
[INFO] running `Command { std: "git" "clone" "/workspace/cache/git-repos/https%3A%2F%2Fgithub.com%2Fjakerdxworks%2Ftake_badge" "/workspace/builds/worker-4-tc2/source", kill_on_drop: false }`
[INFO] [stderr] Cloning into '/workspace/builds/worker-4-tc2/source'...
[INFO] [stderr] done.
[INFO] [stderr] Updating files:  60% (1316/2177)
Updating files:  61% (1328/2177)
Updating files:  62% (1350/2177)
Updating files:  63% (1372/2177)
Updating files:  64% (1394/2177)
Updating files:  65% (1416/2177)
Updating files:  66% (1437/2177)
Updating files:  67% (1459/2177)
Updating files:  68% (1481/2177)
Updating files:  69% (1503/2177)
Updating files:  70% (1524/2177)
Updating files:  71% (1546/2177)
Updating files:  72% (1568/2177)
Updating files:  72% (1577/2177)
Updating files:  73% (1590/2177)
Updating files:  74% (1611/2177)
Updating files:  75% (1633/2177)
Updating files:  76% (1655/2177)
Updating files:  77% (1677/2177)
Updating files:  78% (1699/2177)
Updating files:  79% (1720/2177)
Updating files:  80% (1742/2177)
Updating files:  81% (1764/2177)
Updating files:  82% (1786/2177)
Updating files:  83% (1807/2177)
Updating files:  84% (1829/2177)
Updating files:  85% (1851/2177)
Updating files:  86% (1873/2177)
Updating files:  87% (1894/2177)
Updating files:  88% (1916/2177)
Updating files:  89% (1938/2177)
Updating files:  90% (1960/2177)
Updating files:  91% (1982/2177)
Updating files:  92% (2003/2177)
Updating files:  93% (2025/2177)
Updating files:  94% (2047/2177)
Updating files:  95% (2069/2177)
Updating files:  96% (2090/2177)
Updating files:  97% (2112/2177)
Updating files:  98% (2134/2177)
Updating files:  99% (2156/2177)
Updating files:  99% (2159/2177)
Updating files: 100% (2177/2177)
Updating files: 100% (2177/2177), done.
[INFO] validating manifest of git repo https://github.com/jakerdxworks/take_badge on toolchain beta-2023-12-22
[INFO] running `Command { std: CARGO_HOME="/workspace/cargo-home" RUSTUP_HOME="/workspace/rustup-home" "/workspace/cargo-home/bin/cargo" "+beta-2023-12-22" "metadata" "--manifest-path" "Cargo.toml" "--no-deps", kill_on_drop: false }`
[INFO] started tweaking git repo https://github.com/jakerdxworks/take_badge
[INFO] finished tweaking git repo https://github.com/jakerdxworks/take_badge
[INFO] tweaked toml for git repo https://github.com/jakerdxworks/take_badge written to /workspace/builds/worker-4-tc2/source/Cargo.toml
[INFO] crate git repo https://github.com/jakerdxworks/take_badge already has a lockfile, it will not be regenerated
[INFO] running `Command { std: CARGO_HOME="/workspace/cargo-home" RUSTUP_HOME="/workspace/rustup-home" "/workspace/cargo-home/bin/cargo" "+beta-2023-12-22" "fetch" "--manifest-path" "Cargo.toml", kill_on_drop: false }`
[INFO] running `Command { std: "docker" "create" "-v" "/var/lib/crater-agent-workspace/builds/worker-4-tc2/target:/opt/rustwide/target:rw,Z" "-v" "/var/lib/crater-agent-workspace/builds/worker-4-tc2/source:/opt/rustwide/workdir:ro,Z" "-v" "/var/lib/crater-agent-workspace/cargo-home:/opt/rustwide/cargo-home:ro,Z" "-v" "/var/lib/crater-agent-workspace/rustup-home:/opt/rustwide/rustup-home:ro,Z" "-e" "SOURCE_DIR=/opt/rustwide/workdir" "-e" "CARGO_TARGET_DIR=/opt/rustwide/target" "-e" "CARGO_HOME=/opt/rustwide/cargo-home" "-e" "RUSTUP_HOME=/opt/rustwide/rustup-home" "-w" "/opt/rustwide/workdir" "-m" "1610612736" "--user" "0:0" "--network" "none" "ghcr.io/rust-lang/crates-build-env/linux@sha256:2788e3201cd34a07e3172128adcd8b3090168a8e3bcc40d7c032b9dda1df7d1c" "/opt/rustwide/cargo-home/bin/cargo" "+beta-2023-12-22" "metadata" "--no-deps" "--format-version=1", kill_on_drop: false }`
[INFO] [stdout] 929f43cc3b90ea671918dcb72eb60f589074ad8700c4628fd2fcab203fbe7eb4
[INFO] running `Command { std: "docker" "start" "-a" "929f43cc3b90ea671918dcb72eb60f589074ad8700c4628fd2fcab203fbe7eb4", kill_on_drop: false }`
[INFO] running `Command { std: "docker" "inspect" "929f43cc3b90ea671918dcb72eb60f589074ad8700c4628fd2fcab203fbe7eb4", kill_on_drop: false }`
[INFO] running `Command { std: "docker" "rm" "-f" "929f43cc3b90ea671918dcb72eb60f589074ad8700c4628fd2fcab203fbe7eb4", kill_on_drop: false }`
[INFO] [stdout] 929f43cc3b90ea671918dcb72eb60f589074ad8700c4628fd2fcab203fbe7eb4
[INFO] running `Command { std: "docker" "create" "-v" "/var/lib/crater-agent-workspace/builds/worker-4-tc2/target:/opt/rustwide/target:rw,Z" "-v" "/var/lib/crater-agent-workspace/builds/worker-4-tc2/source:/opt/rustwide/workdir:ro,Z" "-v" "/var/lib/crater-agent-workspace/cargo-home:/opt/rustwide/cargo-home:ro,Z" "-v" "/var/lib/crater-agent-workspace/rustup-home:/opt/rustwide/rustup-home:ro,Z" "-e" "SOURCE_DIR=/opt/rustwide/workdir" "-e" "CARGO_TARGET_DIR=/opt/rustwide/target" "-e" "CARGO_INCREMENTAL=0" "-e" "RUST_BACKTRACE=full" "-e" "RUSTFLAGS=--cap-lints=warn" "-e" "RUSTDOCFLAGS=--cap-lints=warn" "-e" "CARGO_HOME=/opt/rustwide/cargo-home" "-e" "RUSTUP_HOME=/opt/rustwide/rustup-home" "-w" "/opt/rustwide/workdir" "-m" "1610612736" "--user" "0:0" "--network" "none" "ghcr.io/rust-lang/crates-build-env/linux@sha256:2788e3201cd34a07e3172128adcd8b3090168a8e3bcc40d7c032b9dda1df7d1c" "/opt/rustwide/cargo-home/bin/cargo" "+beta-2023-12-22" "build" "--frozen" "--message-format=json", kill_on_drop: false }`
[INFO] [stdout] 962b85665646cc94adea7274f946a7c43ed537a0a78c8f310432aab25345fa22
[INFO] running `Command { std: "docker" "start" "-a" "962b85665646cc94adea7274f946a7c43ed537a0a78c8f310432aab25345fa22", kill_on_drop: false }`
[INFO] [stderr]    Compiling proc-macro2 v1.0.47
[INFO] [stderr]    Compiling quote v1.0.21
[INFO] [stderr]    Compiling unicode-ident v1.0.5
[INFO] [stderr]    Compiling syn v1.0.104
[INFO] [stderr]    Compiling libc v0.2.137
[INFO] [stderr]    Compiling cfg-if v1.0.0
[INFO] [stderr]    Compiling autocfg v1.1.0
[INFO] [stderr]    Compiling version_check v0.9.4
[INFO] [stderr]    Compiling typenum v1.15.0
[INFO] [stderr]    Compiling serde_derive v1.0.148
[INFO] [stderr]    Compiling generic-array v0.14.6
[INFO] [stderr]    Compiling serde v1.0.148
[INFO] [stderr]    Compiling num-traits v0.2.15
[INFO] [stderr]    Compiling num-integer v0.1.45
[INFO] [stderr]    Compiling serde_json v1.0.89
[INFO] [stderr]    Compiling num-bigint v0.4.3
[INFO] [stderr]    Compiling itoa v1.0.4
[INFO] [stderr]    Compiling ryu v1.0.11
[INFO] [stderr]    Compiling cpufeatures v0.2.5
[INFO] [stderr]    Compiling keccak v0.1.3
[INFO] [stderr]    Compiling bech32 v0.9.1
[INFO] [stderr]    Compiling hex v0.4.3
[INFO] [stderr]    Compiling getrandom v0.2.8
[INFO] [stderr]    Compiling uuid v1.2.2
[INFO] [stderr]    Compiling once_cell v1.16.0
[INFO] [stderr]    Compiling forward_ref v1.0.0
[INFO] [stderr]    Compiling paste v1.0.9
[INFO] [stderr]    Compiling block-buffer v0.10.3
[INFO] [stderr]    Compiling crypto-common v0.1.6
[INFO] [stderr]    Compiling digest v0.10.6
[INFO] [stderr]    Compiling sha2 v0.10.6
[INFO] [stderr]    Compiling sha3 v0.10.6
[INFO] [stderr]    Compiling sbor-derive v0.6.0 (https://github.com/radixdlt/radixdlt-scrypto?tag=v0.6.0#f4c41985)
[INFO] [stderr]    Compiling sbor v0.6.0 (https://github.com/radixdlt/radixdlt-scrypto?tag=v0.6.0#f4c41985)
[INFO] [stderr]    Compiling scrypto-abi v0.6.0 (https://github.com/radixdlt/radixdlt-scrypto?tag=v0.6.0#f4c41985)
[INFO] [stderr]    Compiling scrypto-derive v0.6.0 (https://github.com/radixdlt/radixdlt-scrypto?tag=v0.6.0#f4c41985)
[INFO] [stderr]    Compiling scrypto v0.6.0 (https://github.com/radixdlt/radixdlt-scrypto?tag=v0.6.0#f4c41985)
[INFO] [stderr]    Compiling take_badge v0.1.0 (/opt/rustwide/workdir)
[INFO] [stderr]     Finished dev [unoptimized + debuginfo] target(s) in 41.91s
[INFO] running `Command { std: "docker" "inspect" "962b85665646cc94adea7274f946a7c43ed537a0a78c8f310432aab25345fa22", kill_on_drop: false }`
[INFO] running `Command { std: "docker" "rm" "-f" "962b85665646cc94adea7274f946a7c43ed537a0a78c8f310432aab25345fa22", kill_on_drop: false }`
[INFO] [stdout] 962b85665646cc94adea7274f946a7c43ed537a0a78c8f310432aab25345fa22
[INFO] running `Command { std: "docker" "create" "-v" "/var/lib/crater-agent-workspace/builds/worker-4-tc2/target:/opt/rustwide/target:rw,Z" "-v" "/var/lib/crater-agent-workspace/builds/worker-4-tc2/source:/opt/rustwide/workdir:ro,Z" "-v" "/var/lib/crater-agent-workspace/cargo-home:/opt/rustwide/cargo-home:ro,Z" "-v" "/var/lib/crater-agent-workspace/rustup-home:/opt/rustwide/rustup-home:ro,Z" "-e" "SOURCE_DIR=/opt/rustwide/workdir" "-e" "CARGO_TARGET_DIR=/opt/rustwide/target" "-e" "CARGO_INCREMENTAL=0" "-e" "RUST_BACKTRACE=full" "-e" "RUSTFLAGS=--cap-lints=warn" "-e" "RUSTDOCFLAGS=--cap-lints=warn" "-e" "CARGO_HOME=/opt/rustwide/cargo-home" "-e" "RUSTUP_HOME=/opt/rustwide/rustup-home" "-w" "/opt/rustwide/workdir" "-m" "1610612736" "--user" "0:0" "--network" "none" "ghcr.io/rust-lang/crates-build-env/linux@sha256:2788e3201cd34a07e3172128adcd8b3090168a8e3bcc40d7c032b9dda1df7d1c" "/opt/rustwide/cargo-home/bin/cargo" "+beta-2023-12-22" "test" "--frozen" "--no-run" "--message-format=json", kill_on_drop: false }`
[INFO] [stdout] 85c8ca0f00ad961ffafd9838304d4d96db862b07a07bb8b0178f7e47d0fc3dd8
[INFO] running `Command { std: "docker" "start" "-a" "85c8ca0f00ad961ffafd9838304d4d96db862b07a07bb8b0178f7e47d0fc3dd8", kill_on_drop: false }`
[INFO] [stderr]    Compiling syn v1.0.104
[INFO] [stderr]    Compiling libc v0.2.137
[INFO] [stderr]    Compiling serde v1.0.148
[INFO] [stderr]    Compiling cc v1.0.77
[INFO] [stderr]    Compiling num-traits v0.2.15
[INFO] [stderr]    Compiling num-integer v0.1.45
[INFO] [stderr]    Compiling getrandom v0.1.16
[INFO] [stderr]    Compiling num-bigint v0.4.3
[INFO] [stderr]    Compiling strsim v0.10.0
[INFO] [stderr]    Compiling itoa v1.0.4
[INFO] [stderr]    Compiling ryu v1.0.11
[INFO] [stderr]    Compiling proc-macro-error-attr v1.0.4
[INFO] [stderr]    Compiling ident_case v1.0.1
[INFO] [stderr]    Compiling fnv v1.0.7
[INFO] [stderr]    Compiling unicode-xid v0.2.4
[INFO] [stderr]    Compiling proc-macro-error v1.0.4
[INFO] [stderr]    Compiling digest v0.9.0
[INFO] [stderr]    Compiling getrandom v0.2.8
[INFO] [stderr]    Compiling uuid v1.2.2
[INFO] [stderr]    Compiling rand_core v0.5.1
[INFO] [stderr]    Compiling indexmap v1.9.2
[INFO] [stderr]    Compiling ppv-lite86 v0.2.17
[INFO] [stderr]    Compiling once_cell v1.16.0
[INFO] [stderr]    Compiling atty v0.2.14
[INFO] [stderr]    Compiling cmake v0.1.49
[INFO] [stderr]    Compiling block-buffer v0.9.0
[INFO] [stderr]    Compiling num-rational v0.4.1
[INFO] [stderr]    Compiling parity-wasm v0.42.2
[INFO] [stderr]    Compiling subtle v2.4.1
[INFO] [stderr]    Compiling rand_chacha v0.2.2
[INFO] [stderr]    Compiling opaque-debug v0.3.0
[INFO] [stderr]    Compiling secp256k1-sys v0.6.1
[INFO] [stderr]    Compiling signature v1.6.4
[INFO] [stderr]    Compiling heck v0.4.0
[INFO] [stderr]    Compiling hashbrown v0.12.3
[INFO] [stderr]    Compiling libm v0.2.6
[INFO] [stderr]    Compiling byteorder v1.4.3
[INFO] [stderr]    Compiling os_str_bytes v6.4.1
[INFO] [stderr]    Compiling wabt-sys v0.8.0
[INFO] [stderr]    Compiling clap_lex v0.2.4
[INFO] [stderr]    Compiling rand v0.7.3
[INFO] [stderr]    Compiling ed25519 v1.5.2
[INFO] [stderr]    Compiling sha2 v0.9.9
[INFO] [stderr]    Compiling serde_json v1.0.89
[INFO] [stderr]    Compiling textwrap v0.16.0
[INFO] [stderr]    Compiling termcolor v1.1.3
[INFO] [stderr]    Compiling bitflags v1.3.2
[INFO] [stderr]    Compiling wasmi-validation v0.4.1
[INFO] [stderr]    Compiling downcast-rs v1.2.0
[INFO] [stderr]    Compiling memory_units v0.3.0
[INFO] [stderr]    Compiling colored v2.0.0
[INFO] [stderr]    Compiling wasm-instrument v0.1.1
[INFO] [stderr]    Compiling wasmi v0.11.0
[INFO] [stderr]    Compiling secp256k1 v0.24.1
[INFO] [stderr]    Compiling darling_core v0.14.2
[INFO] [stderr]    Compiling synstructure v0.12.6
[INFO] [stderr]    Compiling serde_derive v1.0.148
[INFO] [stderr]    Compiling sbor-derive v0.6.0 (https://github.com/radixdlt/radixdlt-scrypto?tag=v0.6.0#f4c41985)
[INFO] [stderr]    Compiling zeroize_derive v1.3.2
[INFO] [stderr]    Compiling darling_macro v0.14.2
[INFO] [stderr]    Compiling darling v0.14.2
[INFO] [stderr]    Compiling serde_with_macros v2.1.0
[INFO] [stderr]    Compiling zeroize v1.3.0
[INFO] [stderr]    Compiling curve25519-dalek v3.2.1
[INFO] [stderr]    Compiling clap_derive v3.2.18
[INFO] [stderr]    Compiling clap v3.2.23
[INFO] [stderr]    Compiling hex v0.4.3
[INFO] [stderr]    Compiling sbor v0.6.0 (https://github.com/radixdlt/radixdlt-scrypto?tag=v0.6.0#f4c41985)
[INFO] [stderr]    Compiling ed25519-dalek v1.0.1
[INFO] [stderr]    Compiling serde_with v2.1.0
[INFO] [stderr]    Compiling scrypto-abi v0.6.0 (https://github.com/radixdlt/radixdlt-scrypto?tag=v0.6.0#f4c41985)
[INFO] [stderr]    Compiling scrypto-derive v0.6.0 (https://github.com/radixdlt/radixdlt-scrypto?tag=v0.6.0#f4c41985)
[INFO] [stderr]    Compiling scrypto v0.6.0 (https://github.com/radixdlt/radixdlt-scrypto?tag=v0.6.0#f4c41985)
[INFO] [stderr]    Compiling transaction v0.6.0 (https://github.com/radixdlt/radixdlt-scrypto?tag=v0.6.0#f4c41985)
[INFO] [stderr]    Compiling take_badge v0.1.0 (/opt/rustwide/workdir)
[INFO] [stderr]    Compiling radix-engine v0.6.0 (https://github.com/radixdlt/radixdlt-scrypto?tag=v0.6.0#f4c41985)
[INFO] [stderr]    Compiling wabt v0.10.0
[INFO] [stderr]    Compiling scrypto-unit v0.6.0 (https://github.com/radixdlt/radixdlt-scrypto?tag=v0.6.0#f4c41985)
[INFO] [stderr]     Finished test [unoptimized + debuginfo] target(s) in 2m 40s
[INFO] running `Command { std: "docker" "inspect" "85c8ca0f00ad961ffafd9838304d4d96db862b07a07bb8b0178f7e47d0fc3dd8", kill_on_drop: false }`
[INFO] running `Command { std: "docker" "rm" "-f" "85c8ca0f00ad961ffafd9838304d4d96db862b07a07bb8b0178f7e47d0fc3dd8", kill_on_drop: false }`
[INFO] [stdout] 85c8ca0f00ad961ffafd9838304d4d96db862b07a07bb8b0178f7e47d0fc3dd8
[INFO] running `Command { std: "docker" "create" "-v" "/var/lib/crater-agent-workspace/builds/worker-4-tc2/target:/opt/rustwide/target:rw,Z" "-v" "/var/lib/crater-agent-workspace/builds/worker-4-tc2/source:/opt/rustwide/workdir:ro,Z" "-v" "/var/lib/crater-agent-workspace/cargo-home:/opt/rustwide/cargo-home:ro,Z" "-v" "/var/lib/crater-agent-workspace/rustup-home:/opt/rustwide/rustup-home:ro,Z" "-e" "SOURCE_DIR=/opt/rustwide/workdir" "-e" "CARGO_TARGET_DIR=/opt/rustwide/target" "-e" "CARGO_INCREMENTAL=0" "-e" "RUST_BACKTRACE=full" "-e" "RUSTFLAGS=--cap-lints=warn" "-e" "RUSTDOCFLAGS=--cap-lints=warn" "-e" "CARGO_HOME=/opt/rustwide/cargo-home" "-e" "RUSTUP_HOME=/opt/rustwide/rustup-home" "-w" "/opt/rustwide/workdir" "-m" "1610612736" "--user" "0:0" "--network" "none" "ghcr.io/rust-lang/crates-build-env/linux@sha256:2788e3201cd34a07e3172128adcd8b3090168a8e3bcc40d7c032b9dda1df7d1c" "/opt/rustwide/cargo-home/bin/cargo" "+beta-2023-12-22" "test" "--frozen", kill_on_drop: false }`
[INFO] [stdout] b9b787ddf1a0852c13d8c60db0aee0dae48bb45c61c6e4aab61845bff380e225
[INFO] running `Command { std: "docker" "start" "-a" "b9b787ddf1a0852c13d8c60db0aee0dae48bb45c61c6e4aab61845bff380e225", kill_on_drop: false }`
[INFO] [stderr]     Finished test [unoptimized + debuginfo] target(s) in 0.30s
[INFO] [stderr]      Running unittests src/lib.rs (/opt/rustwide/target/debug/deps/take_badge-2bed7037cfa15ab0)
[INFO] [stdout] 
[INFO] [stdout] running 0 tests
[INFO] [stdout] 
[INFO] [stdout] test result: ok. 0 passed; 0 failed; 0 ignored; 0 measured; 0 filtered out; finished in 0.00s
[INFO] [stdout] 
[INFO] [stdout] 
[INFO] [stderr]      Running tests/lib.rs (/opt/rustwide/target/debug/deps/lib-698e96e40882d36f)
[INFO] [stdout] running 1 test
[INFO] [stderr]    Compiling proc-macro2 v1.0.47
[INFO] [stderr]    Compiling quote v1.0.21
[INFO] [stderr]    Compiling unicode-ident v1.0.5
[INFO] [stderr]    Compiling syn v1.0.104
[INFO] [stderr]    Compiling libc v0.2.137
[INFO] [stderr]    Compiling autocfg v1.1.0
[INFO] [stderr]    Compiling serde_derive v1.0.148
[INFO] [stderr]    Compiling cfg-if v1.0.0
[INFO] [stderr]    Compiling version_check v0.9.4
[INFO] [stderr]    Compiling typenum v1.15.0
[INFO] [stderr]    Compiling serde v1.0.148
[INFO] [stderr]    Compiling serde_json v1.0.89
[INFO] [stderr]    Compiling num-traits v0.2.15
[INFO] [stderr]    Compiling num-integer v0.1.45
[INFO] [stderr]    Compiling generic-array v0.14.6
[INFO] [stderr]    Compiling num-bigint v0.4.3
[INFO] [stderr]    Compiling itoa v1.0.4
[INFO] [stderr]    Compiling ryu v1.0.11
[INFO] [stderr]    Compiling keccak v0.1.3
[INFO] [stderr] error[E0463]: can't find crate for `core`
[INFO] [stderr]   |
[INFO] [stderr]   = note: the `wasm32-unknown-unknown` target may not be installed
[INFO] [stderr]   = help: consider downloading the target with `rustup target add wasm32-unknown-unknown`
[INFO] [stderr] 
[INFO] [stderr] error[E0463]: can't find crate for `compiler_builtins`
[INFO] [stderr] 
[INFO] [stderr] error: cannot find macro `panic` in this scope
[INFO] [stderr]    --> /opt/rustwide/cargo-home/registry/src/index.crates.io-6f17d22bba15001f/keccak-0.1.3/src/lib.rs:200:9
[INFO] [stderr]     |
[INFO] [stderr] 200 |         panic!("A round_count greater than KECCAK_F_ROUND_COUNT is not supported!");
[INFO] [stderr]     |         ^^^^^
[INFO] [stderr] 
[INFO] [stderr] error[E0405]: cannot find trait `Copy` in this scope
[INFO] [stderr]   --> /opt/rustwide/cargo-home/registry/src/index.crates.io-6f17d22bba15001f/keccak-0.1.3/src/lib.rs:96:5
[INFO] [stderr]    |
[INFO] [stderr] 96 |     Copy
[INFO] [stderr]    |     ^^^^ not found in this scope
[INFO] [stderr] 
[INFO] [stderr] error[E0405]: cannot find trait `Clone` in this scope
[INFO] [stderr]   --> /opt/rustwide/cargo-home/registry/src/index.crates.io-6f17d22bba15001f/keccak-0.1.3/src/lib.rs:97:7
[INFO] [stderr]    |
[INFO] [stderr] 97 |     + Clone
[INFO] [stderr]    |       ^^^^^ not found in this scope
[INFO] [stderr] 
[INFO] [stderr] error[E0405]: cannot find trait `Default` in this scope
[INFO] [stderr]   --> /opt/rustwide/cargo-home/registry/src/index.crates.io-6f17d22bba15001f/keccak-0.1.3/src/lib.rs:99:7
[INFO] [stderr]    |
[INFO] [stderr] 99 |     + Default
[INFO] [stderr]    |       ^^^^^^^ not found in this scope
[INFO] [stderr] 
[INFO] [stderr] error[E0405]: cannot find trait `PartialEq` in this scope
[INFO] [stderr]    --> /opt/rustwide/cargo-home/registry/src/index.crates.io-6f17d22bba15001f/keccak-0.1.3/src/lib.rs:100:7
[INFO] [stderr]     |
[INFO] [stderr] 100 |     + PartialEq
[INFO] [stderr]     |       ^^^^^^^^^ not found in this scope
[INFO] [stderr] 
[INFO] [stderr] Some errors have detailed explanations: E0405, E0463.
[INFO] [stderr] For more information about an error, try `rustc --explain E0405`.
[INFO] [stderr] error: could not compile `keccak` (lib) due to 7 previous errors
[INFO] [stderr] warning: build failed, waiting for other jobs to finish...
[INFO] [stdout] test test_hello ... FAILED
[INFO] [stdout] 
[INFO] [stdout] failures:
[INFO] [stdout] 
[INFO] [stdout] ---- test_hello stdout ----
[INFO] [stdout] ------------------------------Transaction Metadata------------------------------
[INFO] [stdout] Transaction hash: a35528d8ff14477b7d1865995a1ebdd94aea62c09a9682ffb36008bf1e35d402
[INFO] [stdout] Transaction proofs: []
[INFO] [stdout] Number of unique blobs: 0
[INFO] [stdout] ------------------------------Engine Execution Log------------------------------
[INFO] [stdout] [0] Invoking function: fn = Native(TransactionProcessor(Run)), buckets = {}, proofs = {}
[INFO] [stdout]     [1] Creating node: node = Worktop(Worktop { containers: {} })
[INFO] [stdout]     [1] Reading substate: substate_id = ComponentInfo(system_sim1qsqqqqqqqqqqqqqqqqqqqqqqqqqqqqqqqqqqqqqqqqqs9fh54n)
[INFO] [stdout]     [1] Invoking method: fn = Scrypto { package_address: package_sim1qyqqqqqqqqqqqqqqqqqqqqqqqqqqqqqqqqqqqqqqqqqsnznk7n, blueprint_name: "SysFaucet", ident: "lock_fee" }, buckets = {}, proofs = {}
[INFO] [stdout]         [2] Reading substate: substate_id = ComponentState(system_sim1qsqqqqqqqqqqqqqqqqqqqqqqqqqqqqqqqqqqqqqqqqqs9fh54n)
[INFO] [stdout]         [2] Invoking method: fn = Native(Vault(LockFee)), buckets = {}, proofs = {}
[INFO] [stdout]             [3] Borrowing substate: substate_id = Vault((0000000000000000000000000000000000000000000000000000000000000000, 0))
[INFO] [stdout]             [3] Returning substate: substate_ref = Track(Vault((0000000000000000000000000000000000000000000000000000000000000000, 0)), Vault(Vault { container: RefCell { value: Fungible { resource_address: resource_sim1qqqqqqqqqqqqqqqqqqqqqqqqqqqqqqqqqqqqqqqqqqzqu57yag, divisibility: 18, locked_amounts: {}, liquid_amount: 999999999900.00000025 } } }))
[INFO] [stdout]         [2] Exiting method: output = ()
[INFO] [stdout]         [2] Writing substate: substate_id = ComponentState(system_sim1qsqqqqqqqqqqqqqqqqqqqqqqqqqqqqqqqqqqqqqqqqqs9fh54n), value = Struct(Vault("000000000000000000000000000000000000000000000000000000000000000000000000"), KeyValueStore("000000000000000000000000000000000000000000000000000000000000000001000000"))
[INFO] [stdout]     [1] Exiting method: output = ()
[INFO] [stdout]     [1] Reading substate: substate_id = ComponentInfo(system_sim1qsqqqqqqqqqqqqqqqqqqqqqqqqqqqqqqqqqqqqqqqqqs9fh54n)
[INFO] [stdout]     [1] Invoking method: fn = Scrypto { package_address: package_sim1qyqqqqqqqqqqqqqqqqqqqqqqqqqqqqqqqqqqqqqqqqqsnznk7n, blueprint_name: "SysFaucet", ident: "free_xrd" }, buckets = {}, proofs = {}
[INFO] [stdout]         [2] Reading substate: substate_id = ComponentState(system_sim1qsqqqqqqqqqqqqqqqqqqqqqqqqqqqqqqqqqqqqqqqqqs9fh54n)
[INFO] [stdout]         [2] Invoking method: fn = Native(System(GetTransactionHash)), buckets = {}, proofs = {}
[INFO] [stdout]             [3] Reading transaction hash
[INFO] [stdout]         [2] Exiting method: output = Hash("a35528d8ff14477b7d1865995a1ebdd94aea62c09a9682ffb36008bf1e35d402")
[INFO] [stdout]         [2] Invoking method: fn = Native(System(GetCurrentEpoch)), buckets = {}, proofs = {}
[INFO] [stdout]             [3] Borrowing node: node_id = System
[INFO] [stdout]         [2] Exiting method: output = 0u64
[INFO] [stdout]         [2] Reading substate: substate_id = KeyValueStoreEntry((0000000000000000000000000000000000000000000000000000000000000000, 1), [144, 32, 0, 0, 0, 163, 85, 40, 216, 255, 20, 71, 123, 125, 24, 101, 153, 90, 30, 189, 217, 74, 234, 98, 192, 154, 150, 130, 255, 179, 96, 8, 191, 30, 53, 212, 2])
[INFO] [stdout]         [2] Writing substate: substate_id = KeyValueStoreEntry((0000000000000000000000000000000000000000000000000000000000000000, 1), [144, 32, 0, 0, 0, 163, 85, 40, 216, 255, 20, 71, 123, 125, 24, 101, 153, 90, 30, 189, 217, 74, 234, 98, 192, 154, 150, 130, 255, 179, 96, 8, 191, 30, 53, 212, 2]), value = 0u64
[INFO] [stdout]         [2] Invoking method: fn = Native(Vault(Take)), buckets = {}, proofs = {}
[INFO] [stdout]             [3] Borrowing substate: substate_id = Vault((0000000000000000000000000000000000000000000000000000000000000000, 0))
[INFO] [stdout]             [3] Creating node: node = Bucket(Bucket { container: RefCell { value: Fungible { resource_address: resource_sim1qqqqqqqqqqqqqqqqqqqqqqqqqqqqqqqqqqqqqqqqqqzqu57yag, divisibility: 18, locked_amounts: {}, liquid_amount: 1000 } } })
[INFO] [stdout]             [3] Returning substate: substate_ref = Track(Vault((0000000000000000000000000000000000000000000000000000000000000000, 0)), Vault(Vault { container: RefCell { value: Fungible { resource_address: resource_sim1qqqqqqqqqqqqqqqqqqqqqqqqqqqqqqqqqqqqqqqqqqzqu57yag, divisibility: 18, locked_amounts: {}, liquid_amount: 999999998900.00000025 } } }))
[INFO] [stdout]         [2] Exiting method: output = Bucket(1024u32)
[INFO] [stdout]         [2] Writing substate: substate_id = ComponentState(system_sim1qsqqqqqqqqqqqqqqqqqqqqqqqqqqqqqqqqqqqqqqqqqs9fh54n), value = Struct(Vault("000000000000000000000000000000000000000000000000000000000000000000000000"), KeyValueStore("000000000000000000000000000000000000000000000000000000000000000001000000"))
[INFO] [stdout]     [1] Exiting method: output = Bucket(1024u32)
[INFO] [stdout]     [1] Invoking method: fn = Native(Worktop(Put)), buckets = {1024: SborPath([0])}, proofs = {}
[INFO] [stdout]         [2] Borrowing substate: substate_id = Worktop
[INFO] [stdout]         [2] Dropping node: node_id = Bucket(1024)
[INFO] [stdout]         [2] Returning substate: substate_ref = Stack(HeapRootRENode { root: Worktop(Worktop { containers: {resource_sim1qqqqqqqqqqqqqqqqqqqqqqqqqqqqqqqqqqqqqqqqqqzqu57yag: RefCell { value: Fungible { resource_address: resource_sim1qqqqqqqqqqqqqqqqqqqqqqqqqqqqqqqqqqqqqqqqqqzqu57yag, divisibility: 18, locked_amounts: {}, liquid_amount: 1000 } }} }), child_nodes: {} }, 1, Worktop, None)
[INFO] [stdout]     [1] Exiting method: output = ()
[INFO] [stdout]     [1] Invoking method: fn = Native(Worktop(TakeAll)), buckets = {}, proofs = {}
[INFO] [stdout]         [2] Borrowing substate: substate_id = Worktop
[INFO] [stdout]         [2] Creating node: node = Bucket(Bucket { container: RefCell { value: Fungible { resource_address: resource_sim1qqqqqqqqqqqqqqqqqqqqqqqqqqqqqqqqqqqqqqqqqqzqu57yag, divisibility: 18, locked_amounts: {}, liquid_amount: 1000 } } })
[INFO] [stdout]         [2] Returning substate: substate_ref = Stack(HeapRootRENode { root: Worktop(Worktop { containers: {resource_sim1qqqqqqqqqqqqqqqqqqqqqqqqqqqqqqqqqqqqqqqqqqzqu57yag: RefCell { value: Fungible { resource_address: resource_sim1qqqqqqqqqqqqqqqqqqqqqqqqqqqqqqqqqqqqqqqqqqzqu57yag, divisibility: 18, locked_amounts: {}, liquid_amount: 0 } }} }), child_nodes: {} }, 1, Worktop, None)
[INFO] [stdout]     [1] Exiting method: output = Bucket(1025u32)
[INFO] [stdout]     [1] Invoking function: fn = Scrypto { package_address: package_sim1qyqqqqqqqqqqqqqqqqqqqqqqqqqqqqqqqqqqqqqqqqpsuluv44, blueprint_name: "Account", ident: "new_with_resource" }, buckets = {1025: SborPath([1])}, proofs = {}
[INFO] [stdout]         [2] Creating node: node = KeyValueStore(HeapKeyValueStore { store: {} })
[INFO] [stdout]         [2] Creating node: node = Component(ComponentInfo { package_address: package_sim1qyqqqqqqqqqqqqqqqqqqqqqqqqqqqqqqqqqqqqqqqqpsuluv44, blueprint_name: "Account", access_rules: [] }, ComponentState { state: [16, 1, 0, 0, 0, 131, 36, 0, 0, 0, 163, 85, 40, 216, 255, 20, 71, 123, 125, 24, 101, 153, 90, 30, 189, 217, 74, 234, 98, 192, 154, 150, 130, 255, 179, 96, 8, 191, 30, 53, 212, 2, 2, 4, 0, 0] })
[INFO] [stdout]         [2] Reading substate: substate_id = ComponentInfo(account_sim1qvv66gl6335ff48dn4hm4f0dz09tz9pnzs866y5jjjsqzt0nlf)
[INFO] [stdout]         [2] Invoking method: fn = Scrypto { package_address: package_sim1qyqqqqqqqqqqqqqqqqqqqqqqqqqqqqqqqqqqqqqqqqpsuluv44, blueprint_name: "Account", ident: "deposit" }, buckets = {1025: SborPath([0])}, proofs = {}
[INFO] [stdout]             [3] Reading substate: substate_id = ComponentState(account_sim1qvv66gl6335ff48dn4hm4f0dz09tz9pnzs866y5jjjsqzt0nlf)
[INFO] [stdout]             [3] Invoking method: fn = Native(Bucket(GetResourceAddress)), buckets = {}, proofs = {}
[INFO] [stdout]                 [4] Borrowing substate: substate_id = Bucket(1025)
[INFO] [stdout]                 [4] Returning substate: substate_ref = Stack(HeapRootRENode { root: Bucket(Bucket { container: RefCell { value: Fungible { resource_address: resource_sim1qqqqqqqqqqqqqqqqqqqqqqqqqqqqqqqqqqqqqqqqqqzqu57yag, divisibility: 18, locked_amounts: {}, liquid_amount: 1000 } } }), child_nodes: {} }, 3, Bucket(1025), None)
[INFO] [stdout]             [3] Exiting method: output = ResourceAddress("resource_sim1qqqqqqqqqqqqqqqqqqqqqqqqqqqqqqqqqqqqqqqqqqzqu57yag")
[INFO] [stdout]             [3] Reading substate: substate_id = KeyValueStoreEntry((a35528d8ff14477b7d1865995a1ebdd94aea62c09a9682ffb36008bf1e35d402, 1026), [182, 27, 0, 0, 0, 0, 0, 0, 0, 0, 0, 0, 0, 0, 0, 0, 0, 0, 0, 0, 0, 0, 0, 0, 0, 0, 0, 0, 0, 0, 0, 4])
[INFO] [stdout]             [3] Invoking method: fn = Native(Bucket(GetResourceAddress)), buckets = {}, proofs = {}
[INFO] [stdout]                 [4] Borrowing substate: substate_id = Bucket(1025)
[INFO] [stdout]                 [4] Returning substate: substate_ref = Stack(HeapRootRENode { root: Bucket(Bucket { container: RefCell { value: Fungible { resource_address: resource_sim1qqqqqqqqqqqqqqqqqqqqqqqqqqqqqqqqqqqqqqqqqqzqu57yag, divisibility: 18, locked_amounts: {}, liquid_amount: 1000 } } }), child_nodes: {} }, 3, Bucket(1025), None)
[INFO] [stdout]             [3] Exiting method: output = ResourceAddress("resource_sim1qqqqqqqqqqqqqqqqqqqqqqqqqqqqqqqqqqqqqqqqqqzqu57yag")
[INFO] [stdout]             [3] Invoking method: fn = Native(ResourceManager(CreateVault)), buckets = {}, proofs = {}
[INFO] [stdout]                 [4] Borrowing substate: substate_id = ResourceManager(resource_sim1qqqqqqqqqqqqqqqqqqqqqqqqqqqqqqqqqqqqqqqqqqzqu57yag)
[INFO] [stdout]                 [4] Creating node: node = Vault(Vault { container: RefCell { value: Fungible { resource_address: resource_sim1qqqqqqqqqqqqqqqqqqqqqqqqqqqqqqqqqqqqqqqqqqzqu57yag, divisibility: 18, locked_amounts: {}, liquid_amount: 0 } } })
[INFO] [stdout]                 [4] Returning substate: substate_ref = Track(ResourceManager(resource_sim1qqqqqqqqqqqqqqqqqqqqqqqqqqqqqqqqqqqqqqqqqqzqu57yag), Resource(ResourceManager { resource_type: Fungible { divisibility: 18 }, metadata: {"description": "The Radix Public Network's native token, used to pay the network's required transaction fees and to secure the network through staking to its validator nodes.", "url": "https://tokens.radixdlt.com", "symbol": "XRD", "name": "Radix"}, method_table: {CreateBucket: Public, CreateVault: Public, NonFungibleExists: Public, Mint: Protected(Mint), UpdateNonFungibleData: Protected(UpdateNonFungibleData), GetNonFungible: Public, GetMetadata: Public, GetResourceType: Public, GetTotalSupply: Public, UpdateMetadata: Protected(UpdateMetadata)}, vault_method_table: {LockFee: Protected(Withdraw), LockContingentFee: Protected(Withdraw), CreateProofByIds: Public, TakeNonFungibles: Protected(Withdraw), Take: Protected(Withdraw), Put: Protected(Deposit), GetResourceAddress: Public, GetAmount: Public, CreateProof: Public, GetNonFungibleIds: Public, CreateProofByAmount: Public}, bucket_method_table: {Burn: Protected(Burn)}, authorization: {Withdraw: MethodAccessRule { auth: AllowAll, update_auth: DenyAll }, Burn: MethodAccessRule { auth: DenyAll, update_auth: DenyAll }, Mint: MethodAccessRule { auth: DenyAll, update_auth: DenyAll }, Deposit: MethodAccessRule { auth: AllowAll, update_auth: DenyAll }, UpdateNonFungibleData: MethodAccessRule { auth: DenyAll, update_auth: DenyAll }, UpdateMetadata: MethodAccessRule { auth: DenyAll, update_auth: DenyAll }}, total_supply: 1000000000000 }))
[INFO] [stdout]             [3] Exiting method: output = Vault("a35528d8ff14477b7d1865995a1ebdd94aea62c09a9682ffb36008bf1e35d40204040000")
[INFO] [stdout]             [3] Invoking method: fn = Native(Vault(Put)), buckets = {1025: SborPath([0])}, proofs = {}
[INFO] [stdout]                 [4] Borrowing substate: substate_id = Vault((a35528d8ff14477b7d1865995a1ebdd94aea62c09a9682ffb36008bf1e35d402, 1028))
[INFO] [stdout]                 [4] Dropping node: node_id = Bucket(1025)
[INFO] [stdout]                 [4] Returning substate: substate_ref = Stack(HeapRootRENode { root: Vault(Vault { container: RefCell { value: Fungible { resource_address: resource_sim1qqqqqqqqqqqqqqqqqqqqqqqqqqqqqqqqqqqqqqqqqqzqu57yag, divisibility: 18, locked_amounts: {}, liquid_amount: 1000 } } }), child_nodes: {} }, 3, Vault((a35528d8ff14477b7d1865995a1ebdd94aea62c09a9682ffb36008bf1e35d402, 1028)), None)
[INFO] [stdout]             [3] Exiting method: output = ()
[INFO] [stdout]             [3] Writing substate: substate_id = KeyValueStoreEntry((a35528d8ff14477b7d1865995a1ebdd94aea62c09a9682ffb36008bf1e35d402, 1026), [182, 27, 0, 0, 0, 0, 0, 0, 0, 0, 0, 0, 0, 0, 0, 0, 0, 0, 0, 0, 0, 0, 0, 0, 0, 0, 0, 0, 0, 0, 0, 4]), value = Vault("a35528d8ff14477b7d1865995a1ebdd94aea62c09a9682ffb36008bf1e35d40204040000")
[INFO] [stdout]             [3] Writing substate: substate_id = ComponentState(account_sim1qvv66gl6335ff48dn4hm4f0dz09tz9pnzs866y5jjjsqzt0nlf), value = Struct(KeyValueStore("a35528d8ff14477b7d1865995a1ebdd94aea62c09a9682ffb36008bf1e35d40202040000"))
[INFO] [stdout]         [2] Exiting method: output = ()
[INFO] [stdout]         [2] Invoking method: fn = Native(Component(AddAccessCheck)), buckets = {}, proofs = {}
[INFO] [stdout]             [3] Borrowing node: node_id = Component(account_sim1qvv66gl6335ff48dn4hm4f0dz09tz9pnzs866y5jjjsqzt0nlf)
[INFO] [stdout]             [3] Borrowing node: node_id = Package(package_sim1qyqqqqqqqqqqqqqqqqqqqqqqqqqqqqqqqqqqqqqqqqpsuluv44)
[INFO] [stdout]             [3] Borrowing substate: substate_id = ComponentInfo(account_sim1qvv66gl6335ff48dn4hm4f0dz09tz9pnzs866y5jjjsqzt0nlf)
[INFO] [stdout]             [3] Returning substate: substate_ref = Stack(HeapRootRENode { root: Component(ComponentInfo { package_address: package_sim1qyqqqqqqqqqqqqqqqqqqqqqqqqqqqqqqqqqqqqqqqqpsuluv44, blueprint_name: "Account", access_rules: [AccessRules { method_auth: {"deposit": AllowAll, "balance": AllowAll, "deposit_batch": AllowAll}, default_auth: Protected(ProofRule(Require(StaticNonFungible(0000000000000000000000000000000000000000000000000000023007210000000279be667ef9dcbbac55a06295ce870b07029bfcdb2dce28d959f2815b16f81798)))) }] }, ComponentState { state: [16, 1, 0, 0, 0, 131, 36, 0, 0, 0, 163, 85, 40, 216, 255, 20, 71, 123, 125, 24, 101, 153, 90, 30, 189, 217, 74, 234, 98, 192, 154, 150, 130, 255, 179, 96, 8, 191, 30, 53, 212, 2, 2, 4, 0, 0] }), child_nodes: {Vault((a35528d8ff14477b7d1865995a1ebdd94aea62c09a9682ffb36008bf1e35d402, 1028)): Vault(Vault { container: RefCell { value: Fungible { resource_address: resource_sim1qqqqqqqqqqqqqqqqqqqqqqqqqqqqqqqqqqqqqqqqqqzqu57yag, divisibility: 18, locked_amounts: {}, liquid_amount: 1000 } } }), KeyValueStore((a35528d8ff14477b7d1865995a1ebdd94aea62c09a9682ffb36008bf1e35d402, 1026)): KeyValueStore(HeapKeyValueStore { store: {[182, 27, 0, 0, 0, 0, 0, 0, 0, 0, 0, 0, 0, 0, 0, 0, 0, 0, 0, 0, 0, 0, 0, 0, 0, 0, 0, 0, 0, 0, 0, 4]: Vault("a35528d8ff14477b7d1865995a1ebdd94aea62c09a9682ffb36008bf1e35d40204040000")} })} }, 2, Component(account_sim1qvv66gl6335ff48dn4hm4f0dz09tz9pnzs866y5jjjsqzt0nlf), None)
[INFO] [stdout]         [2] Exiting method: output = ()
[INFO] [stdout]         [2] Globalizing node: node_id = Component(account_sim1qvv66gl6335ff48dn4hm4f0dz09tz9pnzs866y5jjjsqzt0nlf)
[INFO] [stdout]     [1] Exiting function: output = ComponentAddress("account_sim1qvv66gl6335ff48dn4hm4f0dz09tz9pnzs866y5jjjsqzt0nlf")
[INFO] [stdout] [0] Exiting function: output = Vec<List>(Vec<U8>(0u8, 0u8), Vec<U8>(177u8, 4u8, 0u8, 0u8, 0u8, 0u8, 4u8, 0u8, 0u8), Vec<U8>(177u8, 4u8, 0u8, 0u8, 0u8, 0u8, 2u8, 0u8, 0u8), Vec<U8>(129u8, 27u8, 0u8, 0u8, 0u8, 3u8, 25u8, 173u8, 35u8, 250u8, 140u8, 104u8, 148u8, 212u8, 237u8, 157u8, 111u8, 186u8, 165u8, 237u8, 19u8, 202u8, 177u8, 20u8, 51u8, 20u8, 15u8, 173u8, 18u8, 146u8, 148u8, 160u8))
[INFO] [stdout] ---------------------------------Cost Analysis----------------------------------
[INFO] [stdout] base_fee                      :    10000
[INFO] [stdout] blobs                         :        0
[INFO] [stdout] borrow_node                   :      300
[INFO] [stdout] borrow_substate               :     4500
[INFO] [stdout] create_node                   :     3000
[INFO] [stdout] decode_manifest               :     1647
[INFO] [stdout] drop_node                     :     1000
[INFO] [stdout] globalize_node                :     1000
[INFO] [stdout] instantiate_wasm              :   645138
[INFO] [stdout] invoke_function               :     3795
[INFO] [stdout] invoke_method                 :     3870
[INFO] [stdout] read_substate                 :     4000
[INFO] [stdout] read_transaction_hash         :      100
[INFO] [stdout] return_substate               :      900
[INFO] [stdout] run_function                  :     1000
[INFO] [stdout] run_method                    :     6900
[INFO] [stdout] run_wasm                      :   457232
[INFO] [stdout] verify_manifest               :      549
[INFO] [stdout] verify_signatures             :        0
[INFO] [stdout] write_substate                :     2500
[INFO] [stdout] --------------------------------Application Logs--------------------------------
[INFO] [stdout] None
[INFO] [stdout] thread 'test_hello' panicked at /opt/rustwide/cargo-home/git/checkouts/radixdlt-scrypto-1833d92590086ce0/f4c4198/scrypto-unit/src/test_runner.rs:184:13:
[INFO] [stdout] Failed to compile package: "/opt/rustwide/workdir"
[INFO] [stdout] stack backtrace:
[INFO] [stdout]    0:     0x563e451e24a6 - std::backtrace_rs::backtrace::libunwind::trace::h261606ad26a499c1
[INFO] [stdout]                                at /rustc/0e09125c6c3c2fd70d7de961bcf0e51575235fad/library/std/src/../../backtrace/src/backtrace/libunwind.rs:104:5
[INFO] [stdout]    1:     0x563e451e24a6 - std::backtrace_rs::backtrace::trace_unsynchronized::hd183f0625477fb28
[INFO] [stdout]                                at /rustc/0e09125c6c3c2fd70d7de961bcf0e51575235fad/library/std/src/../../backtrace/src/backtrace/mod.rs:66:5
[INFO] [stdout]    2:     0x563e451e24a6 - std::sys_common::backtrace::_print_fmt::hd7f8fef21b4eda67
[INFO] [stdout]                                at /rustc/0e09125c6c3c2fd70d7de961bcf0e51575235fad/library/std/src/sys_common/backtrace.rs:68:5
[INFO] [stdout]    3:     0x563e451e24a6 - <std::sys_common::backtrace::_print::DisplayBacktrace as core::fmt::Display>::fmt::h623d9b51f2f453f1
[INFO] [stdout]                                at /rustc/0e09125c6c3c2fd70d7de961bcf0e51575235fad/library/std/src/sys_common/backtrace.rs:44:22
[INFO] [stdout]    4:     0x563e4520c140 - core::fmt::rt::Argument::fmt::h9f417ac76a86f368
[INFO] [stdout]                                at /rustc/0e09125c6c3c2fd70d7de961bcf0e51575235fad/library/core/src/fmt/rt.rs:142:9
[INFO] [stdout]    5:     0x563e4520c140 - core::fmt::write::hc9b6faf4ac2aeff7
[INFO] [stdout]                                at /rustc/0e09125c6c3c2fd70d7de961bcf0e51575235fad/library/core/src/fmt/mod.rs:1120:17
[INFO] [stdout]    6:     0x563e451dfd3f - std::io::Write::write_fmt::he04625a3a989fec3
[INFO] [stdout]                                at /rustc/0e09125c6c3c2fd70d7de961bcf0e51575235fad/library/std/src/io/mod.rs:1810:15
[INFO] [stdout]    7:     0x563e451e2284 - std::sys_common::backtrace::_print::hd5d66399c7df88a2
[INFO] [stdout]                                at /rustc/0e09125c6c3c2fd70d7de961bcf0e51575235fad/library/std/src/sys_common/backtrace.rs:47:5
[INFO] [stdout]    8:     0x563e451e2284 - std::sys_common::backtrace::print::he81ed2da642d37e5
[INFO] [stdout]                                at /rustc/0e09125c6c3c2fd70d7de961bcf0e51575235fad/library/std/src/sys_common/backtrace.rs:34:9
[INFO] [stdout]    9:     0x563e451e3ff7 - std::panicking::default_hook::{{closure}}::h85773f4fa117163d
[INFO] [stdout]   10:     0x563e451e3cdd - std::panicking::default_hook::h6a1694a91d09b278
[INFO] [stdout]                                at /rustc/0e09125c6c3c2fd70d7de961bcf0e51575235fad/library/std/src/panicking.rs:289:9
[INFO] [stdout]   11:     0x563e44de9f17 - <alloc::boxed::Box<F,A> as core::ops::function::Fn<Args>>::call::h616ac37fa3cd6c8f
[INFO] [stdout]                                at /rustc/0e09125c6c3c2fd70d7de961bcf0e51575235fad/library/alloc/src/boxed.rs:2029:9
[INFO] [stdout]   12:     0x563e44de9f17 - test::test_main::{{closure}}::h00d84697cefdcbb6
[INFO] [stdout]                                at /rustc/0e09125c6c3c2fd70d7de961bcf0e51575235fad/library/test/src/lib.rs:138:21
[INFO] [stdout]   13:     0x563e451e4616 - <alloc::boxed::Box<F,A> as core::ops::function::Fn<Args>>::call::hcb3fe3b9bb537ba8
[INFO] [stdout]                                at /rustc/0e09125c6c3c2fd70d7de961bcf0e51575235fad/library/alloc/src/boxed.rs:2029:9
[INFO] [stdout]   14:     0x563e451e4616 - std::panicking::rust_panic_with_hook::h0a7ad96e90f7145b
[INFO] [stdout]                                at /rustc/0e09125c6c3c2fd70d7de961bcf0e51575235fad/library/std/src/panicking.rs:783:13
[INFO] [stdout]   15:     0x563e451e4362 - std::panicking::begin_panic_handler::{{closure}}::h7919090525c6485e
[INFO] [stdout]                                at /rustc/0e09125c6c3c2fd70d7de961bcf0e51575235fad/library/std/src/panicking.rs:657:13
[INFO] [stdout]   16:     0x563e451e29a6 - std::sys_common::backtrace::__rust_end_short_backtrace::hf3289479464f7dfe
[INFO] [stdout]                                at /rustc/0e09125c6c3c2fd70d7de961bcf0e51575235fad/library/std/src/sys_common/backtrace.rs:171:18
[INFO] [stdout]   17:     0x563e451e40c0 - rust_begin_unwind
[INFO] [stdout]                                at /rustc/0e09125c6c3c2fd70d7de961bcf0e51575235fad/library/std/src/panicking.rs:645:5
[INFO] [stdout]   18:     0x563e44cf0dc5 - core::panicking::panic_fmt::hcc9f77c5c132af55
[INFO] [stdout]                                at /rustc/0e09125c6c3c2fd70d7de961bcf0e51575235fad/library/core/src/panicking.rs:72:14
[INFO] [stdout]   19:     0x563e44daf3f6 - scrypto_unit::test_runner::TestRunner<S>::compile_and_publish::h26ef93dab9785f6a
[INFO] [stdout]                                at /opt/rustwide/cargo-home/git/checkouts/radixdlt-scrypto-1833d92590086ce0/f4c4198/scrypto-unit/src/test_runner.rs:184:13
[INFO] [stdout]   20:     0x563e44d6fd7b - lib::test_hello::hf7ab3dbf8d619aba
[INFO] [stdout]                                at /opt/rustwide/workdir/tests/lib.rs:17:27
[INFO] [stdout]   21:     0x563e44d6fc07 - lib::test_hello::{{closure}}::hcd8b0d18ac9cb68d
[INFO] [stdout]                                at /opt/rustwide/workdir/tests/lib.rs:8:16
[INFO] [stdout]   22:     0x563e44d73406 - core::ops::function::FnOnce::call_once::h707752323a720728
[INFO] [stdout]                                at /rustc/0e09125c6c3c2fd70d7de961bcf0e51575235fad/library/core/src/ops/function.rs:250:5
[INFO] [stdout]   23:     0x563e44def7ef - core::ops::function::FnOnce::call_once::hd64d26f405258157
[INFO] [stdout]                                at /rustc/0e09125c6c3c2fd70d7de961bcf0e51575235fad/library/core/src/ops/function.rs:250:5
[INFO] [stdout]   24:     0x563e44def7ef - test::__rust_begin_short_backtrace::he21b0b7a6d731bf9
[INFO] [stdout]                                at /rustc/0e09125c6c3c2fd70d7de961bcf0e51575235fad/library/test/src/lib.rs:627:18
[INFO] [stdout]   25:     0x563e44dee571 - test::run_test_in_process::{{closure}}::hf5c73986d7bdfde2
[INFO] [stdout]                                at /rustc/0e09125c6c3c2fd70d7de961bcf0e51575235fad/library/test/src/lib.rs:650:60
[INFO] [stdout]   26:     0x563e44dee571 - <core::panic::unwind_safe::AssertUnwindSafe<F> as core::ops::function::FnOnce<()>>::call_once::h330011ad032aadc0
[INFO] [stdout]                                at /rustc/0e09125c6c3c2fd70d7de961bcf0e51575235fad/library/core/src/panic/unwind_safe.rs:272:9
[INFO] [stdout]   27:     0x563e44dee571 - std::panicking::try::do_call::he61b0a958b795a41
[INFO] [stdout]                                at /rustc/0e09125c6c3c2fd70d7de961bcf0e51575235fad/library/std/src/panicking.rs:552:40
[INFO] [stdout]   28:     0x563e44dee571 - std::panicking::try::h7309da130f906eb7
[INFO] [stdout]                                at /rustc/0e09125c6c3c2fd70d7de961bcf0e51575235fad/library/std/src/panicking.rs:516:19
[INFO] [stdout]   29:     0x563e44dee571 - std::panic::catch_unwind::hc5c3a06fdaf0a92a
[INFO] [stdout]                                at /rustc/0e09125c6c3c2fd70d7de961bcf0e51575235fad/library/std/src/panic.rs:142:14
[INFO] [stdout]   30:     0x563e44dee571 - test::run_test_in_process::h7e7b7c71c3324e0f
[INFO] [stdout]                                at /rustc/0e09125c6c3c2fd70d7de961bcf0e51575235fad/library/test/src/lib.rs:650:27
[INFO] [stdout]   31:     0x563e44dee571 - test::run_test::{{closure}}::h1f509f28f5cf20b1
[INFO] [stdout]                                at /rustc/0e09125c6c3c2fd70d7de961bcf0e51575235fad/library/test/src/lib.rs:573:43
[INFO] [stdout]   32:     0x563e44db58a6 - test::run_test::{{closure}}::h1754218abf443f6d
[INFO] [stdout]                                at /rustc/0e09125c6c3c2fd70d7de961bcf0e51575235fad/library/test/src/lib.rs:601:41
[INFO] [stdout]   33:     0x563e44db58a6 - std::sys_common::backtrace::__rust_begin_short_backtrace::h2ee174b9d5954948
[INFO] [stdout]                                at /rustc/0e09125c6c3c2fd70d7de961bcf0e51575235fad/library/std/src/sys_common/backtrace.rs:155:18
[INFO] [stdout]   34:     0x563e44dba907 - std::thread::Builder::spawn_unchecked_::{{closure}}::{{closure}}::hf60bee9c1a17ef09
[INFO] [stdout]                                at /rustc/0e09125c6c3c2fd70d7de961bcf0e51575235fad/library/std/src/thread/mod.rs:529:17
[INFO] [stdout]   35:     0x563e44dba907 - <core::panic::unwind_safe::AssertUnwindSafe<F> as core::ops::function::FnOnce<()>>::call_once::h33d0dddec5216160
[INFO] [stdout]                                at /rustc/0e09125c6c3c2fd70d7de961bcf0e51575235fad/library/core/src/panic/unwind_safe.rs:272:9
[INFO] [stdout]   36:     0x563e44dba907 - std::panicking::try::do_call::h144b3048b546f835
[INFO] [stdout]                                at /rustc/0e09125c6c3c2fd70d7de961bcf0e51575235fad/library/std/src/panicking.rs:552:40
[INFO] [stdout]   37:     0x563e44dba907 - std::panicking::try::h978244d04646189f
[INFO] [stdout]                                at /rustc/0e09125c6c3c2fd70d7de961bcf0e51575235fad/library/std/src/panicking.rs:516:19
[INFO] [stdout]   38:     0x563e44dba907 - std::panic::catch_unwind::hdf436369d188fe86
[INFO] [stdout]                                at /rustc/0e09125c6c3c2fd70d7de961bcf0e51575235fad/library/std/src/panic.rs:142:14
[INFO] [stdout]   39:     0x563e44dba907 - std::thread::Builder::spawn_unchecked_::{{closure}}::h87329cbdd33c79ec
[INFO] [stdout]                                at /rustc/0e09125c6c3c2fd70d7de961bcf0e51575235fad/library/std/src/thread/mod.rs:528:30
[INFO] [stdout]   40:     0x563e44dba907 - core::ops::function::FnOnce::call_once{{vtable.shim}}::h401abbe67897d450
[INFO] [stdout]                                at /rustc/0e09125c6c3c2fd70d7de961bcf0e51575235fad/library/core/src/ops/function.rs:250:5
[INFO] [stdout]   41:     0x563e451e9285 - <alloc::boxed::Box<F,A> as core::ops::function::FnOnce<Args>>::call_once::h5d7c8f150ab9c84c
[INFO] [stdout]                                at /rustc/0e09125c6c3c2fd70d7de961bcf0e51575235fad/library/alloc/src/boxed.rs:2015:9
[INFO] [stdout]   42:     0x563e451e9285 - <alloc::boxed::Box<F,A> as core::ops::function::FnOnce<Args>>::call_once::h570d5b005c242c15
[INFO] [stdout]                                at /rustc/0e09125c6c3c2fd70d7de961bcf0e51575235fad/library/alloc/src/boxed.rs:2015:9
[INFO] [stdout]   43:     0x563e451e9285 - std::sys::unix::thread::Thread::new::thread_start::h36b0a20c0b2361ad
[INFO] [stdout]                                at /rustc/0e09125c6c3c2fd70d7de961bcf0e51575235fad/library/std/src/sys/unix/thread.rs:108:17
[INFO] [stdout]   44:     0x7f4955419ac3 - <unknown>
[INFO] [stdout]   45:     0x7f49554aabf4 - __clone
[INFO] [stdout]   46:                0x0 - <unknown>
[INFO] [stdout] 
[INFO] [stdout] 
[INFO] [stdout] failures:
[INFO] [stdout]     test_hello
[INFO] [stdout] 
[INFO] [stdout] test result: FAILED. 0 passed; 1 failed; 0 ignored; 0 measured; 0 filtered out; finished in 5.79s
[INFO] [stdout] 
[INFO] [stderr] error: test failed, to rerun pass `--test lib`
[INFO] running `Command { std: "docker" "inspect" "b9b787ddf1a0852c13d8c60db0aee0dae48bb45c61c6e4aab61845bff380e225", kill_on_drop: false }`
[INFO] running `Command { std: "docker" "rm" "-f" "b9b787ddf1a0852c13d8c60db0aee0dae48bb45c61c6e4aab61845bff380e225", kill_on_drop: false }`
[INFO] [stdout] b9b787ddf1a0852c13d8c60db0aee0dae48bb45c61c6e4aab61845bff380e225
