[INFO] cloning repository https://github.com/jRimbault/yadf
[INFO] running `Command { std: "git" "-c" "credential.helper=" "-c" "credential.helper=/workspace/cargo-home/bin/git-credential-null" "clone" "--bare" "https://github.com/jRimbault/yadf" "/workspace/cache/git-repos/https%3A%2F%2Fgithub.com%2FjRimbault%2Fyadf", kill_on_drop: false }`
[INFO] [stderr] Cloning into bare repository '/workspace/cache/git-repos/https%3A%2F%2Fgithub.com%2FjRimbault%2Fyadf'...
[INFO] running `Command { std: "git" "rev-parse" "HEAD", kill_on_drop: false }`
[INFO] [stdout] 97cc44feaf9de179b5278a65d44adc7758236356
[INFO] testing jRimbault/yadf against 1.75.0 for beta-1.76-1
[INFO] running `Command { std: "git" "clone" "/workspace/cache/git-repos/https%3A%2F%2Fgithub.com%2FjRimbault%2Fyadf" "/workspace/builds/worker-5-tc1/source", kill_on_drop: false }`
[INFO] [stderr] Cloning into '/workspace/builds/worker-5-tc1/source'...
[INFO] [stderr] done.
[INFO] validating manifest of git repo https://github.com/jRimbault/yadf on toolchain 1.75.0
[INFO] running `Command { std: CARGO_HOME="/workspace/cargo-home" RUSTUP_HOME="/workspace/rustup-home" "/workspace/cargo-home/bin/cargo" "+1.75.0" "metadata" "--manifest-path" "Cargo.toml" "--no-deps", kill_on_drop: false }`
[INFO] started tweaking git repo https://github.com/jRimbault/yadf
[INFO] finished tweaking git repo https://github.com/jRimbault/yadf
[INFO] tweaked toml for git repo https://github.com/jRimbault/yadf written to /workspace/builds/worker-5-tc1/source/Cargo.toml
[INFO] crate git repo https://github.com/jRimbault/yadf already has a lockfile, it will not be regenerated
[INFO] running `Command { std: CARGO_HOME="/workspace/cargo-home" RUSTUP_HOME="/workspace/rustup-home" "/workspace/cargo-home/bin/cargo" "+1.75.0" "fetch" "--manifest-path" "Cargo.toml", kill_on_drop: false }`
[INFO] [stderr]     Updating crates.io index
[INFO] [stderr]  Downloading crates ...
[INFO] [stderr]   Downloaded byte-unit v4.0.14
[INFO] [stderr]   Downloaded highway v0.8.0
[INFO] [stderr]   Downloaded clap-verbosity-flag v1.0.1
[INFO] [stderr]   Downloaded os_type v2.4.0
[INFO] running `Command { std: "docker" "create" "-v" "/var/lib/crater-agent-workspace/builds/worker-5-tc1/target:/opt/rustwide/target:rw,Z" "-v" "/var/lib/crater-agent-workspace/builds/worker-5-tc1/source:/opt/rustwide/workdir:ro,Z" "-v" "/var/lib/crater-agent-workspace/cargo-home:/opt/rustwide/cargo-home:ro,Z" "-v" "/var/lib/crater-agent-workspace/rustup-home:/opt/rustwide/rustup-home:ro,Z" "-e" "SOURCE_DIR=/opt/rustwide/workdir" "-e" "CARGO_TARGET_DIR=/opt/rustwide/target" "-e" "CARGO_HOME=/opt/rustwide/cargo-home" "-e" "RUSTUP_HOME=/opt/rustwide/rustup-home" "-w" "/opt/rustwide/workdir" "-m" "1610612736" "--user" "0:0" "--network" "none" "ghcr.io/rust-lang/crates-build-env/linux@sha256:2788e3201cd34a07e3172128adcd8b3090168a8e3bcc40d7c032b9dda1df7d1c" "/opt/rustwide/cargo-home/bin/cargo" "+1.75.0" "metadata" "--no-deps" "--format-version=1", kill_on_drop: false }`
[INFO] [stdout] 4cbbc9f847db9937a3a4b14b19fde752fdb79e3d64e2892b601e45143d2d2bdb
[INFO] running `Command { std: "docker" "start" "-a" "4cbbc9f847db9937a3a4b14b19fde752fdb79e3d64e2892b601e45143d2d2bdb", kill_on_drop: false }`
[INFO] running `Command { std: "docker" "inspect" "4cbbc9f847db9937a3a4b14b19fde752fdb79e3d64e2892b601e45143d2d2bdb", kill_on_drop: false }`
[INFO] running `Command { std: "docker" "rm" "-f" "4cbbc9f847db9937a3a4b14b19fde752fdb79e3d64e2892b601e45143d2d2bdb", kill_on_drop: false }`
[INFO] [stdout] 4cbbc9f847db9937a3a4b14b19fde752fdb79e3d64e2892b601e45143d2d2bdb
[INFO] running `Command { std: "docker" "create" "-v" "/var/lib/crater-agent-workspace/builds/worker-5-tc1/target:/opt/rustwide/target:rw,Z" "-v" "/var/lib/crater-agent-workspace/builds/worker-5-tc1/source:/opt/rustwide/workdir:ro,Z" "-v" "/var/lib/crater-agent-workspace/cargo-home:/opt/rustwide/cargo-home:ro,Z" "-v" "/var/lib/crater-agent-workspace/rustup-home:/opt/rustwide/rustup-home:ro,Z" "-e" "SOURCE_DIR=/opt/rustwide/workdir" "-e" "CARGO_TARGET_DIR=/opt/rustwide/target" "-e" "CARGO_INCREMENTAL=0" "-e" "RUST_BACKTRACE=full" "-e" "RUSTFLAGS=--cap-lints=warn" "-e" "RUSTDOCFLAGS=--cap-lints=warn" "-e" "CARGO_HOME=/opt/rustwide/cargo-home" "-e" "RUSTUP_HOME=/opt/rustwide/rustup-home" "-w" "/opt/rustwide/workdir" "-m" "1610612736" "--user" "0:0" "--network" "none" "ghcr.io/rust-lang/crates-build-env/linux@sha256:2788e3201cd34a07e3172128adcd8b3090168a8e3bcc40d7c032b9dda1df7d1c" "/opt/rustwide/cargo-home/bin/cargo" "+1.75.0" "build" "--frozen" "--message-format=json", kill_on_drop: false }`
[INFO] [stdout] 2c4ed443230136ce95525978fa0d11279858715e0c81d29a8047960a7fb2e978
[INFO] running `Command { std: "docker" "start" "-a" "2c4ed443230136ce95525978fa0d11279858715e0c81d29a8047960a7fb2e978", kill_on_drop: false }`
[INFO] [stderr]    Compiling libc v0.2.126
[INFO] [stderr]    Compiling proc-macro2 v1.0.40
[INFO] [stderr]    Compiling quote v1.0.20
[INFO] [stderr]    Compiling unicode-ident v1.0.1
[INFO] [stderr]    Compiling once_cell v1.12.0
[INFO] [stderr]    Compiling memchr v2.5.0
[INFO] [stderr]    Compiling syn v1.0.98
[INFO] [stderr]    Compiling serde v1.0.138
[INFO] [stderr]    Compiling crossbeam-utils v0.8.10
[INFO] [stderr]    Compiling proc-macro-error-attr v1.0.4
[INFO] [stderr]    Compiling regex-syntax v0.6.26
[INFO] [stderr]    Compiling log v0.4.17
[INFO] [stderr]    Compiling aho-corasick v0.7.18
[INFO] [stderr]    Compiling proc-macro-error v1.0.4
[INFO] [stderr]    Compiling getrandom v0.2.7
[INFO] [stderr]    Compiling crossbeam-epoch v0.9.9
[INFO] [stderr]    Compiling indexmap v1.9.1
[INFO] [stderr]    Compiling termcolor v1.1.3
[INFO] [stderr]    Compiling regex-automata v0.1.10
[INFO] [stderr]    Compiling backtrace v0.3.65
[INFO] [stderr]    Compiling rand_core v0.6.3
[INFO] [stderr]    Compiling atty v0.2.14
[INFO] [stderr]    Compiling heck v0.4.0
[INFO] [stderr]    Compiling serde_derive v1.0.138
[INFO] [stderr]    Compiling adler v1.0.2
[INFO] [stderr]    Compiling os_str_bytes v6.1.0
[INFO] [stderr]    Compiling gimli v0.26.1
[INFO] [stderr]    Compiling hashbrown v0.12.1
[INFO] [stderr]    Compiling rand_chacha v0.3.1
[INFO] [stderr]    Compiling clap_lex v0.2.4
[INFO] [stderr]    Compiling miniz_oxide v0.5.3
[INFO] [stderr]    Compiling regex v1.5.6
[INFO] [stderr]    Compiling crossbeam-deque v0.8.1
[INFO] [stderr]    Compiling num_cpus v1.13.1
[INFO] [stderr]    Compiling crossbeam-channel v0.5.5
[INFO] [stderr]    Compiling object v0.28.4
[INFO] [stderr]    Compiling ahash v0.7.6
[INFO] [stderr]    Compiling rustc-demangle v0.1.21
[INFO] [stderr]    Compiling fnv v1.0.7
[INFO] [stderr]    Compiling serde_json v1.0.82
[INFO] [stderr]    Compiling strsim v0.10.0
[INFO] [stderr]    Compiling textwrap v0.15.0
[INFO] [stderr]    Compiling ryu v1.0.10
[INFO] [stderr]    Compiling same-file v1.0.6
[INFO] [stderr]    Compiling anyhow v1.0.58
[INFO] [stderr]    Compiling walkdir v2.3.2
[INFO] [stderr]    Compiling bstr v0.2.17
[INFO] [stderr]    Compiling addr2line v0.17.0
[INFO] [stderr]    Compiling toml v0.5.9
[INFO] [stderr]    Compiling os_type v2.4.0
[INFO] [stderr]    Compiling rayon-core v1.9.3
[INFO] [stderr]    Compiling rand v0.8.5
[INFO] [stderr]    Compiling globset v0.4.9
[INFO] [stderr]    Compiling uuid v0.8.2
[INFO] [stderr]    Compiling csv-core v0.1.10
[INFO] [stderr]    Compiling thread_local v1.1.4
[INFO] [stderr]    Compiling itoa v0.4.8
[INFO] [stderr]    Compiling itoa v1.0.2
[INFO] [stderr]    Compiling utf8-width v0.1.6
[INFO] [stderr]    Compiling static_assertions v1.1.0
[INFO] [stderr]    Compiling yadf v1.1.0 (/opt/rustwide/workdir)
[INFO] [stderr]    Compiling either v1.7.0
[INFO] [stderr]    Compiling humantime v2.1.0
[INFO] [stderr]    Compiling rayon v1.5.3
[INFO] [stderr]    Compiling env_logger v0.9.0
[INFO] [stderr]    Compiling twox-hash v1.6.3
[INFO] [stderr]    Compiling byte-unit v4.0.14
[INFO] [stderr]    Compiling csv v1.1.6
[INFO] [stderr]    Compiling ignore v0.4.18
[INFO] [stderr]    Compiling seahash v4.1.0
[INFO] [stderr]    Compiling dunce v1.0.2
[INFO] [stderr]    Compiling metrohash v1.0.6
[INFO] [stderr]    Compiling highway v0.8.0
[INFO] [stderr]    Compiling clap_derive v3.2.7
[INFO] [stderr]    Compiling typed-builder v0.10.0
[INFO] [stderr]    Compiling clap v3.2.8
[INFO] [stderr]    Compiling human-panic v1.0.3
[INFO] [stderr]    Compiling clap-verbosity-flag v1.0.1
[INFO] [stderr]     Finished dev [unoptimized + debuginfo] target(s) in 23.86s
[INFO] running `Command { std: "docker" "inspect" "2c4ed443230136ce95525978fa0d11279858715e0c81d29a8047960a7fb2e978", kill_on_drop: false }`
[INFO] running `Command { std: "docker" "rm" "-f" "2c4ed443230136ce95525978fa0d11279858715e0c81d29a8047960a7fb2e978", kill_on_drop: false }`
[INFO] [stdout] 2c4ed443230136ce95525978fa0d11279858715e0c81d29a8047960a7fb2e978
[INFO] running `Command { std: "docker" "create" "-v" "/var/lib/crater-agent-workspace/builds/worker-5-tc1/target:/opt/rustwide/target:rw,Z" "-v" "/var/lib/crater-agent-workspace/builds/worker-5-tc1/source:/opt/rustwide/workdir:ro,Z" "-v" "/var/lib/crater-agent-workspace/cargo-home:/opt/rustwide/cargo-home:ro,Z" "-v" "/var/lib/crater-agent-workspace/rustup-home:/opt/rustwide/rustup-home:ro,Z" "-e" "SOURCE_DIR=/opt/rustwide/workdir" "-e" "CARGO_TARGET_DIR=/opt/rustwide/target" "-e" "CARGO_INCREMENTAL=0" "-e" "RUST_BACKTRACE=full" "-e" "RUSTFLAGS=--cap-lints=warn" "-e" "RUSTDOCFLAGS=--cap-lints=warn" "-e" "CARGO_HOME=/opt/rustwide/cargo-home" "-e" "RUSTUP_HOME=/opt/rustwide/rustup-home" "-w" "/opt/rustwide/workdir" "-m" "1610612736" "--user" "0:0" "--network" "none" "ghcr.io/rust-lang/crates-build-env/linux@sha256:2788e3201cd34a07e3172128adcd8b3090168a8e3bcc40d7c032b9dda1df7d1c" "/opt/rustwide/cargo-home/bin/cargo" "+1.75.0" "test" "--frozen" "--no-run" "--message-format=json", kill_on_drop: false }`
[INFO] [stdout] 6cf011cedc9ae1e6d8d24adea6be4d7564faeeeee2ff6627bda8ad486dbdfc72
[INFO] running `Command { std: "docker" "start" "-a" "6cf011cedc9ae1e6d8d24adea6be4d7564faeeeee2ff6627bda8ad486dbdfc72", kill_on_drop: false }`
[INFO] [stderr]    Compiling doc-comment v0.3.3
[INFO] [stderr]    Compiling predicates-core v1.0.3
[INFO] [stderr]    Compiling float-cmp v0.9.0
[INFO] [stderr]    Compiling itertools v0.10.3
[INFO] [stderr]    Compiling termtree v0.2.4
[INFO] [stderr]    Compiling difflib v0.4.0
[INFO] [stderr]    Compiling normalize-line-endings v0.3.0
[INFO] [stderr]    Compiling wait-timeout v0.2.0
[INFO] [stderr]    Compiling dirs-sys v0.3.7
[INFO] [stderr]    Compiling predicates-tree v1.0.5
[INFO] [stderr]    Compiling dirs v4.0.0
[INFO] [stderr]    Compiling predicates v2.1.1
[INFO] [stderr]    Compiling assert_cmd v2.0.4
[INFO] [stderr]    Compiling yadf v1.1.0 (/opt/rustwide/workdir)
[INFO] [stderr]     Finished test [unoptimized + debuginfo] target(s) in 3.99s
[INFO] running `Command { std: "docker" "inspect" "6cf011cedc9ae1e6d8d24adea6be4d7564faeeeee2ff6627bda8ad486dbdfc72", kill_on_drop: false }`
[INFO] running `Command { std: "docker" "rm" "-f" "6cf011cedc9ae1e6d8d24adea6be4d7564faeeeee2ff6627bda8ad486dbdfc72", kill_on_drop: false }`
[INFO] [stdout] 6cf011cedc9ae1e6d8d24adea6be4d7564faeeeee2ff6627bda8ad486dbdfc72
[INFO] running `Command { std: "docker" "create" "-v" "/var/lib/crater-agent-workspace/builds/worker-5-tc1/target:/opt/rustwide/target:rw,Z" "-v" "/var/lib/crater-agent-workspace/builds/worker-5-tc1/source:/opt/rustwide/workdir:ro,Z" "-v" "/var/lib/crater-agent-workspace/cargo-home:/opt/rustwide/cargo-home:ro,Z" "-v" "/var/lib/crater-agent-workspace/rustup-home:/opt/rustwide/rustup-home:ro,Z" "-e" "SOURCE_DIR=/opt/rustwide/workdir" "-e" "CARGO_TARGET_DIR=/opt/rustwide/target" "-e" "CARGO_INCREMENTAL=0" "-e" "RUST_BACKTRACE=full" "-e" "RUSTFLAGS=--cap-lints=warn" "-e" "RUSTDOCFLAGS=--cap-lints=warn" "-e" "CARGO_HOME=/opt/rustwide/cargo-home" "-e" "RUSTUP_HOME=/opt/rustwide/rustup-home" "-w" "/opt/rustwide/workdir" "-m" "1610612736" "--user" "0:0" "--network" "none" "ghcr.io/rust-lang/crates-build-env/linux@sha256:2788e3201cd34a07e3172128adcd8b3090168a8e3bcc40d7c032b9dda1df7d1c" "/opt/rustwide/cargo-home/bin/cargo" "+1.75.0" "test" "--frozen", kill_on_drop: false }`
[INFO] [stdout] 15173acdef64c08cceabb670615823790f5ac6b5a3a95cbcd14dca1a62672539
[INFO] running `Command { std: "docker" "start" "-a" "15173acdef64c08cceabb670615823790f5ac6b5a3a95cbcd14dca1a62672539", kill_on_drop: false }`
[INFO] [stderr]     Finished test [unoptimized + debuginfo] target(s) in 0.06s
[INFO] [stderr]      Running unittests src/lib.rs (/opt/rustwide/target/debug/deps/yadf-695147188d4720a3)
[INFO] [stdout] 
[INFO] [stdout] running 5 tests
[INFO] [stdout] test bag::display::tests::machine ... ok
[INFO] [stdout] test fs::hash::tests::different_hash_partial_and_full_for_small_file_because_of_size ... ok
[INFO] [stdout] test bag::serialize::tests::json ... ok
[INFO] [stdout] test bag::display::tests::fdupes ... ok
[INFO] [stdout] test path::tests::shouldnt_panic_on_invalid_utf8_path ... ok
[INFO] [stdout] 
[INFO] [stdout] test result: ok. 5 passed; 0 failed; 0 ignored; 0 measured; 0 filtered out; finished in 0.00s
[INFO] [stdout] 
[INFO] [stderr]      Running unittests src/main.rs (/opt/rustwide/target/debug/deps/yadf-cf5769bb607a3eef)
[INFO] [stdout] 
[INFO] [stdout] running 3 tests
[INFO] [stdout] test args::tests::replication_factor_parsing ... ok
[INFO] [stdout] test tests::csv ... ok
[INFO] [stdout] test tests::ldjson ... ok
[INFO] [stdout] 
[INFO] [stdout] test result: ok. 3 passed; 0 failed; 0 ignored; 0 measured; 0 filtered out; finished in 0.00s
[INFO] [stdout] 
[INFO] [stderr]      Running tests/integration.rs (/opt/rustwide/target/debug/deps/integration-fbeaec4eab757527)
[INFO] [stdout] 
[INFO] [stdout] running 9 tests
[INFO] [stdout] test max_file_size ... FAILED
[INFO] [stdout] test function_name ... ok
[INFO] [stdout] test dir_macro ... ok
[INFO] [stdout] test min_file_size ... FAILED
[INFO] [stdout] test non_utf8_paths ... FAILED
[INFO] [stdout] test glob_pattern ... FAILED
[INFO] [stdout] test regex ... FAILED
[INFO] [stdout] test hard_links_flag ... ok
[INFO] [stdout] test trace_output ... FAILED
[INFO] [stdout] 
[INFO] [stdout] failures:
[INFO] [stdout] 
[INFO] [stdout] ---- max_file_size stdout ----
[INFO] [stdout] Error: Os { code: 30, kind: ReadOnlyFilesystem, message: "Read-only file system" }
[INFO] [stdout] 
[INFO] [stdout] ---- min_file_size stdout ----
[INFO] [stdout] Error: Os { code: 30, kind: ReadOnlyFilesystem, message: "Read-only file system" }
[INFO] [stdout] 
[INFO] [stdout] ---- non_utf8_paths stdout ----
[INFO] [stdout] Error: Os { code: 30, kind: ReadOnlyFilesystem, message: "Read-only file system" }
[INFO] [stdout] 
[INFO] [stdout] ---- glob_pattern stdout ----
[INFO] [stdout] Error: Os { code: 30, kind: ReadOnlyFilesystem, message: "Read-only file system" }
[INFO] [stdout] 
[INFO] [stdout] ---- regex stdout ----
[INFO] [stdout] Error: Os { code: 30, kind: ReadOnlyFilesystem, message: "Read-only file system" }
[INFO] [stdout] 
[INFO] [stdout] ---- trace_output stdout ----
[INFO] [stdout] Error: Os { code: 30, kind: ReadOnlyFilesystem, message: "Read-only file system" }
[INFO] [stdout] 
[INFO] [stdout] 
[INFO] [stdout] failures:
[INFO] [stdout]     glob_pattern
[INFO] [stdout]     max_file_size
[INFO] [stdout]     min_file_size
[INFO] [stdout]     non_utf8_paths
[INFO] [stderr] error: test failed, to rerun pass `--test integration`
[INFO] [stdout]     regex
[INFO] [stdout]     trace_output
[INFO] [stdout] 
[INFO] [stdout] test result: FAILED. 3 passed; 6 failed; 0 ignored; 0 measured; 0 filtered out; finished in 0.01s
[INFO] [stdout] 
[INFO] running `Command { std: "docker" "inspect" "15173acdef64c08cceabb670615823790f5ac6b5a3a95cbcd14dca1a62672539", kill_on_drop: false }`
[INFO] running `Command { std: "docker" "rm" "-f" "15173acdef64c08cceabb670615823790f5ac6b5a3a95cbcd14dca1a62672539", kill_on_drop: false }`
[INFO] [stdout] 15173acdef64c08cceabb670615823790f5ac6b5a3a95cbcd14dca1a62672539
[INFO] testing jRimbault/yadf against beta-2023-12-22 for beta-1.76-1
[INFO] running `Command { std: "git" "clone" "/workspace/cache/git-repos/https%3A%2F%2Fgithub.com%2FjRimbault%2Fyadf" "/workspace/builds/worker-5-tc2/source", kill_on_drop: false }`
[INFO] [stderr] Cloning into '/workspace/builds/worker-5-tc2/source'...
[INFO] [stderr] done.
[INFO] validating manifest of git repo https://github.com/jRimbault/yadf on toolchain beta-2023-12-22
[INFO] running `Command { std: CARGO_HOME="/workspace/cargo-home" RUSTUP_HOME="/workspace/rustup-home" "/workspace/cargo-home/bin/cargo" "+beta-2023-12-22" "metadata" "--manifest-path" "Cargo.toml" "--no-deps", kill_on_drop: false }`
[INFO] started tweaking git repo https://github.com/jRimbault/yadf
[INFO] finished tweaking git repo https://github.com/jRimbault/yadf
[INFO] tweaked toml for git repo https://github.com/jRimbault/yadf written to /workspace/builds/worker-5-tc2/source/Cargo.toml
[INFO] crate git repo https://github.com/jRimbault/yadf already has a lockfile, it will not be regenerated
[INFO] running `Command { std: CARGO_HOME="/workspace/cargo-home" RUSTUP_HOME="/workspace/rustup-home" "/workspace/cargo-home/bin/cargo" "+beta-2023-12-22" "fetch" "--manifest-path" "Cargo.toml", kill_on_drop: false }`
[INFO] running `Command { std: "docker" "create" "-v" "/var/lib/crater-agent-workspace/builds/worker-5-tc2/target:/opt/rustwide/target:rw,Z" "-v" "/var/lib/crater-agent-workspace/builds/worker-5-tc2/source:/opt/rustwide/workdir:ro,Z" "-v" "/var/lib/crater-agent-workspace/cargo-home:/opt/rustwide/cargo-home:ro,Z" "-v" "/var/lib/crater-agent-workspace/rustup-home:/opt/rustwide/rustup-home:ro,Z" "-e" "SOURCE_DIR=/opt/rustwide/workdir" "-e" "CARGO_TARGET_DIR=/opt/rustwide/target" "-e" "CARGO_HOME=/opt/rustwide/cargo-home" "-e" "RUSTUP_HOME=/opt/rustwide/rustup-home" "-w" "/opt/rustwide/workdir" "-m" "1610612736" "--user" "0:0" "--network" "none" "ghcr.io/rust-lang/crates-build-env/linux@sha256:2788e3201cd34a07e3172128adcd8b3090168a8e3bcc40d7c032b9dda1df7d1c" "/opt/rustwide/cargo-home/bin/cargo" "+beta-2023-12-22" "metadata" "--no-deps" "--format-version=1", kill_on_drop: false }`
[INFO] [stdout] c0827b6a2936070fb0c21cd5293ef46fdbb8e596573ec52798b0ce287cb3cd74
[INFO] running `Command { std: "docker" "start" "-a" "c0827b6a2936070fb0c21cd5293ef46fdbb8e596573ec52798b0ce287cb3cd74", kill_on_drop: false }`
[INFO] running `Command { std: "docker" "inspect" "c0827b6a2936070fb0c21cd5293ef46fdbb8e596573ec52798b0ce287cb3cd74", kill_on_drop: false }`
[INFO] running `Command { std: "docker" "rm" "-f" "c0827b6a2936070fb0c21cd5293ef46fdbb8e596573ec52798b0ce287cb3cd74", kill_on_drop: false }`
[INFO] [stdout] c0827b6a2936070fb0c21cd5293ef46fdbb8e596573ec52798b0ce287cb3cd74
[INFO] running `Command { std: "docker" "create" "-v" "/var/lib/crater-agent-workspace/builds/worker-5-tc2/target:/opt/rustwide/target:rw,Z" "-v" "/var/lib/crater-agent-workspace/builds/worker-5-tc2/source:/opt/rustwide/workdir:ro,Z" "-v" "/var/lib/crater-agent-workspace/cargo-home:/opt/rustwide/cargo-home:ro,Z" "-v" "/var/lib/crater-agent-workspace/rustup-home:/opt/rustwide/rustup-home:ro,Z" "-e" "SOURCE_DIR=/opt/rustwide/workdir" "-e" "CARGO_TARGET_DIR=/opt/rustwide/target" "-e" "CARGO_INCREMENTAL=0" "-e" "RUST_BACKTRACE=full" "-e" "RUSTFLAGS=--cap-lints=warn" "-e" "RUSTDOCFLAGS=--cap-lints=warn" "-e" "CARGO_HOME=/opt/rustwide/cargo-home" "-e" "RUSTUP_HOME=/opt/rustwide/rustup-home" "-w" "/opt/rustwide/workdir" "-m" "1610612736" "--user" "0:0" "--network" "none" "ghcr.io/rust-lang/crates-build-env/linux@sha256:2788e3201cd34a07e3172128adcd8b3090168a8e3bcc40d7c032b9dda1df7d1c" "/opt/rustwide/cargo-home/bin/cargo" "+beta-2023-12-22" "build" "--frozen" "--message-format=json", kill_on_drop: false }`
[INFO] [stdout] d24e9012635c0cef8b8cda0c74ca797856abfe385c228a4184a324d1aa547c6e
[INFO] running `Command { std: "docker" "start" "-a" "d24e9012635c0cef8b8cda0c74ca797856abfe385c228a4184a324d1aa547c6e", kill_on_drop: false }`
[INFO] [stderr]    Compiling libc v0.2.126
[INFO] [stderr]    Compiling proc-macro2 v1.0.40
[INFO] [stderr]    Compiling once_cell v1.12.0
[INFO] [stderr]    Compiling unicode-ident v1.0.1
[INFO] [stderr]    Compiling quote v1.0.20
[INFO] [stderr]    Compiling memchr v2.5.0
[INFO] [stderr]    Compiling serde v1.0.138
[INFO] [stderr]    Compiling syn v1.0.98
[INFO] [stderr]    Compiling crossbeam-utils v0.8.10
[INFO] [stderr]    Compiling proc-macro-error-attr v1.0.4
[INFO] [stderr]    Compiling regex-syntax v0.6.26
[INFO] [stderr]    Compiling log v0.4.17
[INFO] [stderr]    Compiling aho-corasick v0.7.18
[INFO] [stderr]    Compiling crossbeam-epoch v0.9.9
[INFO] [stderr]    Compiling proc-macro-error v1.0.4
[INFO] [stderr]    Compiling getrandom v0.2.7
[INFO] [stderr]    Compiling indexmap v1.9.1
[INFO] [stderr]    Compiling regex-automata v0.1.10
[INFO] [stderr]    Compiling termcolor v1.1.3
[INFO] [stderr]    Compiling backtrace v0.3.65
[INFO] [stderr]    Compiling rand_core v0.6.3
[INFO] [stderr]    Compiling atty v0.2.14
[INFO] [stderr]    Compiling gimli v0.26.1
[INFO] [stderr]    Compiling hashbrown v0.12.1
[INFO] [stderr]    Compiling serde_derive v1.0.138
[INFO] [stderr]    Compiling heck v0.4.0
[INFO] [stderr]    Compiling regex v1.5.6
[INFO] [stderr]    Compiling os_str_bytes v6.1.0
[INFO] [stderr]    Compiling adler v1.0.2
[INFO] [stderr]    Compiling miniz_oxide v0.5.3
[INFO] [stderr]    Compiling clap_lex v0.2.4
[INFO] [stderr]    Compiling rand_chacha v0.3.1
[INFO] [stderr]    Compiling crossbeam-deque v0.8.1
[INFO] [stderr]    Compiling num_cpus v1.13.1
[INFO] [stderr]    Compiling bstr v0.2.17
[INFO] [stderr]    Compiling crossbeam-channel v0.5.5
[INFO] [stderr]    Compiling object v0.28.4
[INFO] [stderr]    Compiling ahash v0.7.6
[INFO] [stderr]    Compiling same-file v1.0.6
[INFO] [stderr]    Compiling anyhow v1.0.58
[INFO] [stderr]    Compiling addr2line v0.17.0
[INFO] [stderr]    Compiling ryu v1.0.10
[INFO] [stderr]    Compiling rustc-demangle v0.1.21
[INFO] [stderr]    Compiling fnv v1.0.7
[INFO] [stderr]    Compiling serde_json v1.0.82
[INFO] [stderr]    Compiling strsim v0.10.0
[INFO] [stderr]    Compiling textwrap v0.15.0
[INFO] [stderr]    Compiling globset v0.4.9
[INFO] [stderr]    Compiling rayon-core v1.9.3
[INFO] [stderr]    Compiling walkdir v2.3.2
[INFO] [stderr]    Compiling os_type v2.4.0
[INFO] [stderr]    Compiling toml v0.5.9
[INFO] [stderr]    Compiling rand v0.8.5
[INFO] [stderr]    Compiling uuid v0.8.2
[INFO] [stderr]    Compiling csv-core v0.1.10
[INFO] [stderr]    Compiling thread_local v1.1.4
[INFO] [stderr]    Compiling humantime v2.1.0
[INFO] [stderr]    Compiling yadf v1.1.0 (/opt/rustwide/workdir)
[INFO] [stderr]    Compiling static_assertions v1.1.0
[INFO] [stderr]    Compiling itoa v0.4.8
[INFO] [stderr]    Compiling itoa v1.0.2
[INFO] [stderr]    Compiling either v1.7.0
[INFO] [stderr]    Compiling utf8-width v0.1.6
[INFO] [stderr]    Compiling rayon v1.5.3
[INFO] [stderr]    Compiling byte-unit v4.0.14
[INFO] [stderr]    Compiling csv v1.1.6
[INFO] [stderr]    Compiling twox-hash v1.6.3
[INFO] [stderr]    Compiling env_logger v0.9.0
[INFO] [stderr]    Compiling ignore v0.4.18
[INFO] [stderr]    Compiling clap_derive v3.2.7
[INFO] [stderr]    Compiling typed-builder v0.10.0
[INFO] [stderr]    Compiling dunce v1.0.2
[INFO] [stderr]    Compiling highway v0.8.0
[INFO] [stderr]    Compiling metrohash v1.0.6
[INFO] [stderr]    Compiling seahash v4.1.0
[INFO] [stderr]    Compiling clap v3.2.8
[INFO] [stderr]    Compiling human-panic v1.0.3
[INFO] [stderr]    Compiling clap-verbosity-flag v1.0.1
[INFO] [stderr]     Finished dev [unoptimized + debuginfo] target(s) in 19.27s
[INFO] running `Command { std: "docker" "inspect" "d24e9012635c0cef8b8cda0c74ca797856abfe385c228a4184a324d1aa547c6e", kill_on_drop: false }`
[INFO] running `Command { std: "docker" "rm" "-f" "d24e9012635c0cef8b8cda0c74ca797856abfe385c228a4184a324d1aa547c6e", kill_on_drop: false }`
[INFO] [stdout] d24e9012635c0cef8b8cda0c74ca797856abfe385c228a4184a324d1aa547c6e
[INFO] running `Command { std: "docker" "create" "-v" "/var/lib/crater-agent-workspace/builds/worker-5-tc2/target:/opt/rustwide/target:rw,Z" "-v" "/var/lib/crater-agent-workspace/builds/worker-5-tc2/source:/opt/rustwide/workdir:ro,Z" "-v" "/var/lib/crater-agent-workspace/cargo-home:/opt/rustwide/cargo-home:ro,Z" "-v" "/var/lib/crater-agent-workspace/rustup-home:/opt/rustwide/rustup-home:ro,Z" "-e" "SOURCE_DIR=/opt/rustwide/workdir" "-e" "CARGO_TARGET_DIR=/opt/rustwide/target" "-e" "CARGO_INCREMENTAL=0" "-e" "RUST_BACKTRACE=full" "-e" "RUSTFLAGS=--cap-lints=warn" "-e" "RUSTDOCFLAGS=--cap-lints=warn" "-e" "CARGO_HOME=/opt/rustwide/cargo-home" "-e" "RUSTUP_HOME=/opt/rustwide/rustup-home" "-w" "/opt/rustwide/workdir" "-m" "1610612736" "--user" "0:0" "--network" "none" "ghcr.io/rust-lang/crates-build-env/linux@sha256:2788e3201cd34a07e3172128adcd8b3090168a8e3bcc40d7c032b9dda1df7d1c" "/opt/rustwide/cargo-home/bin/cargo" "+beta-2023-12-22" "test" "--frozen" "--no-run" "--message-format=json", kill_on_drop: false }`
[INFO] [stdout] bcbdd810b88a01459a52185651574dc5a329d539e61e192186a5b9ec381b9bb2
[INFO] running `Command { std: "docker" "start" "-a" "bcbdd810b88a01459a52185651574dc5a329d539e61e192186a5b9ec381b9bb2", kill_on_drop: false }`
[INFO] [stderr]    Compiling doc-comment v0.3.3
[INFO] [stderr]    Compiling predicates-core v1.0.3
[INFO] [stderr]    Compiling float-cmp v0.9.0
[INFO] [stderr]    Compiling itertools v0.10.3
[INFO] [stderr]    Compiling normalize-line-endings v0.3.0
[INFO] [stderr]    Compiling termtree v0.2.4
[INFO] [stderr]    Compiling difflib v0.4.0
[INFO] [stderr]    Compiling wait-timeout v0.2.0
[INFO] [stderr]    Compiling dirs-sys v0.3.7
[INFO] [stderr]    Compiling predicates-tree v1.0.5
[INFO] [stderr]    Compiling dirs v4.0.0
[INFO] [stderr]    Compiling predicates v2.1.1
[INFO] [stderr]    Compiling assert_cmd v2.0.4
[INFO] [stderr]    Compiling yadf v1.1.0 (/opt/rustwide/workdir)
[INFO] [stderr]     Finished test [unoptimized + debuginfo] target(s) in 5.27s
[INFO] running `Command { std: "docker" "inspect" "bcbdd810b88a01459a52185651574dc5a329d539e61e192186a5b9ec381b9bb2", kill_on_drop: false }`
[INFO] running `Command { std: "docker" "rm" "-f" "bcbdd810b88a01459a52185651574dc5a329d539e61e192186a5b9ec381b9bb2", kill_on_drop: false }`
[INFO] [stdout] bcbdd810b88a01459a52185651574dc5a329d539e61e192186a5b9ec381b9bb2
[INFO] running `Command { std: "docker" "create" "-v" "/var/lib/crater-agent-workspace/builds/worker-5-tc2/target:/opt/rustwide/target:rw,Z" "-v" "/var/lib/crater-agent-workspace/builds/worker-5-tc2/source:/opt/rustwide/workdir:ro,Z" "-v" "/var/lib/crater-agent-workspace/cargo-home:/opt/rustwide/cargo-home:ro,Z" "-v" "/var/lib/crater-agent-workspace/rustup-home:/opt/rustwide/rustup-home:ro,Z" "-e" "SOURCE_DIR=/opt/rustwide/workdir" "-e" "CARGO_TARGET_DIR=/opt/rustwide/target" "-e" "CARGO_INCREMENTAL=0" "-e" "RUST_BACKTRACE=full" "-e" "RUSTFLAGS=--cap-lints=warn" "-e" "RUSTDOCFLAGS=--cap-lints=warn" "-e" "CARGO_HOME=/opt/rustwide/cargo-home" "-e" "RUSTUP_HOME=/opt/rustwide/rustup-home" "-w" "/opt/rustwide/workdir" "-m" "1610612736" "--user" "0:0" "--network" "none" "ghcr.io/rust-lang/crates-build-env/linux@sha256:2788e3201cd34a07e3172128adcd8b3090168a8e3bcc40d7c032b9dda1df7d1c" "/opt/rustwide/cargo-home/bin/cargo" "+beta-2023-12-22" "test" "--frozen", kill_on_drop: false }`
[INFO] [stdout] 23bd80e210e2eeda58499d74113031a2f41aa42b5609658f25305dd3e5363b81
[INFO] running `Command { std: "docker" "start" "-a" "23bd80e210e2eeda58499d74113031a2f41aa42b5609658f25305dd3e5363b81", kill_on_drop: false }`
[INFO] [stderr]     Finished test [unoptimized + debuginfo] target(s) in 0.10s
[INFO] [stderr]      Running unittests src/lib.rs (/opt/rustwide/target/debug/deps/yadf-2e98b579a460eec2)
[INFO] [stdout] 
[INFO] [stdout] running 5 tests
[INFO] [stdout] test bag::display::tests::machine ... ok
[INFO] [stdout] test bag::serialize::tests::json ... ok
[INFO] [stdout] test bag::display::tests::fdupes ... ok
[INFO] [stdout] test fs::hash::tests::different_hash_partial_and_full_for_small_file_because_of_size ... ok
[INFO] [stdout] test path::tests::shouldnt_panic_on_invalid_utf8_path ... ok
[INFO] [stdout] 
[INFO] [stdout] test result: ok. 5 passed; 0 failed; 0 ignored; 0 measured; 0 filtered out; finished in 0.01s
[INFO] [stdout] 
[INFO] [stderr]      Running unittests src/main.rs (/opt/rustwide/target/debug/deps/yadf-0828d6792135c3f8)
[INFO] [stdout] 
[INFO] [stdout] running 3 tests
[INFO] [stdout] test args::tests::replication_factor_parsing ... ok
[INFO] [stdout] test tests::csv ... ok
[INFO] [stdout] test tests::ldjson ... ok
[INFO] [stdout] 
[INFO] [stdout] test result: ok. 3 passed; 0 failed; 0 ignored; 0 measured; 0 filtered out; finished in 0.01s
[INFO] [stdout] 
[INFO] [stderr]      Running tests/integration.rs (/opt/rustwide/target/debug/deps/integration-d1e1baa91618bf85)
[INFO] [stdout] 
[INFO] [stdout] running 9 tests
[INFO] [stdout] test glob_pattern ... FAILED
[INFO] [stdout] test min_file_size ... FAILED
[INFO] [stdout] test function_name ... ok
[INFO] [stdout] test dir_macro ... ok
[INFO] [stdout] test regex ... FAILED
[INFO] [stdout] test trace_output ... FAILED
[INFO] [stdout] test non_utf8_paths ... FAILED
[INFO] [stdout] test max_file_size ... FAILED
[INFO] [stdout] test hard_links_flag ... ok
[INFO] [stdout] 
[INFO] [stdout] failures:
[INFO] [stdout] 
[INFO] [stdout] ---- glob_pattern stdout ----
[INFO] [stdout] Error: Os { code: 30, kind: ReadOnlyFilesystem, message: "Read-only file system" }
[INFO] [stdout] 
[INFO] [stdout] ---- min_file_size stdout ----
[INFO] [stdout] Error: Os { code: 30, kind: ReadOnlyFilesystem, message: "Read-only file system" }
[INFO] [stdout] 
[INFO] [stdout] ---- regex stdout ----
[INFO] [stdout] Error: Os { code: 30, kind: ReadOnlyFilesystem, message: "Read-only file system" }
[INFO] [stdout] 
[INFO] [stdout] ---- trace_output stdout ----
[INFO] [stdout] Error: Os { code: 30, kind: ReadOnlyFilesystem, message: "Read-only file system" }
[INFO] [stdout] 
[INFO] [stdout] ---- non_utf8_paths stdout ----
[INFO] [stdout] Error: Os { code: 30, kind: ReadOnlyFilesystem, message: "Read-only file system" }
[INFO] [stdout] 
[INFO] [stdout] ---- max_file_size stdout ----
[INFO] [stdout] Error: Os { code: 30, kind: ReadOnlyFilesystem, message: "Read-only file system" }
[INFO] [stdout] 
[INFO] [stdout] 
[INFO] [stdout] failures:
[INFO] [stdout]     glob_pattern
[INFO] [stdout]     max_file_size
[INFO] [stdout]     min_file_size
[INFO] [stdout]     non_utf8_paths
[INFO] [stdout]     regex
[INFO] [stdout]     trace_output
[INFO] [stdout] 
[INFO] [stdout] test result: FAILED. 3 passed; 6 failed; 0 ignored; 0 measured; 0 filtered out; finished in 0.01s
[INFO] [stdout] 
[INFO] [stderr] error: test failed, to rerun pass `--test integration`
[INFO] running `Command { std: "docker" "inspect" "23bd80e210e2eeda58499d74113031a2f41aa42b5609658f25305dd3e5363b81", kill_on_drop: false }`
[INFO] running `Command { std: "docker" "rm" "-f" "23bd80e210e2eeda58499d74113031a2f41aa42b5609658f25305dd3e5363b81", kill_on_drop: false }`
[INFO] [stdout] 23bd80e210e2eeda58499d74113031a2f41aa42b5609658f25305dd3e5363b81
