[INFO] cloning repository https://github.com/iximeow/yaxpeax-arch
[INFO] running `Command { std: "git" "-c" "credential.helper=" "-c" "credential.helper=/workspace/cargo-home/bin/git-credential-null" "clone" "--bare" "https://github.com/iximeow/yaxpeax-arch" "/workspace/cache/git-repos/https%3A%2F%2Fgithub.com%2Fiximeow%2Fyaxpeax-arch", kill_on_drop: false }`
[INFO] [stderr] Cloning into bare repository '/workspace/cache/git-repos/https%3A%2F%2Fgithub.com%2Fiximeow%2Fyaxpeax-arch'...
[INFO] running `Command { std: "git" "rev-parse" "HEAD", kill_on_drop: false }`
[INFO] [stdout] eb673b89d75865e5e7d38d9ee706ff7b2f9aed8f
[INFO] testing iximeow/yaxpeax-arch against 1.75.0 for beta-1.76-1
[INFO] running `Command { std: "git" "clone" "/workspace/cache/git-repos/https%3A%2F%2Fgithub.com%2Fiximeow%2Fyaxpeax-arch" "/workspace/builds/worker-0-tc1/source", kill_on_drop: false }`
[INFO] [stderr] Cloning into '/workspace/builds/worker-0-tc1/source'...
[INFO] [stderr] done.
[INFO] validating manifest of git repo https://github.com/iximeow/yaxpeax-arch on toolchain 1.75.0
[INFO] running `Command { std: CARGO_HOME="/workspace/cargo-home" RUSTUP_HOME="/workspace/rustup-home" "/workspace/cargo-home/bin/cargo" "+1.75.0" "metadata" "--manifest-path" "Cargo.toml" "--no-deps", kill_on_drop: false }`
[INFO] removed /workspace/builds/worker-0-tc1/source/rust-toolchain
[INFO] started tweaking git repo https://github.com/iximeow/yaxpeax-arch
[INFO] finished tweaking git repo https://github.com/iximeow/yaxpeax-arch
[INFO] tweaked toml for git repo https://github.com/iximeow/yaxpeax-arch written to /workspace/builds/worker-0-tc1/source/Cargo.toml
[INFO] running `Command { std: CARGO_HOME="/workspace/cargo-home" RUSTUP_HOME="/workspace/rustup-home" "/workspace/cargo-home/bin/cargo" "+1.75.0" "generate-lockfile" "--manifest-path" "Cargo.toml", kill_on_drop: false }`
[INFO] [stderr]     Updating crates.io index
[INFO] running `Command { std: CARGO_HOME="/workspace/cargo-home" RUSTUP_HOME="/workspace/rustup-home" "/workspace/cargo-home/bin/cargo" "+1.75.0" "fetch" "--manifest-path" "Cargo.toml", kill_on_drop: false }`
[INFO] [stderr]  Downloading crates ...
[INFO] [stderr]   Downloaded serde_derive v1.0.195
[INFO] [stderr]   Downloaded serde v1.0.195
[INFO] running `Command { std: "docker" "create" "-v" "/var/lib/crater-agent-workspace/builds/worker-0-tc1/target:/opt/rustwide/target:rw,Z" "-v" "/var/lib/crater-agent-workspace/builds/worker-0-tc1/source:/opt/rustwide/workdir:ro,Z" "-v" "/var/lib/crater-agent-workspace/cargo-home:/opt/rustwide/cargo-home:ro,Z" "-v" "/var/lib/crater-agent-workspace/rustup-home:/opt/rustwide/rustup-home:ro,Z" "-e" "SOURCE_DIR=/opt/rustwide/workdir" "-e" "CARGO_TARGET_DIR=/opt/rustwide/target" "-e" "CARGO_HOME=/opt/rustwide/cargo-home" "-e" "RUSTUP_HOME=/opt/rustwide/rustup-home" "-w" "/opt/rustwide/workdir" "-m" "1610612736" "--user" "0:0" "--network" "none" "ghcr.io/rust-lang/crates-build-env/linux@sha256:2788e3201cd34a07e3172128adcd8b3090168a8e3bcc40d7c032b9dda1df7d1c" "/opt/rustwide/cargo-home/bin/cargo" "+1.75.0" "metadata" "--no-deps" "--format-version=1", kill_on_drop: false }`
[INFO] [stdout] a11ab2ec17ebbc2225c1ea52d3abe239617628c6b482b4fa2dada6cb98f9fc40
[INFO] running `Command { std: "docker" "start" "-a" "a11ab2ec17ebbc2225c1ea52d3abe239617628c6b482b4fa2dada6cb98f9fc40", kill_on_drop: false }`
[INFO] running `Command { std: "docker" "inspect" "a11ab2ec17ebbc2225c1ea52d3abe239617628c6b482b4fa2dada6cb98f9fc40", kill_on_drop: false }`
[INFO] running `Command { std: "docker" "rm" "-f" "a11ab2ec17ebbc2225c1ea52d3abe239617628c6b482b4fa2dada6cb98f9fc40", kill_on_drop: false }`
[INFO] [stdout] a11ab2ec17ebbc2225c1ea52d3abe239617628c6b482b4fa2dada6cb98f9fc40
[INFO] running `Command { std: "docker" "create" "-v" "/var/lib/crater-agent-workspace/builds/worker-0-tc1/target:/opt/rustwide/target:rw,Z" "-v" "/var/lib/crater-agent-workspace/builds/worker-0-tc1/source:/opt/rustwide/workdir:ro,Z" "-v" "/var/lib/crater-agent-workspace/cargo-home:/opt/rustwide/cargo-home:ro,Z" "-v" "/var/lib/crater-agent-workspace/rustup-home:/opt/rustwide/rustup-home:ro,Z" "-e" "SOURCE_DIR=/opt/rustwide/workdir" "-e" "CARGO_TARGET_DIR=/opt/rustwide/target" "-e" "CARGO_INCREMENTAL=0" "-e" "RUST_BACKTRACE=full" "-e" "RUSTFLAGS=--cap-lints=warn" "-e" "RUSTDOCFLAGS=--cap-lints=warn" "-e" "CARGO_HOME=/opt/rustwide/cargo-home" "-e" "RUSTUP_HOME=/opt/rustwide/rustup-home" "-w" "/opt/rustwide/workdir" "-m" "1610612736" "--user" "0:0" "--network" "none" "ghcr.io/rust-lang/crates-build-env/linux@sha256:2788e3201cd34a07e3172128adcd8b3090168a8e3bcc40d7c032b9dda1df7d1c" "/opt/rustwide/cargo-home/bin/cargo" "+1.75.0" "build" "--frozen" "--message-format=json", kill_on_drop: false }`
[INFO] [stdout] 53e00066302cf80250843e127a488e5334f169d2a7d953aed23603c339bc5cb3
[INFO] running `Command { std: "docker" "start" "-a" "53e00066302cf80250843e127a488e5334f169d2a7d953aed23603c339bc5cb3", kill_on_drop: false }`
[INFO] [stderr]    Compiling libc v0.2.151
[INFO] [stderr]    Compiling proc-macro2 v1.0.76
[INFO] [stderr]    Compiling lock_api v0.4.11
[INFO] [stderr]    Compiling parking_lot_core v0.8.6
[INFO] [stderr]    Compiling unicode-ident v1.0.12
[INFO] [stderr]    Compiling smallvec v1.11.2
[INFO] [stderr]    Compiling log v0.4.20
[INFO] [stderr]    Compiling scopeguard v1.2.0
[INFO] [stderr]    Compiling num-traits v0.2.17
[INFO] [stderr]    Compiling serde v1.0.195
[INFO] [stderr]    Compiling instant v0.1.12
[INFO] [stderr]    Compiling bitflags v1.3.2
[INFO] [stderr]    Compiling lazy_static v1.4.0
[INFO] [stderr]    Compiling quote v1.0.35
[INFO] [stderr]    Compiling syn v2.0.48
[INFO] [stderr]    Compiling signal-hook-registry v1.4.1
[INFO] [stderr]    Compiling mio v0.7.14
[INFO] [stderr]    Compiling parking_lot v0.11.2
[INFO] [stderr]    Compiling signal-hook v0.1.17
[INFO] [stderr]    Compiling crossterm v0.19.0
[INFO] [stderr]    Compiling serde_derive v1.0.195
[INFO] [stderr]    Compiling yaxpeax-arch v0.2.7 (/opt/rustwide/workdir)
[INFO] [stderr]     Finished dev [unoptimized + debuginfo] target(s) in 4.20s
[INFO] running `Command { std: "docker" "inspect" "53e00066302cf80250843e127a488e5334f169d2a7d953aed23603c339bc5cb3", kill_on_drop: false }`
[INFO] running `Command { std: "docker" "rm" "-f" "53e00066302cf80250843e127a488e5334f169d2a7d953aed23603c339bc5cb3", kill_on_drop: false }`
[INFO] [stdout] 53e00066302cf80250843e127a488e5334f169d2a7d953aed23603c339bc5cb3
[INFO] running `Command { std: "docker" "create" "-v" "/var/lib/crater-agent-workspace/builds/worker-0-tc1/target:/opt/rustwide/target:rw,Z" "-v" "/var/lib/crater-agent-workspace/builds/worker-0-tc1/source:/opt/rustwide/workdir:ro,Z" "-v" "/var/lib/crater-agent-workspace/cargo-home:/opt/rustwide/cargo-home:ro,Z" "-v" "/var/lib/crater-agent-workspace/rustup-home:/opt/rustwide/rustup-home:ro,Z" "-e" "SOURCE_DIR=/opt/rustwide/workdir" "-e" "CARGO_TARGET_DIR=/opt/rustwide/target" "-e" "CARGO_INCREMENTAL=0" "-e" "RUST_BACKTRACE=full" "-e" "RUSTFLAGS=--cap-lints=warn" "-e" "RUSTDOCFLAGS=--cap-lints=warn" "-e" "CARGO_HOME=/opt/rustwide/cargo-home" "-e" "RUSTUP_HOME=/opt/rustwide/rustup-home" "-w" "/opt/rustwide/workdir" "-m" "1610612736" "--user" "0:0" "--network" "none" "ghcr.io/rust-lang/crates-build-env/linux@sha256:2788e3201cd34a07e3172128adcd8b3090168a8e3bcc40d7c032b9dda1df7d1c" "/opt/rustwide/cargo-home/bin/cargo" "+1.75.0" "test" "--frozen" "--no-run" "--message-format=json", kill_on_drop: false }`
[INFO] [stdout] 62aa37b38c8f016ed1420b8a31cd824d0394f53f4d21991096a4e3be1e39809f
[INFO] running `Command { std: "docker" "start" "-a" "62aa37b38c8f016ed1420b8a31cd824d0394f53f4d21991096a4e3be1e39809f", kill_on_drop: false }`
[INFO] [stderr]    Compiling anyhow v1.0.79
[INFO] [stderr]    Compiling thiserror v1.0.56
[INFO] [stderr]    Compiling thiserror-impl v1.0.56
[INFO] [stderr]    Compiling yaxpeax-arch v0.2.7 (/opt/rustwide/workdir)
[INFO] [stderr]     Finished test [unoptimized + debuginfo] target(s) in 1.15s
[INFO] running `Command { std: "docker" "inspect" "62aa37b38c8f016ed1420b8a31cd824d0394f53f4d21991096a4e3be1e39809f", kill_on_drop: false }`
[INFO] running `Command { std: "docker" "rm" "-f" "62aa37b38c8f016ed1420b8a31cd824d0394f53f4d21991096a4e3be1e39809f", kill_on_drop: false }`
[INFO] [stdout] 62aa37b38c8f016ed1420b8a31cd824d0394f53f4d21991096a4e3be1e39809f
[INFO] running `Command { std: "docker" "create" "-v" "/var/lib/crater-agent-workspace/builds/worker-0-tc1/target:/opt/rustwide/target:rw,Z" "-v" "/var/lib/crater-agent-workspace/builds/worker-0-tc1/source:/opt/rustwide/workdir:ro,Z" "-v" "/var/lib/crater-agent-workspace/cargo-home:/opt/rustwide/cargo-home:ro,Z" "-v" "/var/lib/crater-agent-workspace/rustup-home:/opt/rustwide/rustup-home:ro,Z" "-e" "SOURCE_DIR=/opt/rustwide/workdir" "-e" "CARGO_TARGET_DIR=/opt/rustwide/target" "-e" "CARGO_INCREMENTAL=0" "-e" "RUST_BACKTRACE=full" "-e" "RUSTFLAGS=--cap-lints=warn" "-e" "RUSTDOCFLAGS=--cap-lints=warn" "-e" "CARGO_HOME=/opt/rustwide/cargo-home" "-e" "RUSTUP_HOME=/opt/rustwide/rustup-home" "-w" "/opt/rustwide/workdir" "-m" "1610612736" "--user" "0:0" "--network" "none" "ghcr.io/rust-lang/crates-build-env/linux@sha256:2788e3201cd34a07e3172128adcd8b3090168a8e3bcc40d7c032b9dda1df7d1c" "/opt/rustwide/cargo-home/bin/cargo" "+1.75.0" "test" "--frozen", kill_on_drop: false }`
[INFO] [stdout] 28257bfdc018787619824546eb134ccb6cae6dc3133965f45ad3df0cdb65ac57
[INFO] running `Command { std: "docker" "start" "-a" "28257bfdc018787619824546eb134ccb6cae6dc3133965f45ad3df0cdb65ac57", kill_on_drop: false }`
[INFO] [stderr]     Finished test [unoptimized + debuginfo] target(s) in 0.02s
[INFO] [stderr]      Running unittests src/lib.rs (/opt/rustwide/target/debug/deps/yaxpeax_arch-98ee9b77411cf4a9)
[INFO] [stdout] 
[INFO] [stdout] running 0 tests
[INFO] [stdout] 
[INFO] [stdout] test result: ok. 0 passed; 0 failed; 0 ignored; 0 measured; 0 filtered out; finished in 0.00s
[INFO] [stdout] 
[INFO] [stderr]      Running tests/lib.rs (/opt/rustwide/target/debug/deps/lib-daf5f40e78258c5d)
[INFO] [stdout] 
[INFO] [stdout] running 4 tests
[INFO] [stdout] test error_can_bail ... ok
[INFO] [stdout] test generic_error_can_bail ... ok
[INFO] [stdout] test reader::reader_offset_is_words_not_bytes ... ok
[INFO] [stdout] test test_u16 ... ok
[INFO] [stdout] 
[INFO] [stdout] test result: ok. 4 passed; 0 failed; 0 ignored; 0 measured; 0 filtered out; finished in 0.16s
[INFO] [stdout] 
[INFO] [stderr]      Running tests/reader.rs (/opt/rustwide/target/debug/deps/reader-9349760db77c82c6)
[INFO] [stdout] 
[INFO] [stdout] running 1 test
[INFO] [stdout] test reader_offset_is_words_not_bytes ... ok
[INFO] [stdout] 
[INFO] [stdout] test result: ok. 1 passed; 0 failed; 0 ignored; 0 measured; 0 filtered out; finished in 0.00s
[INFO] [stdout] 
[INFO] [stderr]    Doc-tests yaxpeax-arch
[INFO] [stdout] 
[INFO] [stdout] running 2 tests
[INFO] [stdout] test src/annotation/mod.rs - annotation (line 21) ... FAILED
[INFO] [stdout] test src/address/mod.rs - address::AddressDiff (line 27) ... ok
[INFO] [stdout] 
[INFO] [stdout] failures:
[INFO] [stdout] 
[INFO] [stdout] ---- src/annotation/mod.rs - annotation (line 21) stdout ----
[INFO] [stdout] error[E0405]: cannot find trait `Arch` in this scope
[INFO] [stdout]  --> src/annotation/mod.rs:22:31
[INFO] [stdout]   |
[INFO] [stdout] 3 | fn show_field_descriptions<A: Arch>(decoder: A::Decoder, buf: &[u8])
[INFO] [stdout]   |                               ^^^^ not found in this scope
[INFO] [stdout]   |
[INFO] [stdout] help: consider importing this trait
[INFO] [stdout]   |
[INFO] [stdout] 2 + use yaxpeax_arch::Arch;
[INFO] [stdout]   |
[INFO] [stdout] 
[INFO] [stdout] error[E0405]: cannot find trait `AnnotatingDecoder` in this scope
[INFO] [stdout]  --> src/annotation/mod.rs:24:17
[INFO] [stdout]   |
[INFO] [stdout] 5 |     A::Decoder: AnnotatingDecoder<A>,
[INFO] [stdout]   |                 ^^^^^^^^^^^^^^^^^ not found in this scope
[INFO] [stdout]   |
[INFO] [stdout] help: consider importing this trait
[INFO] [stdout]   |
[INFO] [stdout] 2 + use yaxpeax_arch::annotation::AnnotatingDecoder;
[INFO] [stdout]   |
[INFO] [stdout] 
[INFO] [stdout] error[E0433]: failed to resolve: use of undeclared crate or module `fmt`
[INFO] [stdout]  --> src/annotation/mod.rs:25:21
[INFO] [stdout]   |
[INFO] [stdout] 6 |     A::Instruction: fmt::Display, for<'data> U8Reader<'data>: Reader<A::Address, A::Word>,
[INFO] [stdout]   |                     ^^^ use of undeclared crate or module `fmt`
[INFO] [stdout]   |
[INFO] [stdout] help: consider importing one of these items
[INFO] [stdout]   |
[INFO] [stdout] 2 + use core::fmt;
[INFO] [stdout]   |
[INFO] [stdout] 2 + use serde::__private::fmt;
[INFO] [stdout]   |
[INFO] [stdout] 2 + use std::fmt;
[INFO] [stdout]   |
[INFO] [stdout] 
[INFO] [stdout] error[E0412]: cannot find type `U8Reader` in this scope
[INFO] [stdout]  --> src/annotation/mod.rs:25:46
[INFO] [stdout]   |
[INFO] [stdout] 6 |     A::Instruction: fmt::Display, for<'data> U8Reader<'data>: Reader<A::Address, A::Word>,
[INFO] [stdout]   |                                              ^^^^^^^^ not found in this scope
[INFO] [stdout]   |
[INFO] [stdout] help: consider importing this struct
[INFO] [stdout]   |
[INFO] [stdout] 2 + use yaxpeax_arch::U8Reader;
[INFO] [stdout]   |
[INFO] [stdout] 
[INFO] [stdout] error[E0405]: cannot find trait `Reader` in this scope
[INFO] [stdout]  --> src/annotation/mod.rs:25:63
[INFO] [stdout]   |
[INFO] [stdout] 6 |     A::Instruction: fmt::Display, for<'data> U8Reader<'data>: Reader<A::Address, A::Word>,
[INFO] [stdout]   |                                                               ^^^^^^ not found in this scope
[INFO] [stdout]   |
[INFO] [stdout] help: consider importing this trait
[INFO] [stdout]   |
[INFO] [stdout] 2 + use yaxpeax_arch::Reader;
[INFO] [stdout]   |
[INFO] [stdout] 
[INFO] [stdout] error[E0433]: failed to resolve: use of undeclared type `U8Reader`
[INFO] [stdout]  --> src/annotation/mod.rs:28:22
[INFO] [stdout]   |
[INFO] [stdout] 9 |     let mut reader = U8Reader::new(buf);
[INFO] [stdout]   |                      ^^^^^^^^ use of undeclared type `U8Reader`
[INFO] [stdout]   |
[INFO] [stdout] help: consider importing this struct
[INFO] [stdout]   |
[INFO] [stdout] 2 + use yaxpeax_arch::U8Reader;
[INFO] [stdout]   |
[INFO] [stdout] 
[INFO] [stdout] error[E0412]: cannot find type `VecSink` in this scope
[INFO] [stdout]   --> src/annotation/mod.rs:29:19
[INFO] [stdout]    |
[INFO] [stdout] 10 |     let mut sink: VecSink<<A::Decoder as AnnotatingDecoder<A>>::FieldDescription> = VecSink::new();
[INFO] [stdout]    |                   ^^^^^^^ not found in this scope
[INFO] [stdout]    |
[INFO] [stdout] help: consider importing this struct
[INFO] [stdout]    |
[INFO] [stdout] 2  + use yaxpeax_arch::annotation::VecSink;
[INFO] [stdout]    |
[INFO] [stdout] 
[INFO] [stdout] error[E0405]: cannot find trait `AnnotatingDecoder` in this scope
[INFO] [stdout]   --> src/annotation/mod.rs:29:42
[INFO] [stdout]    |
[INFO] [stdout] 10 |     let mut sink: VecSink<<A::Decoder as AnnotatingDecoder<A>>::FieldDescription> = VecSink::new();
[INFO] [stdout]    |                                          ^^^^^^^^^^^^^^^^^ not found in this scope
[INFO] [stdout]    |
[INFO] [stdout] help: consider importing this trait
[INFO] [stdout]    |
[INFO] [stdout] 2  + use yaxpeax_arch::annotation::AnnotatingDecoder;
[INFO] [stdout]    |
[INFO] [stdout] 
[INFO] [stdout] error[E0433]: failed to resolve: use of undeclared type `VecSink`
[INFO] [stdout]   --> src/annotation/mod.rs:29:85
[INFO] [stdout]    |
[INFO] [stdout] 10 |     let mut sink: VecSink<<A::Decoder as AnnotatingDecoder<A>>::FieldDescription> = VecSink::new();
[INFO] [stdout]    |                                                                                     ^^^^^^^ use of undeclared type `VecSink`
[INFO] [stdout]    |
[INFO] [stdout] help: consider importing this struct
[INFO] [stdout]    |
[INFO] [stdout] 2  + use yaxpeax_arch::annotation::VecSink;
[INFO] [stdout]    |
[INFO] [stdout] 
[INFO] [stdout] error[E0423]: expected function, found macro `println`
[INFO] [stdout]   --> src/annotation/mod.rs:35:9
[INFO] [stdout]    |
[INFO] [stdout] 16 |         println("  bits [{}, {}]: {}", start, end, desc);
[INFO] [stdout]    |         ^^^^^^^ not a function
[INFO] [stdout]    |
[INFO] [stdout] help: use `!` to invoke the macro
[INFO] [stdout]    |
[INFO] [stdout] 16 |         println!("  bits [{}, {}]: {}", start, end, desc);
[INFO] [stdout]    |                +
[INFO] [stdout] 
[INFO] [stdout] error: aborting due to 10 previous errors
[INFO] [stdout] 
[INFO] [stdout] Some errors have detailed explanations: E0405, E0412, E0423, E0433.
[INFO] [stdout] For more information about an error, try `rustc --explain E0405`.
[INFO] [stdout] Couldn't compile the test.
[INFO] [stdout] 
[INFO] [stdout] failures:
[INFO] [stdout]     src/annotation/mod.rs - annotation (line 21)
[INFO] [stdout] 
[INFO] [stdout] test result: FAILED. 1 passed; 1 failed; 0 ignored; 0 measured; 0 filtered out; finished in 0.14s
[INFO] [stdout] 
[INFO] [stderr] error: doctest failed, to rerun pass `--doc`
[INFO] running `Command { std: "docker" "inspect" "28257bfdc018787619824546eb134ccb6cae6dc3133965f45ad3df0cdb65ac57", kill_on_drop: false }`
[INFO] running `Command { std: "docker" "rm" "-f" "28257bfdc018787619824546eb134ccb6cae6dc3133965f45ad3df0cdb65ac57", kill_on_drop: false }`
[INFO] [stdout] 28257bfdc018787619824546eb134ccb6cae6dc3133965f45ad3df0cdb65ac57
