[INFO] cloning repository https://github.com/itsbalamurali/balticum
[INFO] running `Command { std: "git" "-c" "credential.helper=" "-c" "credential.helper=/workspace/cargo-home/bin/git-credential-null" "clone" "--bare" "https://github.com/itsbalamurali/balticum" "/workspace/cache/git-repos/https%3A%2F%2Fgithub.com%2Fitsbalamurali%2Fbalticum", kill_on_drop: false }`
[INFO] [stderr] Cloning into bare repository '/workspace/cache/git-repos/https%3A%2F%2Fgithub.com%2Fitsbalamurali%2Fbalticum'...
[INFO] running `Command { std: "git" "rev-parse" "HEAD", kill_on_drop: false }`
[INFO] [stdout] 54c7e6883bb8db9d4f404fbf853135db7044068e
[INFO] testing itsbalamurali/balticum against 1.75.0 for beta-1.76-1
[INFO] running `Command { std: "git" "clone" "/workspace/cache/git-repos/https%3A%2F%2Fgithub.com%2Fitsbalamurali%2Fbalticum" "/workspace/builds/worker-1-tc1/source", kill_on_drop: false }`
[INFO] [stderr] Cloning into '/workspace/builds/worker-1-tc1/source'...
[INFO] [stderr] done.
[INFO] validating manifest of git repo https://github.com/itsbalamurali/balticum on toolchain 1.75.0
[INFO] running `Command { std: CARGO_HOME="/workspace/cargo-home" RUSTUP_HOME="/workspace/rustup-home" "/workspace/cargo-home/bin/cargo" "+1.75.0" "metadata" "--manifest-path" "Cargo.toml" "--no-deps", kill_on_drop: false }`
[INFO] started tweaking git repo https://github.com/itsbalamurali/balticum
[INFO] finished tweaking git repo https://github.com/itsbalamurali/balticum
[INFO] tweaked toml for git repo https://github.com/itsbalamurali/balticum written to /workspace/builds/worker-1-tc1/source/Cargo.toml
[INFO] crate git repo https://github.com/itsbalamurali/balticum already has a lockfile, it will not be regenerated
[INFO] running `Command { std: CARGO_HOME="/workspace/cargo-home" RUSTUP_HOME="/workspace/rustup-home" "/workspace/cargo-home/bin/cargo" "+1.75.0" "fetch" "--manifest-path" "Cargo.toml", kill_on_drop: false }`
[INFO] [stderr]     Updating crates.io index
[INFO] [stderr]  Downloading crates ...
[INFO] [stderr]   Downloaded x509-certificate v0.20.0
[INFO] [stderr]   Downloaded bcder v0.7.2
[INFO] running `Command { std: "docker" "create" "-v" "/var/lib/crater-agent-workspace/builds/worker-1-tc1/target:/opt/rustwide/target:rw,Z" "-v" "/var/lib/crater-agent-workspace/builds/worker-1-tc1/source:/opt/rustwide/workdir:ro,Z" "-v" "/var/lib/crater-agent-workspace/cargo-home:/opt/rustwide/cargo-home:ro,Z" "-v" "/var/lib/crater-agent-workspace/rustup-home:/opt/rustwide/rustup-home:ro,Z" "-e" "SOURCE_DIR=/opt/rustwide/workdir" "-e" "CARGO_TARGET_DIR=/opt/rustwide/target" "-e" "CARGO_HOME=/opt/rustwide/cargo-home" "-e" "RUSTUP_HOME=/opt/rustwide/rustup-home" "-w" "/opt/rustwide/workdir" "-m" "1610612736" "--user" "0:0" "--network" "none" "ghcr.io/rust-lang/crates-build-env/linux@sha256:2788e3201cd34a07e3172128adcd8b3090168a8e3bcc40d7c032b9dda1df7d1c" "/opt/rustwide/cargo-home/bin/cargo" "+1.75.0" "metadata" "--no-deps" "--format-version=1", kill_on_drop: false }`
[INFO] [stdout] b6eb115c2ec6b56d8a8f8b80c624017044a357f112aa3c5601ea2fc7251c3b68
[INFO] running `Command { std: "docker" "start" "-a" "b6eb115c2ec6b56d8a8f8b80c624017044a357f112aa3c5601ea2fc7251c3b68", kill_on_drop: false }`
[INFO] running `Command { std: "docker" "inspect" "b6eb115c2ec6b56d8a8f8b80c624017044a357f112aa3c5601ea2fc7251c3b68", kill_on_drop: false }`
[INFO] running `Command { std: "docker" "rm" "-f" "b6eb115c2ec6b56d8a8f8b80c624017044a357f112aa3c5601ea2fc7251c3b68", kill_on_drop: false }`
[INFO] [stdout] b6eb115c2ec6b56d8a8f8b80c624017044a357f112aa3c5601ea2fc7251c3b68
[INFO] running `Command { std: "docker" "create" "-v" "/var/lib/crater-agent-workspace/builds/worker-1-tc1/target:/opt/rustwide/target:rw,Z" "-v" "/var/lib/crater-agent-workspace/builds/worker-1-tc1/source:/opt/rustwide/workdir:ro,Z" "-v" "/var/lib/crater-agent-workspace/cargo-home:/opt/rustwide/cargo-home:ro,Z" "-v" "/var/lib/crater-agent-workspace/rustup-home:/opt/rustwide/rustup-home:ro,Z" "-e" "SOURCE_DIR=/opt/rustwide/workdir" "-e" "CARGO_TARGET_DIR=/opt/rustwide/target" "-e" "CARGO_INCREMENTAL=0" "-e" "RUST_BACKTRACE=full" "-e" "RUSTFLAGS=--cap-lints=warn" "-e" "RUSTDOCFLAGS=--cap-lints=warn" "-e" "CARGO_HOME=/opt/rustwide/cargo-home" "-e" "RUSTUP_HOME=/opt/rustwide/rustup-home" "-w" "/opt/rustwide/workdir" "-m" "1610612736" "--user" "0:0" "--network" "none" "ghcr.io/rust-lang/crates-build-env/linux@sha256:2788e3201cd34a07e3172128adcd8b3090168a8e3bcc40d7c032b9dda1df7d1c" "/opt/rustwide/cargo-home/bin/cargo" "+1.75.0" "build" "--frozen" "--message-format=json", kill_on_drop: false }`
[INFO] [stdout] 0da8119f1c63c70bec053f7c2a740ca30aa2653e6b00df9bc6d0327472e2b228
[INFO] running `Command { std: "docker" "start" "-a" "0da8119f1c63c70bec053f7c2a740ca30aa2653e6b00df9bc6d0327472e2b228", kill_on_drop: false }`
[INFO] [stderr]    Compiling proc-macro2 v1.0.59
[INFO] [stderr]    Compiling quote v1.0.28
[INFO] [stderr]    Compiling unicode-ident v1.0.9
[INFO] [stderr]    Compiling libc v0.2.144
[INFO] [stderr]    Compiling autocfg v1.1.0
[INFO] [stderr]    Compiling version_check v0.9.4
[INFO] [stderr]    Compiling log v0.4.17
[INFO] [stderr]    Compiling cc v1.0.79
[INFO] [stderr]    Compiling bytes v1.4.0
[INFO] [stderr]    Compiling smallvec v1.10.0
[INFO] [stderr]    Compiling parking_lot_core v0.9.7
[INFO] [stderr]    Compiling lock_api v0.4.9
[INFO] [stderr]    Compiling once_cell v1.17.1
[INFO] [stderr]    Compiling pin-project-lite v0.2.9
[INFO] [stderr]    Compiling tokio v1.28.1
[INFO] [stderr]    Compiling futures-core v0.3.28
[INFO] [stderr]    Compiling pkg-config v0.3.27
[INFO] [stderr]    Compiling serde v1.0.163
[INFO] [stderr]    Compiling memchr v2.5.0
[INFO] [stderr]    Compiling itoa v1.0.6
[INFO] [stderr]    Compiling syn v2.0.17
[INFO] [stderr]    Compiling mio v0.8.6
[INFO] [stderr]    Compiling signal-hook-registry v1.4.1
[INFO] [stderr]    Compiling num_cpus v1.15.0
[INFO] [stderr]    Compiling socket2 v0.4.9
[INFO] [stderr]    Compiling parking_lot v0.12.1
[INFO] [stderr]    Compiling openssl-sys v0.9.90
[INFO] [stderr]    Compiling typenum v1.16.0
[INFO] [stderr]    Compiling futures-task v0.3.28
[INFO] [stderr]    Compiling tinyvec_macros v0.1.1
[INFO] [stderr]    Compiling tinyvec v1.6.0
[INFO] [stderr]    Compiling tracing-core v0.1.31
[INFO] [stderr]    Compiling indexmap v1.9.3
[INFO] [stderr]    Compiling slab v0.4.8
[INFO] [stderr]    Compiling generic-array v0.14.7
[INFO] [stderr]    Compiling syn v1.0.109
[INFO] [stderr]    Compiling foreign-types-shared v0.1.1
[INFO] [stderr]    Compiling futures-util v0.3.28
[INFO] [stderr]    Compiling openssl v0.10.55
[INFO] [stderr]    Compiling http v0.2.9
[INFO] [stderr]    Compiling tracing v0.1.37
[INFO] [stderr]    Compiling foreign-types v0.3.2
[INFO] [stderr]    Compiling proc-macro-error-attr v1.0.4
[INFO] [stderr]    Compiling futures-channel v0.3.28
[INFO] [stderr]    Compiling unicode-normalization v0.1.22
[INFO] [stderr]    Compiling unicode-bidi v0.3.13
[INFO] [stderr]    Compiling percent-encoding v2.2.0
[INFO] [stderr]    Compiling hashbrown v0.12.3
[INFO] [stderr]    Compiling native-tls v0.2.11
[INFO] [stderr]    Compiling futures-sink v0.3.28
[INFO] [stderr]    Compiling crc32fast v1.3.2
[INFO] [stderr]    Compiling httparse v1.8.0
[INFO] [stderr]    Compiling form_urlencoded v1.1.0
[INFO] [stderr]    Compiling num-traits v0.2.15
[INFO] [stderr]    Compiling proc-macro-error v1.0.4
[INFO] [stderr]    Compiling ryu v1.0.13
[INFO] [stderr]    Compiling serde_json v1.0.96
[INFO] [stderr]    Compiling try-lock v0.2.4
[INFO] [stderr]    Compiling openssl-probe v0.1.5
[INFO] [stderr]    Compiling adler v1.0.2
[INFO] [stderr]    Compiling rustversion v1.0.12
[INFO] [stderr]    Compiling miniz_oxide v0.7.1
[INFO] [stderr]    Compiling want v0.3.0
[INFO] [stderr]    Compiling http-body v0.4.5
[INFO] [stderr]    Compiling idna v0.3.0
[INFO] [stderr]    Compiling aho-corasick v1.0.1
[INFO] [stderr]    Compiling ring v0.16.20
[INFO] [stderr]    Compiling getrandom v0.2.9
[INFO] [stderr]    Compiling httpdate v1.0.2
[INFO] [stderr]    Compiling regex-syntax v0.7.2
[INFO] [stderr]    Compiling tower-service v0.3.2
[INFO] [stderr]    Compiling const-oid v0.9.3
[INFO] [stderr]    Compiling base64 v0.21.2
[INFO] [stderr]    Compiling thiserror v1.0.40
[INFO] [stderr]    Compiling der v0.7.7
[INFO] [stderr]    Compiling validator_types v0.16.0
[INFO] [stderr]    Compiling url v2.3.1
[INFO] [stderr]    Compiling rand_core v0.6.4
[INFO] [stderr]    Compiling flate2 v1.0.26
[INFO] [stderr]    Compiling tokio-macros v2.1.0
[INFO] [stderr]    Compiling serde_derive v1.0.163
[INFO] [stderr]    Compiling openssl-macros v0.1.1
[INFO] [stderr]    Compiling thiserror-impl v1.0.40
[INFO] [stderr]    Compiling regex v1.8.3
[INFO] [stderr]    Compiling crypto-common v0.1.6
[INFO] [stderr]    Compiling block-buffer v0.10.4
[INFO] [stderr]    Compiling time v0.1.45
[INFO] [stderr]    Compiling iana-time-zone v0.1.56
[INFO] [stderr]    Compiling heck v0.4.1
[INFO] [stderr]    Compiling matches v0.1.10
[INFO] [stderr]    Compiling spin v0.5.2
[INFO] [stderr]    Compiling anyhow v1.0.71
[INFO] [stderr]    Compiling if_chain v1.0.2
[INFO] [stderr]    Compiling untrusted v0.7.1
[INFO] [stderr]    Compiling ppv-lite86 v0.2.17
[INFO] [stderr]    Compiling rand_chacha v0.3.1
[INFO] [stderr]    Compiling idna v0.2.3
[INFO] [stderr]    Compiling strum_macros v0.25.1
[INFO] [stderr]    Compiling digest v0.10.7
[INFO] [stderr]    Compiling spki v0.7.2
[INFO] [stderr]    Compiling pem v2.0.1
[INFO] [stderr]    Compiling bcder v0.7.2
[INFO] [stderr]    Compiling encoding_rs v0.8.32
[INFO] [stderr]    Compiling hex v0.4.3
[INFO] [stderr]    Compiling mime v0.3.17
[INFO] [stderr]    Compiling signature v2.1.0
[INFO] [stderr]    Compiling cpufeatures v0.2.7
[INFO] [stderr]    Compiling validator_derive v0.16.0
[INFO] [stderr]    Compiling ipnet v2.7.2
[INFO] [stderr]    Compiling strum v0.25.0
[INFO] [stderr]    Compiling sha2 v0.10.6
[INFO] [stderr]    Compiling rand v0.8.5
[INFO] [stderr]    Compiling tokio-util v0.7.8
[INFO] [stderr]    Compiling tokio-native-tls v0.3.1
[INFO] [stderr]    Compiling async-compression v0.4.0
[INFO] [stderr]    Compiling h2 v0.3.19
[INFO] [stderr]    Compiling serde_urlencoded v0.7.1
[INFO] [stderr]    Compiling chrono v0.4.26
[INFO] [stderr]    Compiling quick-xml v0.29.0
[INFO] [stderr]    Compiling hyper v0.14.26
[INFO] [stderr]    Compiling validator v0.16.0
[INFO] [stderr]    Compiling x509-certificate v0.20.0
[INFO] [stderr]    Compiling hyper-tls v0.5.0
[INFO] [stderr]    Compiling reqwest v0.11.18
[INFO] [stderr]    Compiling balticum v0.0.1 (/opt/rustwide/workdir)
[INFO] [stdout] warning: unused import: `std::fs::read_dir`
[INFO] [stdout]  --> src/smart_id/utils.rs:4:5
[INFO] [stdout]   |
[INFO] [stdout] 4 | use std::fs::read_dir;
[INFO] [stdout]   |     ^^^^^^^^^^^^^^^^^
[INFO] [stdout]   |
[INFO] [stdout]   = note: `#[warn(unused_imports)]` on by default
[INFO] [stdout] 
[INFO] [stdout] 
[INFO] [stdout] warning: unused imports: `SessionStatusCode`, `SignableData`, `SmartIdAuthenticationResponse`
[INFO] [stdout]   --> src/smart_id/mod.rs:21:24
[INFO] [stdout]    |
[INFO] [stdout] 21 |         SessionStatus, SessionStatusCode, SessionStatusRequest, SignableData,
[INFO] [stdout]    |                        ^^^^^^^^^^^^^^^^^                        ^^^^^^^^^^^^
[INFO] [stdout] 22 |         SmartIdAuthenticationResponse, SmartIdErrorResponse,
[INFO] [stdout]    |         ^^^^^^^^^^^^^^^^^^^^^^^^^^^^^
[INFO] [stdout] 
[INFO] [stdout] 
[INFO] [stdout] warning: unused variable: `authentication_certificate`
[INFO] [stdout]    --> src/smart_id/utils.rs:233:41
[INFO] [stdout]     |
[INFO] [stdout] 233 |     fn verify_certificate_expiry(&self, authentication_certificate: &Certificate) -> bool {
[INFO] [stdout]     |                                         ^^^^^^^^^^^^^^^^^^^^^^^^^^ help: if this is intentional, prefix it with an underscore: `_authentication_certificate`
[INFO] [stdout]     |
[INFO] [stdout]     = note: `#[warn(unused_variables)]` on by default
[INFO] [stdout] 
[INFO] [stdout] 
[INFO] [stdout] warning: unused variable: `resources_location`
[INFO] [stdout]    --> src/smart_id/utils.rs:292:9
[INFO] [stdout]     |
[INFO] [stdout] 292 |         resources_location: &str,
[INFO] [stdout]     |         ^^^^^^^^^^^^^^^^^^ help: if this is intentional, prefix it with an underscore: `_resources_location`
[INFO] [stdout] 
[INFO] [stdout] 
[INFO] [stdout] warning: variable does not need to be mutable
[INFO] [stdout]    --> src/smart_id/utils.rs:294:13
[INFO] [stdout]     |
[INFO] [stdout] 294 |         let mut trusted_ca_certificates = Vec::new();
[INFO] [stdout]     |             ----^^^^^^^^^^^^^^^^^^^^^^^
[INFO] [stdout]     |             |
[INFO] [stdout]     |             help: remove this `mut`
[INFO] [stdout]     |
[INFO] [stdout]     = note: `#[warn(unused_mut)]` on by default
[INFO] [stdout] 
[INFO] [stdout] 
[INFO] [stdout] warning: fields `document_number`, `certificate_level`, `allowed_interactions_order`, and `nonce` are never read
[INFO] [stdout]   --> src/smart_id/mod.rs:38:5
[INFO] [stdout]    |
[INFO] [stdout] 29 | pub struct SmartIdClient<'a> {
[INFO] [stdout]    |            ------------- fields in this struct
[INFO] [stdout] ...
[INFO] [stdout] 38 |     document_number: Option<String>,
[INFO] [stdout]    |     ^^^^^^^^^^^^^^^
[INFO] [stdout] 39 |     certificate_level: CertificateLevel,
[INFO] [stdout]    |     ^^^^^^^^^^^^^^^^^
[INFO] [stdout] 40 |     allowed_interactions_order: Vec<Interaction>,
[INFO] [stdout]    |     ^^^^^^^^^^^^^^^^^^^^^^^^^^
[INFO] [stdout] 41 |     nonce: Option<String>,
[INFO] [stdout]    |     ^^^^^
[INFO] [stdout]    |
[INFO] [stdout]    = note: `#[warn(dead_code)]` on by default
[INFO] [stdout] 
[INFO] [stdout] 
[INFO] [stdout] warning: methods `validate_auth_request_parameters` and `verify_interactions_if_set` are never used
[INFO] [stdout]    --> src/smart_id/mod.rs:191:8
[INFO] [stdout]     |
[INFO] [stdout] 44  | impl<'a>  SmartIdClient<'a>  {
[INFO] [stdout]     | --------------------------- methods in this implementation
[INFO] [stdout] ...
[INFO] [stdout] 191 |     fn validate_auth_request_parameters(&self) -> Result<(), SmartIdError> {
[INFO] [stdout]     |        ^^^^^^^^^^^^^^^^^^^^^^^^^^^^^^^^
[INFO] [stdout] ...
[INFO] [stdout] 238 |     fn verify_interactions_if_set(&self) -> Result<(), SmartIdError> {
[INFO] [stdout]     |        ^^^^^^^^^^^^^^^^^^^^^^^^^^
[INFO] [stdout] 
[INFO] [stdout] 
[INFO] [stdout] warning: field `trusted_ca_certificates` is never read
[INFO] [stdout]    --> src/smart_id/utils.rs:134:5
[INFO] [stdout]     |
[INFO] [stdout] 133 | pub struct AuthenticationResponseValidator {
[INFO] [stdout]     |            ------------------------------- field in this struct
[INFO] [stdout] 134 |     trusted_ca_certificates: Vec<String>,
[INFO] [stdout]     |     ^^^^^^^^^^^^^^^^^^^^^^^
[INFO] [stdout] 
[INFO] [stdout] 
[INFO] [stdout] warning: methods `validate_authentication_response`, `verify_signature`, and `is_certificate_trusted` are never used
[INFO] [stdout]    --> src/smart_id/utils.rs:193:8
[INFO] [stdout]     |
[INFO] [stdout] 137 | impl AuthenticationResponseValidator {
[INFO] [stdout]     | ------------------------------------ methods in this implementation
[INFO] [stdout] ...
[INFO] [stdout] 193 |     fn validate_authentication_response(
[INFO] [stdout]     |        ^^^^^^^^^^^^^^^^^^^^^^^^^^^^^^^^
[INFO] [stdout] ...
[INFO] [stdout] 215 |     fn verify_signature(
[INFO] [stdout]     |        ^^^^^^^^^^^^^^^^
[INFO] [stdout] ...
[INFO] [stdout] 308 |     fn is_certificate_trusted(&self, certificate_as_pem: Vec<u8>) -> Result<bool, ErrorStack> {
[INFO] [stdout]     |        ^^^^^^^^^^^^^^^^^^^^^^
[INFO] [stdout] 
[INFO] [stdout] 
[INFO] [stdout] warning: 9 warnings emitted
[INFO] [stdout] 
[INFO] [stdout] 
[INFO] [stderr]     Finished dev [unoptimized + debuginfo] target(s) in 19.24s
[INFO] running `Command { std: "docker" "inspect" "0da8119f1c63c70bec053f7c2a740ca30aa2653e6b00df9bc6d0327472e2b228", kill_on_drop: false }`
[INFO] running `Command { std: "docker" "rm" "-f" "0da8119f1c63c70bec053f7c2a740ca30aa2653e6b00df9bc6d0327472e2b228", kill_on_drop: false }`
[INFO] [stdout] 0da8119f1c63c70bec053f7c2a740ca30aa2653e6b00df9bc6d0327472e2b228
[INFO] running `Command { std: "docker" "create" "-v" "/var/lib/crater-agent-workspace/builds/worker-1-tc1/target:/opt/rustwide/target:rw,Z" "-v" "/var/lib/crater-agent-workspace/builds/worker-1-tc1/source:/opt/rustwide/workdir:ro,Z" "-v" "/var/lib/crater-agent-workspace/cargo-home:/opt/rustwide/cargo-home:ro,Z" "-v" "/var/lib/crater-agent-workspace/rustup-home:/opt/rustwide/rustup-home:ro,Z" "-e" "SOURCE_DIR=/opt/rustwide/workdir" "-e" "CARGO_TARGET_DIR=/opt/rustwide/target" "-e" "CARGO_INCREMENTAL=0" "-e" "RUST_BACKTRACE=full" "-e" "RUSTFLAGS=--cap-lints=warn" "-e" "RUSTDOCFLAGS=--cap-lints=warn" "-e" "CARGO_HOME=/opt/rustwide/cargo-home" "-e" "RUSTUP_HOME=/opt/rustwide/rustup-home" "-w" "/opt/rustwide/workdir" "-m" "1610612736" "--user" "0:0" "--network" "none" "ghcr.io/rust-lang/crates-build-env/linux@sha256:2788e3201cd34a07e3172128adcd8b3090168a8e3bcc40d7c032b9dda1df7d1c" "/opt/rustwide/cargo-home/bin/cargo" "+1.75.0" "test" "--frozen" "--no-run" "--message-format=json", kill_on_drop: false }`
[INFO] [stdout] 0f6e0a6161b7a3c5024be86cd048d4a129d3eaebf28b2114e1a5acc4f16b4bd4
[INFO] running `Command { std: "docker" "start" "-a" "0f6e0a6161b7a3c5024be86cd048d4a129d3eaebf28b2114e1a5acc4f16b4bd4", kill_on_drop: false }`
[INFO] [stdout] warning: unused import: `std::fs::read_dir`
[INFO] [stdout]  --> src/smart_id/utils.rs:4:5
[INFO] [stdout]   |
[INFO] [stdout] 4 | use std::fs::read_dir;
[INFO] [stdout]   |     ^^^^^^^^^^^^^^^^^
[INFO] [stdout]   |
[INFO] [stdout]   = note: `#[warn(unused_imports)]` on by default
[INFO] [stdout] 
[INFO] [stdout] 
[INFO] [stdout] warning: unused imports: `SessionStatusCode`, `SignableData`, `SmartIdAuthenticationResponse`
[INFO] [stdout]   --> src/smart_id/mod.rs:21:24
[INFO] [stdout]    |
[INFO] [stdout] 21 |         SessionStatus, SessionStatusCode, SessionStatusRequest, SignableData,
[INFO] [stdout]    |                        ^^^^^^^^^^^^^^^^^                        ^^^^^^^^^^^^
[INFO] [stdout] 22 |         SmartIdAuthenticationResponse, SmartIdErrorResponse,
[INFO] [stdout]    |         ^^^^^^^^^^^^^^^^^^^^^^^^^^^^^
[INFO] [stdout] 
[INFO] [stdout] 
[INFO] [stdout] warning: unused variable: `authentication_certificate`
[INFO] [stdout]    --> src/smart_id/utils.rs:233:41
[INFO] [stdout]     |
[INFO] [stdout] 233 |     fn verify_certificate_expiry(&self, authentication_certificate: &Certificate) -> bool {
[INFO] [stdout]     |                                         ^^^^^^^^^^^^^^^^^^^^^^^^^^ help: if this is intentional, prefix it with an underscore: `_authentication_certificate`
[INFO] [stdout]     |
[INFO] [stdout]     = note: `#[warn(unused_variables)]` on by default
[INFO] [stdout] 
[INFO] [stdout] 
[INFO] [stdout] warning: unused variable: `resources_location`
[INFO] [stdout]    --> src/smart_id/utils.rs:292:9
[INFO] [stdout]     |
[INFO] [stdout] 292 |         resources_location: &str,
[INFO] [stdout]     |         ^^^^^^^^^^^^^^^^^^ help: if this is intentional, prefix it with an underscore: `_resources_location`
[INFO] [stdout] 
[INFO] [stdout] 
[INFO] [stdout] warning: variable does not need to be mutable
[INFO] [stdout]    --> src/smart_id/utils.rs:294:13
[INFO] [stdout]     |
[INFO] [stdout] 294 |         let mut trusted_ca_certificates = Vec::new();
[INFO] [stdout]     |             ----^^^^^^^^^^^^^^^^^^^^^^^
[INFO] [stdout]     |             |
[INFO] [stdout]     |             help: remove this `mut`
[INFO] [stdout]     |
[INFO] [stdout]     = note: `#[warn(unused_mut)]` on by default
[INFO] [stdout] 
[INFO] [stdout] 
[INFO] [stdout] warning: fields `document_number`, `certificate_level`, `allowed_interactions_order`, and `nonce` are never read
[INFO] [stdout]   --> src/smart_id/mod.rs:38:5
[INFO] [stdout]    |
[INFO] [stdout] 29 | pub struct SmartIdClient<'a> {
[INFO] [stdout]    |            ------------- fields in this struct
[INFO] [stdout] ...
[INFO] [stdout] 38 |     document_number: Option<String>,
[INFO] [stdout]    |     ^^^^^^^^^^^^^^^
[INFO] [stdout] 39 |     certificate_level: CertificateLevel,
[INFO] [stdout]    |     ^^^^^^^^^^^^^^^^^
[INFO] [stdout] 40 |     allowed_interactions_order: Vec<Interaction>,
[INFO] [stdout]    |     ^^^^^^^^^^^^^^^^^^^^^^^^^^
[INFO] [stdout] 41 |     nonce: Option<String>,
[INFO] [stdout]    |     ^^^^^
[INFO] [stdout]    |
[INFO] [stdout]    = note: `#[warn(dead_code)]` on by default
[INFO] [stdout] 
[INFO] [stdout] 
[INFO] [stdout] warning: methods `validate_auth_request_parameters` and `verify_interactions_if_set` are never used
[INFO] [stdout]    --> src/smart_id/mod.rs:191:8
[INFO] [stdout]     |
[INFO] [stdout] 44  | impl<'a>  SmartIdClient<'a>  {
[INFO] [stdout]     | --------------------------- methods in this implementation
[INFO] [stdout] ...
[INFO] [stdout] 191 |     fn validate_auth_request_parameters(&self) -> Result<(), SmartIdError> {
[INFO] [stdout]     |        ^^^^^^^^^^^^^^^^^^^^^^^^^^^^^^^^
[INFO] [stdout] ...
[INFO] [stdout] 238 |     fn verify_interactions_if_set(&self) -> Result<(), SmartIdError> {
[INFO] [stdout]     |        ^^^^^^^^^^^^^^^^^^^^^^^^^^
[INFO] [stdout] 
[INFO] [stdout] 
[INFO] [stdout] warning: field `trusted_ca_certificates` is never read
[INFO] [stdout]    --> src/smart_id/utils.rs:134:5
[INFO] [stdout]     |
[INFO] [stdout] 133 | pub struct AuthenticationResponseValidator {
[INFO] [stdout]     |            ------------------------------- field in this struct
[INFO] [stdout] 134 |     trusted_ca_certificates: Vec<String>,
[INFO] [stdout]     |     ^^^^^^^^^^^^^^^^^^^^^^^
[INFO] [stdout] 
[INFO] [stdout] 
[INFO] [stdout] warning: methods `validate_authentication_response`, `verify_signature`, and `is_certificate_trusted` are never used
[INFO] [stdout]    --> src/smart_id/utils.rs:193:8
[INFO] [stdout]     |
[INFO] [stdout] 137 | impl AuthenticationResponseValidator {
[INFO] [stdout]     | ------------------------------------ methods in this implementation
[INFO] [stdout] ...
[INFO] [stdout] 193 |     fn validate_authentication_response(
[INFO] [stdout]     |        ^^^^^^^^^^^^^^^^^^^^^^^^^^^^^^^^
[INFO] [stdout] ...
[INFO] [stdout] 215 |     fn verify_signature(
[INFO] [stdout]     |        ^^^^^^^^^^^^^^^^
[INFO] [stdout] ...
[INFO] [stdout] 308 |     fn is_certificate_trusted(&self, certificate_as_pem: Vec<u8>) -> Result<bool, ErrorStack> {
[INFO] [stdout]     |        ^^^^^^^^^^^^^^^^^^^^^^
[INFO] [stdout] 
[INFO] [stdout] 
[INFO] [stdout] warning: 9 warnings emitted
[INFO] [stdout] 
[INFO] [stdout] 
[INFO] [stderr]    Compiling balticum v0.0.1 (/opt/rustwide/workdir)
[INFO] [stdout] warning: unused import: `std::fs::read_dir`
[INFO] [stdout]  --> src/smart_id/utils.rs:4:5
[INFO] [stdout]   |
[INFO] [stdout] 4 | use std::fs::read_dir;
[INFO] [stdout]   |     ^^^^^^^^^^^^^^^^^
[INFO] [stdout]   |
[INFO] [stdout]   = note: `#[warn(unused_imports)]` on by default
[INFO] [stdout] 
[INFO] [stdout] 
[INFO] [stdout] warning: unused imports: `SessionStatusCode`, `SignableData`, `SmartIdAuthenticationResponse`
[INFO] [stdout]   --> src/smart_id/mod.rs:21:24
[INFO] [stdout]    |
[INFO] [stdout] 21 |         SessionStatus, SessionStatusCode, SessionStatusRequest, SignableData,
[INFO] [stdout]    |                        ^^^^^^^^^^^^^^^^^                        ^^^^^^^^^^^^
[INFO] [stdout] 22 |         SmartIdAuthenticationResponse, SmartIdErrorResponse,
[INFO] [stdout]    |         ^^^^^^^^^^^^^^^^^^^^^^^^^^^^^
[INFO] [stdout] 
[INFO] [stdout] 
[INFO] [stdout] warning: unused variable: `authentication_certificate`
[INFO] [stdout]    --> src/smart_id/utils.rs:233:41
[INFO] [stdout]     |
[INFO] [stdout] 233 |     fn verify_certificate_expiry(&self, authentication_certificate: &Certificate) -> bool {
[INFO] [stdout]     |                                         ^^^^^^^^^^^^^^^^^^^^^^^^^^ help: if this is intentional, prefix it with an underscore: `_authentication_certificate`
[INFO] [stdout]     |
[INFO] [stdout]     = note: `#[warn(unused_variables)]` on by default
[INFO] [stdout] 
[INFO] [stdout] 
[INFO] [stdout] warning: unused variable: `resources_location`
[INFO] [stdout]    --> src/smart_id/utils.rs:292:9
[INFO] [stdout]     |
[INFO] [stdout] 292 |         resources_location: &str,
[INFO] [stdout]     |         ^^^^^^^^^^^^^^^^^^ help: if this is intentional, prefix it with an underscore: `_resources_location`
[INFO] [stdout] 
[INFO] [stdout] 
[INFO] [stdout] warning: variable does not need to be mutable
[INFO] [stdout]    --> src/smart_id/utils.rs:294:13
[INFO] [stdout]     |
[INFO] [stdout] 294 |         let mut trusted_ca_certificates = Vec::new();
[INFO] [stdout]     |             ----^^^^^^^^^^^^^^^^^^^^^^^
[INFO] [stdout]     |             |
[INFO] [stdout]     |             help: remove this `mut`
[INFO] [stdout]     |
[INFO] [stdout]     = note: `#[warn(unused_mut)]` on by default
[INFO] [stdout] 
[INFO] [stdout] 
[INFO] [stdout] warning: fields `document_number`, `certificate_level`, `allowed_interactions_order`, and `nonce` are never read
[INFO] [stdout]   --> src/smart_id/mod.rs:38:5
[INFO] [stdout]    |
[INFO] [stdout] 29 | pub struct SmartIdClient<'a> {
[INFO] [stdout]    |            ------------- fields in this struct
[INFO] [stdout] ...
[INFO] [stdout] 38 |     document_number: Option<String>,
[INFO] [stdout]    |     ^^^^^^^^^^^^^^^
[INFO] [stdout] 39 |     certificate_level: CertificateLevel,
[INFO] [stdout]    |     ^^^^^^^^^^^^^^^^^
[INFO] [stdout] 40 |     allowed_interactions_order: Vec<Interaction>,
[INFO] [stdout]    |     ^^^^^^^^^^^^^^^^^^^^^^^^^^
[INFO] [stdout] 41 |     nonce: Option<String>,
[INFO] [stdout]    |     ^^^^^
[INFO] [stdout]    |
[INFO] [stdout]    = note: `#[warn(dead_code)]` on by default
[INFO] [stdout] 
[INFO] [stdout] 
[INFO] [stdout] warning: methods `validate_auth_request_parameters` and `verify_interactions_if_set` are never used
[INFO] [stdout]    --> src/smart_id/mod.rs:191:8
[INFO] [stdout]     |
[INFO] [stdout] 44  | impl<'a>  SmartIdClient<'a>  {
[INFO] [stdout]     | --------------------------- methods in this implementation
[INFO] [stdout] ...
[INFO] [stdout] 191 |     fn validate_auth_request_parameters(&self) -> Result<(), SmartIdError> {
[INFO] [stdout]     |        ^^^^^^^^^^^^^^^^^^^^^^^^^^^^^^^^
[INFO] [stdout] ...
[INFO] [stdout] 238 |     fn verify_interactions_if_set(&self) -> Result<(), SmartIdError> {
[INFO] [stdout]     |        ^^^^^^^^^^^^^^^^^^^^^^^^^^
[INFO] [stdout] 
[INFO] [stdout] 
[INFO] [stdout] warning: field `trusted_ca_certificates` is never read
[INFO] [stdout]    --> src/smart_id/utils.rs:134:5
[INFO] [stdout]     |
[INFO] [stdout] 133 | pub struct AuthenticationResponseValidator {
[INFO] [stdout]     |            ------------------------------- field in this struct
[INFO] [stdout] 134 |     trusted_ca_certificates: Vec<String>,
[INFO] [stdout]     |     ^^^^^^^^^^^^^^^^^^^^^^^
[INFO] [stdout] 
[INFO] [stdout] 
[INFO] [stdout] warning: methods `validate_authentication_response`, `verify_signature`, and `is_certificate_trusted` are never used
[INFO] [stdout]    --> src/smart_id/utils.rs:193:8
[INFO] [stdout]     |
[INFO] [stdout] 137 | impl AuthenticationResponseValidator {
[INFO] [stdout]     | ------------------------------------ methods in this implementation
[INFO] [stdout] ...
[INFO] [stdout] 193 |     fn validate_authentication_response(
[INFO] [stdout]     |        ^^^^^^^^^^^^^^^^^^^^^^^^^^^^^^^^
[INFO] [stdout] ...
[INFO] [stdout] 215 |     fn verify_signature(
[INFO] [stdout]     |        ^^^^^^^^^^^^^^^^
[INFO] [stdout] ...
[INFO] [stdout] 308 |     fn is_certificate_trusted(&self, certificate_as_pem: Vec<u8>) -> Result<bool, ErrorStack> {
[INFO] [stdout]     |        ^^^^^^^^^^^^^^^^^^^^^^
[INFO] [stdout] 
[INFO] [stdout] 
[INFO] [stdout] warning: 9 warnings emitted
[INFO] [stdout] 
[INFO] [stdout] 
[INFO] [stderr]     Finished test [unoptimized + debuginfo] target(s) in 1.95s
[INFO] running `Command { std: "docker" "inspect" "0f6e0a6161b7a3c5024be86cd048d4a129d3eaebf28b2114e1a5acc4f16b4bd4", kill_on_drop: false }`
[INFO] running `Command { std: "docker" "rm" "-f" "0f6e0a6161b7a3c5024be86cd048d4a129d3eaebf28b2114e1a5acc4f16b4bd4", kill_on_drop: false }`
[INFO] [stdout] 0f6e0a6161b7a3c5024be86cd048d4a129d3eaebf28b2114e1a5acc4f16b4bd4
[INFO] running `Command { std: "docker" "create" "-v" "/var/lib/crater-agent-workspace/builds/worker-1-tc1/target:/opt/rustwide/target:rw,Z" "-v" "/var/lib/crater-agent-workspace/builds/worker-1-tc1/source:/opt/rustwide/workdir:ro,Z" "-v" "/var/lib/crater-agent-workspace/cargo-home:/opt/rustwide/cargo-home:ro,Z" "-v" "/var/lib/crater-agent-workspace/rustup-home:/opt/rustwide/rustup-home:ro,Z" "-e" "SOURCE_DIR=/opt/rustwide/workdir" "-e" "CARGO_TARGET_DIR=/opt/rustwide/target" "-e" "CARGO_INCREMENTAL=0" "-e" "RUST_BACKTRACE=full" "-e" "RUSTFLAGS=--cap-lints=warn" "-e" "RUSTDOCFLAGS=--cap-lints=warn" "-e" "CARGO_HOME=/opt/rustwide/cargo-home" "-e" "RUSTUP_HOME=/opt/rustwide/rustup-home" "-w" "/opt/rustwide/workdir" "-m" "1610612736" "--user" "0:0" "--network" "none" "ghcr.io/rust-lang/crates-build-env/linux@sha256:2788e3201cd34a07e3172128adcd8b3090168a8e3bcc40d7c032b9dda1df7d1c" "/opt/rustwide/cargo-home/bin/cargo" "+1.75.0" "test" "--frozen", kill_on_drop: false }`
[INFO] [stdout] 77d41d11e4351842d11844c5cc2113798cafc4554ac57b45003f238820898de9
[INFO] running `Command { std: "docker" "start" "-a" "77d41d11e4351842d11844c5cc2113798cafc4554ac57b45003f238820898de9", kill_on_drop: false }`
[INFO] [stderr] warning: unused import: `std::fs::read_dir`
[INFO] [stderr]  --> src/smart_id/utils.rs:4:5
[INFO] [stderr]   |
[INFO] [stderr] 4 | use std::fs::read_dir;
[INFO] [stderr]   |     ^^^^^^^^^^^^^^^^^
[INFO] [stderr]   |
[INFO] [stderr]   = note: `#[warn(unused_imports)]` on by default
[INFO] [stderr] 
[INFO] [stderr] warning: unused imports: `SessionStatusCode`, `SignableData`, `SmartIdAuthenticationResponse`
[INFO] [stderr]   --> src/smart_id/mod.rs:21:24
[INFO] [stderr]    |
[INFO] [stderr] 21 |         SessionStatus, SessionStatusCode, SessionStatusRequest, SignableData,
[INFO] [stderr]    |                        ^^^^^^^^^^^^^^^^^                        ^^^^^^^^^^^^
[INFO] [stderr] 22 |         SmartIdAuthenticationResponse, SmartIdErrorResponse,
[INFO] [stderr]    |         ^^^^^^^^^^^^^^^^^^^^^^^^^^^^^
[INFO] [stderr] 
[INFO] [stderr] warning: unused variable: `authentication_certificate`
[INFO] [stderr]    --> src/smart_id/utils.rs:233:41
[INFO] [stderr]     |
[INFO] [stderr] 233 |     fn verify_certificate_expiry(&self, authentication_certificate: &Certificate) -> bool {
[INFO] [stderr]     |                                         ^^^^^^^^^^^^^^^^^^^^^^^^^^ help: if this is intentional, prefix it with an underscore: `_authentication_certificate`
[INFO] [stderr]     |
[INFO] [stderr]     = note: `#[warn(unused_variables)]` on by default
[INFO] [stderr] 
[INFO] [stderr] warning: unused variable: `resources_location`
[INFO] [stderr]    --> src/smart_id/utils.rs:292:9
[INFO] [stderr]     |
[INFO] [stderr] 292 |         resources_location: &str,
[INFO] [stderr]     |         ^^^^^^^^^^^^^^^^^^ help: if this is intentional, prefix it with an underscore: `_resources_location`
[INFO] [stderr] 
[INFO] [stderr] warning: variable does not need to be mutable
[INFO] [stderr]    --> src/smart_id/utils.rs:294:13
[INFO] [stderr]     |
[INFO] [stderr] 294 |         let mut trusted_ca_certificates = Vec::new();
[INFO] [stderr]     |             ----^^^^^^^^^^^^^^^^^^^^^^^
[INFO] [stderr]     |             |
[INFO] [stderr]     |             help: remove this `mut`
[INFO] [stderr]     |
[INFO] [stderr]     = note: `#[warn(unused_mut)]` on by default
[INFO] [stderr] 
[INFO] [stderr] warning: fields `document_number`, `certificate_level`, `allowed_interactions_order`, and `nonce` are never read
[INFO] [stderr]   --> src/smart_id/mod.rs:38:5
[INFO] [stderr]    |
[INFO] [stderr] 29 | pub struct SmartIdClient<'a> {
[INFO] [stderr]    |            ------------- fields in this struct
[INFO] [stderr] ...
[INFO] [stderr] 38 |     document_number: Option<String>,
[INFO] [stderr]    |     ^^^^^^^^^^^^^^^
[INFO] [stderr] 39 |     certificate_level: CertificateLevel,
[INFO] [stderr]    |     ^^^^^^^^^^^^^^^^^
[INFO] [stderr] 40 |     allowed_interactions_order: Vec<Interaction>,
[INFO] [stderr]    |     ^^^^^^^^^^^^^^^^^^^^^^^^^^
[INFO] [stderr] 41 |     nonce: Option<String>,
[INFO] [stderr]    |     ^^^^^
[INFO] [stderr]    |
[INFO] [stderr]    = note: `#[warn(dead_code)]` on by default
[INFO] [stderr] 
[INFO] [stderr] warning: methods `validate_auth_request_parameters` and `verify_interactions_if_set` are never used
[INFO] [stderr]    --> src/smart_id/mod.rs:191:8
[INFO] [stderr]     |
[INFO] [stderr] 44  | impl<'a>  SmartIdClient<'a>  {
[INFO] [stderr]     | --------------------------- methods in this implementation
[INFO] [stderr] ...
[INFO] [stderr] 191 |     fn validate_auth_request_parameters(&self) -> Result<(), SmartIdError> {
[INFO] [stderr]     |        ^^^^^^^^^^^^^^^^^^^^^^^^^^^^^^^^
[INFO] [stderr] ...
[INFO] [stderr] 238 |     fn verify_interactions_if_set(&self) -> Result<(), SmartIdError> {
[INFO] [stderr]     |        ^^^^^^^^^^^^^^^^^^^^^^^^^^
[INFO] [stderr] 
[INFO] [stderr] warning: field `trusted_ca_certificates` is never read
[INFO] [stderr]    --> src/smart_id/utils.rs:134:5
[INFO] [stderr]     |
[INFO] [stderr] 133 | pub struct AuthenticationResponseValidator {
[INFO] [stderr]     |            ------------------------------- field in this struct
[INFO] [stderr] 134 |     trusted_ca_certificates: Vec<String>,
[INFO] [stderr]     |     ^^^^^^^^^^^^^^^^^^^^^^^
[INFO] [stderr] 
[INFO] [stderr] warning: methods `validate_authentication_response`, `verify_signature`, and `is_certificate_trusted` are never used
[INFO] [stderr]    --> src/smart_id/utils.rs:193:8
[INFO] [stderr]     |
[INFO] [stderr] 137 | impl AuthenticationResponseValidator {
[INFO] [stderr]     | ------------------------------------ methods in this implementation
[INFO] [stderr] ...
[INFO] [stderr] 193 |     fn validate_authentication_response(
[INFO] [stderr]     |        ^^^^^^^^^^^^^^^^^^^^^^^^^^^^^^^^
[INFO] [stderr] ...
[INFO] [stderr] 215 |     fn verify_signature(
[INFO] [stderr]     |        ^^^^^^^^^^^^^^^^
[INFO] [stderr] ...
[INFO] [stderr] 308 |     fn is_certificate_trusted(&self, certificate_as_pem: Vec<u8>) -> Result<bool, ErrorStack> {
[INFO] [stderr]     |        ^^^^^^^^^^^^^^^^^^^^^^
[INFO] [stderr] 
[INFO] [stderr] warning: `balticum` (lib) generated 9 warnings (run `cargo fix --lib -p balticum` to apply 5 suggestions)
[INFO] [stderr] warning: `balticum` (lib test) generated 9 warnings (9 duplicates)
[INFO] [stderr]     Finished test [unoptimized + debuginfo] target(s) in 0.08s
[INFO] [stderr]      Running unittests src/lib.rs (/opt/rustwide/target/debug/deps/balticum-3b8c35fbedbd79bb)
[INFO] [stdout] 
[INFO] [stdout] running 3 tests
[INFO] [stdout] test smart_id::models::authentication_hash_tests::generate_random_hash_of_type_sha256 ... FAILED
[INFO] [stdout] test smart_id::models::authentication_hash_tests::generate_random_hash_of_type_sha384 ... FAILED
[INFO] [stdout] test smart_id::models::authentication_hash_tests::generate_random_hash_of_type_sha512 ... FAILED
[INFO] [stdout] 
[INFO] [stdout] failures:
[INFO] [stdout] 
[INFO] [stdout] ---- smart_id::models::authentication_hash_tests::generate_random_hash_of_type_sha256 stdout ----
[INFO] [stdout] thread 'smart_id::models::authentication_hash_tests::generate_random_hash_of_type_sha256' panicked at src/smart_id/models.rs:208:9:
[INFO] [stdout] assertion `left == right` failed
[INFO] [stdout]   left: [0, 77, 28, 96, 27, 167, 56, 2, 163, 68, 211, 141, 94, 100, 134, 195, 16, 162, 97, 26, 105, 77, 197, 160, 5, 210, 164, 145, 120, 150, 107, 78]
[INFO] [stdout]  right: [65, 69, 48, 99, 89, 66, 117, 110, 79, 65, 75, 106, 82, 78, 79, 78, 88, 109, 83, 71, 119, 120, 67, 105, 89, 82, 112, 112, 84, 99, 87, 103, 66, 100, 75, 107, 107, 88, 105, 87, 97, 48, 52, 61]
[INFO] [stdout] stack backtrace:
[INFO] [stdout]    0:     0x56363e168e7c - std::backtrace_rs::backtrace::libunwind::trace::ha637c64ce894333a
[INFO] [stdout]                                at /rustc/82e1608dfa6e0b5569232559e3d385fea5a93112/library/std/src/../../backtrace/src/backtrace/libunwind.rs:104:5
[INFO] [stdout]    1:     0x56363e168e7c - std::backtrace_rs::backtrace::trace_unsynchronized::h47f62dea28e0c88d
[INFO] [stdout]                                at /rustc/82e1608dfa6e0b5569232559e3d385fea5a93112/library/std/src/../../backtrace/src/backtrace/mod.rs:66:5
[INFO] [stdout]    2:     0x56363e168e7c - std::sys_common::backtrace::_print_fmt::h9eef0abe20ede486
[INFO] [stdout]                                at /rustc/82e1608dfa6e0b5569232559e3d385fea5a93112/library/std/src/sys_common/backtrace.rs:67:5
[INFO] [stdout]    3:     0x56363e168e7c - <std::sys_common::backtrace::_print::DisplayBacktrace as core::fmt::Display>::fmt::hed7f999df88cc644
[INFO] [stdout]                                at /rustc/82e1608dfa6e0b5569232559e3d385fea5a93112/library/std/src/sys_common/backtrace.rs:44:22
[INFO] [stdout]    4:     0x56363e192a00 - core::fmt::rt::Argument::fmt::h1539a9308b8d058d
[INFO] [stdout]                                at /rustc/82e1608dfa6e0b5569232559e3d385fea5a93112/library/core/src/fmt/rt.rs:142:9
[INFO] [stdout]    5:     0x56363e192a00 - core::fmt::write::h3a39390d8560d9c9
[INFO] [stdout]                                at /rustc/82e1608dfa6e0b5569232559e3d385fea5a93112/library/core/src/fmt/mod.rs:1120:17
[INFO] [stdout]    6:     0x56363e16682f - std::io::Write::write_fmt::h040b369f3a0f9cbc
[INFO] [stdout]                                at /rustc/82e1608dfa6e0b5569232559e3d385fea5a93112/library/std/src/io/mod.rs:1762:15
[INFO] [stdout]    7:     0x56363e168c64 - std::sys_common::backtrace::_print::h894006fb5c6f3d45
[INFO] [stdout]                                at /rustc/82e1608dfa6e0b5569232559e3d385fea5a93112/library/std/src/sys_common/backtrace.rs:47:5
[INFO] [stdout]    8:     0x56363e168c64 - std::sys_common::backtrace::print::h23a2d212c6fff936
[INFO] [stdout]                                at /rustc/82e1608dfa6e0b5569232559e3d385fea5a93112/library/std/src/sys_common/backtrace.rs:34:9
[INFO] [stdout]    9:     0x56363e16a927 - std::panicking::default_hook::{{closure}}::h8a1d2ee00185001a
[INFO] [stdout]   10:     0x56363e16a613 - std::panicking::default_hook::h6038f2eba384e475
[INFO] [stdout]                                at /rustc/82e1608dfa6e0b5569232559e3d385fea5a93112/library/std/src/panicking.rs:289:9
[INFO] [stdout]   11:     0x56363e0d40c7 - <alloc::boxed::Box<F,A> as core::ops::function::Fn<Args>>::call::h0ad024c9bdc6d768
[INFO] [stdout]                                at /rustc/82e1608dfa6e0b5569232559e3d385fea5a93112/library/alloc/src/boxed.rs:2021:9
[INFO] [stdout]   12:     0x56363e0d40c7 - test::test_main::{{closure}}::h7500b54257359db6
[INFO] [stdout]                                at /rustc/82e1608dfa6e0b5569232559e3d385fea5a93112/library/test/src/lib.rs:138:21
[INFO] [stdout]   13:     0x56363e16af38 - <alloc::boxed::Box<F,A> as core::ops::function::Fn<Args>>::call::h1f8f335eaa9cfaee
[INFO] [stdout]                                at /rustc/82e1608dfa6e0b5569232559e3d385fea5a93112/library/alloc/src/boxed.rs:2021:9
[INFO] [stdout]   14:     0x56363e16af38 - std::panicking::rust_panic_with_hook::h2b5517d590cab22e
[INFO] [stdout]                                at /rustc/82e1608dfa6e0b5569232559e3d385fea5a93112/library/std/src/panicking.rs:783:13
[INFO] [stdout]   15:     0x56363e16ac8e - std::panicking::begin_panic_handler::{{closure}}::h233112c06e0ef43e
[INFO] [stdout]                                at /rustc/82e1608dfa6e0b5569232559e3d385fea5a93112/library/std/src/panicking.rs:657:13
[INFO] [stdout]   16:     0x56363e169346 - std::sys_common::backtrace::__rust_end_short_backtrace::h6e893f24d7ebbff8
[INFO] [stdout]                                at /rustc/82e1608dfa6e0b5569232559e3d385fea5a93112/library/std/src/sys_common/backtrace.rs:170:18
[INFO] [stdout]   17:     0x56363e16a9f2 - rust_begin_unwind
[INFO] [stdout]                                at /rustc/82e1608dfa6e0b5569232559e3d385fea5a93112/library/std/src/panicking.rs:645:5
[INFO] [stdout]   18:     0x56363e096155 - core::panicking::panic_fmt::hbf0e066aabfa482c
[INFO] [stdout]                                at /rustc/82e1608dfa6e0b5569232559e3d385fea5a93112/library/core/src/panicking.rs:72:14
[INFO] [stdout]   19:     0x56363e09656b - core::panicking::assert_failed_inner::h0bba8b7c26ee4492
[INFO] [stdout]   20:     0x56363e09c97e - core::panicking::assert_failed::hb3b41d5263b87528
[INFO] [stdout]                                at /rustc/82e1608dfa6e0b5569232559e3d385fea5a93112/library/core/src/panicking.rs:279:5
[INFO] [stdout]   21:     0x56363e0a04d1 - balticum::smart_id::models::authentication_hash_tests::generate_random_hash_of_type_sha256::haf99c2e1b96a051c
[INFO] [stdout]                                at /opt/rustwide/workdir/src/smart_id/models.rs:208:9
[INFO] [stdout]   22:     0x56363e0a01d7 - balticum::smart_id::models::authentication_hash_tests::generate_random_hash_of_type_sha256::{{closure}}::h90edb3f6765b1024
[INFO] [stdout]                                at /opt/rustwide/workdir/src/smart_id/models.rs:205:45
[INFO] [stdout]   23:     0x56363e09bf46 - core::ops::function::FnOnce::call_once::ha9e9b46ef7ae327a
[INFO] [stdout]                                at /rustc/82e1608dfa6e0b5569232559e3d385fea5a93112/library/core/src/ops/function.rs:250:5
[INFO] [stdout]   24:     0x56363e0d971f - core::ops::function::FnOnce::call_once::h2b5d431d5046312d
[INFO] [stdout]                                at /rustc/82e1608dfa6e0b5569232559e3d385fea5a93112/library/core/src/ops/function.rs:250:5
[INFO] [stdout]   25:     0x56363e0d971f - test::__rust_begin_short_backtrace::h7714669af176e207
[INFO] [stdout]                                at /rustc/82e1608dfa6e0b5569232559e3d385fea5a93112/library/test/src/lib.rs:628:18
[INFO] [stdout]   26:     0x56363e0d8735 - test::run_test_in_process::{{closure}}::h85218797dcbcec12
[INFO] [stdout]                                at /rustc/82e1608dfa6e0b5569232559e3d385fea5a93112/library/test/src/lib.rs:651:60
[INFO] [stdout]   27:     0x56363e0d8735 - <core::panic::unwind_safe::AssertUnwindSafe<F> as core::ops::function::FnOnce<()>>::call_once::h76c106ea31c14d7b
[INFO] [stdout]                                at /rustc/82e1608dfa6e0b5569232559e3d385fea5a93112/library/core/src/panic/unwind_safe.rs:272:9
[INFO] [stdout]   28:     0x56363e0d8735 - std::panicking::try::do_call::h3bd5d0f6620ee946
[INFO] [stdout]                                at /rustc/82e1608dfa6e0b5569232559e3d385fea5a93112/library/std/src/panicking.rs:552:40
[INFO] [stdout]   29:     0x56363e0d8735 - std::panicking::try::h232e535e4744fe31
[INFO] [stdout]                                at /rustc/82e1608dfa6e0b5569232559e3d385fea5a93112/library/std/src/panicking.rs:516:19
[INFO] [stdout]   30:     0x56363e0d8735 - std::panic::catch_unwind::h3ce3bd6ca8dbac68
[INFO] [stdout]                                at /rustc/82e1608dfa6e0b5569232559e3d385fea5a93112/library/std/src/panic.rs:142:14
[INFO] [stdout]   31:     0x56363e0d8735 - test::run_test_in_process::hc97b257c9621286a
[INFO] [stdout]                                at /rustc/82e1608dfa6e0b5569232559e3d385fea5a93112/library/test/src/lib.rs:651:27
[INFO] [stdout]   32:     0x56363e0d8735 - test::run_test::{{closure}}::h2aa798823a438d38
[INFO] [stdout]                                at /rustc/82e1608dfa6e0b5569232559e3d385fea5a93112/library/test/src/lib.rs:574:43
[INFO] [stdout]   33:     0x56363e0a09f6 - test::run_test::{{closure}}::h87d231c78fb59832
[INFO] [stdout]                                at /rustc/82e1608dfa6e0b5569232559e3d385fea5a93112/library/test/src/lib.rs:602:41
[INFO] [stdout]   34:     0x56363e0a09f6 - std::sys_common::backtrace::__rust_begin_short_backtrace::he6df152596625789
[INFO] [stdout]                                at /rustc/82e1608dfa6e0b5569232559e3d385fea5a93112/library/std/src/sys_common/backtrace.rs:154:18
[INFO] [stdout]   35:     0x56363e0a5aa7 - std::thread::Builder::spawn_unchecked_::{{closure}}::{{closure}}::ha94be15d1e0acf36
[INFO] [stdout]                                at /rustc/82e1608dfa6e0b5569232559e3d385fea5a93112/library/std/src/thread/mod.rs:529:17
[INFO] [stdout]   36:     0x56363e0a5aa7 - <core::panic::unwind_safe::AssertUnwindSafe<F> as core::ops::function::FnOnce<()>>::call_once::h9dc6bd6372f16606
[INFO] [stdout]                                at /rustc/82e1608dfa6e0b5569232559e3d385fea5a93112/library/core/src/panic/unwind_safe.rs:272:9
[INFO] [stdout]   37:     0x56363e0a5aa7 - std::panicking::try::do_call::h9057517f80303cd4
[INFO] [stdout]                                at /rustc/82e1608dfa6e0b5569232559e3d385fea5a93112/library/std/src/panicking.rs:552:40
[INFO] [stdout]   38:     0x56363e0a5aa7 - std::panicking::try::he3a30b11ee45340c
[INFO] [stdout]                                at /rustc/82e1608dfa6e0b5569232559e3d385fea5a93112/library/std/src/panicking.rs:516:19
[INFO] [stdout]   39:     0x56363e0a5aa7 - std::panic::catch_unwind::h410458cfd3528b8b
[INFO] [stdout]                                at /rustc/82e1608dfa6e0b5569232559e3d385fea5a93112/library/std/src/panic.rs:142:14
[INFO] [stdout]   40:     0x56363e0a5aa7 - std::thread::Builder::spawn_unchecked_::{{closure}}::h72ac3bdb567b737b
[INFO] [stdout]                                at /rustc/82e1608dfa6e0b5569232559e3d385fea5a93112/library/std/src/thread/mod.rs:528:30
[INFO] [stdout]   41:     0x56363e0a5aa7 - core::ops::function::FnOnce::call_once{{vtable.shim}}::h38f34da3654a8344
[INFO] [stdout]                                at /rustc/82e1608dfa6e0b5569232559e3d385fea5a93112/library/core/src/ops/function.rs:250:5
[INFO] [stdout]   42:     0x56363e16f9c5 - <alloc::boxed::Box<F,A> as core::ops::function::FnOnce<Args>>::call_once::hc7eafaff61e32df9
[INFO] [stdout]                                at /rustc/82e1608dfa6e0b5569232559e3d385fea5a93112/library/alloc/src/boxed.rs:2007:9
[INFO] [stdout]   43:     0x56363e16f9c5 - <alloc::boxed::Box<F,A> as core::ops::function::FnOnce<Args>>::call_once::h6ba4a5de48dd2304
[INFO] [stdout]                                at /rustc/82e1608dfa6e0b5569232559e3d385fea5a93112/library/alloc/src/boxed.rs:2007:9
[INFO] [stdout]   44:     0x56363e16f9c5 - std::sys::unix::thread::Thread::new::thread_start::he469335aef763e45
[INFO] [stdout]                                at /rustc/82e1608dfa6e0b5569232559e3d385fea5a93112/library/std/src/sys/unix/thread.rs:108:17
[INFO] [stdout]   45:     0x7fcbad6b8ac3 - <unknown>
[INFO] [stdout]   46:     0x7fcbad749bf4 - __clone
[INFO] [stdout]   47:                0x0 - <unknown>
[INFO] [stdout] 
[INFO] [stdout] ---- smart_id::models::authentication_hash_tests::generate_random_hash_of_type_sha384 stdout ----
[INFO] [stdout] thread 'smart_id::models::authentication_hash_tests::generate_random_hash_of_type_sha384' panicked at src/smart_id/models.rs:196:9:
[INFO] [stdout] assertion `left == right` failed
[INFO] [stdout]   left: [39, 176, 155, 109, 147, 168, 94, 173, 30, 158, 157, 226, 247, 138, 204, 73, 233, 48, 89, 71, 143, 183, 219, 243, 89, 219, 182, 79, 96, 251, 23, 20, 26, 63, 224, 173, 55, 245, 68, 177, 16, 190, 160, 117, 209, 39, 198, 0]
[INFO] [stdout]  right: [74, 55, 67, 98, 98, 90, 79, 111, 88, 113, 48, 101, 110, 112, 51, 105, 57, 52, 114, 77, 83, 101, 107, 119, 87, 85, 101, 80, 116, 57, 118, 122, 87, 100, 117, 50, 84, 50, 68, 55, 70, 120, 81, 97, 80, 43, 67, 116, 78, 47, 86, 69, 115, 82, 67, 43, 111, 72, 88, 82, 74, 56, 89, 65]
[INFO] [stdout] stack backtrace:
[INFO] [stdout]    0:     0x56363e168e7c - std::backtrace_rs::backtrace::libunwind::trace::ha637c64ce894333a
[INFO] [stdout]                                at /rustc/82e1608dfa6e0b5569232559e3d385fea5a93112/library/std/src/../../backtrace/src/backtrace/libunwind.rs:104:5
[INFO] [stdout]    1:     0x56363e168e7c - std::backtrace_rs::backtrace::trace_unsynchronized::h47f62dea28e0c88d
[INFO] [stdout]                                at /rustc/82e1608dfa6e0b5569232559e3d385fea5a93112/library/std/src/../../backtrace/src/backtrace/mod.rs:66:5
[INFO] [stdout]    2:     0x56363e168e7c - std::sys_common::backtrace::_print_fmt::h9eef0abe20ede486
[INFO] [stdout]                                at /rustc/82e1608dfa6e0b5569232559e3d385fea5a93112/library/std/src/sys_common/backtrace.rs:67:5
[INFO] [stdout]    3:     0x56363e168e7c - <std::sys_common::backtrace::_print::DisplayBacktrace as core::fmt::Display>::fmt::hed7f999df88cc644
[INFO] [stdout]                                at /rustc/82e1608dfa6e0b5569232559e3d385fea5a93112/library/std/src/sys_common/backtrace.rs:44:22
[INFO] [stdout]    4:     0x56363e192a00 - core::fmt::rt::Argument::fmt::h1539a9308b8d058d
[INFO] [stdout]                                at /rustc/82e1608dfa6e0b5569232559e3d385fea5a93112/library/core/src/fmt/rt.rs:142:9
[INFO] [stdout]    5:     0x56363e192a00 - core::fmt::write::h3a39390d8560d9c9
[INFO] [stdout]                                at /rustc/82e1608dfa6e0b5569232559e3d385fea5a93112/library/core/src/fmt/mod.rs:1120:17
[INFO] [stdout]    6:     0x56363e16682f - std::io::Write::write_fmt::h040b369f3a0f9cbc
[INFO] [stdout]                                at /rustc/82e1608dfa6e0b5569232559e3d385fea5a93112/library/std/src/io/mod.rs:1762:15
[INFO] [stdout]    7:     0x56363e168c64 - std::sys_common::backtrace::_print::h894006fb5c6f3d45
[INFO] [stdout]                                at /rustc/82e1608dfa6e0b5569232559e3d385fea5a93112/library/std/src/sys_common/backtrace.rs:47:5
[INFO] [stdout]    8:     0x56363e168c64 - std::sys_common::backtrace::print::h23a2d212c6fff936
[INFO] [stdout]                                at /rustc/82e1608dfa6e0b5569232559e3d385fea5a93112/library/std/src/sys_common/backtrace.rs:34:9
[INFO] [stdout]    9:     0x56363e16a927 - std::panicking::default_hook::{{closure}}::h8a1d2ee00185001a
[INFO] [stdout]   10:     0x56363e16a613 - std::panicking::default_hook::h6038f2eba384e475
[INFO] [stdout]                                at /rustc/82e1608dfa6e0b5569232559e3d385fea5a93112/library/std/src/panicking.rs:289:9
[INFO] [stdout]   11:     0x56363e0d40c7 - <alloc::boxed::Box<F,A> as core::ops::function::Fn<Args>>::call::h0ad024c9bdc6d768
[INFO] [stdout]                                at /rustc/82e1608dfa6e0b5569232559e3d385fea5a93112/library/alloc/src/boxed.rs:2021:9
[INFO] [stdout]   12:     0x56363e0d40c7 - test::test_main::{{closure}}::h7500b54257359db6
[INFO] [stdout]                                at /rustc/82e1608dfa6e0b5569232559e3d385fea5a93112/library/test/src/lib.rs:138:21
[INFO] [stdout]   13:     0x56363e16af38 - <alloc::boxed::Box<F,A> as core::ops::function::Fn<Args>>::call::h1f8f335eaa9cfaee
[INFO] [stdout]                                at /rustc/82e1608dfa6e0b5569232559e3d385fea5a93112/library/alloc/src/boxed.rs:2021:9
[INFO] [stdout]   14:     0x56363e16af38 - std::panicking::rust_panic_with_hook::h2b5517d590cab22e
[INFO] [stdout]                                at /rustc/82e1608dfa6e0b5569232559e3d385fea5a93112/library/std/src/panicking.rs:783:13
[INFO] [stdout]   15:     0x56363e16ac8e - std::panicking::begin_panic_handler::{{closure}}::h233112c06e0ef43e
[INFO] [stdout]                                at /rustc/82e1608dfa6e0b5569232559e3d385fea5a93112/library/std/src/panicking.rs:657:13
[INFO] [stdout]   16:     0x56363e169346 - std::sys_common::backtrace::__rust_end_short_backtrace::h6e893f24d7ebbff8
[INFO] [stdout]                                at /rustc/82e1608dfa6e0b5569232559e3d385fea5a93112/library/std/src/sys_common/backtrace.rs:170:18
[INFO] [stdout]   17:     0x56363e16a9f2 - rust_begin_unwind
[INFO] [stdout]                                at /rustc/82e1608dfa6e0b5569232559e3d385fea5a93112/library/std/src/panicking.rs:645:5
[INFO] [stdout]   18:     0x56363e096155 - core::panicking::panic_fmt::hbf0e066aabfa482c
[INFO] [stdout]                                at /rustc/82e1608dfa6e0b5569232559e3d385fea5a93112/library/core/src/panicking.rs:72:14
[INFO] [stdout]   19:     0x56363e09656b - core::panicking::assert_failed_inner::h0bba8b7c26ee4492
[INFO] [stdout]   20:     0x56363e09c97e - core::panicking::assert_failed::hb3b41d5263b87528
[INFO] [stdout]                                at /rustc/82e1608dfa6e0b5569232559e3d385fea5a93112/library/core/src/panicking.rs:279:5
[INFO] [stdout]   21:     0x56363e0a0141 - balticum::smart_id::models::authentication_hash_tests::generate_random_hash_of_type_sha384::h51fbd1869fce3f56
[INFO] [stdout]                                at /opt/rustwide/workdir/src/smart_id/models.rs:196:9
[INFO] [stdout]   22:     0x56363e09fe47 - balticum::smart_id::models::authentication_hash_tests::generate_random_hash_of_type_sha384::{{closure}}::hfc5396e529f5d354
[INFO] [stdout]                                at /opt/rustwide/workdir/src/smart_id/models.rs:193:45
[INFO] [stdout]   23:     0x56363e09bef6 - core::ops::function::FnOnce::call_once::h43f2820cf75cf016
[INFO] [stdout]                                at /rustc/82e1608dfa6e0b5569232559e3d385fea5a93112/library/core/src/ops/function.rs:250:5
[INFO] [stdout]   24:     0x56363e0d971f - core::ops::function::FnOnce::call_once::h2b5d431d5046312d
[INFO] [stdout]                                at /rustc/82e1608dfa6e0b5569232559e3d385fea5a93112/library/core/src/ops/function.rs:250:5
[INFO] [stdout]   25:     0x56363e0d971f - test::__rust_begin_short_backtrace::h7714669af176e207
[INFO] [stdout]                                at /rustc/82e1608dfa6e0b5569232559e3d385fea5a93112/library/test/src/lib.rs:628:18
[INFO] [stdout]   26:     0x56363e0d8735 - test::run_test_in_process::{{closure}}::h85218797dcbcec12
[INFO] [stdout]                                at /rustc/82e1608dfa6e0b5569232559e3d385fea5a93112/library/test/src/lib.rs:651:60
[INFO] [stdout]   27:     0x56363e0d8735 - <core::panic::unwind_safe::AssertUnwindSafe<F> as core::ops::function::FnOnce<()>>::call_once::h76c106ea31c14d7b
[INFO] [stdout]                                at /rustc/82e1608dfa6e0b5569232559e3d385fea5a93112/library/core/src/panic/unwind_safe.rs:272:9
[INFO] [stdout]   28:     0x56363e0d8735 - std::panicking::try::do_call::h3bd5d0f6620ee946
[INFO] [stdout]                                at /rustc/82e1608dfa6e0b5569232559e3d385fea5a93112/library/std/src/panicking.rs:552:40
[INFO] [stdout]   29:     0x56363e0d8735 - std::panicking::try::h232e535e4744fe31
[INFO] [stdout]                                at /rustc/82e1608dfa6e0b5569232559e3d385fea5a93112/library/std/src/panicking.rs:516:19
[INFO] [stdout]   30:     0x56363e0d8735 - std::panic::catch_unwind::h3ce3bd6ca8dbac68
[INFO] [stdout]                                at /rustc/82e1608dfa6e0b5569232559e3d385fea5a93112/library/std/src/panic.rs:142:14
[INFO] [stdout]   31:     0x56363e0d8735 - test::run_test_in_process::hc97b257c9621286a
[INFO] [stdout]                                at /rustc/82e1608dfa6e0b5569232559e3d385fea5a93112/library/test/src/lib.rs:651:27
[INFO] [stdout]   32:     0x56363e0d8735 - test::run_test::{{closure}}::h2aa798823a438d38
[INFO] [stdout]                                at /rustc/82e1608dfa6e0b5569232559e3d385fea5a93112/library/test/src/lib.rs:574:43
[INFO] [stdout]   33:     0x56363e0a09f6 - test::run_test::{{closure}}::h87d231c78fb59832
[INFO] [stdout]                                at /rustc/82e1608dfa6e0b5569232559e3d385fea5a93112/library/test/src/lib.rs:602:41
[INFO] [stdout]   34:     0x56363e0a09f6 - std::sys_common::backtrace::__rust_begin_short_backtrace::he6df152596625789
[INFO] [stdout]                                at /rustc/82e1608dfa6e0b5569232559e3d385fea5a93112/library/std/src/sys_common/backtrace.rs:154:18
[INFO] [stdout]   35:     0x56363e0a5aa7 - std::thread::Builder::spawn_unchecked_::{{closure}}::{{closure}}::ha94be15d1e0acf36
[INFO] [stdout]                                at /rustc/82e1608dfa6e0b5569232559e3d385fea5a93112/library/std/src/thread/mod.rs:529:17
[INFO] [stdout]   36:     0x56363e0a5aa7 - <core::panic::unwind_safe::AssertUnwindSafe<F> as core::ops::function::FnOnce<()>>::call_once::h9dc6bd6372f16606
[INFO] [stdout]                                at /rustc/82e1608dfa6e0b5569232559e3d385fea5a93112/library/core/src/panic/unwind_safe.rs:272:9
[INFO] [stdout]   37:     0x56363e0a5aa7 - std::panicking::try::do_call::h9057517f80303cd4
[INFO] [stdout]                                at /rustc/82e1608dfa6e0b5569232559e3d385fea5a93112/library/std/src/panicking.rs:552:40
[INFO] [stdout]   38:     0x56363e0a5aa7 - std::panicking::try::he3a30b11ee45340c
[INFO] [stdout]                                at /rustc/82e1608dfa6e0b5569232559e3d385fea5a93112/library/std/src/panicking.rs:516:19
[INFO] [stdout]   39:     0x56363e0a5aa7 - std::panic::catch_unwind::h410458cfd3528b8b
[INFO] [stdout]                                at /rustc/82e1608dfa6e0b5569232559e3d385fea5a93112/library/std/src/panic.rs:142:14
[INFO] [stdout]   40:     0x56363e0a5aa7 - std::thread::Builder::spawn_unchecked_::{{closure}}::h72ac3bdb567b737b
[INFO] [stdout]                                at /rustc/82e1608dfa6e0b5569232559e3d385fea5a93112/library/std/src/thread/mod.rs:528:30
[INFO] [stdout]   41:     0x56363e0a5aa7 - core::ops::function::FnOnce::call_once{{vtable.shim}}::h38f34da3654a8344
[INFO] [stdout]                                at /rustc/82e1608dfa6e0b5569232559e3d385fea5a93112/library/core/src/ops/function.rs:250:5
[INFO] [stdout]   42:     0x56363e16f9c5 - <alloc::boxed::Box<F,A> as core::ops::function::FnOnce<Args>>::call_once::hc7eafaff61e32df9
[INFO] [stdout]                                at /rustc/82e1608dfa6e0b5569232559e3d385fea5a93112/library/alloc/src/boxed.rs:2007:9
[INFO] [stdout]   43:     0x56363e16f9c5 - <alloc::boxed::Box<F,A> as core::ops::function::FnOnce<Args>>::call_once::h6ba4a5de48dd2304
[INFO] [stdout]                                at /rustc/82e1608dfa6e0b5569232559e3d385fea5a93112/library/alloc/src/boxed.rs:2007:9
[INFO] [stdout]   44:     0x56363e16f9c5 - std::sys::unix::thread::Thread::new::thread_start::he469335aef763e45
[INFO] [stdout]                                at /rustc/82e1608dfa6e0b5569232559e3d385fea5a93112/library/std/src/sys/unix/thread.rs:108:17
[INFO] [stdout]   45:     0x7fcbad6b8ac3 - <unknown>
[INFO] [stdout]   46:     0x7fcbad749bf4 - __clone
[INFO] [stdout]   47:                0x0 - <unknown>
[INFO] [stdout] 
[INFO] [stdout] ---- smart_id::models::authentication_hash_tests::generate_random_hash_of_type_sha512 stdout ----
[INFO] [stdout] thread 'smart_id::models::authentication_hash_tests::generate_random_hash_of_type_sha512' panicked at src/smart_id/models.rs:184:9:
[INFO] [stdout] assertion `left == right` failed
[INFO] [stdout]   left: [54, 232, 156, 175, 106, 212, 80, 120, 252, 197, 180, 88, 174, 189, 151, 25, 191, 39, 153, 226, 42, 7, 118, 226, 248, 206, 84, 222, 113, 62, 206, 55, 108, 191, 146, 223, 10, 203, 226, 57, 236, 46, 131, 202, 228, 166, 114, 171, 229, 149, 107, 75, 196, 245, 209, 109, 10, 54, 201, 82, 158, 44, 38, 121]
[INFO] [stdout]  right: [78, 117, 105, 99, 114, 50, 114, 85, 85, 72, 106, 56, 120, 98, 82, 89, 114, 114, 50, 88, 71, 98, 56, 110, 109, 101, 73, 113, 66, 51, 98, 105, 43, 77, 53, 85, 51, 110, 69, 43, 122, 106, 100, 115, 118, 53, 76, 102, 67, 115, 118, 105, 79, 101, 119, 117, 103, 56, 114, 107, 112, 110, 75, 114, 53, 90, 86, 114, 83, 56, 84, 49, 48, 87, 48, 75, 78, 115, 108, 83, 110, 105, 119, 109, 101, 81, 61, 61]
[INFO] [stdout] stack backtrace:
[INFO] [stdout]    0:     0x56363e168e7c - std::backtrace_rs::backtrace::libunwind::trace::ha637c64ce894333a
[INFO] [stdout]                                at /rustc/82e1608dfa6e0b5569232559e3d385fea5a93112/library/std/src/../../backtrace/src/backtrace/libunwind.rs:104:5
[INFO] [stdout]    1:     0x56363e168e7c - std::backtrace_rs::backtrace::trace_unsynchronized::h47f62dea28e0c88d
[INFO] [stdout]                                at /rustc/82e1608dfa6e0b5569232559e3d385fea5a93112/library/std/src/../../backtrace/src/backtrace/mod.rs:66:5
[INFO] [stdout]    2:     0x56363e168e7c - std::sys_common::backtrace::_print_fmt::h9eef0abe20ede486
[INFO] [stdout]                                at /rustc/82e1608dfa6e0b5569232559e3d385fea5a93112/library/std/src/sys_common/backtrace.rs:67:5
[INFO] [stdout]    3:     0x56363e168e7c - <std::sys_common::backtrace::_print::DisplayBacktrace as core::fmt::Display>::fmt::hed7f999df88cc644
[INFO] [stdout]                                at /rustc/82e1608dfa6e0b5569232559e3d385fea5a93112/library/std/src/sys_common/backtrace.rs:44:22
[INFO] [stdout]    4:     0x56363e192a00 - core::fmt::rt::Argument::fmt::h1539a9308b8d058d
[INFO] [stdout]                                at /rustc/82e1608dfa6e0b5569232559e3d385fea5a93112/library/core/src/fmt/rt.rs:142:9
[INFO] [stdout]    5:     0x56363e192a00 - core::fmt::write::h3a39390d8560d9c9
[INFO] [stdout]                                at /rustc/82e1608dfa6e0b5569232559e3d385fea5a93112/library/core/src/fmt/mod.rs:1120:17
[INFO] [stdout]    6:     0x56363e16682f - std::io::Write::write_fmt::h040b369f3a0f9cbc
[INFO] [stdout]                                at /rustc/82e1608dfa6e0b5569232559e3d385fea5a93112/library/std/src/io/mod.rs:1762:15
[INFO] [stdout]    7:     0x56363e168c64 - std::sys_common::backtrace::_print::h894006fb5c6f3d45
[INFO] [stdout]                                at /rustc/82e1608dfa6e0b5569232559e3d385fea5a93112/library/std/src/sys_common/backtrace.rs:47:5
[INFO] [stdout]    8:     0x56363e168c64 - std::sys_common::backtrace::print::h23a2d212c6fff936
[INFO] [stdout]                                at /rustc/82e1608dfa6e0b5569232559e3d385fea5a93112/library/std/src/sys_common/backtrace.rs:34:9
[INFO] [stdout]    9:     0x56363e16a927 - std::panicking::default_hook::{{closure}}::h8a1d2ee00185001a
[INFO] [stdout]   10:     0x56363e16a613 - std::panicking::default_hook::h6038f2eba384e475
[INFO] [stdout]                                at /rustc/82e1608dfa6e0b5569232559e3d385fea5a93112/library/std/src/panicking.rs:289:9
[INFO] [stdout]   11:     0x56363e0d40c7 - <alloc::boxed::Box<F,A> as core::ops::function::Fn<Args>>::call::h0ad024c9bdc6d768
[INFO] [stdout]                                at /rustc/82e1608dfa6e0b5569232559e3d385fea5a93112/library/alloc/src/boxed.rs:2021:9
[INFO] [stdout]   12:     0x56363e0d40c7 - test::test_main::{{closure}}::h7500b54257359db6
[INFO] [stdout]                                at /rustc/82e1608dfa6e0b5569232559e3d385fea5a93112/library/test/src/lib.rs:138:21
[INFO] [stdout]   13:     0x56363e16af38 - <alloc::boxed::Box<F,A> as core::ops::function::Fn<Args>>::call::h1f8f335eaa9cfaee
[INFO] [stdout]                                at /rustc/82e1608dfa6e0b5569232559e3d385fea5a93112/library/alloc/src/boxed.rs:2021:9
[INFO] [stdout]   14:     0x56363e16af38 - std::panicking::rust_panic_with_hook::h2b5517d590cab22e
[INFO] [stdout]                                at /rustc/82e1608dfa6e0b5569232559e3d385fea5a93112/library/std/src/panicking.rs:783:13
[INFO] [stdout]   15:     0x56363e16ac8e - std::panicking::begin_panic_handler::{{closure}}::h233112c06e0ef43e
[INFO] [stdout]                                at /rustc/82e1608dfa6e0b5569232559e3d385fea5a93112/library/std/src/panicking.rs:657:13
[INFO] [stdout]   16:     0x56363e169346 - std::sys_common::backtrace::__rust_end_short_backtrace::h6e893f24d7ebbff8
[INFO] [stdout]                                at /rustc/82e1608dfa6e0b5569232559e3d385fea5a93112/library/std/src/sys_common/backtrace.rs:170:18
[INFO] [stdout]   17:     0x56363e16a9f2 - rust_begin_unwind
[INFO] [stdout]                                at /rustc/82e1608dfa6e0b5569232559e3d385fea5a93112/library/std/src/panicking.rs:645:5
[INFO] [stdout]   18:     0x56363e096155 - core::panicking::panic_fmt::hbf0e066aabfa482c
[INFO] [stdout]                                at /rustc/82e1608dfa6e0b5569232559e3d385fea5a93112/library/core/src/panicking.rs:72:14
[INFO] [stdout]   19:     0x56363e09656b - core::panicking::assert_failed_inner::h0bba8b7c26ee4492
[INFO] [stdout]   20:     0x56363e09c97e - core::panicking::assert_failed::hb3b41d5263b87528
[INFO] [stdout]                                at /rustc/82e1608dfa6e0b5569232559e3d385fea5a93112/library/core/src/panicking.rs:279:5
[INFO] [stdout]   21:     0x56363e09fdb1 - balticum::smart_id::models::authentication_hash_tests::generate_random_hash_of_type_sha512::ha7a401e8ff605316
[INFO] [stdout]                                at /opt/rustwide/workdir/src/smart_id/models.rs:184:9
[INFO] [stdout]   22:     0x56363e09fab7 - balticum::smart_id::models::authentication_hash_tests::generate_random_hash_of_type_sha512::{{closure}}::hba90ef8c090a9e36
[INFO] [stdout]                                at /opt/rustwide/workdir/src/smart_id/models.rs:181:45
[INFO] [stdout]   23:     0x56363e09beb6 - core::ops::function::FnOnce::call_once::h33e00f5a576926ec
[INFO] [stdout]                                at /rustc/82e1608dfa6e0b5569232559e3d385fea5a93112/library/core/src/ops/function.rs:250:5
[INFO] [stdout]   24:     0x56363e0d971f - core::ops::function::FnOnce::call_once::h2b5d431d5046312d
[INFO] [stdout]                                at /rustc/82e1608dfa6e0b5569232559e3d385fea5a93112/library/core/src/ops/function.rs:250:5
[INFO] [stdout]   25:     0x56363e0d971f - test::__rust_begin_short_backtrace::h7714669af176e207
[INFO] [stdout]                                at /rustc/82e1608dfa6e0b5569232559e3d385fea5a93112/library/test/src/lib.rs:628:18
[INFO] [stdout]   26:     0x56363e0d8735 - test::run_test_in_process::{{closure}}::h85218797dcbcec12
[INFO] [stdout]                                at /rustc/82e1608dfa6e0b5569232559e3d385fea5a93112/library/test/src/lib.rs:651:60
[INFO] [stdout]   27:     0x56363e0d8735 - <core::panic::unwind_safe::AssertUnwindSafe<F> as core::ops::function::FnOnce<()>>::call_once::h76c106ea31c14d7b
[INFO] [stdout]                                at /rustc/82e1608dfa6e0b5569232559e3d385fea5a93112/library/core/src/panic/unwind_safe.rs:272:9
[INFO] [stdout]   28:     0x56363e0d8735 - std::panicking::try::do_call::h3bd5d0f6620ee946
[INFO] [stdout]                                at /rustc/82e1608dfa6e0b5569232559e3d385fea5a93112/library/std/src/panicking.rs:552:40
[INFO] [stdout]   29:     0x56363e0d8735 - std::panicking::try::h232e535e4744fe31
[INFO] [stdout]                                at /rustc/82e1608dfa6e0b5569232559e3d385fea5a93112/library/std/src/panicking.rs:516:19
[INFO] [stdout]   30:     0x56363e0d8735 - std::panic::catch_unwind::h3ce3bd6ca8dbac68
[INFO] [stdout]                                at /rustc/82e1608dfa6e0b5569232559e3d385fea5a93112/library/std/src/panic.rs:142:14
[INFO] [stdout]   31:     0x56363e0d8735 - test::run_test_in_process::hc97b257c9621286a
[INFO] [stdout]                                at /rustc/82e1608dfa6e0b5569232559e3d385fea5a93112/library/test/src/lib.rs:651:27
[INFO] [stdout]   32:     0x56363e0d8735 - test::run_test::{{closure}}::h2aa798823a438d38
[INFO] [stdout]                                at /rustc/82e1608dfa6e0b5569232559e3d385fea5a93112/library/test/src/lib.rs:574:43
[INFO] [stdout]   33:     0x56363e0a09f6 - test::run_test::{{closure}}::h87d231c78fb59832
[INFO] [stdout]                                at /rustc/82e1608dfa6e0b5569232559e3d385fea5a93112/library/test/src/lib.rs:602:41
[INFO] [stdout]   34:     0x56363e0a09f6 - std::sys_common::backtrace::__rust_begin_short_backtrace::he6df152596625789
[INFO] [stdout]                                at /rustc/82e1608dfa6e0b5569232559e3d385fea5a93112/library/std/src/sys_common/backtrace.rs:154:18
[INFO] [stdout]   35:     0x56363e0a5aa7 - std::thread::Builder::spawn_unchecked_::{{closure}}::{{closure}}::ha94be15d1e0acf36
[INFO] [stdout]                                at /rustc/82e1608dfa6e0b5569232559e3d385fea5a93112/library/std/src/thread/mod.rs:529:17
[INFO] [stdout]   36:     0x56363e0a5aa7 - <core::panic::unwind_safe::AssertUnwindSafe<F> as core::ops::function::FnOnce<()>>::call_once::h9dc6bd6372f16606
[INFO] [stdout]                                at /rustc/82e1608dfa6e0b5569232559e3d385fea5a93112/library/core/src/panic/unwind_safe.rs:272:9
[INFO] [stdout]   37:     0x56363e0a5aa7 - std::panicking::try::do_call::h9057517f80303cd4
[INFO] [stdout]                                at /rustc/82e1608dfa6e0b5569232559e3d385fea5a93112/library/std/src/panicking.rs:552:40
[INFO] [stdout]   38:     0x56363e0a5aa7 - std::panicking::try::he3a30b11ee45340c
[INFO] [stdout]                                at /rustc/82e1608dfa6e0b5569232559e3d385fea5a93112/library/std/src/panicking.rs:516:19
[INFO] [stdout]   39:     0x56363e0a5aa7 - std::panic::catch_unwind::h410458cfd3528b8b
[INFO] [stdout]                                at /rustc/82e1608dfa6e0b5569232559e3d385fea5a93112/library/std/src/panic.rs:142:14
[INFO] [stdout]   40:     0x56363e0a5aa7 - std::thread::Builder::spawn_unchecked_::{{closure}}::h72ac3bdb567b737b
[INFO] [stdout]                                at /rustc/82e1608dfa6e0b5569232559e3d385fea5a93112/library/std/src/thread/mod.rs:528:30
[INFO] [stdout]   41:     0x56363e0a5aa7 - core::ops::function::FnOnce::call_once{{vtable.shim}}::h38f34da3654a8344
[INFO] [stdout]                                at /rustc/82e1608dfa6e0b5569232559e3d385fea5a93112/library/core/src/ops/function.rs:250:5
[INFO] [stdout]   42:     0x56363e16f9c5 - <alloc::boxed::Box<F,A> as core::ops::function::FnOnce<Args>>::call_once::hc7eafaff61e32df9
[INFO] [stdout]                                at /rustc/82e1608dfa6e0b5569232559e3d385fea5a93112/library/alloc/src/boxed.rs:2007:9
[INFO] [stdout]   43:     0x56363e16f9c5 - <alloc::boxed::Box<F,A> as core::ops::function::FnOnce<Args>>::call_once::h6ba4a5de48dd2304
[INFO] [stdout]                                at /rustc/82e1608dfa6e0b5569232559e3d385fea5a93112/library/alloc/src/boxed.rs:2007:9
[INFO] [stdout]   44:     0x56363e16f9c5 - std::sys::unix::thread::Thread::new::thread_start::he469335aef763e45
[INFO] [stdout]                                at /rustc/82e1608dfa6e0b5569232559e3d385fea5a93112/library/std/src/sys/unix/thread.rs:108:17
[INFO] [stdout]   45:     0x7fcbad6b8ac3 - <unknown>
[INFO] [stdout]   46:     0x7fcbad749bf4 - __clone
[INFO] [stdout]   47:                0x0 - <unknown>
[INFO] [stdout] 
[INFO] [stdout] 
[INFO] [stdout] failures:
[INFO] [stdout]     smart_id::models::authentication_hash_tests::generate_random_hash_of_type_sha256
[INFO] [stdout]     smart_id::models::authentication_hash_tests::generate_random_hash_of_type_sha384
[INFO] [stdout]     smart_id::models::authentication_hash_tests::generate_random_hash_of_type_sha512
[INFO] [stdout] 
[INFO] [stdout] test result: FAILED. 0 passed; 3 failed; 0 ignored; 0 measured; 0 filtered out; finished in 0.04s
[INFO] [stdout] 
[INFO] [stderr] error: test failed, to rerun pass `--lib`
[INFO] running `Command { std: "docker" "inspect" "77d41d11e4351842d11844c5cc2113798cafc4554ac57b45003f238820898de9", kill_on_drop: false }`
[INFO] running `Command { std: "docker" "rm" "-f" "77d41d11e4351842d11844c5cc2113798cafc4554ac57b45003f238820898de9", kill_on_drop: false }`
[INFO] [stdout] 77d41d11e4351842d11844c5cc2113798cafc4554ac57b45003f238820898de9
