[INFO] cloning repository https://github.com/isiko/Advent-of-Code-2023
[INFO] running `Command { std: "git" "-c" "credential.helper=" "-c" "credential.helper=/workspace/cargo-home/bin/git-credential-null" "clone" "--bare" "https://github.com/isiko/Advent-of-Code-2023" "/workspace/cache/git-repos/https%3A%2F%2Fgithub.com%2Fisiko%2FAdvent-of-Code-2023", kill_on_drop: false }`
[INFO] [stderr] Cloning into bare repository '/workspace/cache/git-repos/https%3A%2F%2Fgithub.com%2Fisiko%2FAdvent-of-Code-2023'...
[INFO] running `Command { std: "git" "rev-parse" "HEAD", kill_on_drop: false }`
[INFO] [stdout] 85f1426f99bc107d68469bcd6b9c9b7b5ad9cc4d
[INFO] testing isiko/Advent-of-Code-2023 against 1.75.0 for beta-1.76-1
[INFO] running `Command { std: "git" "clone" "/workspace/cache/git-repos/https%3A%2F%2Fgithub.com%2Fisiko%2FAdvent-of-Code-2023" "/workspace/builds/worker-1-tc1/source", kill_on_drop: false }`
[INFO] [stderr] Cloning into '/workspace/builds/worker-1-tc1/source'...
[INFO] [stderr] done.
[INFO] validating manifest of git repo https://github.com/isiko/Advent-of-Code-2023 on toolchain 1.75.0
[INFO] running `Command { std: CARGO_HOME="/workspace/cargo-home" RUSTUP_HOME="/workspace/rustup-home" "/workspace/cargo-home/bin/cargo" "+1.75.0" "metadata" "--manifest-path" "Cargo.toml" "--no-deps", kill_on_drop: false }`
[INFO] started tweaking git repo https://github.com/isiko/Advent-of-Code-2023
[INFO] finished tweaking git repo https://github.com/isiko/Advent-of-Code-2023
[INFO] tweaked toml for git repo https://github.com/isiko/Advent-of-Code-2023 written to /workspace/builds/worker-1-tc1/source/Cargo.toml
[INFO] crate git repo https://github.com/isiko/Advent-of-Code-2023 already has a lockfile, it will not be regenerated
[INFO] running `Command { std: CARGO_HOME="/workspace/cargo-home" RUSTUP_HOME="/workspace/rustup-home" "/workspace/cargo-home/bin/cargo" "+1.75.0" "fetch" "--manifest-path" "Cargo.toml", kill_on_drop: false }`
[INFO] [stderr]     Updating crates.io index
[INFO] [stderr]  Downloading crates ...
[INFO] [stderr]   Downloaded memoize v0.4.1
[INFO] [stderr]   Downloaded memoize-inner v0.4.0
[INFO] running `Command { std: "docker" "create" "-v" "/var/lib/crater-agent-workspace/builds/worker-1-tc1/target:/opt/rustwide/target:rw,Z" "-v" "/var/lib/crater-agent-workspace/builds/worker-1-tc1/source:/opt/rustwide/workdir:ro,Z" "-v" "/var/lib/crater-agent-workspace/cargo-home:/opt/rustwide/cargo-home:ro,Z" "-v" "/var/lib/crater-agent-workspace/rustup-home:/opt/rustwide/rustup-home:ro,Z" "-e" "SOURCE_DIR=/opt/rustwide/workdir" "-e" "CARGO_TARGET_DIR=/opt/rustwide/target" "-e" "CARGO_HOME=/opt/rustwide/cargo-home" "-e" "RUSTUP_HOME=/opt/rustwide/rustup-home" "-w" "/opt/rustwide/workdir" "-m" "1610612736" "--user" "0:0" "--network" "none" "ghcr.io/rust-lang/crates-build-env/linux@sha256:2788e3201cd34a07e3172128adcd8b3090168a8e3bcc40d7c032b9dda1df7d1c" "/opt/rustwide/cargo-home/bin/cargo" "+1.75.0" "metadata" "--no-deps" "--format-version=1", kill_on_drop: false }`
[INFO] [stdout] 6d8499e1e7435e49164f626781c8591a24a1f3dcb7add321bf03f5beb13deaff
[INFO] running `Command { std: "docker" "start" "-a" "6d8499e1e7435e49164f626781c8591a24a1f3dcb7add321bf03f5beb13deaff", kill_on_drop: false }`
[INFO] running `Command { std: "docker" "inspect" "6d8499e1e7435e49164f626781c8591a24a1f3dcb7add321bf03f5beb13deaff", kill_on_drop: false }`
[INFO] running `Command { std: "docker" "rm" "-f" "6d8499e1e7435e49164f626781c8591a24a1f3dcb7add321bf03f5beb13deaff", kill_on_drop: false }`
[INFO] [stdout] 6d8499e1e7435e49164f626781c8591a24a1f3dcb7add321bf03f5beb13deaff
[INFO] running `Command { std: "docker" "create" "-v" "/var/lib/crater-agent-workspace/builds/worker-1-tc1/target:/opt/rustwide/target:rw,Z" "-v" "/var/lib/crater-agent-workspace/builds/worker-1-tc1/source:/opt/rustwide/workdir:ro,Z" "-v" "/var/lib/crater-agent-workspace/cargo-home:/opt/rustwide/cargo-home:ro,Z" "-v" "/var/lib/crater-agent-workspace/rustup-home:/opt/rustwide/rustup-home:ro,Z" "-e" "SOURCE_DIR=/opt/rustwide/workdir" "-e" "CARGO_TARGET_DIR=/opt/rustwide/target" "-e" "CARGO_INCREMENTAL=0" "-e" "RUST_BACKTRACE=full" "-e" "RUSTFLAGS=--cap-lints=warn" "-e" "RUSTDOCFLAGS=--cap-lints=warn" "-e" "CARGO_HOME=/opt/rustwide/cargo-home" "-e" "RUSTUP_HOME=/opt/rustwide/rustup-home" "-w" "/opt/rustwide/workdir" "-m" "1610612736" "--user" "0:0" "--network" "none" "ghcr.io/rust-lang/crates-build-env/linux@sha256:2788e3201cd34a07e3172128adcd8b3090168a8e3bcc40d7c032b9dda1df7d1c" "/opt/rustwide/cargo-home/bin/cargo" "+1.75.0" "build" "--frozen" "--message-format=json", kill_on_drop: false }`
[INFO] [stdout] bd52b7e26f824a7b79d0353cf6c110eca755727b33baaf1831e621f402664074
[INFO] running `Command { std: "docker" "start" "-a" "bd52b7e26f824a7b79d0353cf6c110eca755727b33baaf1831e621f402664074", kill_on_drop: false }`
[INFO] [stderr]    Compiling memchr v2.6.4
[INFO] [stderr]    Compiling regex-syntax v0.8.2
[INFO] [stderr]    Compiling proc-macro2 v1.0.70
[INFO] [stderr]    Compiling unicode-ident v1.0.12
[INFO] [stderr]    Compiling cfg-if v1.0.0
[INFO] [stderr]    Compiling autocfg v1.1.0
[INFO] [stderr]    Compiling libc v0.2.151
[INFO] [stderr]    Compiling semver v1.0.20
[INFO] [stderr]    Compiling futures-core v0.3.29
[INFO] [stderr]    Compiling version_check v0.9.4
[INFO] [stderr]    Compiling futures-channel v0.3.29
[INFO] [stderr]    Compiling futures-task v0.3.29
[INFO] [stderr]    Compiling futures-sink v0.3.29
[INFO] [stderr]    Compiling futures-util v0.3.29
[INFO] [stderr]    Compiling once_cell v1.19.0
[INFO] [stderr]    Compiling pin-utils v0.1.0
[INFO] [stderr]    Compiling pin-project-lite v0.2.13
[INFO] [stderr]    Compiling syn v1.0.109
[INFO] [stderr]    Compiling futures-io v0.3.29
[INFO] [stderr]    Compiling relative-path v1.9.0
[INFO] [stderr]    Compiling glob v0.3.1
[INFO] [stderr]    Compiling lazy_static v1.4.0
[INFO] [stderr]    Compiling futures-timer v3.0.2
[INFO] [stderr]    Compiling day1_1 v0.1.0 (/opt/rustwide/workdir/day1_1)
[INFO] [stderr]    Compiling day3_1 v0.1.0 (/opt/rustwide/workdir/day3_1)
[INFO] [stderr]    Compiling day3_2 v0.1.0 (/opt/rustwide/workdir/day3_2)
[INFO] [stderr]    Compiling slab v0.4.9
[INFO] [stderr]    Compiling ahash v0.7.7
[INFO] [stderr]    Compiling day5_2 v0.1.0 (/opt/rustwide/workdir/day5_2)
[INFO] [stderr]    Compiling day5_1 v0.1.0 (/opt/rustwide/workdir/day5_1)
[INFO] [stderr]    Compiling day1_2 v0.1.0 (/opt/rustwide/workdir/day1_2)
[INFO] [stderr]    Compiling aho-corasick v1.1.2
[INFO] [stderr]    Compiling rustc_version v0.4.0
[INFO] [stderr]    Compiling quote v1.0.33
[INFO] [stderr]    Compiling rstest_macros v0.18.2
[INFO] [stderr]    Compiling syn v2.0.40
[INFO] [stderr]    Compiling getrandom v0.2.11
[INFO] [stderr]    Compiling hashbrown v0.12.3
[INFO] [stderr]    Compiling regex-automata v0.4.3
[INFO] [stderr]    Compiling lru v0.7.8
[INFO] [stderr]    Compiling regex v1.10.2
[INFO] [stderr]    Compiling memoize-inner v0.4.0
[INFO] [stderr]    Compiling memoize v0.4.1
[INFO] [stderr]    Compiling day8_1 v0.1.0 (/opt/rustwide/workdir/day8_1)
[INFO] [stderr]    Compiling day2_1 v0.1.0 (/opt/rustwide/workdir/day2_1)
[INFO] [stderr]    Compiling day13_2 v0.1.0 (/opt/rustwide/workdir/day13_2)
[INFO] [stderr]    Compiling day10_1 v0.1.0 (/opt/rustwide/workdir/day10_1)
[INFO] [stderr]    Compiling day15_1 v0.1.0 (/opt/rustwide/workdir/day15_1)
[INFO] [stderr]    Compiling day14_2 v0.1.0 (/opt/rustwide/workdir/day14_2)
[INFO] [stderr]    Compiling day6_2 v0.1.0 (/opt/rustwide/workdir/day6_2)
[INFO] [stderr]    Compiling day8_2 v0.1.0 (/opt/rustwide/workdir/day8_2)
[INFO] [stderr]    Compiling day4_2 v0.1.0 (/opt/rustwide/workdir/day4_2)
[INFO] [stderr]    Compiling day10_2 v0.1.0 (/opt/rustwide/workdir/day10_2)
[INFO] [stderr]    Compiling day7_2 v0.1.0 (/opt/rustwide/workdir/day7_2)
[INFO] [stderr]    Compiling day4_1 v0.1.0 (/opt/rustwide/workdir/day4_1)
[INFO] [stderr]    Compiling day6_1 v0.1.0 (/opt/rustwide/workdir/day6_1)
[INFO] [stderr]    Compiling day9_2 v0.1.0 (/opt/rustwide/workdir/day9_2)
[INFO] [stderr]    Compiling day11_1 v0.1.0 (/opt/rustwide/workdir/day11_1)
[INFO] [stderr]    Compiling futures-macro v0.3.29
[INFO] [stderr]    Compiling day9_1 v0.1.0 (/opt/rustwide/workdir/day9_1)
[INFO] [stderr]    Compiling day12_1 v0.1.0 (/opt/rustwide/workdir/day12_1)
[INFO] [stderr]    Compiling day11_2 v0.1.0 (/opt/rustwide/workdir/day11_2)
[INFO] [stderr]    Compiling day14_1 v0.1.0 (/opt/rustwide/workdir/day14_1)
[INFO] [stderr]    Compiling day2_2 v0.1.0 (/opt/rustwide/workdir/day2_2)
[INFO] [stdout] warning: method `print` is never used
[INFO] [stdout]   --> day14_1/src/main.rs:26:8
[INFO] [stdout]    |
[INFO] [stdout] 17 | impl Map {
[INFO] [stdout]    | -------- method in this implementation
[INFO] [stdout] ...
[INFO] [stdout] 26 |     fn print(&self) {
[INFO] [stdout]    |        ^^^^^
[INFO] [stdout]    |
[INFO] [stdout]    = note: `#[warn(dead_code)]` on by default
[INFO] [stdout] 
[INFO] [stdout] 
[INFO] [stderr]    Compiling day7_1 v0.1.0 (/opt/rustwide/workdir/day7_1)
[INFO] [stderr]    Compiling day13_1 v0.1.0 (/opt/rustwide/workdir/day13_1)
[INFO] [stdout] warning: 1 warning emitted
[INFO] [stdout] 
[INFO] [stdout] 
[INFO] [stderr]    Compiling futures-executor v0.3.29
[INFO] [stderr]    Compiling futures v0.3.29
[INFO] [stderr]    Compiling rstest v0.18.2
[INFO] [stderr]    Compiling day12_2 v0.1.0 (/opt/rustwide/workdir/day12_2)
[INFO] [stderr]     Finished dev [unoptimized + debuginfo] target(s) in 11.89s
[INFO] running `Command { std: "docker" "inspect" "bd52b7e26f824a7b79d0353cf6c110eca755727b33baaf1831e621f402664074", kill_on_drop: false }`
[INFO] running `Command { std: "docker" "rm" "-f" "bd52b7e26f824a7b79d0353cf6c110eca755727b33baaf1831e621f402664074", kill_on_drop: false }`
[INFO] [stdout] bd52b7e26f824a7b79d0353cf6c110eca755727b33baaf1831e621f402664074
[INFO] running `Command { std: "docker" "create" "-v" "/var/lib/crater-agent-workspace/builds/worker-1-tc1/target:/opt/rustwide/target:rw,Z" "-v" "/var/lib/crater-agent-workspace/builds/worker-1-tc1/source:/opt/rustwide/workdir:ro,Z" "-v" "/var/lib/crater-agent-workspace/cargo-home:/opt/rustwide/cargo-home:ro,Z" "-v" "/var/lib/crater-agent-workspace/rustup-home:/opt/rustwide/rustup-home:ro,Z" "-e" "SOURCE_DIR=/opt/rustwide/workdir" "-e" "CARGO_TARGET_DIR=/opt/rustwide/target" "-e" "CARGO_INCREMENTAL=0" "-e" "RUST_BACKTRACE=full" "-e" "RUSTFLAGS=--cap-lints=warn" "-e" "RUSTDOCFLAGS=--cap-lints=warn" "-e" "CARGO_HOME=/opt/rustwide/cargo-home" "-e" "RUSTUP_HOME=/opt/rustwide/rustup-home" "-w" "/opt/rustwide/workdir" "-m" "1610612736" "--user" "0:0" "--network" "none" "ghcr.io/rust-lang/crates-build-env/linux@sha256:2788e3201cd34a07e3172128adcd8b3090168a8e3bcc40d7c032b9dda1df7d1c" "/opt/rustwide/cargo-home/bin/cargo" "+1.75.0" "test" "--frozen" "--no-run" "--message-format=json", kill_on_drop: false }`
[INFO] [stdout] 6711bf80fc901ecf766560d8e9d3cc9a6b18a8b5af61dafe84d8999cc5aaa16e
[INFO] running `Command { std: "docker" "start" "-a" "6711bf80fc901ecf766560d8e9d3cc9a6b18a8b5af61dafe84d8999cc5aaa16e", kill_on_drop: false }`
[INFO] [stderr]    Compiling day14_2 v0.1.0 (/opt/rustwide/workdir/day14_2)
[INFO] [stderr]    Compiling day6_1 v0.1.0 (/opt/rustwide/workdir/day6_1)
[INFO] [stderr]    Compiling day11_1 v0.1.0 (/opt/rustwide/workdir/day11_1)
[INFO] [stderr]    Compiling day7_2 v0.1.0 (/opt/rustwide/workdir/day7_2)
[INFO] [stderr]    Compiling day10_1 v0.1.0 (/opt/rustwide/workdir/day10_1)
[INFO] [stderr]    Compiling day10_2 v0.1.0 (/opt/rustwide/workdir/day10_2)
[INFO] [stderr]    Compiling day13_1 v0.1.0 (/opt/rustwide/workdir/day13_1)
[INFO] [stderr]    Compiling day8_2 v0.1.0 (/opt/rustwide/workdir/day8_2)
[INFO] [stderr]    Compiling day6_2 v0.1.0 (/opt/rustwide/workdir/day6_2)
[INFO] [stderr]    Compiling day8_1 v0.1.0 (/opt/rustwide/workdir/day8_1)
[INFO] [stderr]    Compiling day2_2 v0.1.0 (/opt/rustwide/workdir/day2_2)
[INFO] [stderr]    Compiling day4_2 v0.1.0 (/opt/rustwide/workdir/day4_2)
[INFO] [stderr]    Compiling day9_2 v0.1.0 (/opt/rustwide/workdir/day9_2)
[INFO] [stderr]    Compiling day11_2 v0.1.0 (/opt/rustwide/workdir/day11_2)
[INFO] [stderr]    Compiling day7_1 v0.1.0 (/opt/rustwide/workdir/day7_1)
[INFO] [stderr]    Compiling day12_2 v0.1.0 (/opt/rustwide/workdir/day12_2)
[INFO] [stderr]    Compiling day15_1 v0.1.0 (/opt/rustwide/workdir/day15_1)
[INFO] [stderr]    Compiling day14_1 v0.1.0 (/opt/rustwide/workdir/day14_1)
[INFO] [stderr]    Compiling day2_1 v0.1.0 (/opt/rustwide/workdir/day2_1)
[INFO] [stderr]    Compiling day9_1 v0.1.0 (/opt/rustwide/workdir/day9_1)
[INFO] [stderr]    Compiling day12_1 v0.1.0 (/opt/rustwide/workdir/day12_1)
[INFO] [stderr]    Compiling day4_1 v0.1.0 (/opt/rustwide/workdir/day4_1)
[INFO] [stderr]    Compiling day13_2 v0.1.0 (/opt/rustwide/workdir/day13_2)
[INFO] [stderr]    Compiling day3_1 v0.1.0 (/opt/rustwide/workdir/day3_1)
[INFO] [stderr]    Compiling day1_1 v0.1.0 (/opt/rustwide/workdir/day1_1)
[INFO] [stderr]    Compiling day5_1 v0.1.0 (/opt/rustwide/workdir/day5_1)
[INFO] [stderr]    Compiling day3_2 v0.1.0 (/opt/rustwide/workdir/day3_2)
[INFO] [stderr]    Compiling day1_2 v0.1.0 (/opt/rustwide/workdir/day1_2)
[INFO] [stdout] warning: method `print` is never used
[INFO] [stdout]   --> day14_1/src/main.rs:26:8
[INFO] [stdout]    |
[INFO] [stdout] 17 | impl Map {
[INFO] [stdout]    | -------- method in this implementation
[INFO] [stdout] ...
[INFO] [stdout] 26 |     fn print(&self) {
[INFO] [stdout]    |        ^^^^^
[INFO] [stdout]    |
[INFO] [stdout]    = note: `#[warn(dead_code)]` on by default
[INFO] [stdout] 
[INFO] [stdout] 
[INFO] [stderr]    Compiling day5_2 v0.1.0 (/opt/rustwide/workdir/day5_2)
[INFO] [stdout] warning: 1 warning emitted
[INFO] [stdout] 
[INFO] [stdout] 
[INFO] [stderr]     Finished test [unoptimized + debuginfo] target(s) in 1.03s
[INFO] running `Command { std: "docker" "inspect" "6711bf80fc901ecf766560d8e9d3cc9a6b18a8b5af61dafe84d8999cc5aaa16e", kill_on_drop: false }`
[INFO] running `Command { std: "docker" "rm" "-f" "6711bf80fc901ecf766560d8e9d3cc9a6b18a8b5af61dafe84d8999cc5aaa16e", kill_on_drop: false }`
[INFO] [stdout] 6711bf80fc901ecf766560d8e9d3cc9a6b18a8b5af61dafe84d8999cc5aaa16e
[INFO] running `Command { std: "docker" "create" "-v" "/var/lib/crater-agent-workspace/builds/worker-1-tc1/target:/opt/rustwide/target:rw,Z" "-v" "/var/lib/crater-agent-workspace/builds/worker-1-tc1/source:/opt/rustwide/workdir:ro,Z" "-v" "/var/lib/crater-agent-workspace/cargo-home:/opt/rustwide/cargo-home:ro,Z" "-v" "/var/lib/crater-agent-workspace/rustup-home:/opt/rustwide/rustup-home:ro,Z" "-e" "SOURCE_DIR=/opt/rustwide/workdir" "-e" "CARGO_TARGET_DIR=/opt/rustwide/target" "-e" "CARGO_INCREMENTAL=0" "-e" "RUST_BACKTRACE=full" "-e" "RUSTFLAGS=--cap-lints=warn" "-e" "RUSTDOCFLAGS=--cap-lints=warn" "-e" "CARGO_HOME=/opt/rustwide/cargo-home" "-e" "RUSTUP_HOME=/opt/rustwide/rustup-home" "-w" "/opt/rustwide/workdir" "-m" "1610612736" "--user" "0:0" "--network" "none" "ghcr.io/rust-lang/crates-build-env/linux@sha256:2788e3201cd34a07e3172128adcd8b3090168a8e3bcc40d7c032b9dda1df7d1c" "/opt/rustwide/cargo-home/bin/cargo" "+1.75.0" "test" "--frozen", kill_on_drop: false }`
[INFO] [stdout] 4e93007a3dc6163f6f488f92defc90e8f3fbad54153c8f2699c903253d477799
[INFO] running `Command { std: "docker" "start" "-a" "4e93007a3dc6163f6f488f92defc90e8f3fbad54153c8f2699c903253d477799", kill_on_drop: false }`
[INFO] [stderr] warning: method `print` is never used
[INFO] [stderr]   --> day14_1/src/main.rs:26:8
[INFO] [stderr]    |
[INFO] [stderr] 17 | impl Map {
[INFO] [stderr]    | -------- method in this implementation
[INFO] [stderr] ...
[INFO] [stderr] 26 |     fn print(&self) {
[INFO] [stderr]    |        ^^^^^
[INFO] [stderr]    |
[INFO] [stderr]    = note: `#[warn(dead_code)]` on by default
[INFO] [stderr] 
[INFO] [stderr] warning: `day14_1` (bin "day14_1" test) generated 1 warning
[INFO] [stderr]     Finished test [unoptimized + debuginfo] target(s) in 0.03s
[INFO] [stderr]      Running unittests src/main.rs (/opt/rustwide/target/debug/deps/day10_1-f44b30569c123570)
[INFO] [stdout] 
[INFO] [stdout] running 0 tests
[INFO] [stdout] 
[INFO] [stdout] test result: ok. 0 passed; 0 failed; 0 ignored; 0 measured; 0 filtered out; finished in 0.00s
[INFO] [stdout] 
[INFO] [stderr]      Running unittests src/main.rs (/opt/rustwide/target/debug/deps/day10_2-a6e3beb1f02851fb)
[INFO] [stdout] 
[INFO] [stdout] running 0 tests
[INFO] [stdout] 
[INFO] [stdout] test result: ok. 0 passed; 0 failed; 0 ignored; 0 measured; 0 filtered out; finished in 0.00s
[INFO] [stdout] 
[INFO] [stderr]      Running unittests src/main.rs (/opt/rustwide/target/debug/deps/day11_1-fc63295e53cc7306)
[INFO] [stdout] 
[INFO] [stdout] running 2 tests
[INFO] [stdout] test dist ... ok
[INFO] [stdout] test input_to_galaxies ... ok
[INFO] [stdout] 
[INFO] [stdout] test result: ok. 2 passed; 0 failed; 0 ignored; 0 measured; 0 filtered out; finished in 0.00s
[INFO] [stdout] 
[INFO] [stderr]      Running unittests src/main.rs (/opt/rustwide/target/debug/deps/day11_2-42704db885b690cc)
[INFO] [stdout] 
[INFO] [stdout] running 2 tests
[INFO] [stdout] test dist ... ok
[INFO] [stdout] test input_to_galaxies ... FAILED
[INFO] [stdout] 
[INFO] [stdout] failures:
[INFO] [stdout] 
[INFO] [stdout] ---- input_to_galaxies stdout ----
[INFO] [stdout] thread 'input_to_galaxies' panicked at day11_2/src/main.rs:77:5:
[INFO] [stdout] assertion `left == right` failed
[INFO] [stdout]   left: [(1000002, 0), (2000005, 1), (0, 2), (2000004, 1000003), (1, 1000004), (3000006, 1000005), (2000005, 2000006), (0, 2000007), (1000003, 2000007)]
[INFO] [stdout]  right: [(4, 0), (9, 1), (0, 2), (8, 5), (1, 6), (12, 7), (9, 10), (0, 11), (5, 11)]
[INFO] [stdout] stack backtrace:
[INFO] [stdout]    0:     0x560311857b0c - std::backtrace_rs::backtrace::libunwind::trace::ha637c64ce894333a
[INFO] [stdout]                                at /rustc/82e1608dfa6e0b5569232559e3d385fea5a93112/library/std/src/../../backtrace/src/backtrace/libunwind.rs:104:5
[INFO] [stdout]    1:     0x560311857b0c - std::backtrace_rs::backtrace::trace_unsynchronized::h47f62dea28e0c88d
[INFO] [stdout]                                at /rustc/82e1608dfa6e0b5569232559e3d385fea5a93112/library/std/src/../../backtrace/src/backtrace/mod.rs:66:5
[INFO] [stdout]    2:     0x560311857b0c - std::sys_common::backtrace::_print_fmt::h9eef0abe20ede486
[INFO] [stdout]                                at /rustc/82e1608dfa6e0b5569232559e3d385fea5a93112/library/std/src/sys_common/backtrace.rs:67:5
[INFO] [stdout]    3:     0x560311857b0c - <std::sys_common::backtrace::_print::DisplayBacktrace as core::fmt::Display>::fmt::hed7f999df88cc644
[INFO] [stdout]                                at /rustc/82e1608dfa6e0b5569232559e3d385fea5a93112/library/std/src/sys_common/backtrace.rs:44:22
[INFO] [stdout]    4:     0x560311881650 - core::fmt::rt::Argument::fmt::h1539a9308b8d058d
[INFO] [stdout]                                at /rustc/82e1608dfa6e0b5569232559e3d385fea5a93112/library/core/src/fmt/rt.rs:142:9
[INFO] [stdout]    5:     0x560311881650 - core::fmt::write::h3a39390d8560d9c9
[INFO] [stdout]                                at /rustc/82e1608dfa6e0b5569232559e3d385fea5a93112/library/core/src/fmt/mod.rs:1120:17
[INFO] [stdout]    6:     0x5603118554bf - std::io::Write::write_fmt::h040b369f3a0f9cbc
[INFO] [stdout]                                at /rustc/82e1608dfa6e0b5569232559e3d385fea5a93112/library/std/src/io/mod.rs:1762:15
[INFO] [stdout]    7:     0x5603118578f4 - std::sys_common::backtrace::_print::h894006fb5c6f3d45
[INFO] [stdout]                                at /rustc/82e1608dfa6e0b5569232559e3d385fea5a93112/library/std/src/sys_common/backtrace.rs:47:5
[INFO] [stdout]    8:     0x5603118578f4 - std::sys_common::backtrace::print::h23a2d212c6fff936
[INFO] [stdout]                                at /rustc/82e1608dfa6e0b5569232559e3d385fea5a93112/library/std/src/sys_common/backtrace.rs:34:9
[INFO] [stdout]    9:     0x5603118595b7 - std::panicking::default_hook::{{closure}}::h8a1d2ee00185001a
[INFO] [stdout]   10:     0x5603118592a3 - std::panicking::default_hook::h6038f2eba384e475
[INFO] [stdout]                                at /rustc/82e1608dfa6e0b5569232559e3d385fea5a93112/library/std/src/panicking.rs:289:9
[INFO] [stdout]   11:     0x560311829cb7 - <alloc::boxed::Box<F,A> as core::ops::function::Fn<Args>>::call::h0ad024c9bdc6d768
[INFO] [stdout]                                at /rustc/82e1608dfa6e0b5569232559e3d385fea5a93112/library/alloc/src/boxed.rs:2021:9
[INFO] [stdout]   12:     0x560311829cb7 - test::test_main::{{closure}}::h7500b54257359db6
[INFO] [stdout]                                at /rustc/82e1608dfa6e0b5569232559e3d385fea5a93112/library/test/src/lib.rs:138:21
[INFO] [stdout]   13:     0x560311859bc8 - <alloc::boxed::Box<F,A> as core::ops::function::Fn<Args>>::call::h1f8f335eaa9cfaee
[INFO] [stdout]                                at /rustc/82e1608dfa6e0b5569232559e3d385fea5a93112/library/alloc/src/boxed.rs:2021:9
[INFO] [stdout]   14:     0x560311859bc8 - std::panicking::rust_panic_with_hook::h2b5517d590cab22e
[INFO] [stdout]                                at /rustc/82e1608dfa6e0b5569232559e3d385fea5a93112/library/std/src/panicking.rs:783:13
[INFO] [stdout]   15:     0x56031185991e - std::panicking::begin_panic_handler::{{closure}}::h233112c06e0ef43e
[INFO] [stdout]                                at /rustc/82e1608dfa6e0b5569232559e3d385fea5a93112/library/std/src/panicking.rs:657:13
[INFO] [stdout]   16:     0x560311857fd6 - std::sys_common::backtrace::__rust_end_short_backtrace::h6e893f24d7ebbff8
[INFO] [stdout]                                at /rustc/82e1608dfa6e0b5569232559e3d385fea5a93112/library/std/src/sys_common/backtrace.rs:170:18
[INFO] [stdout]   17:     0x560311859682 - rust_begin_unwind
[INFO] [stdout]                                at /rustc/82e1608dfa6e0b5569232559e3d385fea5a93112/library/std/src/panicking.rs:645:5
[INFO] [stdout]   18:     0x5603117d9cf5 - core::panicking::panic_fmt::hbf0e066aabfa482c
[INFO] [stdout]                                at /rustc/82e1608dfa6e0b5569232559e3d385fea5a93112/library/core/src/panicking.rs:72:14
[INFO] [stdout]   19:     0x5603117da10b - core::panicking::assert_failed_inner::h0bba8b7c26ee4492
[INFO] [stdout]   20:     0x5603117e8a7e - core::panicking::assert_failed::h9e057c69fc4c9f66
[INFO] [stdout]                                at /rustc/82e1608dfa6e0b5569232559e3d385fea5a93112/library/core/src/panicking.rs:279:5
[INFO] [stdout]   21:     0x5603117f5a29 - day11_2::input_to_galaxies::h08f96b3aa0c6f356
[INFO] [stdout]                                at /opt/rustwide/workdir/day11_2/src/main.rs:77:5
[INFO] [stdout]   22:     0x5603117f5717 - day11_2::input_to_galaxies::{{closure}}::hb8ce82fccdc89327
[INFO] [stdout]                                at /opt/rustwide/workdir/day11_2/src/main.rs:64:23
[INFO] [stdout]   23:     0x5603117f3146 - core::ops::function::FnOnce::call_once::h567711f375d5389e
[INFO] [stdout]                                at /rustc/82e1608dfa6e0b5569232559e3d385fea5a93112/library/core/src/ops/function.rs:250:5
[INFO] [stdout]   24:     0x56031182f30f - core::ops::function::FnOnce::call_once::h2b5d431d5046312d
[INFO] [stdout]                                at /rustc/82e1608dfa6e0b5569232559e3d385fea5a93112/library/core/src/ops/function.rs:250:5
[INFO] [stdout]   25:     0x56031182f30f - test::__rust_begin_short_backtrace::h7714669af176e207
[INFO] [stdout]                                at /rustc/82e1608dfa6e0b5569232559e3d385fea5a93112/library/test/src/lib.rs:628:18
[INFO] [stdout]   26:     0x56031182e325 - test::run_test_in_process::{{closure}}::h85218797dcbcec12
[INFO] [stdout]                                at /rustc/82e1608dfa6e0b5569232559e3d385fea5a93112/library/test/src/lib.rs:651:60
[INFO] [stdout]   27:     0x56031182e325 - <core::panic::unwind_safe::AssertUnwindSafe<F> as core::ops::function::FnOnce<()>>::call_once::h76c106ea31c14d7b
[INFO] [stdout]                                at /rustc/82e1608dfa6e0b5569232559e3d385fea5a93112/library/core/src/panic/unwind_safe.rs:272:9
[INFO] [stdout]   28:     0x56031182e325 - std::panicking::try::do_call::h3bd5d0f6620ee946
[INFO] [stdout]                                at /rustc/82e1608dfa6e0b5569232559e3d385fea5a93112/library/std/src/panicking.rs:552:40
[INFO] [stdout]   29:     0x56031182e325 - std::panicking::try::h232e535e4744fe31
[INFO] [stdout]                                at /rustc/82e1608dfa6e0b5569232559e3d385fea5a93112/library/std/src/panicking.rs:516:19
[INFO] [stdout]   30:     0x56031182e325 - std::panic::catch_unwind::h3ce3bd6ca8dbac68
[INFO] [stdout]                                at /rustc/82e1608dfa6e0b5569232559e3d385fea5a93112/library/std/src/panic.rs:142:14
[INFO] [stdout]   31:     0x56031182e325 - test::run_test_in_process::hc97b257c9621286a
[INFO] [stdout]                                at /rustc/82e1608dfa6e0b5569232559e3d385fea5a93112/library/test/src/lib.rs:651:27
[INFO] [stdout]   32:     0x56031182e325 - test::run_test::{{closure}}::h2aa798823a438d38
[INFO] [stdout]                                at /rustc/82e1608dfa6e0b5569232559e3d385fea5a93112/library/test/src/lib.rs:574:43
[INFO] [stdout]   33:     0x5603117f65e6 - test::run_test::{{closure}}::h87d231c78fb59832
[INFO] [stdout]                                at /rustc/82e1608dfa6e0b5569232559e3d385fea5a93112/library/test/src/lib.rs:602:41
[INFO] [stdout]   34:     0x5603117f65e6 - std::sys_common::backtrace::__rust_begin_short_backtrace::he6df152596625789
[INFO] [stdout]                                at /rustc/82e1608dfa6e0b5569232559e3d385fea5a93112/library/std/src/sys_common/backtrace.rs:154:18
[INFO] [stdout]   35:     0x5603117fb697 - std::thread::Builder::spawn_unchecked_::{{closure}}::{{closure}}::ha94be15d1e0acf36
[INFO] [stdout]                                at /rustc/82e1608dfa6e0b5569232559e3d385fea5a93112/library/std/src/thread/mod.rs:529:17
[INFO] [stdout]   36:     0x5603117fb697 - <core::panic::unwind_safe::AssertUnwindSafe<F> as core::ops::function::FnOnce<()>>::call_once::h9dc6bd6372f16606
[INFO] [stdout]                                at /rustc/82e1608dfa6e0b5569232559e3d385fea5a93112/library/core/src/panic/unwind_safe.rs:272:9
[INFO] [stdout]   37:     0x5603117fb697 - std::panicking::try::do_call::h9057517f80303cd4
[INFO] [stdout]                                at /rustc/82e1608dfa6e0b5569232559e3d385fea5a93112/library/std/src/panicking.rs:552:40
[INFO] [stdout]   38:     0x5603117fb697 - std::panicking::try::he3a30b11ee45340c
[INFO] [stdout]                                at /rustc/82e1608dfa6e0b5569232559e3d385fea5a93112/library/std/src/panicking.rs:516:19
[INFO] [stdout]   39:     0x5603117fb697 - std::panic::catch_unwind::h410458cfd3528b8b
[INFO] [stdout]                                at /rustc/82e1608dfa6e0b5569232559e3d385fea5a93112/library/std/src/panic.rs:142:14
[INFO] [stdout]   40:     0x5603117fb697 - std::thread::Builder::spawn_unchecked_::{{closure}}::h72ac3bdb567b737b
[INFO] [stdout]                                at /rustc/82e1608dfa6e0b5569232559e3d385fea5a93112/library/std/src/thread/mod.rs:528:30
[INFO] [stdout]   41:     0x5603117fb697 - core::ops::function::FnOnce::call_once{{vtable.shim}}::h38f34da3654a8344
[INFO] [stdout]                                at /rustc/82e1608dfa6e0b5569232559e3d385fea5a93112/library/core/src/ops/function.rs:250:5
[INFO] [stdout]   42:     0x56031185e655 - <alloc::boxed::Box<F,A> as core::ops::function::FnOnce<Args>>::call_once::hc7eafaff61e32df9
[INFO] [stdout]                                at /rustc/82e1608dfa6e0b5569232559e3d385fea5a93112/library/alloc/src/boxed.rs:2007:9
[INFO] [stdout]   43:     0x56031185e655 - <alloc::boxed::Box<F,A> as core::ops::function::FnOnce<Args>>::call_once::h6ba4a5de48dd2304
[INFO] [stdout]                                at /rustc/82e1608dfa6e0b5569232559e3d385fea5a93112/library/alloc/src/boxed.rs:2007:9
[INFO] [stdout]   44:     0x56031185e655 - std::sys::unix::thread::Thread::new::thread_start::he469335aef763e45
[INFO] [stdout]                                at /rustc/82e1608dfa6e0b5569232559e3d385fea5a93112/library/std/src/sys/unix/thread.rs:108:17
[INFO] [stdout]   45:     0x7f4d7d4c0ac3 - <unknown>
[INFO] [stdout]   46:     0x7f4d7d551bf4 - __clone
[INFO] [stdout]   47:                0x0 - <unknown>
[INFO] [stdout] 
[INFO] [stdout] 
[INFO] [stdout] failures:
[INFO] [stdout]     input_to_galaxies
[INFO] [stdout] 
[INFO] [stdout] test result: FAILED. 1 passed; 1 failed; 0 ignored; 0 measured; 0 filtered out; finished in 0.01s
[INFO] [stdout] 
[INFO] [stderr] error: test failed, to rerun pass `-p day11_2 --bin day11_2`
[INFO] running `Command { std: "docker" "inspect" "4e93007a3dc6163f6f488f92defc90e8f3fbad54153c8f2699c903253d477799", kill_on_drop: false }`
[INFO] running `Command { std: "docker" "rm" "-f" "4e93007a3dc6163f6f488f92defc90e8f3fbad54153c8f2699c903253d477799", kill_on_drop: false }`
[INFO] [stdout] 4e93007a3dc6163f6f488f92defc90e8f3fbad54153c8f2699c903253d477799
