[INFO] cloning repository https://github.com/isaacadams/hat
[INFO] running `Command { std: "git" "-c" "credential.helper=" "-c" "credential.helper=/workspace/cargo-home/bin/git-credential-null" "clone" "--bare" "https://github.com/isaacadams/hat" "/workspace/cache/git-repos/https%3A%2F%2Fgithub.com%2Fisaacadams%2Fhat", kill_on_drop: false }`
[INFO] [stderr] Cloning into bare repository '/workspace/cache/git-repos/https%3A%2F%2Fgithub.com%2Fisaacadams%2Fhat'...
[INFO] running `Command { std: "git" "rev-parse" "HEAD", kill_on_drop: false }`
[INFO] [stdout] b596ccc8f384d8105123f2d988d1596740b3b374
[INFO] testing isaacadams/hat against 1.75.0 for beta-1.76-1
[INFO] running `Command { std: "git" "clone" "/workspace/cache/git-repos/https%3A%2F%2Fgithub.com%2Fisaacadams%2Fhat" "/workspace/builds/worker-1-tc1/source", kill_on_drop: false }`
[INFO] [stderr] Cloning into '/workspace/builds/worker-1-tc1/source'...
[INFO] [stderr] done.
[INFO] validating manifest of git repo https://github.com/isaacadams/hat on toolchain 1.75.0
[INFO] running `Command { std: CARGO_HOME="/workspace/cargo-home" RUSTUP_HOME="/workspace/rustup-home" "/workspace/cargo-home/bin/cargo" "+1.75.0" "metadata" "--manifest-path" "Cargo.toml" "--no-deps", kill_on_drop: false }`
[INFO] removed /workspace/builds/worker-1-tc1/source/.cargo/config.toml
[INFO] started tweaking git repo https://github.com/isaacadams/hat
[INFO] finished tweaking git repo https://github.com/isaacadams/hat
[INFO] tweaked toml for git repo https://github.com/isaacadams/hat written to /workspace/builds/worker-1-tc1/source/Cargo.toml
[INFO] crate git repo https://github.com/isaacadams/hat already has a lockfile, it will not be regenerated
[INFO] running `Command { std: CARGO_HOME="/workspace/cargo-home" RUSTUP_HOME="/workspace/rustup-home" "/workspace/cargo-home/bin/cargo" "+1.75.0" "fetch" "--manifest-path" "Cargo.toml", kill_on_drop: false }`
[INFO] [stderr]     Updating crates.io index
[INFO] [stderr]  Downloading crates ...
[INFO] [stderr]   Downloaded snapbox-macros v0.3.4
[INFO] [stderr]   Downloaded content_inspector v0.2.4
[INFO] [stderr]   Downloaded jaq-parse v0.10.0
[INFO] [stderr]   Downloaded trycmd v0.14.16
[INFO] [stderr]   Downloaded snapbox v0.4.11
[INFO] [stderr]   Downloaded serde v1.0.181
[INFO] [stderr]   Downloaded winnow v0.5.3
[INFO] [stderr]   Downloaded serde_derive v1.0.181
[INFO] [stderr]   Downloaded gjson v0.8.1
[INFO] [stderr]   Downloaded hifijson v0.2.0
[INFO] [stderr]   Downloaded evalexpr v11.0.1
[INFO] [stderr]   Downloaded jaq-core v0.10.1
[INFO] running `Command { std: "docker" "create" "-v" "/var/lib/crater-agent-workspace/builds/worker-1-tc1/target:/opt/rustwide/target:rw,Z" "-v" "/var/lib/crater-agent-workspace/builds/worker-1-tc1/source:/opt/rustwide/workdir:ro,Z" "-v" "/var/lib/crater-agent-workspace/cargo-home:/opt/rustwide/cargo-home:ro,Z" "-v" "/var/lib/crater-agent-workspace/rustup-home:/opt/rustwide/rustup-home:ro,Z" "-e" "SOURCE_DIR=/opt/rustwide/workdir" "-e" "CARGO_TARGET_DIR=/opt/rustwide/target" "-e" "CARGO_HOME=/opt/rustwide/cargo-home" "-e" "RUSTUP_HOME=/opt/rustwide/rustup-home" "-w" "/opt/rustwide/workdir" "-m" "1610612736" "--user" "0:0" "--network" "none" "ghcr.io/rust-lang/crates-build-env/linux@sha256:2788e3201cd34a07e3172128adcd8b3090168a8e3bcc40d7c032b9dda1df7d1c" "/opt/rustwide/cargo-home/bin/cargo" "+1.75.0" "metadata" "--no-deps" "--format-version=1", kill_on_drop: false }`
[INFO] [stdout] 866bc98401ab69d7d08e16e401de3c06758782b5ce548b427cb6a42214dc9d51
[INFO] running `Command { std: "docker" "start" "-a" "866bc98401ab69d7d08e16e401de3c06758782b5ce548b427cb6a42214dc9d51", kill_on_drop: false }`
[INFO] running `Command { std: "docker" "inspect" "866bc98401ab69d7d08e16e401de3c06758782b5ce548b427cb6a42214dc9d51", kill_on_drop: false }`
[INFO] running `Command { std: "docker" "rm" "-f" "866bc98401ab69d7d08e16e401de3c06758782b5ce548b427cb6a42214dc9d51", kill_on_drop: false }`
[INFO] [stdout] 866bc98401ab69d7d08e16e401de3c06758782b5ce548b427cb6a42214dc9d51
[INFO] running `Command { std: "docker" "create" "-v" "/var/lib/crater-agent-workspace/builds/worker-1-tc1/target:/opt/rustwide/target:rw,Z" "-v" "/var/lib/crater-agent-workspace/builds/worker-1-tc1/source:/opt/rustwide/workdir:ro,Z" "-v" "/var/lib/crater-agent-workspace/cargo-home:/opt/rustwide/cargo-home:ro,Z" "-v" "/var/lib/crater-agent-workspace/rustup-home:/opt/rustwide/rustup-home:ro,Z" "-e" "SOURCE_DIR=/opt/rustwide/workdir" "-e" "CARGO_TARGET_DIR=/opt/rustwide/target" "-e" "CARGO_INCREMENTAL=0" "-e" "RUST_BACKTRACE=full" "-e" "RUSTFLAGS=--cap-lints=warn" "-e" "RUSTDOCFLAGS=--cap-lints=warn" "-e" "CARGO_HOME=/opt/rustwide/cargo-home" "-e" "RUSTUP_HOME=/opt/rustwide/rustup-home" "-w" "/opt/rustwide/workdir" "-m" "1610612736" "--user" "0:0" "--network" "none" "ghcr.io/rust-lang/crates-build-env/linux@sha256:2788e3201cd34a07e3172128adcd8b3090168a8e3bcc40d7c032b9dda1df7d1c" "/opt/rustwide/cargo-home/bin/cargo" "+1.75.0" "build" "--frozen" "--message-format=json", kill_on_drop: false }`
[INFO] [stdout] 95c607b43e9c678ca693f505b7cb12d99576fd4843d2462fd75f20d01df8341f
[INFO] running `Command { std: "docker" "start" "-a" "95c607b43e9c678ca693f505b7cb12d99576fd4843d2462fd75f20d01df8341f", kill_on_drop: false }`
[INFO] [stderr]    Compiling libc v0.2.147
[INFO] [stderr]    Compiling memchr v2.5.0
[INFO] [stderr]    Compiling proc-macro2 v1.0.66
[INFO] [stderr]    Compiling serde v1.0.181
[INFO] [stderr]    Compiling unicode-ident v1.0.11
[INFO] [stderr]    Compiling rustix v0.38.6
[INFO] [stderr]    Compiling bitflags v2.3.3
[INFO] [stderr]    Compiling linux-raw-sys v0.4.5
[INFO] [stderr]    Compiling serde_derive v1.0.181
[INFO] [stderr]    Compiling utf8parse v0.2.1
[INFO] [stderr]    Compiling log v0.4.19
[INFO] [stderr]    Compiling anstyle v1.0.1
[INFO] [stderr]    Compiling regex-syntax v0.7.4
[INFO] [stderr]    Compiling colorchoice v1.0.0
[INFO] [stderr]    Compiling rustls v0.21.6
[INFO] [stderr]    Compiling time-core v0.1.1
[INFO] [stderr]    Compiling anstyle-parse v0.2.1
[INFO] [stderr]    Compiling gimli v0.27.3
[INFO] [stderr]    Compiling anstyle-query v1.0.0
[INFO] [stderr]    Compiling time-macros v0.2.11
[INFO] [stderr]    Compiling deranged v0.3.7
[INFO] [stderr]    Compiling winnow v0.5.3
[INFO] [stderr]    Compiling thiserror v1.0.44
[INFO] [stderr]    Compiling clap_lex v0.5.0
[INFO] [stderr]    Compiling serde_json v1.0.104
[INFO] [stderr]    Compiling termcolor v1.1.3
[INFO] [stderr]    Compiling num_threads v0.1.6
[INFO] [stderr]    Compiling rustc-demangle v0.1.23
[INFO] [stderr]    Compiling anyhow v1.0.72
[INFO] [stderr]    Compiling url v2.4.0
[INFO] [stderr]    Compiling flate2 v1.0.26
[INFO] [stderr]    Compiling base64 v0.21.2
[INFO] [stderr]    Compiling quote v1.0.32
[INFO] [stderr]    Compiling aho-corasick v1.0.2
[INFO] [stderr]    Compiling cc v1.0.81
[INFO] [stderr]    Compiling syn v2.0.28
[INFO] [stderr]    Compiling object v0.31.1
[INFO] [stderr]    Compiling bytes v1.4.0
[INFO] [stderr]    Compiling json v0.12.4
[INFO] [stderr]    Compiling dotenvy v0.15.7
[INFO] [stderr]    Compiling gjson v0.8.1
[INFO] [stderr]    Compiling evalexpr v11.0.1
[INFO] [stderr]    Compiling is-terminal v0.4.9
[INFO] [stderr]    Compiling anstream v0.3.2
[INFO] [stderr]    Compiling clap_builder v4.3.19
[INFO] [stderr]    Compiling http v0.2.9
[INFO] [stderr]    Compiling regex-automata v0.3.4
[INFO] [stderr]    Compiling time v0.3.25
[INFO] [stderr]    Compiling ring v0.16.20
[INFO] [stderr]    Compiling backtrace v0.3.68
[INFO] [stderr]    Compiling addr2line v0.20.0
[INFO] [stderr]    Compiling simplelog v0.12.1
[INFO] [stderr]    Compiling serde_spanned v0.6.3
[INFO] [stderr]    Compiling toml_datetime v0.6.3
[INFO] [stderr]    Compiling toml_edit v0.19.14
[INFO] [stderr]    Compiling thiserror-impl v1.0.44
[INFO] [stderr]    Compiling clap_derive v4.3.12
[INFO] [stderr]    Compiling regex v1.9.1
[INFO] [stderr]    Compiling env_logger v0.10.0
[INFO] [stderr]    Compiling sct v0.7.0
[INFO] [stderr]    Compiling rustls-webpki v0.101.2
[INFO] [stderr]    Compiling rustls-webpki v0.100.1
[INFO] [stderr]    Compiling toml v0.7.6
[INFO] [stderr]    Compiling webpki-roots v0.23.1
[INFO] [stderr]    Compiling clap v4.3.19
[INFO] [stderr]    Compiling ureq v2.7.1
[INFO] [stderr]    Compiling hat v0.3.0 (/opt/rustwide/workdir)
[INFO] [stderr]     Finished dev [unoptimized + debuginfo] target(s) in 10.28s
[INFO] running `Command { std: "docker" "inspect" "95c607b43e9c678ca693f505b7cb12d99576fd4843d2462fd75f20d01df8341f", kill_on_drop: false }`
[INFO] running `Command { std: "docker" "rm" "-f" "95c607b43e9c678ca693f505b7cb12d99576fd4843d2462fd75f20d01df8341f", kill_on_drop: false }`
[INFO] [stdout] 95c607b43e9c678ca693f505b7cb12d99576fd4843d2462fd75f20d01df8341f
[INFO] running `Command { std: "docker" "create" "-v" "/var/lib/crater-agent-workspace/builds/worker-1-tc1/target:/opt/rustwide/target:rw,Z" "-v" "/var/lib/crater-agent-workspace/builds/worker-1-tc1/source:/opt/rustwide/workdir:ro,Z" "-v" "/var/lib/crater-agent-workspace/cargo-home:/opt/rustwide/cargo-home:ro,Z" "-v" "/var/lib/crater-agent-workspace/rustup-home:/opt/rustwide/rustup-home:ro,Z" "-e" "SOURCE_DIR=/opt/rustwide/workdir" "-e" "CARGO_TARGET_DIR=/opt/rustwide/target" "-e" "CARGO_INCREMENTAL=0" "-e" "RUST_BACKTRACE=full" "-e" "RUSTFLAGS=--cap-lints=warn" "-e" "RUSTDOCFLAGS=--cap-lints=warn" "-e" "CARGO_HOME=/opt/rustwide/cargo-home" "-e" "RUSTUP_HOME=/opt/rustwide/rustup-home" "-w" "/opt/rustwide/workdir" "-m" "1610612736" "--user" "0:0" "--network" "none" "ghcr.io/rust-lang/crates-build-env/linux@sha256:2788e3201cd34a07e3172128adcd8b3090168a8e3bcc40d7c032b9dda1df7d1c" "/opt/rustwide/cargo-home/bin/cargo" "+1.75.0" "test" "--frozen" "--no-run" "--message-format=json", kill_on_drop: false }`
[INFO] [stdout] 27aea30332ecf402e8edcc0c45e2edaf85dd529c98e58521e2a7084fc7cb7252
[INFO] running `Command { std: "docker" "start" "-a" "27aea30332ecf402e8edcc0c45e2edaf85dd529c98e58521e2a7084fc7cb7252", kill_on_drop: false }`
[INFO] [stderr]    Compiling rustix v0.38.6
[INFO] [stderr]    Compiling ahash v0.7.6
[INFO] [stderr]    Compiling getrandom v0.2.10
[INFO] [stderr]    Compiling either v1.9.0
[INFO] [stderr]    Compiling rayon-core v1.11.0
[INFO] [stderr]    Compiling crossbeam-channel v0.5.8
[INFO] [stderr]    Compiling num_cpus v1.16.0
[INFO] [stderr]    Compiling same-file v1.0.6
[INFO] [stderr]    Compiling fastrand v2.0.0
[INFO] [stderr]    Compiling content_inspector v0.2.4
[INFO] [stderr]    Compiling filetime v0.2.21
[INFO] [stderr]    Compiling os_pipe v1.1.4
[INFO] [stderr]    Compiling wait-timeout v0.2.0
[INFO] [stderr]    Compiling dunce v1.0.4
[INFO] [stderr]    Compiling normalize-line-endings v0.3.0
[INFO] [stderr]    Compiling similar v2.2.1
[INFO] [stderr]    Compiling humantime-serde v1.1.1
[INFO] [stderr]    Compiling walkdir v2.3.3
[INFO] [stderr]    Compiling hifijson v0.2.0
[INFO] [stderr]    Compiling shlex v1.1.0
[INFO] [stderr]    Compiling dyn-clone v1.0.12
[INFO] [stderr]    Compiling itertools v0.10.5
[INFO] [stderr]    Compiling hashbrown v0.12.3
[INFO] [stderr]    Compiling chumsky v0.9.2
[INFO] [stderr]    Compiling indexmap v1.9.3
[INFO] [stderr]    Compiling rayon v1.7.0
[INFO] [stderr]    Compiling is-terminal v0.4.9
[INFO] [stderr]    Compiling tempfile v3.7.0
[INFO] [stderr]    Compiling anstream v0.3.2
[INFO] [stderr]    Compiling env_logger v0.10.0
[INFO] [stderr]    Compiling clap_builder v4.3.19
[INFO] [stderr]    Compiling snapbox-macros v0.3.4
[INFO] [stderr]    Compiling snapbox v0.4.11
[INFO] [stderr]    Compiling jaq-parse v0.10.0
[INFO] [stderr]    Compiling trycmd v0.14.16
[INFO] [stderr]    Compiling jaq-core v0.10.1
[INFO] [stderr]    Compiling clap v4.3.19
[INFO] [stderr]    Compiling hat v0.3.0 (/opt/rustwide/workdir)
[INFO] [stderr]     Finished test [unoptimized + debuginfo] target(s) in 9.13s
[INFO] running `Command { std: "docker" "inspect" "27aea30332ecf402e8edcc0c45e2edaf85dd529c98e58521e2a7084fc7cb7252", kill_on_drop: false }`
[INFO] running `Command { std: "docker" "rm" "-f" "27aea30332ecf402e8edcc0c45e2edaf85dd529c98e58521e2a7084fc7cb7252", kill_on_drop: false }`
[INFO] [stdout] 27aea30332ecf402e8edcc0c45e2edaf85dd529c98e58521e2a7084fc7cb7252
[INFO] running `Command { std: "docker" "create" "-v" "/var/lib/crater-agent-workspace/builds/worker-1-tc1/target:/opt/rustwide/target:rw,Z" "-v" "/var/lib/crater-agent-workspace/builds/worker-1-tc1/source:/opt/rustwide/workdir:ro,Z" "-v" "/var/lib/crater-agent-workspace/cargo-home:/opt/rustwide/cargo-home:ro,Z" "-v" "/var/lib/crater-agent-workspace/rustup-home:/opt/rustwide/rustup-home:ro,Z" "-e" "SOURCE_DIR=/opt/rustwide/workdir" "-e" "CARGO_TARGET_DIR=/opt/rustwide/target" "-e" "CARGO_INCREMENTAL=0" "-e" "RUST_BACKTRACE=full" "-e" "RUSTFLAGS=--cap-lints=warn" "-e" "RUSTDOCFLAGS=--cap-lints=warn" "-e" "CARGO_HOME=/opt/rustwide/cargo-home" "-e" "RUSTUP_HOME=/opt/rustwide/rustup-home" "-w" "/opt/rustwide/workdir" "-m" "1610612736" "--user" "0:0" "--network" "none" "ghcr.io/rust-lang/crates-build-env/linux@sha256:2788e3201cd34a07e3172128adcd8b3090168a8e3bcc40d7c032b9dda1df7d1c" "/opt/rustwide/cargo-home/bin/cargo" "+1.75.0" "test" "--frozen", kill_on_drop: false }`
[INFO] [stdout] 4ab4c442f6e95ec73a7e89fe985dbc33292cf99ee29bd1893375a00ca91504fc
[INFO] running `Command { std: "docker" "start" "-a" "4ab4c442f6e95ec73a7e89fe985dbc33292cf99ee29bd1893375a00ca91504fc", kill_on_drop: false }`
[INFO] [stderr]     Finished test [unoptimized + debuginfo] target(s) in 0.08s
[INFO] [stderr]      Running unittests src/lib.rs (/opt/rustwide/target/debug/deps/hat-f5d613a85b3cc848)
[INFO] [stdout] 
[INFO] [stdout] running 27 tests
[INFO] [stdout] test http_file::parser::test::http_errors_when_empty ... ok
[INFO] [stdout] test http_file::parser::test::http_multiline_errors_when_header_name_is_missing_colon ... ok
[INFO] [stdout] test http_file::endpoint::test::endpoint_parsing_works ... ok
[INFO] [stdout] test http_file::parser::test::http_multiline_errors_when_last_line_is_not_only_newline ... ok
[INFO] [stdout] test http_file::parser::test::http_single_line ... ok
[INFO] [stdout] test http_file::parser::test::http_with_headers_and_many_header_values ... ok
[INFO] [stdout] test http_file::parser::test::http_with_many_headers ... ok
[INFO] [stdout] test http_file::parser::test::http_with_body_only ... ok
[INFO] [stdout] test query::test::basic_json_field_query ... ok
[INFO] [stdout] test http_file::parser::test::http_with_many_headers_and_body ... ok
[INFO] [stdout] test http_file::parser::test::http_with_single_header ... ok
[INFO] [stdout] test http_file::parser::test::throws_error_on_missing_url ... ok
[INFO] [stdout] test http_file::request_builder::test::host_header_builder_works ... ok
[INFO] [stdout] test query::test::headers_as_json ... ok
[INFO] [stdout] test query::test::nested_json_array_query ... ok
[INFO] [stdout] test query::test::nested_json_field_query ... ok
[INFO] [stdout] test query::test::status_codes_as_json ... ok
[INFO] [stdout] test store::test::check_multiline ... ok
[INFO] [stdout] test store::test::key_split ... ok
[INFO] [stdout] test test::v2 ... ok
[INFO] [stdout] test test::verify_cli ... ok
[INFO] [stdout] test test::jq_test ... ok
[INFO] [stdout] test test::jq_test_2 ... ok
[INFO] [stdout] test store::test::json_array_variable_replacement_works ... ok
[INFO] [stdout] test store::test::json_variable_replacement_works ... ok
[INFO] [stdout] test store::test::variable_replacement_works ... ok
[INFO] [stderr] [2mTesting[0m README.md:10 ... [32mok[0m
[INFO] [stderr] [2mTesting[0m example/fail/fail.md:2 ... [32mok[0m
[INFO] [stderr] [2mTesting[0m example/pastebin/pastebin.md:2 ... [31mfailed[0m
[INFO] [stderr] Expected [32msuccess[0m, was [31m1[0m
[INFO] [stderr] 
[INFO] [stderr] [32m---- expected: stdout[0m
[INFO] [stderr] [31m++++ actual:   stdout[0m
[INFO] [stderr] [2m   1[0m      [32m-[0m [32m
[INFO] [stderr] [0m[2m   2[0m      [32m-[0m [32m✅ 200 OK POST http://localhost:7777/documents HTTP/1.1
[INFO] [stderr] [0m[2m   3[0m      [32m-[0m [32m
[INFO] [stderr] [0m[2m   4[0m      [32m-[0m [32m  ✅ 200 == 200
[INFO] [stderr] [0m[2m   5[0m      [32m-[0m [32m
[INFO] [stderr] [0m[2m   6[0m      [32m-[0m [32m
[INFO] [stderr] [0m[2m   7[0m      [32m-[0m [32m✅ 200 OK GET http://localhost:7777/raw/[..] HTTP/1.1
[INFO] [stderr] [0m     [2m   1[0m [31m+[0m [31m❌ test failed to build before execution, cause: response failed: http://localhost:7777/documents: Connection Failed: Connect error: Cannot assign requested address (os error 99)
[INFO] [stderr] [0m[2m   8[0m [2m   2[0m [2m|[0m [2m
[INFO] [stderr] [0m[2m   9[0m      [32m-[0m [32m  ✅ 200 == 200
[INFO] [stderr] [0m[2m  10[0m      [32m-[0m [32m  ✅ "I was created by hat." == "I was created by hat."
[INFO] [stderr] [0m     [2m   3[0m [31m+[0m [31m❌ test failed to build before execution, cause: response failed: http://localhost:7777/raw/%7B%7Bid%7D%7D: Connection Failed: Connect error: Cannot assign requested address (os error 99)
[INFO] [stderr] [0mstderr:
[INFO] [stderr] [32m[0m
[INFO] [stderr] [2mTesting[0m example/local/local.md:2 ... [31mfailed[0m
[INFO] [stderr] Expected [32msuccess[0m, was [31m1[0m
[INFO] [stderr] 
[INFO] [stderr] [32m---- expected: stdout[0m
[INFO] [stderr] [31m++++ actual:   stdout[0m
[INFO] [stderr]      [2m   1[0m [31m+[0m [31m❌ test failed to build before execution, cause: response failed: http://localhost:5000/200: Connection Failed: Connect error: Cannot assign requested address (os error 99)
[INFO] [stderr] [0m[2m   1[0m [2m   2[0m [2m|[0m [2m
[INFO] [stderr] [0m[2m   2[0m      [32m-[0m [32m✅ 200 OK GET http://localhost:5000/200 HTTP/1.1
[INFO] [stderr] [0m[2m   3[0m      [32m-[0m [32m📌 status only, no headers or body
[INFO] [stderr] [0m[2m   4[0m      [32m-[0m [32m
[INFO] [stderr] [0m[2m   5[0m      [32m-[0m [32m  ✅ 200 == 200
[INFO] [stderr] [0m     [2m   3[0m [31m+[0m [31m❌ test failed to build before execution, cause: response failed: http://localhost:5000/message: Connection Failed: Connect error: Cannot assign requested address (os error 99)
[INFO] [stderr] [0m[2m   6[0m [2m   4[0m [2m|[0m [2m
[INFO] [stderr] [0m[2m   7[0m      [32m-[0m [32m
[INFO] [stderr] [0m[2m   8[0m      [32m-[0m [32m✅ 200 OK GET http://localhost:5000/message HTTP/1.1
[INFO] [stderr] [0m[2m   9[0m      [32m-[0m [32m📌 status + json body, no headers
[INFO] [stderr] [0m[2m  10[0m      [32m-[0m [32m
[INFO] [stderr] [0m[2m  11[0m      [32m-[0m [32m  ✅ 200 == 200
[INFO] [stderr] [0m[2m  12[0m      [32m-[0m [32m  ✅ "hello world!" == "hello world!"
[INFO] [stderr] [0m     [2m   5[0m [31m+[0m [31m❌ test failed to build before execution, cause: response failed: http://localhost:5000/message: Connection Failed: Connect error: Cannot assign requested address (os error 99)
[INFO] [stderr] [0m[2m  13[0m [2m   6[0m [2m|[0m [2m
[INFO] [stderr] [0m     [2m   7[0m [31m+[0m [31m❌ test failed to build before execution, cause: response failed: http://localhost:5000/%7B%7BnextRoute%7D%7D: Connection Failed: Connect error: Cannot assign requested address (os error 99)
[INFO] [stderr] [0m[2m  14[0m [2m   8[0m [2m|[0m [2m
[INFO] [stderr] [0m[2m  15[0m      [32m-[0m [32m✅ 200 OK POST http://localhost:5000/message HTTP/1.1
[INFO] [stderr] [0m[2m  16[0m      [32m-[0m [32m📌 post message w/ header
[INFO] [stderr] [0m     [2m   9[0m [31m+[0m [31m❌ test failed to build before execution, cause: response failed: http://localhost:5000/posts/1: Connection Failed: Connect error: Cannot assign requested address (os error 99)
[INFO] [stderr] [0m[2m  17[0m [2m  10[0m [2m|[0m [2m
[INFO] [stderr] [0m[2m  18[0m      [32m-[0m [32m  ✅ 200 == 200
[INFO] [stderr] [0m[2m  19[0m      [32m-[0m [32m  ✅ 2 == 2
[INFO] [stderr] [0m[2m  20[0m      [32m-[0m [32m  ✅ "application/json" == "application/json"
[INFO] [stderr] [0m[2m  21[0m      [32m-[0m [32m  ✅ "hello, a second time" == "hello, a second time"
[INFO] [stderr] [0m[2m  22[0m      [32m-[0m [32m  ✅ "posts" == "posts"
[INFO] [stderr] [0m[2m  23[0m      [32m-[0m [32m
[INFO] [stderr] [0m[2m  24[0m      [32m-[0m [32m
[INFO] [stderr] [0m[2m  25[0m      [32m-[0m [32m✅ 200 OK GET http://localhost:5000/posts HTTP/1.1
[INFO] [stderr] [0m[2m  26[0m      [32m-[0m [32m📌 show example of querying arrays in response
[INFO] [stderr] [0m[2m  27[0m      [32m-[0m [32m
[INFO] [stderr] [0m[2m  28[0m      [32m-[0m [32m  ✅ 200 == 200
[INFO] [stderr] [0m[2m  29[0m      [32m-[0m [32m  ✅ 175 > 0
[INFO] [stderr] [0m[2m  30[0m      [32m-[0m [32m  ✅ "how to build a CLI program in rust" == "how to build a CLI program in rust"
[INFO] [stderr] [0m[2m  31[0m      [32m-[0m [32m  ✅ "why you might need a vacation after build a CLI program in rust" == "why you might need a vacation after build a CLI program in rust"
[INFO] [stderr] [0m[2m  32[0m      [32m-[0m [32m  ✅ "reasons for drinking beer while writing a rust CLI program" == "reasons for drinking beer while writing a rust CLI program"
[INFO] [stderr] [0m[2m  33[0m      [32m-[0m [32m
[INFO] [stderr] [0m[2m  34[0m      [32m-[0m [32m
[INFO] [stderr] [0m[2m  35[0m      [32m-[0m [32m✅ 200 OK GET http://localhost:5000/posts/1 HTTP/1.1
[INFO] [stderr] [0m[2m  36[0m      [32m-[0m [32m📌 text body works
[INFO] [stderr] [0m[2m  37[0m      [32m-[0m [32m
[INFO] [stderr] [0m[2m  38[0m      [32m-[0m [32m  ✅ 200 == 200
[INFO] [stderr] [0m[2m  39[0m      [32m-[0m [32m  ✅ "how to build a CLI program in rust" == "how to build a CLI program in rust"
[INFO] [stderr] [0m[2m  40[0m      [32m-[0m [32m
[INFO] [stderr] [0m[2m  41[0m      [32m-[0m [32m
[INFO] [stderr] [0m[2m  42[0m      [32m-[0m [32m✅ 201 Created POST http://localhost:5000/posts HTTP/1.1
[INFO] [stderr] [0m[2m  43[0m      [32m-[0m [32m📌 show example of querying arrays in response
[INFO] [stderr] [0m[2m  44[0m      [32m-[0m [32m
[INFO] [stderr] [0m[2m  45[0m      [32m-[0m [32m  ✅ 201 == 201
[INFO] [stderr] [0m     [2m  11[0m [31m+[0m [31m❌ test failed to build before execution, cause: response failed: http://localhost:5000/posts: Connection Failed: Connect error: Cannot assign requested address (os error 99)
[INFO] [stderr] [0mstderr:
[INFO] [stderr] [32m[0m
[INFO] [stderr] [2mUpdate snapshots with `TRYCMD=overwrite`[0m
[INFO] [stderr] [2mDebug output with `TRYCMD=dump`[0m
[INFO] [stdout] test test::cli_tests ... FAILED
[INFO] [stdout] 
[INFO] [stdout] failures:
[INFO] [stdout] 
[INFO] [stdout] ---- test::cli_tests stdout ----
[INFO] [stdout] thread 'test::cli_tests' panicked at /opt/rustwide/cargo-home/registry/src/index.crates.io-6f17d22bba15001f/trycmd-0.14.16/src/runner.rs:104:17:
[INFO] [stdout] 2 of 4 tests failed
[INFO] [stdout] stack backtrace:
[INFO] [stdout]    0:     0x55e2b9744edc - std::backtrace_rs::backtrace::libunwind::trace::ha637c64ce894333a
[INFO] [stdout]                                at /rustc/82e1608dfa6e0b5569232559e3d385fea5a93112/library/std/src/../../backtrace/src/backtrace/libunwind.rs:104:5
[INFO] [stdout]    1:     0x55e2b9744edc - std::backtrace_rs::backtrace::trace_unsynchronized::h47f62dea28e0c88d
[INFO] [stdout]                                at /rustc/82e1608dfa6e0b5569232559e3d385fea5a93112/library/std/src/../../backtrace/src/backtrace/mod.rs:66:5
[INFO] [stdout]    2:     0x55e2b9744edc - std::sys_common::backtrace::_print_fmt::h9eef0abe20ede486
[INFO] [stdout]                                at /rustc/82e1608dfa6e0b5569232559e3d385fea5a93112/library/std/src/sys_common/backtrace.rs:67:5
[INFO] [stdout]    3:     0x55e2b9744edc - <std::sys_common::backtrace::_print::DisplayBacktrace as core::fmt::Display>::fmt::hed7f999df88cc644
[INFO] [stdout]                                at /rustc/82e1608dfa6e0b5569232559e3d385fea5a93112/library/std/src/sys_common/backtrace.rs:44:22
[INFO] [stdout]    4:     0x55e2b97747c0 - core::fmt::rt::Argument::fmt::h1539a9308b8d058d
[INFO] [stdout]                                at /rustc/82e1608dfa6e0b5569232559e3d385fea5a93112/library/core/src/fmt/rt.rs:142:9
[INFO] [stdout]    5:     0x55e2b97747c0 - core::fmt::write::h3a39390d8560d9c9
[INFO] [stdout]                                at /rustc/82e1608dfa6e0b5569232559e3d385fea5a93112/library/core/src/fmt/mod.rs:1120:17
[INFO] [stdout]    6:     0x55e2b974197f - std::io::Write::write_fmt::h040b369f3a0f9cbc
[INFO] [stdout]                                at /rustc/82e1608dfa6e0b5569232559e3d385fea5a93112/library/std/src/io/mod.rs:1762:15
[INFO] [stdout]    7:     0x55e2b9744cc4 - std::sys_common::backtrace::_print::h894006fb5c6f3d45
[INFO] [stdout]                                at /rustc/82e1608dfa6e0b5569232559e3d385fea5a93112/library/std/src/sys_common/backtrace.rs:47:5
[INFO] [stdout]    8:     0x55e2b9744cc4 - std::sys_common::backtrace::print::h23a2d212c6fff936
[INFO] [stdout]                                at /rustc/82e1608dfa6e0b5569232559e3d385fea5a93112/library/std/src/sys_common/backtrace.rs:34:9
[INFO] [stdout]    9:     0x55e2b9746fa7 - std::panicking::default_hook::{{closure}}::h8a1d2ee00185001a
[INFO] [stdout]   10:     0x55e2b9746c93 - std::panicking::default_hook::h6038f2eba384e475
[INFO] [stdout]                                at /rustc/82e1608dfa6e0b5569232559e3d385fea5a93112/library/std/src/panicking.rs:289:9
[INFO] [stdout]   11:     0x55e2b90fb007 - <alloc::boxed::Box<F,A> as core::ops::function::Fn<Args>>::call::h0ad024c9bdc6d768
[INFO] [stdout]                                at /rustc/82e1608dfa6e0b5569232559e3d385fea5a93112/library/alloc/src/boxed.rs:2021:9
[INFO] [stdout]   12:     0x55e2b90fb007 - test::test_main::{{closure}}::h7500b54257359db6
[INFO] [stdout]                                at /rustc/82e1608dfa6e0b5569232559e3d385fea5a93112/library/test/src/lib.rs:138:21
[INFO] [stdout]   13:     0x55e2b97475b8 - <alloc::boxed::Box<F,A> as core::ops::function::Fn<Args>>::call::h1f8f335eaa9cfaee
[INFO] [stdout]                                at /rustc/82e1608dfa6e0b5569232559e3d385fea5a93112/library/alloc/src/boxed.rs:2021:9
[INFO] [stdout]   14:     0x55e2b97475b8 - std::panicking::rust_panic_with_hook::h2b5517d590cab22e
[INFO] [stdout]                                at /rustc/82e1608dfa6e0b5569232559e3d385fea5a93112/library/std/src/panicking.rs:783:13
[INFO] [stdout]   15:     0x55e2b974730e - std::panicking::begin_panic_handler::{{closure}}::h233112c06e0ef43e
[INFO] [stdout]                                at /rustc/82e1608dfa6e0b5569232559e3d385fea5a93112/library/std/src/panicking.rs:657:13
[INFO] [stdout]   16:     0x55e2b97453a6 - std::sys_common::backtrace::__rust_end_short_backtrace::h6e893f24d7ebbff8
[INFO] [stdout]                                at /rustc/82e1608dfa6e0b5569232559e3d385fea5a93112/library/std/src/sys_common/backtrace.rs:170:18
[INFO] [stdout]   17:     0x55e2b9747072 - rust_begin_unwind
[INFO] [stdout]                                at /rustc/82e1608dfa6e0b5569232559e3d385fea5a93112/library/std/src/panicking.rs:645:5
[INFO] [stdout]   18:     0x55e2b8c7eb85 - core::panicking::panic_fmt::hbf0e066aabfa482c
[INFO] [stdout]                                at /rustc/82e1608dfa6e0b5569232559e3d385fea5a93112/library/core/src/panicking.rs:72:14
[INFO] [stdout]   19:     0x55e2b8d670e5 - trycmd::runner::Runner::run::hfb29c83cd01a1154
[INFO] [stdout]                                at /opt/rustwide/cargo-home/registry/src/index.crates.io-6f17d22bba15001f/trycmd-0.14.16/src/runner.rs:104:17
[INFO] [stdout]   20:     0x55e2b8d38273 - trycmd::cases::TestCases::run::h4cf1fbd72f53a5d0
[INFO] [stdout]                                at /opt/rustwide/cargo-home/registry/src/index.crates.io-6f17d22bba15001f/trycmd-0.14.16/src/cases.rs:165:9
[INFO] [stdout]   21:     0x55e2b8d3831a - <trycmd::cases::TestCases as core::ops::drop::Drop>::drop::h0cabf7a345525fbb
[INFO] [stdout]                                at /opt/rustwide/cargo-home/registry/src/index.crates.io-6f17d22bba15001f/trycmd-0.14.16/src/cases.rs:175:13
[INFO] [stdout]   22:     0x55e2b8d13bb7 - core::ptr::drop_in_place<trycmd::cases::TestCases>::h8588710bb0281cad
[INFO] [stdout]                                at /rustc/82e1608dfa6e0b5569232559e3d385fea5a93112/library/core/src/ptr/mod.rs:498:1
[INFO] [stdout]   23:     0x55e2b8cf67de - hat::test::cli_tests::h2d0ba83f383b0bb8
[INFO] [stdout]                                at /opt/rustwide/workdir/src/test.rs:16:27
[INFO] [stdout]   24:     0x55e2b8cf6747 - hat::test::cli_tests::{{closure}}::h4e645008468db202
[INFO] [stdout]                                at /opt/rustwide/workdir/src/test.rs:13:15
[INFO] [stdout]   25:     0x55e2b8cf0296 - core::ops::function::FnOnce::call_once::h08e7c257cb064ecc
[INFO] [stdout]                                at /rustc/82e1608dfa6e0b5569232559e3d385fea5a93112/library/core/src/ops/function.rs:250:5
[INFO] [stdout]   26:     0x55e2b910065f - core::ops::function::FnOnce::call_once::h2b5d431d5046312d
[INFO] [stdout]                                at /rustc/82e1608dfa6e0b5569232559e3d385fea5a93112/library/core/src/ops/function.rs:250:5
[INFO] [stdout]   27:     0x55e2b910065f - test::__rust_begin_short_backtrace::h7714669af176e207
[INFO] [stdout]                                at /rustc/82e1608dfa6e0b5569232559e3d385fea5a93112/library/test/src/lib.rs:628:18
[INFO] [stdout]   28:     0x55e2b90ff675 - test::run_test_in_process::{{closure}}::h85218797dcbcec12
[INFO] [stdout]                                at /rustc/82e1608dfa6e0b5569232559e3d385fea5a93112/library/test/src/lib.rs:651:60
[INFO] [stdout]   29:     0x55e2b90ff675 - <core::panic::unwind_safe::AssertUnwindSafe<F> as core::ops::function::FnOnce<()>>::call_once::h76c106ea31c14d7b
[INFO] [stdout]                                at /rustc/82e1608dfa6e0b5569232559e3d385fea5a93112/library/core/src/panic/unwind_safe.rs:272:9
[INFO] [stdout]   30:     0x55e2b90ff675 - std::panicking::try::do_call::h3bd5d0f6620ee946
[INFO] [stdout]                                at /rustc/82e1608dfa6e0b5569232559e3d385fea5a93112/library/std/src/panicking.rs:552:40
[INFO] [stdout]   31:     0x55e2b90ff675 - std::panicking::try::h232e535e4744fe31
[INFO] [stdout]                                at /rustc/82e1608dfa6e0b5569232559e3d385fea5a93112/library/std/src/panicking.rs:516:19
[INFO] [stdout]   32:     0x55e2b90ff675 - std::panic::catch_unwind::h3ce3bd6ca8dbac68
[INFO] [stdout]                                at /rustc/82e1608dfa6e0b5569232559e3d385fea5a93112/library/std/src/panic.rs:142:14
[INFO] [stdout]   33:     0x55e2b90ff675 - test::run_test_in_process::hc97b257c9621286a
[INFO] [stdout]                                at /rustc/82e1608dfa6e0b5569232559e3d385fea5a93112/library/test/src/lib.rs:651:27
[INFO] [stdout]   34:     0x55e2b90ff675 - test::run_test::{{closure}}::h2aa798823a438d38
[INFO] [stdout]                                at /rustc/82e1608dfa6e0b5569232559e3d385fea5a93112/library/test/src/lib.rs:574:43
[INFO] [stdout]   35:     0x55e2b90c7936 - test::run_test::{{closure}}::h87d231c78fb59832
[INFO] [stdout]                                at /rustc/82e1608dfa6e0b5569232559e3d385fea5a93112/library/test/src/lib.rs:602:41
[INFO] [stdout]   36:     0x55e2b90c7936 - std::sys_common::backtrace::__rust_begin_short_backtrace::he6df152596625789
[INFO] [stdout]                                at /rustc/82e1608dfa6e0b5569232559e3d385fea5a93112/library/std/src/sys_common/backtrace.rs:154:18
[INFO] [stdout]   37:     0x55e2b90cc9e7 - std::thread::Builder::spawn_unchecked_::{{closure}}::{{closure}}::ha94be15d1e0acf36
[INFO] [stdout]                                at /rustc/82e1608dfa6e0b5569232559e3d385fea5a93112/library/std/src/thread/mod.rs:529:17
[INFO] [stdout]   38:     0x55e2b90cc9e7 - <core::panic::unwind_safe::AssertUnwindSafe<F> as core::ops::function::FnOnce<()>>::call_once::h9dc6bd6372f16606
[INFO] [stdout]                                at /rustc/82e1608dfa6e0b5569232559e3d385fea5a93112/library/core/src/panic/unwind_safe.rs:272:9
[INFO] [stdout]   39:     0x55e2b90cc9e7 - std::panicking::try::do_call::h9057517f80303cd4
[INFO] [stdout]                                at /rustc/82e1608dfa6e0b5569232559e3d385fea5a93112/library/std/src/panicking.rs:552:40
[INFO] [stdout]   40:     0x55e2b90cc9e7 - std::panicking::try::he3a30b11ee45340c
[INFO] [stdout]                                at /rustc/82e1608dfa6e0b5569232559e3d385fea5a93112/library/std/src/panicking.rs:516:19
[INFO] [stdout]   41:     0x55e2b90cc9e7 - std::panic::catch_unwind::h410458cfd3528b8b
[INFO] [stdout]                                at /rustc/82e1608dfa6e0b5569232559e3d385fea5a93112/library/std/src/panic.rs:142:14
[INFO] [stdout]   42:     0x55e2b90cc9e7 - std::thread::Builder::spawn_unchecked_::{{closure}}::h72ac3bdb567b737b
[INFO] [stdout]                                at /rustc/82e1608dfa6e0b5569232559e3d385fea5a93112/library/std/src/thread/mod.rs:528:30
[INFO] [stdout]   43:     0x55e2b90cc9e7 - core::ops::function::FnOnce::call_once{{vtable.shim}}::h38f34da3654a8344
[INFO] [stdout]                                at /rustc/82e1608dfa6e0b5569232559e3d385fea5a93112/library/core/src/ops/function.rs:250:5
[INFO] [stdout]   44:     0x55e2b974db85 - <alloc::boxed::Box<F,A> as core::ops::function::FnOnce<Args>>::call_once::hc7eafaff61e32df9
[INFO] [stdout]                                at /rustc/82e1608dfa6e0b5569232559e3d385fea5a93112/library/alloc/src/boxed.rs:2007:9
[INFO] [stdout]   45:     0x55e2b974db85 - <alloc::boxed::Box<F,A> as core::ops::function::FnOnce<Args>>::call_once::h6ba4a5de48dd2304
[INFO] [stdout]                                at /rustc/82e1608dfa6e0b5569232559e3d385fea5a93112/library/alloc/src/boxed.rs:2007:9
[INFO] [stdout]   46:     0x55e2b974db85 - std::sys::unix::thread::Thread::new::thread_start::he469335aef763e45
[INFO] [stdout]                                at /rustc/82e1608dfa6e0b5569232559e3d385fea5a93112/library/std/src/sys/unix/thread.rs:108:17
[INFO] [stdout]   47:     0x7f466198fac3 - <unknown>
[INFO] [stdout]   48:     0x7f4661a20bf4 - __clone
[INFO] [stdout]   49:                0x0 - <unknown>
[INFO] [stdout] 
[INFO] [stdout] 
[INFO] [stdout] failures:
[INFO] [stdout]     test::cli_tests
[INFO] [stdout] 
[INFO] [stdout] test result: FAILED. 26 passed; 1 failed; 0 ignored; 0 measured; 0 filtered out; finished in 0.06s
[INFO] [stdout] 
[INFO] [stderr] error: test failed, to rerun pass `--lib`
[INFO] running `Command { std: "docker" "inspect" "4ab4c442f6e95ec73a7e89fe985dbc33292cf99ee29bd1893375a00ca91504fc", kill_on_drop: false }`
[INFO] running `Command { std: "docker" "rm" "-f" "4ab4c442f6e95ec73a7e89fe985dbc33292cf99ee29bd1893375a00ca91504fc", kill_on_drop: false }`
[INFO] [stdout] 4ab4c442f6e95ec73a7e89fe985dbc33292cf99ee29bd1893375a00ca91504fc
