[INFO] cloning repository https://github.com/iovis/aoc2023
[INFO] running `Command { std: "git" "-c" "credential.helper=" "-c" "credential.helper=/workspace/cargo-home/bin/git-credential-null" "clone" "--bare" "https://github.com/iovis/aoc2023" "/workspace/cache/git-repos/https%3A%2F%2Fgithub.com%2Fiovis%2Faoc2023", kill_on_drop: false }`
[INFO] [stderr] Cloning into bare repository '/workspace/cache/git-repos/https%3A%2F%2Fgithub.com%2Fiovis%2Faoc2023'...
[INFO] running `Command { std: "git" "rev-parse" "HEAD", kill_on_drop: false }`
[INFO] [stdout] 2e546726d3608bd11952ad1a4b5560c6df0a3353
[INFO] testing iovis/aoc2023 against 1.75.0 for beta-1.76-1
[INFO] running `Command { std: "git" "clone" "/workspace/cache/git-repos/https%3A%2F%2Fgithub.com%2Fiovis%2Faoc2023" "/workspace/builds/worker-1-tc1/source", kill_on_drop: false }`
[INFO] [stderr] Cloning into '/workspace/builds/worker-1-tc1/source'...
[INFO] [stderr] done.
[INFO] validating manifest of git repo https://github.com/iovis/aoc2023 on toolchain 1.75.0
[INFO] running `Command { std: CARGO_HOME="/workspace/cargo-home" RUSTUP_HOME="/workspace/rustup-home" "/workspace/cargo-home/bin/cargo" "+1.75.0" "metadata" "--manifest-path" "Cargo.toml" "--no-deps", kill_on_drop: false }`
[INFO] started tweaking git repo https://github.com/iovis/aoc2023
[INFO] finished tweaking git repo https://github.com/iovis/aoc2023
[INFO] tweaked toml for git repo https://github.com/iovis/aoc2023 written to /workspace/builds/worker-1-tc1/source/Cargo.toml
[INFO] crate git repo https://github.com/iovis/aoc2023 already has a lockfile, it will not be regenerated
[INFO] running `Command { std: CARGO_HOME="/workspace/cargo-home" RUSTUP_HOME="/workspace/rustup-home" "/workspace/cargo-home/bin/cargo" "+1.75.0" "fetch" "--manifest-path" "Cargo.toml", kill_on_drop: false }`
[INFO] running `Command { std: "docker" "create" "-v" "/var/lib/crater-agent-workspace/builds/worker-1-tc1/target:/opt/rustwide/target:rw,Z" "-v" "/var/lib/crater-agent-workspace/builds/worker-1-tc1/source:/opt/rustwide/workdir:ro,Z" "-v" "/var/lib/crater-agent-workspace/cargo-home:/opt/rustwide/cargo-home:ro,Z" "-v" "/var/lib/crater-agent-workspace/rustup-home:/opt/rustwide/rustup-home:ro,Z" "-e" "SOURCE_DIR=/opt/rustwide/workdir" "-e" "CARGO_TARGET_DIR=/opt/rustwide/target" "-e" "CARGO_HOME=/opt/rustwide/cargo-home" "-e" "RUSTUP_HOME=/opt/rustwide/rustup-home" "-w" "/opt/rustwide/workdir" "-m" "1610612736" "--user" "0:0" "--network" "none" "ghcr.io/rust-lang/crates-build-env/linux@sha256:2788e3201cd34a07e3172128adcd8b3090168a8e3bcc40d7c032b9dda1df7d1c" "/opt/rustwide/cargo-home/bin/cargo" "+1.75.0" "metadata" "--no-deps" "--format-version=1", kill_on_drop: false }`
[INFO] [stdout] 32219bd465aedb3b418261ceb1c8b0005f06e0f451499110ae32ba2621ab8819
[INFO] running `Command { std: "docker" "start" "-a" "32219bd465aedb3b418261ceb1c8b0005f06e0f451499110ae32ba2621ab8819", kill_on_drop: false }`
[INFO] running `Command { std: "docker" "inspect" "32219bd465aedb3b418261ceb1c8b0005f06e0f451499110ae32ba2621ab8819", kill_on_drop: false }`
[INFO] running `Command { std: "docker" "rm" "-f" "32219bd465aedb3b418261ceb1c8b0005f06e0f451499110ae32ba2621ab8819", kill_on_drop: false }`
[INFO] [stdout] 32219bd465aedb3b418261ceb1c8b0005f06e0f451499110ae32ba2621ab8819
[INFO] running `Command { std: "docker" "create" "-v" "/var/lib/crater-agent-workspace/builds/worker-1-tc1/target:/opt/rustwide/target:rw,Z" "-v" "/var/lib/crater-agent-workspace/builds/worker-1-tc1/source:/opt/rustwide/workdir:ro,Z" "-v" "/var/lib/crater-agent-workspace/cargo-home:/opt/rustwide/cargo-home:ro,Z" "-v" "/var/lib/crater-agent-workspace/rustup-home:/opt/rustwide/rustup-home:ro,Z" "-e" "SOURCE_DIR=/opt/rustwide/workdir" "-e" "CARGO_TARGET_DIR=/opt/rustwide/target" "-e" "CARGO_INCREMENTAL=0" "-e" "RUST_BACKTRACE=full" "-e" "RUSTFLAGS=--cap-lints=warn" "-e" "RUSTDOCFLAGS=--cap-lints=warn" "-e" "CARGO_HOME=/opt/rustwide/cargo-home" "-e" "RUSTUP_HOME=/opt/rustwide/rustup-home" "-w" "/opt/rustwide/workdir" "-m" "1610612736" "--user" "0:0" "--network" "none" "ghcr.io/rust-lang/crates-build-env/linux@sha256:2788e3201cd34a07e3172128adcd8b3090168a8e3bcc40d7c032b9dda1df7d1c" "/opt/rustwide/cargo-home/bin/cargo" "+1.75.0" "build" "--frozen" "--message-format=json", kill_on_drop: false }`
[INFO] [stdout] 94a98f52c115b48876d225b74b0ea1120e581c6715cc12b61cc36efd171ef681
[INFO] running `Command { std: "docker" "start" "-a" "94a98f52c115b48876d225b74b0ea1120e581c6715cc12b61cc36efd171ef681", kill_on_drop: false }`
[INFO] [stderr]    Compiling memchr v2.6.4
[INFO] [stderr]    Compiling minimal-lexical v0.2.1
[INFO] [stderr]    Compiling autocfg v1.1.0
[INFO] [stderr]    Compiling either v1.9.0
[INFO] [stderr]    Compiling crossbeam-utils v0.8.16
[INFO] [stderr]    Compiling cfg-if v1.0.0
[INFO] [stderr]    Compiling scopeguard v1.2.0
[INFO] [stderr]    Compiling rayon-core v1.12.0
[INFO] [stderr]    Compiling anyhow v1.0.75
[INFO] [stderr]    Compiling regex-syntax v0.8.2
[INFO] [stderr]    Compiling day3 v0.1.0 (/opt/rustwide/workdir/day3)
[INFO] [stdout] warning: value assigned to `number_start` is never read
[INFO] [stdout]    --> day3/src/main.rs:102:21
[INFO] [stdout]     |
[INFO] [stdout] 102 |             let mut number_start = None;
[INFO] [stdout]     |                     ^^^^^^^^^^^^
[INFO] [stdout]     |
[INFO] [stdout]     = help: maybe it is overwritten before being read?
[INFO] [stdout]     = note: `#[warn(unused_assignments)]` on by default
[INFO] [stdout] 
[INFO] [stdout] 
[INFO] [stdout] warning: value assigned to `number_end` is never read
[INFO] [stdout]    --> day3/src/main.rs:103:21
[INFO] [stdout]     |
[INFO] [stdout] 103 |             let mut number_end = None;
[INFO] [stdout]     |                     ^^^^^^^^^^
[INFO] [stdout]     |
[INFO] [stdout]     = help: maybe it is overwritten before being read?
[INFO] [stdout] 
[INFO] [stdout] 
[INFO] [stderr]    Compiling itertools v0.12.0
[INFO] [stderr]    Compiling memoffset v0.9.0
[INFO] [stderr]    Compiling crossbeam-epoch v0.9.15
[INFO] [stdout] warning: 2 warnings emitted
[INFO] [stdout] 
[INFO] [stdout] 
[INFO] [stderr]    Compiling nom v7.1.3
[INFO] [stderr]    Compiling aho-corasick v1.1.2
[INFO] [stderr]    Compiling crossbeam-deque v0.8.3
[INFO] [stderr]    Compiling rayon v1.8.0
[INFO] [stderr]    Compiling day11 v0.1.0 (/opt/rustwide/workdir/day11)
[INFO] [stderr]    Compiling day13 v0.1.0 (/opt/rustwide/workdir/day13)
[INFO] [stdout] warning: unused import: `std::str::from_utf8`
[INFO] [stdout]  --> day13/src/main.rs:1:5
[INFO] [stdout]   |
[INFO] [stdout] 1 | use std::str::from_utf8;
[INFO] [stdout]   |     ^^^^^^^^^^^^^^^^^^^
[INFO] [stdout]   |
[INFO] [stdout]   = note: `#[warn(unused_imports)]` on by default
[INFO] [stdout] 
[INFO] [stdout] 
[INFO] [stdout] warning: variable does not need to be mutable
[INFO] [stdout]   --> day11/src/main.rs:95:9
[INFO] [stdout]    |
[INFO] [stdout] 95 |     let mut map = input
[INFO] [stdout]    |         ----^^^
[INFO] [stdout]    |         |
[INFO] [stdout]    |         help: remove this `mut`
[INFO] [stdout]    |
[INFO] [stdout]    = note: `#[warn(unused_mut)]` on by default
[INFO] [stdout] 
[INFO] [stdout] 
[INFO] [stdout] warning: function `print` is never used
[INFO] [stdout]    --> day11/src/main.rs:166:4
[INFO] [stdout]     |
[INFO] [stdout] 166 | fn print(map: &[Vec<u8>]) {
[INFO] [stdout]     |    ^^^^^
[INFO] [stdout]     |
[INFO] [stdout]     = note: `#[warn(dead_code)]` on by default
[INFO] [stdout] 
[INFO] [stdout] 
[INFO] [stderr]    Compiling regex-automata v0.4.3
[INFO] [stdout] warning: 1 warning emitted
[INFO] [stdout] 
[INFO] [stdout] 
[INFO] [stderr]    Compiling day2 v0.1.0 (/opt/rustwide/workdir/day2)
[INFO] [stderr]    Compiling day4 v0.1.0 (/opt/rustwide/workdir/day4)
[INFO] [stderr]    Compiling day7 v0.1.0 (/opt/rustwide/workdir/day7)
[INFO] [stdout] warning: 2 warnings emitted
[INFO] [stdout] 
[INFO] [stdout] 
[INFO] [stderr]    Compiling day10 v0.1.0 (/opt/rustwide/workdir/day10)
[INFO] [stderr]    Compiling day1 v0.1.0 (/opt/rustwide/workdir/day1)
[INFO] [stderr]    Compiling day8 v0.1.0 (/opt/rustwide/workdir/day8)
[INFO] [stderr]    Compiling day9 v0.1.0 (/opt/rustwide/workdir/day9)
[INFO] [stderr]    Compiling day6 v0.1.0 (/opt/rustwide/workdir/day6)
[INFO] [stdout] warning: function `print` is never used
[INFO] [stdout]    --> day10/src/main.rs:276:4
[INFO] [stdout]     |
[INFO] [stdout] 276 | fn print(map: &[Vec<Node>]) {
[INFO] [stdout]     |    ^^^^^
[INFO] [stdout]     |
[INFO] [stdout]     = note: `#[warn(dead_code)]` on by default
[INFO] [stdout] 
[INFO] [stdout] 
[INFO] [stdout] warning: function `p1` is never used
[INFO] [stdout]   --> day7/src/main.rs:14:4
[INFO] [stdout]    |
[INFO] [stdout] 14 | fn p1(input: &str) -> u64 {
[INFO] [stdout]    |    ^^
[INFO] [stdout]    |
[INFO] [stdout]    = note: `#[warn(dead_code)]` on by default
[INFO] [stdout] 
[INFO] [stdout] 
[INFO] [stdout] warning: 1 warning emitted
[INFO] [stdout] 
[INFO] [stdout] 
[INFO] [stdout] warning: 1 warning emitted
[INFO] [stdout] 
[INFO] [stdout] 
[INFO] [stderr]    Compiling day5 v0.1.0 (/opt/rustwide/workdir/day5)
[INFO] [stderr]    Compiling regex v1.10.2
[INFO] [stderr]    Compiling day12 v0.1.0 (/opt/rustwide/workdir/day12)
[INFO] [stdout] warning: unused import: `FromParallelIterator`
[INFO] [stdout]  --> day12/src/main.rs:2:22
[INFO] [stdout]   |
[INFO] [stdout] 2 | use rayon::prelude::{FromParallelIterator, ParallelBridge, ParallelIterator};
[INFO] [stdout]   |                      ^^^^^^^^^^^^^^^^^^^^
[INFO] [stdout]   |
[INFO] [stdout]   = note: `#[warn(unused_imports)]` on by default
[INFO] [stdout] 
[INFO] [stdout] 
[INFO] [stdout] warning: unused variable: `input`
[INFO] [stdout]  --> day12/src/main.rs:9:9
[INFO] [stdout]   |
[INFO] [stdout] 9 |     let input = include_str!("input.txt");
[INFO] [stdout]   |         ^^^^^ help: if this is intentional, prefix it with an underscore: `_input`
[INFO] [stdout]   |
[INFO] [stdout]   = note: `#[warn(unused_variables)]` on by default
[INFO] [stdout] 
[INFO] [stdout] 
[INFO] [stdout] warning: unused variable: `valid`
[INFO] [stdout]   --> day12/src/main.rs:53:21
[INFO] [stdout]    |
[INFO] [stdout] 53 |             let mut valid = 0;
[INFO] [stdout]    |                     ^^^^^ help: if this is intentional, prefix it with an underscore: `_valid`
[INFO] [stdout] 
[INFO] [stdout] 
[INFO] [stdout] warning: variable does not need to be mutable
[INFO] [stdout]   --> day12/src/main.rs:52:16
[INFO] [stdout]    |
[INFO] [stdout] 52 |         .map(|(mut symbols, mut matches, results)| {
[INFO] [stdout]    |                ----^^^^^^^
[INFO] [stdout]    |                |
[INFO] [stdout]    |                help: remove this `mut`
[INFO] [stdout]    |
[INFO] [stdout]    = note: `#[warn(unused_mut)]` on by default
[INFO] [stdout] 
[INFO] [stdout] 
[INFO] [stdout] warning: variable does not need to be mutable
[INFO] [stdout]   --> day12/src/main.rs:53:17
[INFO] [stdout]    |
[INFO] [stdout] 53 |             let mut valid = 0;
[INFO] [stdout]    |                 ----^^^^^
[INFO] [stdout]    |                 |
[INFO] [stdout]    |                 help: remove this `mut`
[INFO] [stdout] 
[INFO] [stdout] 
[INFO] [stdout] warning: unused variable: `valid`
[INFO] [stdout]    --> day12/src/main.rs:101:21
[INFO] [stdout]     |
[INFO] [stdout] 101 |             let mut valid = 0;
[INFO] [stdout]     |                     ^^^^^ help: if this is intentional, prefix it with an underscore: `_valid`
[INFO] [stdout] 
[INFO] [stdout] 
[INFO] [stdout] warning: variable does not need to be mutable
[INFO] [stdout]   --> day12/src/main.rs:99:16
[INFO] [stdout]    |
[INFO] [stdout] 99 |         .map(|(mut symbols, results)| {
[INFO] [stdout]    |                ----^^^^^^^
[INFO] [stdout]    |                |
[INFO] [stdout]    |                help: remove this `mut`
[INFO] [stdout] 
[INFO] [stdout] 
[INFO] [stdout] warning: variable does not need to be mutable
[INFO] [stdout]    --> day12/src/main.rs:101:17
[INFO] [stdout]     |
[INFO] [stdout] 101 |             let mut valid = 0;
[INFO] [stdout]     |                 ----^^^^^
[INFO] [stdout]     |                 |
[INFO] [stdout]     |                 help: remove this `mut`
[INFO] [stdout] 
[INFO] [stdout] 
[INFO] [stdout] warning: variable does not need to be mutable
[INFO] [stdout]    --> day12/src/main.rs:120:5
[INFO] [stdout]     |
[INFO] [stdout] 120 |     mut string: &mut [u8],
[INFO] [stdout]     |     ----^^^^^^
[INFO] [stdout]     |     |
[INFO] [stdout]     |     help: remove this `mut`
[INFO] [stdout] 
[INFO] [stdout] 
[INFO] [stdout] warning: variable does not need to be mutable
[INFO] [stdout]    --> day12/src/main.rs:126:5
[INFO] [stdout]     |
[INFO] [stdout] 126 |     mut valid: &mut usize,
[INFO] [stdout]     |     ----^^^^^
[INFO] [stdout]     |     |
[INFO] [stdout]     |     help: remove this `mut`
[INFO] [stdout] 
[INFO] [stdout] 
[INFO] [stdout] warning: function `parse_numbers` is never used
[INFO] [stdout]  --> day12/src/parser.rs:6:4
[INFO] [stdout]   |
[INFO] [stdout] 6 | fn parse_numbers(input: &str) -> IResult<&str, Vec<u64>> {
[INFO] [stdout]   |    ^^^^^^^^^^^^^
[INFO] [stdout]   |
[INFO] [stdout]   = note: `#[warn(dead_code)]` on by default
[INFO] [stdout] 
[INFO] [stdout] 
[INFO] [stdout] warning: 11 warnings emitted
[INFO] [stdout] 
[INFO] [stdout] 
[INFO] [stderr]     Finished dev [unoptimized + debuginfo] target(s) in 8.38s
[INFO] running `Command { std: "docker" "inspect" "94a98f52c115b48876d225b74b0ea1120e581c6715cc12b61cc36efd171ef681", kill_on_drop: false }`
[INFO] running `Command { std: "docker" "rm" "-f" "94a98f52c115b48876d225b74b0ea1120e581c6715cc12b61cc36efd171ef681", kill_on_drop: false }`
[INFO] [stdout] 94a98f52c115b48876d225b74b0ea1120e581c6715cc12b61cc36efd171ef681
[INFO] running `Command { std: "docker" "create" "-v" "/var/lib/crater-agent-workspace/builds/worker-1-tc1/target:/opt/rustwide/target:rw,Z" "-v" "/var/lib/crater-agent-workspace/builds/worker-1-tc1/source:/opt/rustwide/workdir:ro,Z" "-v" "/var/lib/crater-agent-workspace/cargo-home:/opt/rustwide/cargo-home:ro,Z" "-v" "/var/lib/crater-agent-workspace/rustup-home:/opt/rustwide/rustup-home:ro,Z" "-e" "SOURCE_DIR=/opt/rustwide/workdir" "-e" "CARGO_TARGET_DIR=/opt/rustwide/target" "-e" "CARGO_INCREMENTAL=0" "-e" "RUST_BACKTRACE=full" "-e" "RUSTFLAGS=--cap-lints=warn" "-e" "RUSTDOCFLAGS=--cap-lints=warn" "-e" "CARGO_HOME=/opt/rustwide/cargo-home" "-e" "RUSTUP_HOME=/opt/rustwide/rustup-home" "-w" "/opt/rustwide/workdir" "-m" "1610612736" "--user" "0:0" "--network" "none" "ghcr.io/rust-lang/crates-build-env/linux@sha256:2788e3201cd34a07e3172128adcd8b3090168a8e3bcc40d7c032b9dda1df7d1c" "/opt/rustwide/cargo-home/bin/cargo" "+1.75.0" "test" "--frozen" "--no-run" "--message-format=json", kill_on_drop: false }`
[INFO] [stdout] 411251d393f33b9061dba56d948a6ddcc58f2c34e59cda418b3f8970b53f2f6a
[INFO] running `Command { std: "docker" "start" "-a" "411251d393f33b9061dba56d948a6ddcc58f2c34e59cda418b3f8970b53f2f6a", kill_on_drop: false }`
[INFO] [stderr]    Compiling indoc v2.0.4
[INFO] [stderr]    Compiling day11 v0.1.0 (/opt/rustwide/workdir/day11)
[INFO] [stderr]    Compiling day1 v0.1.0 (/opt/rustwide/workdir/day1)
[INFO] [stderr]    Compiling day7 v0.1.0 (/opt/rustwide/workdir/day7)
[INFO] [stderr]    Compiling day2 v0.1.0 (/opt/rustwide/workdir/day2)
[INFO] [stderr]    Compiling day13 v0.1.0 (/opt/rustwide/workdir/day13)
[INFO] [stderr]    Compiling day5 v0.1.0 (/opt/rustwide/workdir/day5)
[INFO] [stderr]    Compiling day12 v0.1.0 (/opt/rustwide/workdir/day12)
[INFO] [stderr]    Compiling day10 v0.1.0 (/opt/rustwide/workdir/day10)
[INFO] [stderr]    Compiling day4 v0.1.0 (/opt/rustwide/workdir/day4)
[INFO] [stderr]    Compiling day6 v0.1.0 (/opt/rustwide/workdir/day6)
[INFO] [stderr]    Compiling day8 v0.1.0 (/opt/rustwide/workdir/day8)
[INFO] [stderr]    Compiling day3 v0.1.0 (/opt/rustwide/workdir/day3)
[INFO] [stdout] warning: unused import: `std::str::from_utf8`
[INFO] [stdout]  --> day13/src/main.rs:1:5
[INFO] [stdout]   |
[INFO] [stdout] 1 | use std::str::from_utf8;
[INFO] [stdout]   |     ^^^^^^^^^^^^^^^^^^^
[INFO] [stdout]   |
[INFO] [stdout]   = note: `#[warn(unused_imports)]` on by default
[INFO] [stdout] 
[INFO] [stdout] 
[INFO] [stdout] warning: unused import: `FromParallelIterator`
[INFO] [stdout]  --> day12/src/main.rs:2:22
[INFO] [stdout]   |
[INFO] [stdout] 2 | use rayon::prelude::{FromParallelIterator, ParallelBridge, ParallelIterator};
[INFO] [stdout]   |                      ^^^^^^^^^^^^^^^^^^^^
[INFO] [stdout]   |
[INFO] [stdout]   = note: `#[warn(unused_imports)]` on by default
[INFO] [stdout] 
[INFO] [stdout] 
[INFO] [stdout] warning: function `p1` is never used
[INFO] [stdout]   --> day7/src/main.rs:14:4
[INFO] [stdout]    |
[INFO] [stdout] 14 | fn p1(input: &str) -> u64 {
[INFO] [stdout]    |    ^^
[INFO] [stdout]    |
[INFO] [stdout]    = note: `#[warn(dead_code)]` on by default
[INFO] [stdout] 
[INFO] [stdout] 
[INFO] [stdout] warning: variable does not need to be mutable
[INFO] [stdout]   --> day11/src/main.rs:95:9
[INFO] [stdout]    |
[INFO] [stdout] 95 |     let mut map = input
[INFO] [stdout]    |         ----^^^
[INFO] [stdout]    |         |
[INFO] [stdout]    |         help: remove this `mut`
[INFO] [stdout]    |
[INFO] [stdout]    = note: `#[warn(unused_mut)]` on by default
[INFO] [stdout] 
[INFO] [stdout] 
[INFO] [stdout] warning: function `print` is never used
[INFO] [stdout]    --> day11/src/main.rs:166:4
[INFO] [stdout]     |
[INFO] [stdout] 166 | fn print(map: &[Vec<u8>]) {
[INFO] [stdout]     |    ^^^^^
[INFO] [stdout]     |
[INFO] [stdout]     = note: `#[warn(dead_code)]` on by default
[INFO] [stdout] 
[INFO] [stdout] 
[INFO] [stdout] warning: value assigned to `number_start` is never read
[INFO] [stdout]    --> day3/src/main.rs:102:21
[INFO] [stdout]     |
[INFO] [stdout] 102 |             let mut number_start = None;
[INFO] [stdout]     |                     ^^^^^^^^^^^^
[INFO] [stdout]     |
[INFO] [stdout]     = help: maybe it is overwritten before being read?
[INFO] [stdout]     = note: `#[warn(unused_assignments)]` on by default
[INFO] [stdout] 
[INFO] [stdout] 
[INFO] [stdout] warning: value assigned to `number_end` is never read
[INFO] [stdout]    --> day3/src/main.rs:103:21
[INFO] [stdout]     |
[INFO] [stdout] 103 |             let mut number_end = None;
[INFO] [stdout]     |                     ^^^^^^^^^^
[INFO] [stdout]     |
[INFO] [stdout]     = help: maybe it is overwritten before being read?
[INFO] [stdout] 
[INFO] [stdout] 
[INFO] [stdout] warning: unused variable: `input`
[INFO] [stdout]  --> day12/src/main.rs:9:9
[INFO] [stdout]   |
[INFO] [stdout] 9 |     let input = include_str!("input.txt");
[INFO] [stdout]   |         ^^^^^ help: if this is intentional, prefix it with an underscore: `_input`
[INFO] [stdout]   |
[INFO] [stdout]   = note: `#[warn(unused_variables)]` on by default
[INFO] [stdout] 
[INFO] [stdout] 
[INFO] [stdout] warning: unused variable: `valid`
[INFO] [stdout]   --> day12/src/main.rs:53:21
[INFO] [stdout]    |
[INFO] [stdout] 53 |             let mut valid = 0;
[INFO] [stdout]    |                     ^^^^^ help: if this is intentional, prefix it with an underscore: `_valid`
[INFO] [stdout] 
[INFO] [stdout] 
[INFO] [stdout] warning: variable does not need to be mutable
[INFO] [stdout]   --> day12/src/main.rs:52:16
[INFO] [stdout]    |
[INFO] [stdout] 52 |         .map(|(mut symbols, mut matches, results)| {
[INFO] [stdout]    |                ----^^^^^^^
[INFO] [stdout]    |                |
[INFO] [stdout]    |                help: remove this `mut`
[INFO] [stdout]    |
[INFO] [stdout]    = note: `#[warn(unused_mut)]` on by default
[INFO] [stdout] 
[INFO] [stdout] 
[INFO] [stdout] warning: variable does not need to be mutable
[INFO] [stdout]   --> day12/src/main.rs:53:17
[INFO] [stdout]    |
[INFO] [stdout] 53 |             let mut valid = 0;
[INFO] [stdout]    |                 ----^^^^^
[INFO] [stdout]    |                 |
[INFO] [stdout]    |                 help: remove this `mut`
[INFO] [stdout] 
[INFO] [stdout] 
[INFO] [stdout] warning: unused variable: `valid`
[INFO] [stdout]    --> day12/src/main.rs:101:21
[INFO] [stdout]     |
[INFO] [stdout] 101 |             let mut valid = 0;
[INFO] [stdout]     |                     ^^^^^ help: if this is intentional, prefix it with an underscore: `_valid`
[INFO] [stdout] 
[INFO] [stdout] 
[INFO] [stdout] warning: variable does not need to be mutable
[INFO] [stdout]   --> day12/src/main.rs:99:16
[INFO] [stdout]    |
[INFO] [stdout] 99 |         .map(|(mut symbols, results)| {
[INFO] [stdout]    |                ----^^^^^^^
[INFO] [stdout]    |                |
[INFO] [stdout]    |                help: remove this `mut`
[INFO] [stdout] 
[INFO] [stdout] 
[INFO] [stdout] warning: variable does not need to be mutable
[INFO] [stdout]    --> day12/src/main.rs:101:17
[INFO] [stdout]     |
[INFO] [stdout] 101 |             let mut valid = 0;
[INFO] [stdout]     |                 ----^^^^^
[INFO] [stdout]     |                 |
[INFO] [stdout]     |                 help: remove this `mut`
[INFO] [stdout] 
[INFO] [stdout] 
[INFO] [stdout] warning: variable does not need to be mutable
[INFO] [stdout]    --> day12/src/main.rs:120:5
[INFO] [stdout]     |
[INFO] [stdout] 120 |     mut string: &mut [u8],
[INFO] [stdout]     |     ----^^^^^^
[INFO] [stdout]     |     |
[INFO] [stdout]     |     help: remove this `mut`
[INFO] [stdout] 
[INFO] [stdout] 
[INFO] [stdout] warning: variable does not need to be mutable
[INFO] [stdout]    --> day12/src/main.rs:126:5
[INFO] [stdout]     |
[INFO] [stdout] 126 |     mut valid: &mut usize,
[INFO] [stdout]     |     ----^^^^^
[INFO] [stdout]     |     |
[INFO] [stdout]     |     help: remove this `mut`
[INFO] [stdout] 
[INFO] [stdout] 
[INFO] [stdout] warning: function `print` is never used
[INFO] [stdout]    --> day10/src/main.rs:276:4
[INFO] [stdout]     |
[INFO] [stdout] 276 | fn print(map: &[Vec<Node>]) {
[INFO] [stdout]     |    ^^^^^
[INFO] [stdout]     |
[INFO] [stdout]     = note: `#[warn(dead_code)]` on by default
[INFO] [stdout] 
[INFO] [stdout] 
[INFO] [stderr]    Compiling day9 v0.1.0 (/opt/rustwide/workdir/day9)
[INFO] [stdout] warning: 1 warning emitted
[INFO] [stdout] 
[INFO] [stdout] 
[INFO] [stdout] warning: 2 warnings emitted
[INFO] [stdout] 
[INFO] [stdout] 
[INFO] [stdout] warning: 1 warning emitted
[INFO] [stdout] 
[INFO] [stdout] 
[INFO] [stdout] warning: 2 warnings emitted
[INFO] [stdout] 
[INFO] [stdout] 
[INFO] [stdout] warning: 1 warning emitted
[INFO] [stdout] 
[INFO] [stdout] 
[INFO] [stdout] warning: 10 warnings emitted
[INFO] [stdout] 
[INFO] [stdout] 
[INFO] [stderr]     Finished test [unoptimized + debuginfo] target(s) in 2.34s
[INFO] running `Command { std: "docker" "inspect" "411251d393f33b9061dba56d948a6ddcc58f2c34e59cda418b3f8970b53f2f6a", kill_on_drop: false }`
[INFO] running `Command { std: "docker" "rm" "-f" "411251d393f33b9061dba56d948a6ddcc58f2c34e59cda418b3f8970b53f2f6a", kill_on_drop: false }`
[INFO] [stdout] 411251d393f33b9061dba56d948a6ddcc58f2c34e59cda418b3f8970b53f2f6a
[INFO] running `Command { std: "docker" "create" "-v" "/var/lib/crater-agent-workspace/builds/worker-1-tc1/target:/opt/rustwide/target:rw,Z" "-v" "/var/lib/crater-agent-workspace/builds/worker-1-tc1/source:/opt/rustwide/workdir:ro,Z" "-v" "/var/lib/crater-agent-workspace/cargo-home:/opt/rustwide/cargo-home:ro,Z" "-v" "/var/lib/crater-agent-workspace/rustup-home:/opt/rustwide/rustup-home:ro,Z" "-e" "SOURCE_DIR=/opt/rustwide/workdir" "-e" "CARGO_TARGET_DIR=/opt/rustwide/target" "-e" "CARGO_INCREMENTAL=0" "-e" "RUST_BACKTRACE=full" "-e" "RUSTFLAGS=--cap-lints=warn" "-e" "RUSTDOCFLAGS=--cap-lints=warn" "-e" "CARGO_HOME=/opt/rustwide/cargo-home" "-e" "RUSTUP_HOME=/opt/rustwide/rustup-home" "-w" "/opt/rustwide/workdir" "-m" "1610612736" "--user" "0:0" "--network" "none" "ghcr.io/rust-lang/crates-build-env/linux@sha256:2788e3201cd34a07e3172128adcd8b3090168a8e3bcc40d7c032b9dda1df7d1c" "/opt/rustwide/cargo-home/bin/cargo" "+1.75.0" "test" "--frozen", kill_on_drop: false }`
[INFO] [stdout] b18a00b7ea7d204d9c068e16b27f1dcd75238a6feb1efdec62d76e8711b4b113
[INFO] running `Command { std: "docker" "start" "-a" "b18a00b7ea7d204d9c068e16b27f1dcd75238a6feb1efdec62d76e8711b4b113", kill_on_drop: false }`
[INFO] [stderr] warning: unused import: `FromParallelIterator`
[INFO] [stderr]  --> day12/src/main.rs:2:22
[INFO] [stderr]   |
[INFO] [stderr] 2 | use rayon::prelude::{FromParallelIterator, ParallelBridge, ParallelIterator};
[INFO] [stderr]   |                      ^^^^^^^^^^^^^^^^^^^^
[INFO] [stderr]   |
[INFO] [stderr]   = note: `#[warn(unused_imports)]` on by default
[INFO] [stderr] 
[INFO] [stderr] warning: unused variable: `input`
[INFO] [stderr]  --> day12/src/main.rs:9:9
[INFO] [stderr]   |
[INFO] [stderr] 9 |     let input = include_str!("input.txt");
[INFO] [stderr]   |         ^^^^^ help: if this is intentional, prefix it with an underscore: `_input`
[INFO] [stderr]   |
[INFO] [stderr]   = note: `#[warn(unused_variables)]` on by default
[INFO] [stderr] 
[INFO] [stderr] warning: unused variable: `valid`
[INFO] [stderr]   --> day12/src/main.rs:53:21
[INFO] [stderr]    |
[INFO] [stderr] 53 |             let mut valid = 0;
[INFO] [stderr]    |                     ^^^^^ help: if this is intentional, prefix it with an underscore: `_valid`
[INFO] [stderr] 
[INFO] [stderr] warning: variable does not need to be mutable
[INFO] [stderr]   --> day12/src/main.rs:52:16
[INFO] [stderr]    |
[INFO] [stderr] 52 |         .map(|(mut symbols, mut matches, results)| {
[INFO] [stderr]    |                ----^^^^^^^
[INFO] [stderr]    |                |
[INFO] [stderr]    |                help: remove this `mut`
[INFO] [stderr]    |
[INFO] [stderr]    = note: `#[warn(unused_mut)]` on by default
[INFO] [stderr] 
[INFO] [stderr] warning: variable does not need to be mutable
[INFO] [stderr]   --> day12/src/main.rs:53:17
[INFO] [stderr]    |
[INFO] [stderr] 53 |             let mut valid = 0;
[INFO] [stderr]    |                 ----^^^^^
[INFO] [stderr]    |                 |
[INFO] [stderr]    |                 help: remove this `mut`
[INFO] [stderr] 
[INFO] [stderr] warning: unused variable: `valid`
[INFO] [stderr]    --> day12/src/main.rs:101:21
[INFO] [stderr]     |
[INFO] [stderr] 101 |             let mut valid = 0;
[INFO] [stderr]     |                     ^^^^^ help: if this is intentional, prefix it with an underscore: `_valid`
[INFO] [stderr] 
[INFO] [stderr] warning: variable does not need to be mutable
[INFO] [stderr]   --> day12/src/main.rs:99:16
[INFO] [stderr]    |
[INFO] [stderr] 99 |         .map(|(mut symbols, results)| {
[INFO] [stderr]    |                ----^^^^^^^
[INFO] [stderr]    |                |
[INFO] [stderr]    |                help: remove this `mut`
[INFO] [stderr] 
[INFO] [stderr] warning: variable does not need to be mutable
[INFO] [stderr]    --> day12/src/main.rs:101:17
[INFO] [stderr]     |
[INFO] [stderr] 101 |             let mut valid = 0;
[INFO] [stderr]     |                 ----^^^^^
[INFO] [stderr]     |                 |
[INFO] [stderr]     |                 help: remove this `mut`
[INFO] [stderr] 
[INFO] [stderr] warning: variable does not need to be mutable
[INFO] [stderr]    --> day12/src/main.rs:120:5
[INFO] [stderr]     |
[INFO] [stderr] 120 |     mut string: &mut [u8],
[INFO] [stderr]     |     ----^^^^^^
[INFO] [stderr]     |     |
[INFO] [stderr]     |     help: remove this `mut`
[INFO] [stderr] 
[INFO] [stderr] warning: variable does not need to be mutable
[INFO] [stderr]    --> day12/src/main.rs:126:5
[INFO] [stderr]     |
[INFO] [stderr] 126 |     mut valid: &mut usize,
[INFO] [stderr]     |     ----^^^^^
[INFO] [stderr]     |     |
[INFO] [stderr]     |     help: remove this `mut`
[INFO] [stderr] 
[INFO] [stderr] warning: `day12` (bin "day12" test) generated 10 warnings (run `cargo fix --bin "day12" --tests` to apply 10 suggestions)
[INFO] [stderr] warning: function `p1` is never used
[INFO] [stderr]   --> day7/src/main.rs:14:4
[INFO] [stderr]    |
[INFO] [stderr] 14 | fn p1(input: &str) -> u64 {
[INFO] [stderr]    |    ^^
[INFO] [stderr]    |
[INFO] [stderr]    = note: `#[warn(dead_code)]` on by default
[INFO] [stderr] 
[INFO] [stderr] warning: `day7` (bin "day7" test) generated 1 warning
[INFO] [stderr] warning: function `print` is never used
[INFO] [stderr]    --> day10/src/main.rs:276:4
[INFO] [stderr]     |
[INFO] [stderr] 276 | fn print(map: &[Vec<Node>]) {
[INFO] [stderr]     |    ^^^^^
[INFO] [stderr]     |
[INFO] [stderr]     = note: `#[warn(dead_code)]` on by default
[INFO] [stderr] 
[INFO] [stderr] warning: `day10` (bin "day10" test) generated 1 warning
[INFO] [stderr] warning: variable does not need to be mutable
[INFO] [stderr]   --> day11/src/main.rs:95:9
[INFO] [stderr]    |
[INFO] [stderr] 95 |     let mut map = input
[INFO] [stderr]    |         ----^^^
[INFO] [stderr]    |         |
[INFO] [stderr]    |         help: remove this `mut`
[INFO] [stderr]    |
[INFO] [stderr]    = note: `#[warn(unused_mut)]` on by default
[INFO] [stderr] 
[INFO] [stderr] warning: function `print` is never used
[INFO] [stderr]    --> day11/src/main.rs:166:4
[INFO] [stderr]     |
[INFO] [stderr] 166 | fn print(map: &[Vec<u8>]) {
[INFO] [stderr]     |    ^^^^^
[INFO] [stderr]     |
[INFO] [stderr]     = note: `#[warn(dead_code)]` on by default
[INFO] [stderr] 
[INFO] [stderr] warning: `day11` (bin "day11" test) generated 2 warnings (run `cargo fix --bin "day11" --tests` to apply 1 suggestion)
[INFO] [stderr] warning: unused import: `std::str::from_utf8`
[INFO] [stderr]  --> day13/src/main.rs:1:5
[INFO] [stderr]   |
[INFO] [stderr] 1 | use std::str::from_utf8;
[INFO] [stderr]   |     ^^^^^^^^^^^^^^^^^^^
[INFO] [stderr]   |
[INFO] [stderr]   = note: `#[warn(unused_imports)]` on by default
[INFO] [stderr] 
[INFO] [stderr] warning: `day13` (bin "day13" test) generated 1 warning (run `cargo fix --bin "day13" --tests` to apply 1 suggestion)
[INFO] [stderr] warning: value assigned to `number_start` is never read
[INFO] [stderr]    --> day3/src/main.rs:102:21
[INFO] [stderr]     |
[INFO] [stderr] 102 |             let mut number_start = None;
[INFO] [stderr]     |                     ^^^^^^^^^^^^
[INFO] [stderr]     |
[INFO] [stderr]     = help: maybe it is overwritten before being read?
[INFO] [stderr]     = note: `#[warn(unused_assignments)]` on by default
[INFO] [stderr] 
[INFO] [stderr] warning: value assigned to `number_end` is never read
[INFO] [stderr]    --> day3/src/main.rs:103:21
[INFO] [stderr]     |
[INFO] [stderr] 103 |             let mut number_end = None;
[INFO] [stderr]     |                     ^^^^^^^^^^
[INFO] [stderr]     |
[INFO] [stderr]     = help: maybe it is overwritten before being read?
[INFO] [stderr] 
[INFO] [stderr] warning: `day3` (bin "day3" test) generated 2 warnings
[INFO] [stderr]     Finished test [unoptimized + debuginfo] target(s) in 0.03s
[INFO] [stderr]      Running unittests src/main.rs (/opt/rustwide/target/debug/deps/day1-02c99effda3273e4)
[INFO] [stdout] 
[INFO] [stdout] running 3 tests
[INFO] [stdout] test parser::tests::parse_line_test ... ok
[INFO] [stdout] test tests::p1_test ... ok
[INFO] [stdout] test tests::p2_test ... ok
[INFO] [stdout] 
[INFO] [stdout] test result: ok. 3 passed; 0 failed; 0 ignored; 0 measured; 0 filtered out; finished in 0.00s
[INFO] [stdout] 
[INFO] [stderr]      Running unittests src/main.rs (/opt/rustwide/target/debug/deps/day10-31b93a5aa6e30883)
[INFO] [stdout] 
[INFO] [stdout] running 9 tests
[INFO] [stdout] test tests::p2_test4 ... ok
[INFO] [stdout] test dir::tests::negation_test ... ok
[INFO] [stdout] test tests::p1_test ... ok
[INFO] [stdout] test dir::tests::directions_from_char_test ... ok
[INFO] [stdout] test dir::tests::next_direction_test ... ok
[INFO] [stdout] test tests::p2_test1 ... ok
[INFO] [stdout] test tests::p2_test3 ... ok
[INFO] [stdout] test point::tests::go_test ... ok
[INFO] [stdout] test tests::p2_test2 ... ok
[INFO] [stdout] 
[INFO] [stdout] test result: ok. 9 passed; 0 failed; 0 ignored; 0 measured; 0 filtered out; finished in 0.01s
[INFO] [stdout] 
[INFO] [stderr]      Running unittests src/main.rs (/opt/rustwide/target/debug/deps/day11-31a28a845432ec42)
[INFO] [stdout] 
[INFO] [stdout] running 2 tests
[INFO] [stdout] test tests::p1_test ... ok
[INFO] [stdout] test tests::p2_test ... FAILED
[INFO] [stdout] 
[INFO] [stdout] failures:
[INFO] [stdout] 
[INFO] [stdout] ---- tests::p2_test stdout ----
[INFO] [stdout] thread 'tests::p2_test' panicked at day11/src/main.rs:215:9:
[INFO] [stdout] assertion `left == right` failed
[INFO] [stdout]   left: 292
[INFO] [stdout]  right: 374
[INFO] [stdout] stack backtrace:
[INFO] [stdout]    0:     0x563783c450dc - std::backtrace_rs::backtrace::libunwind::trace::ha637c64ce894333a
[INFO] [stdout]                                at /rustc/82e1608dfa6e0b5569232559e3d385fea5a93112/library/std/src/../../backtrace/src/backtrace/libunwind.rs:104:5
[INFO] [stdout]    1:     0x563783c450dc - std::backtrace_rs::backtrace::trace_unsynchronized::h47f62dea28e0c88d
[INFO] [stdout]                                at /rustc/82e1608dfa6e0b5569232559e3d385fea5a93112/library/std/src/../../backtrace/src/backtrace/mod.rs:66:5
[INFO] [stdout]    2:     0x563783c450dc - std::sys_common::backtrace::_print_fmt::h9eef0abe20ede486
[INFO] [stdout]                                at /rustc/82e1608dfa6e0b5569232559e3d385fea5a93112/library/std/src/sys_common/backtrace.rs:67:5
[INFO] [stdout]    3:     0x563783c450dc - <std::sys_common::backtrace::_print::DisplayBacktrace as core::fmt::Display>::fmt::hed7f999df88cc644
[INFO] [stdout]                                at /rustc/82e1608dfa6e0b5569232559e3d385fea5a93112/library/std/src/sys_common/backtrace.rs:44:22
[INFO] [stdout]    4:     0x563783c6ec20 - core::fmt::rt::Argument::fmt::h1539a9308b8d058d
[INFO] [stdout]                                at /rustc/82e1608dfa6e0b5569232559e3d385fea5a93112/library/core/src/fmt/rt.rs:142:9
[INFO] [stdout]    5:     0x563783c6ec20 - core::fmt::write::h3a39390d8560d9c9
[INFO] [stdout]                                at /rustc/82e1608dfa6e0b5569232559e3d385fea5a93112/library/core/src/fmt/mod.rs:1120:17
[INFO] [stdout]    6:     0x563783c42a8f - std::io::Write::write_fmt::h040b369f3a0f9cbc
[INFO] [stdout]                                at /rustc/82e1608dfa6e0b5569232559e3d385fea5a93112/library/std/src/io/mod.rs:1762:15
[INFO] [stdout]    7:     0x563783c44ec4 - std::sys_common::backtrace::_print::h894006fb5c6f3d45
[INFO] [stdout]                                at /rustc/82e1608dfa6e0b5569232559e3d385fea5a93112/library/std/src/sys_common/backtrace.rs:47:5
[INFO] [stdout]    8:     0x563783c44ec4 - std::sys_common::backtrace::print::h23a2d212c6fff936
[INFO] [stdout]                                at /rustc/82e1608dfa6e0b5569232559e3d385fea5a93112/library/std/src/sys_common/backtrace.rs:34:9
[INFO] [stdout]    9:     0x563783c46b87 - std::panicking::default_hook::{{closure}}::h8a1d2ee00185001a
[INFO] [stdout]   10:     0x563783c46873 - std::panicking::default_hook::h6038f2eba384e475
[INFO] [stdout]                                at /rustc/82e1608dfa6e0b5569232559e3d385fea5a93112/library/std/src/panicking.rs:289:9
[INFO] [stdout]   11:     0x563783c16277 - <alloc::boxed::Box<F,A> as core::ops::function::Fn<Args>>::call::h0ad024c9bdc6d768
[INFO] [stdout]                                at /rustc/82e1608dfa6e0b5569232559e3d385fea5a93112/library/alloc/src/boxed.rs:2021:9
[INFO] [stdout]   12:     0x563783c16277 - test::test_main::{{closure}}::h7500b54257359db6
[INFO] [stdout]                                at /rustc/82e1608dfa6e0b5569232559e3d385fea5a93112/library/test/src/lib.rs:138:21
[INFO] [stdout]   13:     0x563783c47198 - <alloc::boxed::Box<F,A> as core::ops::function::Fn<Args>>::call::h1f8f335eaa9cfaee
[INFO] [stdout]                                at /rustc/82e1608dfa6e0b5569232559e3d385fea5a93112/library/alloc/src/boxed.rs:2021:9
[INFO] [stdout]   14:     0x563783c47198 - std::panicking::rust_panic_with_hook::h2b5517d590cab22e
[INFO] [stdout]                                at /rustc/82e1608dfa6e0b5569232559e3d385fea5a93112/library/std/src/panicking.rs:783:13
[INFO] [stdout]   15:     0x563783c46eee - std::panicking::begin_panic_handler::{{closure}}::h233112c06e0ef43e
[INFO] [stdout]                                at /rustc/82e1608dfa6e0b5569232559e3d385fea5a93112/library/std/src/panicking.rs:657:13
[INFO] [stdout]   16:     0x563783c455a6 - std::sys_common::backtrace::__rust_end_short_backtrace::h6e893f24d7ebbff8
[INFO] [stdout]                                at /rustc/82e1608dfa6e0b5569232559e3d385fea5a93112/library/std/src/sys_common/backtrace.rs:170:18
[INFO] [stdout]   17:     0x563783c46c52 - rust_begin_unwind
[INFO] [stdout]                                at /rustc/82e1608dfa6e0b5569232559e3d385fea5a93112/library/std/src/panicking.rs:645:5
[INFO] [stdout]   18:     0x563783bd1d75 - core::panicking::panic_fmt::hbf0e066aabfa482c
[INFO] [stdout]                                at /rustc/82e1608dfa6e0b5569232559e3d385fea5a93112/library/core/src/panicking.rs:72:14
[INFO] [stdout]   19:     0x563783bd209b - core::panicking::assert_failed_inner::h0bba8b7c26ee4492
[INFO] [stdout]   20:     0x563783be0dde - core::panicking::assert_failed::h3d7bd4b12d0f93d3
[INFO] [stdout]                                at /rustc/82e1608dfa6e0b5569232559e3d385fea5a93112/library/core/src/panicking.rs:279:5
[INFO] [stdout]   21:     0x563783be2787 - day11::tests::p2_test::he857a568be0bb83b
[INFO] [stdout]                                at /opt/rustwide/workdir/day11/src/main.rs:215:9
[INFO] [stdout]   22:     0x563783be26c7 - day11::tests::p2_test::{{closure}}::h718779a2e0925436
[INFO] [stdout]                                at /opt/rustwide/workdir/day11/src/main.rs:201:17
[INFO] [stdout]   23:     0x563783bd2f06 - core::ops::function::FnOnce::call_once::ha99dea4321c574d4
[INFO] [stdout]                                at /rustc/82e1608dfa6e0b5569232559e3d385fea5a93112/library/core/src/ops/function.rs:250:5
[INFO] [stdout]   24:     0x563783c1b8cf - core::ops::function::FnOnce::call_once::h2b5d431d5046312d
[INFO] [stdout]                                at /rustc/82e1608dfa6e0b5569232559e3d385fea5a93112/library/core/src/ops/function.rs:250:5
[INFO] [stdout]   25:     0x563783c1b8cf - test::__rust_begin_short_backtrace::h7714669af176e207
[INFO] [stdout]                                at /rustc/82e1608dfa6e0b5569232559e3d385fea5a93112/library/test/src/lib.rs:628:18
[INFO] [stdout]   26:     0x563783c1a8e5 - test::run_test_in_process::{{closure}}::h85218797dcbcec12
[INFO] [stdout]                                at /rustc/82e1608dfa6e0b5569232559e3d385fea5a93112/library/test/src/lib.rs:651:60
[INFO] [stdout]   27:     0x563783c1a8e5 - <core::panic::unwind_safe::AssertUnwindSafe<F> as core::ops::function::FnOnce<()>>::call_once::h76c106ea31c14d7b
[INFO] [stdout]                                at /rustc/82e1608dfa6e0b5569232559e3d385fea5a93112/library/core/src/panic/unwind_safe.rs:272:9
[INFO] [stdout]   28:     0x563783c1a8e5 - std::panicking::try::do_call::h3bd5d0f6620ee946
[INFO] [stdout]                                at /rustc/82e1608dfa6e0b5569232559e3d385fea5a93112/library/std/src/panicking.rs:552:40
[INFO] [stdout]   29:     0x563783c1a8e5 - std::panicking::try::h232e535e4744fe31
[INFO] [stdout]                                at /rustc/82e1608dfa6e0b5569232559e3d385fea5a93112/library/std/src/panicking.rs:516:19
[INFO] [stdout]   30:     0x563783c1a8e5 - std::panic::catch_unwind::h3ce3bd6ca8dbac68
[INFO] [stdout]                                at /rustc/82e1608dfa6e0b5569232559e3d385fea5a93112/library/std/src/panic.rs:142:14
[INFO] [stdout]   31:     0x563783c1a8e5 - test::run_test_in_process::hc97b257c9621286a
[INFO] [stdout]                                at /rustc/82e1608dfa6e0b5569232559e3d385fea5a93112/library/test/src/lib.rs:651:27
[INFO] [stdout]   32:     0x563783c1a8e5 - test::run_test::{{closure}}::h2aa798823a438d38
[INFO] [stdout]                                at /rustc/82e1608dfa6e0b5569232559e3d385fea5a93112/library/test/src/lib.rs:574:43
[INFO] [stdout]   33:     0x563783be2ba6 - test::run_test::{{closure}}::h87d231c78fb59832
[INFO] [stdout]                                at /rustc/82e1608dfa6e0b5569232559e3d385fea5a93112/library/test/src/lib.rs:602:41
[INFO] [stdout]   34:     0x563783be2ba6 - std::sys_common::backtrace::__rust_begin_short_backtrace::he6df152596625789
[INFO] [stdout]                                at /rustc/82e1608dfa6e0b5569232559e3d385fea5a93112/library/std/src/sys_common/backtrace.rs:154:18
[INFO] [stdout]   35:     0x563783be7c57 - std::thread::Builder::spawn_unchecked_::{{closure}}::{{closure}}::ha94be15d1e0acf36
[INFO] [stdout]                                at /rustc/82e1608dfa6e0b5569232559e3d385fea5a93112/library/std/src/thread/mod.rs:529:17
[INFO] [stdout]   36:     0x563783be7c57 - <core::panic::unwind_safe::AssertUnwindSafe<F> as core::ops::function::FnOnce<()>>::call_once::h9dc6bd6372f16606
[INFO] [stdout]                                at /rustc/82e1608dfa6e0b5569232559e3d385fea5a93112/library/core/src/panic/unwind_safe.rs:272:9
[INFO] [stdout]   37:     0x563783be7c57 - std::panicking::try::do_call::h9057517f80303cd4
[INFO] [stdout]                                at /rustc/82e1608dfa6e0b5569232559e3d385fea5a93112/library/std/src/panicking.rs:552:40
[INFO] [stdout]   38:     0x563783be7c57 - std::panicking::try::he3a30b11ee45340c
[INFO] [stdout]                                at /rustc/82e1608dfa6e0b5569232559e3d385fea5a93112/library/std/src/panicking.rs:516:19
[INFO] [stdout]   39:     0x563783be7c57 - std::panic::catch_unwind::h410458cfd3528b8b
[INFO] [stdout]                                at /rustc/82e1608dfa6e0b5569232559e3d385fea5a93112/library/std/src/panic.rs:142:14
[INFO] [stdout]   40:     0x563783be7c57 - std::thread::Builder::spawn_unchecked_::{{closure}}::h72ac3bdb567b737b
[INFO] [stdout]                                at /rustc/82e1608dfa6e0b5569232559e3d385fea5a93112/library/std/src/thread/mod.rs:528:30
[INFO] [stdout]   41:     0x563783be7c57 - core::ops::function::FnOnce::call_once{{vtable.shim}}::h38f34da3654a8344
[INFO] [stdout]                                at /rustc/82e1608dfa6e0b5569232559e3d385fea5a93112/library/core/src/ops/function.rs:250:5
[INFO] [stdout]   42:     0x563783c4bc25 - <alloc::boxed::Box<F,A> as core::ops::function::FnOnce<Args>>::call_once::hc7eafaff61e32df9
[INFO] [stdout]                                at /rustc/82e1608dfa6e0b5569232559e3d385fea5a93112/library/alloc/src/boxed.rs:2007:9
[INFO] [stdout]   43:     0x563783c4bc25 - <alloc::boxed::Box<F,A> as core::ops::function::FnOnce<Args>>::call_once::h6ba4a5de48dd2304
[INFO] [stdout]                                at /rustc/82e1608dfa6e0b5569232559e3d385fea5a93112/library/alloc/src/boxed.rs:2007:9
[INFO] [stdout]   44:     0x563783c4bc25 - std::sys::unix::thread::Thread::new::thread_start::he469335aef763e45
[INFO] [stdout]                                at /rustc/82e1608dfa6e0b5569232559e3d385fea5a93112/library/std/src/sys/unix/thread.rs:108:17
[INFO] [stdout]   45:     0x7f2f37c96ac3 - <unknown>
[INFO] [stdout]   46:     0x7f2f37d27bf4 - __clone
[INFO] [stdout]   47:                0x0 - <unknown>
[INFO] [stdout] 
[INFO] [stdout] 
[INFO] [stdout] failures:
[INFO] [stdout]     tests::p2_test
[INFO] [stdout] 
[INFO] [stdout] test result: FAILED. 1 passed; 1 failed; 0 ignored; 0 measured; 0 filtered out; finished in 0.01s
[INFO] [stdout] 
[INFO] [stderr] error: test failed, to rerun pass `-p day11 --bin day11`
[INFO] running `Command { std: "docker" "inspect" "b18a00b7ea7d204d9c068e16b27f1dcd75238a6feb1efdec62d76e8711b4b113", kill_on_drop: false }`
[INFO] running `Command { std: "docker" "rm" "-f" "b18a00b7ea7d204d9c068e16b27f1dcd75238a6feb1efdec62d76e8711b4b113", kill_on_drop: false }`
[INFO] [stdout] b18a00b7ea7d204d9c068e16b27f1dcd75238a6feb1efdec62d76e8711b4b113
