[INFO] cloning repository https://github.com/inceabdullah/tun-route-daemon
[INFO] running `Command { std: "git" "-c" "credential.helper=" "-c" "credential.helper=/workspace/cargo-home/bin/git-credential-null" "clone" "--bare" "https://github.com/inceabdullah/tun-route-daemon" "/workspace/cache/git-repos/https%3A%2F%2Fgithub.com%2Finceabdullah%2Ftun-route-daemon", kill_on_drop: false }`
[INFO] [stderr] Cloning into bare repository '/workspace/cache/git-repos/https%3A%2F%2Fgithub.com%2Finceabdullah%2Ftun-route-daemon'...
[INFO] running `Command { std: "git" "rev-parse" "HEAD", kill_on_drop: false }`
[INFO] [stdout] bbdac52d720b00fdc97613f0a0710416e94087ad
[INFO] testing inceabdullah/tun-route-daemon against 1.75.0 for beta-1.76-1
[INFO] running `Command { std: "git" "clone" "/workspace/cache/git-repos/https%3A%2F%2Fgithub.com%2Finceabdullah%2Ftun-route-daemon" "/workspace/builds/worker-7-tc1/source", kill_on_drop: false }`
[INFO] [stderr] Cloning into '/workspace/builds/worker-7-tc1/source'...
[INFO] [stderr] done.
[INFO] validating manifest of git repo https://github.com/inceabdullah/tun-route-daemon on toolchain 1.75.0
[INFO] running `Command { std: CARGO_HOME="/workspace/cargo-home" RUSTUP_HOME="/workspace/rustup-home" "/workspace/cargo-home/bin/cargo" "+1.75.0" "metadata" "--manifest-path" "Cargo.toml" "--no-deps", kill_on_drop: false }`
[INFO] started tweaking git repo https://github.com/inceabdullah/tun-route-daemon
[INFO] finished tweaking git repo https://github.com/inceabdullah/tun-route-daemon
[INFO] tweaked toml for git repo https://github.com/inceabdullah/tun-route-daemon written to /workspace/builds/worker-7-tc1/source/Cargo.toml
[INFO] crate git repo https://github.com/inceabdullah/tun-route-daemon already has a lockfile, it will not be regenerated
[INFO] running `Command { std: CARGO_HOME="/workspace/cargo-home" RUSTUP_HOME="/workspace/rustup-home" "/workspace/cargo-home/bin/cargo" "+1.75.0" "fetch" "--manifest-path" "Cargo.toml", kill_on_drop: false }`
[INFO] [stderr]     Updating crates.io index
[INFO] [stderr]  Downloading crates ...
[INFO] [stderr]   Downloaded rtnetlink v0.13.1
[INFO] [stderr]   Downloaded netlink-proto v0.11.2
[INFO] [stderr]   Downloaded netlink-packet-route v0.17.0
[INFO] [stderr]   Downloaded net-route v0.2.7
[INFO] running `Command { std: "docker" "create" "-v" "/var/lib/crater-agent-workspace/builds/worker-7-tc1/target:/opt/rustwide/target:rw,Z" "-v" "/var/lib/crater-agent-workspace/builds/worker-7-tc1/source:/opt/rustwide/workdir:ro,Z" "-v" "/var/lib/crater-agent-workspace/cargo-home:/opt/rustwide/cargo-home:ro,Z" "-v" "/var/lib/crater-agent-workspace/rustup-home:/opt/rustwide/rustup-home:ro,Z" "-e" "SOURCE_DIR=/opt/rustwide/workdir" "-e" "CARGO_TARGET_DIR=/opt/rustwide/target" "-e" "CARGO_HOME=/opt/rustwide/cargo-home" "-e" "RUSTUP_HOME=/opt/rustwide/rustup-home" "-w" "/opt/rustwide/workdir" "-m" "1610612736" "--user" "0:0" "--network" "none" "ghcr.io/rust-lang/crates-build-env/linux@sha256:2788e3201cd34a07e3172128adcd8b3090168a8e3bcc40d7c032b9dda1df7d1c" "/opt/rustwide/cargo-home/bin/cargo" "+1.75.0" "metadata" "--no-deps" "--format-version=1", kill_on_drop: false }`
[INFO] [stdout] 494bfa3b688604fbe7a4199e1200c4931c50eb2dd1db54669055a978a05e9a4c
[INFO] running `Command { std: "docker" "start" "-a" "494bfa3b688604fbe7a4199e1200c4931c50eb2dd1db54669055a978a05e9a4c", kill_on_drop: false }`
[INFO] running `Command { std: "docker" "inspect" "494bfa3b688604fbe7a4199e1200c4931c50eb2dd1db54669055a978a05e9a4c", kill_on_drop: false }`
[INFO] running `Command { std: "docker" "rm" "-f" "494bfa3b688604fbe7a4199e1200c4931c50eb2dd1db54669055a978a05e9a4c", kill_on_drop: false }`
[INFO] [stdout] 494bfa3b688604fbe7a4199e1200c4931c50eb2dd1db54669055a978a05e9a4c
[INFO] running `Command { std: "docker" "create" "-v" "/var/lib/crater-agent-workspace/builds/worker-7-tc1/target:/opt/rustwide/target:rw,Z" "-v" "/var/lib/crater-agent-workspace/builds/worker-7-tc1/source:/opt/rustwide/workdir:ro,Z" "-v" "/var/lib/crater-agent-workspace/cargo-home:/opt/rustwide/cargo-home:ro,Z" "-v" "/var/lib/crater-agent-workspace/rustup-home:/opt/rustwide/rustup-home:ro,Z" "-e" "SOURCE_DIR=/opt/rustwide/workdir" "-e" "CARGO_TARGET_DIR=/opt/rustwide/target" "-e" "CARGO_INCREMENTAL=0" "-e" "RUST_BACKTRACE=full" "-e" "RUSTFLAGS=--cap-lints=warn" "-e" "RUSTDOCFLAGS=--cap-lints=warn" "-e" "CARGO_HOME=/opt/rustwide/cargo-home" "-e" "RUSTUP_HOME=/opt/rustwide/rustup-home" "-w" "/opt/rustwide/workdir" "-m" "1610612736" "--user" "0:0" "--network" "none" "ghcr.io/rust-lang/crates-build-env/linux@sha256:2788e3201cd34a07e3172128adcd8b3090168a8e3bcc40d7c032b9dda1df7d1c" "/opt/rustwide/cargo-home/bin/cargo" "+1.75.0" "build" "--frozen" "--message-format=json", kill_on_drop: false }`
[INFO] [stdout] 37cee9aad60575af384cbc3915e76383088ec15d63dbbeca01c6f3168b62ce09
[INFO] running `Command { std: "docker" "start" "-a" "37cee9aad60575af384cbc3915e76383088ec15d63dbbeca01c6f3168b62ce09", kill_on_drop: false }`
[INFO] [stderr]    Compiling proc-macro2 v1.0.66
[INFO] [stderr]    Compiling unicode-ident v1.0.11
[INFO] [stderr]    Compiling memchr v2.5.0
[INFO] [stderr]    Compiling autocfg v1.1.0
[INFO] [stderr]    Compiling libc v0.2.147
[INFO] [stderr]    Compiling cfg-if v1.0.0
[INFO] [stderr]    Compiling regex-syntax v0.7.5
[INFO] [stderr]    Compiling futures-core v0.3.28
[INFO] [stderr]    Compiling pin-project-lite v0.2.13
[INFO] [stderr]    Compiling futures-channel v0.3.28
[INFO] [stderr]    Compiling futures-task v0.3.28
[INFO] [stderr]    Compiling futures-util v0.3.28
[INFO] [stderr]    Compiling parking_lot_core v0.9.8
[INFO] [stderr]    Compiling anyhow v1.0.75
[INFO] [stderr]    Compiling paste v1.0.14
[INFO] [stderr]    Compiling thiserror v1.0.47
[INFO] [stderr]    Compiling glob v0.3.1
[INFO] [stderr]    Compiling futures-sink v0.3.28
[INFO] [stderr]    Compiling bitflags v1.3.2
[INFO] [stderr]    Compiling strsim v0.10.0
[INFO] [stderr]    Compiling pin-utils v0.1.0
[INFO] [stderr]    Compiling smallvec v1.11.0
[INFO] [stderr]    Compiling scopeguard v1.2.0
[INFO] [stderr]    Compiling futures-io v0.3.28
[INFO] [stderr]    Compiling hashbrown v0.12.3
[INFO] [stderr]    Compiling slab v0.4.9
[INFO] [stderr]    Compiling lock_api v0.4.10
[INFO] [stderr]    Compiling indexmap v1.9.3
[INFO] [stderr]    Compiling os_str_bytes v6.5.1
[INFO] [stderr]    Compiling minimal-lexical v0.2.1
[INFO] [stderr]    Compiling clang-sys v1.6.1
[INFO] [stderr]    Compiling no-std-net v0.6.0
[INFO] [stderr]    Compiling termcolor v1.2.0
[INFO] [stderr]    Compiling byteorder v1.4.3
[INFO] [stderr]    Compiling pnet_base v0.34.0
[INFO] [stderr]    Compiling aho-corasick v1.0.4
[INFO] [stderr]    Compiling nom v7.1.3
[INFO] [stderr]    Compiling clap_lex v0.2.4
[INFO] [stderr]    Compiling quote v1.0.33
[INFO] [stderr]    Compiling libloading v0.7.4
[INFO] [stderr]    Compiling log v0.4.20
[INFO] [stderr]    Compiling textwrap v0.16.0
[INFO] [stderr]    Compiling humantime v2.1.0
[INFO] [stderr]    Compiling bytes v1.4.0
[INFO] [stderr]    Compiling serde v1.0.188
[INFO] [stderr]    Compiling syn v2.0.29
[INFO] [stderr]    Compiling bindgen v0.60.1
[INFO] [stderr]    Compiling either v1.9.0
[INFO] [stderr]    Compiling atty v0.2.14
[INFO] [stderr]    Compiling rustc-hash v1.1.0
[INFO] [stderr]    Compiling shlex v1.1.0
[INFO] [stderr]    Compiling lazy_static v1.4.0
[INFO] [stderr]    Compiling utf8parse v0.2.1
[INFO] [stderr]    Compiling which v4.4.0
[INFO] [stderr]    Compiling lazycell v1.3.0
[INFO] [stderr]    Compiling peeking_take_while v0.1.2
[INFO] [stderr]    Compiling anstyle-parse v0.2.1
[INFO] [stderr]    Compiling pnet_macros_support v0.34.0
[INFO] [stderr]    Compiling anstyle v1.0.2
[INFO] [stderr]    Compiling static_assertions v1.1.0
[INFO] [stderr]    Compiling clap v3.2.25
[INFO] [stderr]    Compiling anstyle-query v1.0.0
[INFO] [stderr]    Compiling colorchoice v1.0.0
[INFO] [stderr]    Compiling heck v0.4.1
[INFO] [stderr]    Compiling pnet v0.34.0
[INFO] [stderr]    Compiling clap_lex v0.5.1
[INFO] [stderr]    Compiling once_cell v1.18.0
[INFO] [stderr]    Compiling anstream v0.5.0
[INFO] [stderr]    Compiling clap_builder v4.4.1
[INFO] [stderr]    Compiling num_cpus v1.16.0
[INFO] [stderr]    Compiling signal-hook-registry v1.4.1
[INFO] [stderr]    Compiling socket2 v0.5.3
[INFO] [stderr]    Compiling mio v0.8.8
[INFO] [stderr]    Compiling pnet_sys v0.34.0
[INFO] [stderr]    Compiling nix v0.26.2
[INFO] [stderr]    Compiling parking_lot v0.12.1
[INFO] [stderr]    Compiling regex-automata v0.3.7
[INFO] [stderr]    Compiling cexpr v0.6.0
[INFO] [stderr]    Compiling thiserror-impl v1.0.47
[INFO] [stderr]    Compiling futures-macro v0.3.28
[INFO] [stderr]    Compiling tokio-macros v2.1.0
[INFO] [stderr]    Compiling async-stream-impl v0.3.5
[INFO] [stderr]    Compiling clap_derive v4.4.0
[INFO] [stderr]    Compiling regex v1.9.4
[INFO] [stderr]    Compiling ipnetwork v0.20.0
[INFO] [stderr]    Compiling pnet_datalink v0.34.0
[INFO] [stderr]    Compiling env_logger v0.9.3
[INFO] [stderr]    Compiling async-stream v0.3.5
[INFO] [stderr]    Compiling tokio v1.32.0
[INFO] [stderr]    Compiling netlink-packet-utils v0.5.2
[INFO] [stderr]    Compiling netlink-packet-core v0.7.0
[INFO] [stderr]    Compiling pnet_macros v0.34.0
[INFO] [stderr]    Compiling netlink-packet-route v0.17.0
[INFO] [stderr]    Compiling clap v4.4.1
[INFO] [stderr]    Compiling pnet_packet v0.34.0
[INFO] [stderr]    Compiling futures-executor v0.3.28
[INFO] [stderr]    Compiling futures v0.3.28
[INFO] [stderr]    Compiling net-route v0.2.7
[INFO] [stderr]    Compiling netlink-sys v0.8.5
[INFO] [stderr]    Compiling netlink-proto v0.11.2
[INFO] [stderr]    Compiling rtnetlink v0.13.1
[INFO] [stderr]    Compiling pnet_transport v0.34.0
[INFO] [stderr]    Compiling tun-route-daemon v0.1.5 (/opt/rustwide/workdir)
[INFO] [stdout] warning: unused import: `std::env`
[INFO] [stdout]  --> src/main.rs:1:5
[INFO] [stdout]   |
[INFO] [stdout] 1 | use std::env;
[INFO] [stdout]   |     ^^^^^^^^
[INFO] [stdout]   |
[INFO] [stdout]   = note: `#[warn(unused_imports)]` on by default
[INFO] [stdout] 
[INFO] [stdout] 
[INFO] [stdout] warning: unused imports: `Arg`, `Command`
[INFO] [stdout]  --> src/main.rs:2:20
[INFO] [stdout]   |
[INFO] [stdout] 2 | use clap::{Parser, Command, Arg, ValueEnum};
[INFO] [stdout]   |                    ^^^^^^^  ^^^
[INFO] [stdout] 
[INFO] [stdout] 
[INFO] [stdout] warning: unreachable pattern
[INFO] [stdout]   --> src/main.rs:87:9
[INFO] [stdout]    |
[INFO] [stdout] 87 |         _ => unreachable!(),
[INFO] [stdout]    |         ^
[INFO] [stdout]    |
[INFO] [stdout]    = note: `#[warn(unreachable_patterns)]` on by default
[INFO] [stdout] 
[INFO] [stdout] 
[INFO] [stdout] warning: 3 warnings emitted
[INFO] [stdout] 
[INFO] [stdout] 
[INFO] [stderr]     Finished dev [unoptimized + debuginfo] target(s) in 10.75s
[INFO] running `Command { std: "docker" "inspect" "37cee9aad60575af384cbc3915e76383088ec15d63dbbeca01c6f3168b62ce09", kill_on_drop: false }`
[INFO] running `Command { std: "docker" "rm" "-f" "37cee9aad60575af384cbc3915e76383088ec15d63dbbeca01c6f3168b62ce09", kill_on_drop: false }`
[INFO] [stdout] 37cee9aad60575af384cbc3915e76383088ec15d63dbbeca01c6f3168b62ce09
[INFO] running `Command { std: "docker" "create" "-v" "/var/lib/crater-agent-workspace/builds/worker-7-tc1/target:/opt/rustwide/target:rw,Z" "-v" "/var/lib/crater-agent-workspace/builds/worker-7-tc1/source:/opt/rustwide/workdir:ro,Z" "-v" "/var/lib/crater-agent-workspace/cargo-home:/opt/rustwide/cargo-home:ro,Z" "-v" "/var/lib/crater-agent-workspace/rustup-home:/opt/rustwide/rustup-home:ro,Z" "-e" "SOURCE_DIR=/opt/rustwide/workdir" "-e" "CARGO_TARGET_DIR=/opt/rustwide/target" "-e" "CARGO_INCREMENTAL=0" "-e" "RUST_BACKTRACE=full" "-e" "RUSTFLAGS=--cap-lints=warn" "-e" "RUSTDOCFLAGS=--cap-lints=warn" "-e" "CARGO_HOME=/opt/rustwide/cargo-home" "-e" "RUSTUP_HOME=/opt/rustwide/rustup-home" "-w" "/opt/rustwide/workdir" "-m" "1610612736" "--user" "0:0" "--network" "none" "ghcr.io/rust-lang/crates-build-env/linux@sha256:2788e3201cd34a07e3172128adcd8b3090168a8e3bcc40d7c032b9dda1df7d1c" "/opt/rustwide/cargo-home/bin/cargo" "+1.75.0" "test" "--frozen" "--no-run" "--message-format=json", kill_on_drop: false }`
[INFO] [stdout] 2c1f2adf6a00fcdbf06a80e58697cb20d0ce437e3bb54b8b19f9143b87d2de1f
[INFO] running `Command { std: "docker" "start" "-a" "2c1f2adf6a00fcdbf06a80e58697cb20d0ce437e3bb54b8b19f9143b87d2de1f", kill_on_drop: false }`
[INFO] [stderr]    Compiling tun-route-daemon v0.1.5 (/opt/rustwide/workdir)
[INFO] [stdout] warning: unused import: `std::env`
[INFO] [stdout]  --> src/main.rs:1:5
[INFO] [stdout]   |
[INFO] [stdout] 1 | use std::env;
[INFO] [stdout]   |     ^^^^^^^^
[INFO] [stdout]   |
[INFO] [stdout]   = note: `#[warn(unused_imports)]` on by default
[INFO] [stdout] 
[INFO] [stdout] 
[INFO] [stdout] warning: unused imports: `Arg`, `Command`
[INFO] [stdout]  --> src/main.rs:2:20
[INFO] [stdout]   |
[INFO] [stdout] 2 | use clap::{Parser, Command, Arg, ValueEnum};
[INFO] [stdout]   |                    ^^^^^^^  ^^^
[INFO] [stdout] 
[INFO] [stdout] 
[INFO] [stdout] warning: unreachable pattern
[INFO] [stdout]   --> src/main.rs:87:9
[INFO] [stdout]    |
[INFO] [stdout] 87 |         _ => unreachable!(),
[INFO] [stdout]    |         ^
[INFO] [stdout]    |
[INFO] [stdout]    = note: `#[warn(unreachable_patterns)]` on by default
[INFO] [stdout] 
[INFO] [stdout] 
[INFO] [stdout] warning: 3 warnings emitted
[INFO] [stdout] 
[INFO] [stdout] 
[INFO] [stderr]     Finished test [unoptimized + debuginfo] target(s) in 1.55s
[INFO] running `Command { std: "docker" "inspect" "2c1f2adf6a00fcdbf06a80e58697cb20d0ce437e3bb54b8b19f9143b87d2de1f", kill_on_drop: false }`
[INFO] running `Command { std: "docker" "rm" "-f" "2c1f2adf6a00fcdbf06a80e58697cb20d0ce437e3bb54b8b19f9143b87d2de1f", kill_on_drop: false }`
[INFO] [stdout] 2c1f2adf6a00fcdbf06a80e58697cb20d0ce437e3bb54b8b19f9143b87d2de1f
[INFO] running `Command { std: "docker" "create" "-v" "/var/lib/crater-agent-workspace/builds/worker-7-tc1/target:/opt/rustwide/target:rw,Z" "-v" "/var/lib/crater-agent-workspace/builds/worker-7-tc1/source:/opt/rustwide/workdir:ro,Z" "-v" "/var/lib/crater-agent-workspace/cargo-home:/opt/rustwide/cargo-home:ro,Z" "-v" "/var/lib/crater-agent-workspace/rustup-home:/opt/rustwide/rustup-home:ro,Z" "-e" "SOURCE_DIR=/opt/rustwide/workdir" "-e" "CARGO_TARGET_DIR=/opt/rustwide/target" "-e" "CARGO_INCREMENTAL=0" "-e" "RUST_BACKTRACE=full" "-e" "RUSTFLAGS=--cap-lints=warn" "-e" "RUSTDOCFLAGS=--cap-lints=warn" "-e" "CARGO_HOME=/opt/rustwide/cargo-home" "-e" "RUSTUP_HOME=/opt/rustwide/rustup-home" "-w" "/opt/rustwide/workdir" "-m" "1610612736" "--user" "0:0" "--network" "none" "ghcr.io/rust-lang/crates-build-env/linux@sha256:2788e3201cd34a07e3172128adcd8b3090168a8e3bcc40d7c032b9dda1df7d1c" "/opt/rustwide/cargo-home/bin/cargo" "+1.75.0" "test" "--frozen", kill_on_drop: false }`
[INFO] [stdout] 2718ada2e2f415a23c33ce25077def0187a563cbd42e28db808a23926b2456cb
[INFO] running `Command { std: "docker" "start" "-a" "2718ada2e2f415a23c33ce25077def0187a563cbd42e28db808a23926b2456cb", kill_on_drop: false }`
[INFO] [stderr] warning: unused import: `std::env`
[INFO] [stderr]  --> src/main.rs:1:5
[INFO] [stderr]   |
[INFO] [stderr] 1 | use std::env;
[INFO] [stderr]   |     ^^^^^^^^
[INFO] [stderr]   |
[INFO] [stderr]   = note: `#[warn(unused_imports)]` on by default
[INFO] [stderr] 
[INFO] [stderr] warning: unused imports: `Arg`, `Command`
[INFO] [stderr]  --> src/main.rs:2:20
[INFO] [stderr]   |
[INFO] [stderr] 2 | use clap::{Parser, Command, Arg, ValueEnum};
[INFO] [stderr]   |                    ^^^^^^^  ^^^
[INFO] [stderr] 
[INFO] [stderr] warning: unreachable pattern
[INFO] [stderr]   --> src/main.rs:87:9
[INFO] [stderr]    |
[INFO] [stderr] 87 |         _ => unreachable!(),
[INFO] [stderr]    |         ^
[INFO] [stderr]    |
[INFO] [stderr]    = note: `#[warn(unreachable_patterns)]` on by default
[INFO] [stderr] 
[INFO] [stderr] warning: `tun-route-daemon` (bin "tun-route-daemon" test) generated 3 warnings (run `cargo fix --bin "tun-route-daemon" --tests` to apply 2 suggestions)
[INFO] [stderr]     Finished test [unoptimized + debuginfo] target(s) in 0.06s
[INFO] [stderr]      Running unittests src/lib.rs (/opt/rustwide/target/debug/deps/tun_route_daemon-c9c8523e0952b1d3)
[INFO] [stdout] 
[INFO] [stdout] running 2 tests
[INFO] [stdout] test route_utils::set_specific_route::tests::test_set_specific_route ... FAILED
[INFO] [stdout] test route_utils::store_old_route::tests::test_get_default_route ... FAILED
[INFO] [stdout] 
[INFO] [stdout] failures:
[INFO] [stdout] 
[INFO] [stdout] ---- route_utils::set_specific_route::tests::test_set_specific_route stdout ----
[INFO] [stdout] Setting specific route: Route { destination: 192.168.2.2, prefix: 32, gateway: Some(192.168.2.1), ifindex: None, table: 254 }
[INFO] [stdout] thread 'route_utils::set_specific_route::tests::test_set_specific_route' panicked at src/route_utils/set_specific_route.rs:32:9:
[INFO] [stdout] Setting specific route failed
[INFO] [stdout] stack backtrace:
[INFO] [stdout]    0:     0x5615bf5c49ec - std::backtrace_rs::backtrace::libunwind::trace::ha637c64ce894333a
[INFO] [stdout]                                at /rustc/82e1608dfa6e0b5569232559e3d385fea5a93112/library/std/src/../../backtrace/src/backtrace/libunwind.rs:104:5
[INFO] [stdout]    1:     0x5615bf5c49ec - std::backtrace_rs::backtrace::trace_unsynchronized::h47f62dea28e0c88d
[INFO] [stdout]                                at /rustc/82e1608dfa6e0b5569232559e3d385fea5a93112/library/std/src/../../backtrace/src/backtrace/mod.rs:66:5
[INFO] [stdout]    2:     0x5615bf5c49ec - std::sys_common::backtrace::_print_fmt::h9eef0abe20ede486
[INFO] [stdout]                                at /rustc/82e1608dfa6e0b5569232559e3d385fea5a93112/library/std/src/sys_common/backtrace.rs:67:5
[INFO] [stdout]    3:     0x5615bf5c49ec - <std::sys_common::backtrace::_print::DisplayBacktrace as core::fmt::Display>::fmt::hed7f999df88cc644
[INFO] [stdout]                                at /rustc/82e1608dfa6e0b5569232559e3d385fea5a93112/library/std/src/sys_common/backtrace.rs:44:22
[INFO] [stdout]    4:     0x5615bf5f04b0 - core::fmt::rt::Argument::fmt::h1539a9308b8d058d
[INFO] [stdout]                                at /rustc/82e1608dfa6e0b5569232559e3d385fea5a93112/library/core/src/fmt/rt.rs:142:9
[INFO] [stdout]    5:     0x5615bf5f04b0 - core::fmt::write::h3a39390d8560d9c9
[INFO] [stdout]                                at /rustc/82e1608dfa6e0b5569232559e3d385fea5a93112/library/core/src/fmt/mod.rs:1120:17
[INFO] [stdout]    6:     0x5615bf5c20ef - std::io::Write::write_fmt::h040b369f3a0f9cbc
[INFO] [stdout]                                at /rustc/82e1608dfa6e0b5569232559e3d385fea5a93112/library/std/src/io/mod.rs:1762:15
[INFO] [stdout]    7:     0x5615bf5c47d4 - std::sys_common::backtrace::_print::h894006fb5c6f3d45
[INFO] [stdout]                                at /rustc/82e1608dfa6e0b5569232559e3d385fea5a93112/library/std/src/sys_common/backtrace.rs:47:5
[INFO] [stdout]    8:     0x5615bf5c47d4 - std::sys_common::backtrace::print::h23a2d212c6fff936
[INFO] [stdout]                                at /rustc/82e1608dfa6e0b5569232559e3d385fea5a93112/library/std/src/sys_common/backtrace.rs:34:9
[INFO] [stdout]    9:     0x5615bf5c6497 - std::panicking::default_hook::{{closure}}::h8a1d2ee00185001a
[INFO] [stdout]   10:     0x5615bf5c6183 - std::panicking::default_hook::h6038f2eba384e475
[INFO] [stdout]                                at /rustc/82e1608dfa6e0b5569232559e3d385fea5a93112/library/std/src/panicking.rs:289:9
[INFO] [stdout]   11:     0x5615bf3f2197 - <alloc::boxed::Box<F,A> as core::ops::function::Fn<Args>>::call::h0ad024c9bdc6d768
[INFO] [stdout]                                at /rustc/82e1608dfa6e0b5569232559e3d385fea5a93112/library/alloc/src/boxed.rs:2021:9
[INFO] [stdout]   12:     0x5615bf3f2197 - test::test_main::{{closure}}::h7500b54257359db6
[INFO] [stdout]                                at /rustc/82e1608dfa6e0b5569232559e3d385fea5a93112/library/test/src/lib.rs:138:21
[INFO] [stdout]   13:     0x5615bf5c6aa8 - <alloc::boxed::Box<F,A> as core::ops::function::Fn<Args>>::call::h1f8f335eaa9cfaee
[INFO] [stdout]                                at /rustc/82e1608dfa6e0b5569232559e3d385fea5a93112/library/alloc/src/boxed.rs:2021:9
[INFO] [stdout]   14:     0x5615bf5c6aa8 - std::panicking::rust_panic_with_hook::h2b5517d590cab22e
[INFO] [stdout]                                at /rustc/82e1608dfa6e0b5569232559e3d385fea5a93112/library/std/src/panicking.rs:783:13
[INFO] [stdout]   15:     0x5615bf5c67c9 - std::panicking::begin_panic_handler::{{closure}}::h233112c06e0ef43e
[INFO] [stdout]                                at /rustc/82e1608dfa6e0b5569232559e3d385fea5a93112/library/std/src/panicking.rs:649:13
[INFO] [stdout]   16:     0x5615bf5c4eb6 - std::sys_common::backtrace::__rust_end_short_backtrace::h6e893f24d7ebbff8
[INFO] [stdout]                                at /rustc/82e1608dfa6e0b5569232559e3d385fea5a93112/library/std/src/sys_common/backtrace.rs:170:18
[INFO] [stdout]   17:     0x5615bf5c6562 - rust_begin_unwind
[INFO] [stdout]                                at /rustc/82e1608dfa6e0b5569232559e3d385fea5a93112/library/std/src/panicking.rs:645:5
[INFO] [stdout]   18:     0x5615bf3afdd5 - core::panicking::panic_fmt::hbf0e066aabfa482c
[INFO] [stdout]                                at /rustc/82e1608dfa6e0b5569232559e3d385fea5a93112/library/core/src/panicking.rs:72:14
[INFO] [stdout]   19:     0x5615bf3be77e - tun_route_daemon::route_utils::set_specific_route::tests::test_set_specific_route::{{closure}}::heace8f1533a5e9ef
[INFO] [stdout]                                at /opt/rustwide/workdir/src/route_utils/set_specific_route.rs:32:9
[INFO] [stdout]   20:     0x5615bf3bb2db - <core::pin::Pin<P> as core::future::future::Future>::poll::hd6ff1bdf20b6584b
[INFO] [stdout]                                at /rustc/82e1608dfa6e0b5569232559e3d385fea5a93112/library/core/src/future/future.rs:125:9
[INFO] [stdout]   21:     0x5615bf3bb31b - <core::pin::Pin<P> as core::future::future::Future>::poll::hda883f59ff22d32e
[INFO] [stdout]                                at /rustc/82e1608dfa6e0b5569232559e3d385fea5a93112/library/core/src/future/future.rs:125:9
[INFO] [stdout]   22:     0x5615bf3b5d34 - tokio::runtime::scheduler::current_thread::CoreGuard::block_on::{{closure}}::{{closure}}::{{closure}}::h68016abbe1a6fd69
[INFO] [stdout]                                at /opt/rustwide/cargo-home/registry/src/index.crates.io-6f17d22bba15001f/tokio-1.32.0/src/runtime/scheduler/current_thread/mod.rs:665:57
[INFO] [stdout]   23:     0x5615bf3b5c60 - tokio::runtime::coop::with_budget::h0dc6f058300f2214
[INFO] [stdout]                                at /opt/rustwide/cargo-home/registry/src/index.crates.io-6f17d22bba15001f/tokio-1.32.0/src/runtime/coop.rs:107:5
[INFO] [stdout]   24:     0x5615bf3b5c60 - tokio::runtime::coop::budget::hbfee1bdb94415711
[INFO] [stdout]                                at /opt/rustwide/cargo-home/registry/src/index.crates.io-6f17d22bba15001f/tokio-1.32.0/src/runtime/coop.rs:73:5
[INFO] [stdout]   25:     0x5615bf3b5c60 - tokio::runtime::scheduler::current_thread::CoreGuard::block_on::{{closure}}::{{closure}}::hff4a51af382459d7
[INFO] [stdout]                                at /opt/rustwide/cargo-home/registry/src/index.crates.io-6f17d22bba15001f/tokio-1.32.0/src/runtime/scheduler/current_thread/mod.rs:665:25
[INFO] [stdout]   26:     0x5615bf3b44fa - tokio::runtime::scheduler::current_thread::Context::enter::ha3a12c23d200c12b
[INFO] [stdout]                                at /opt/rustwide/cargo-home/registry/src/index.crates.io-6f17d22bba15001f/tokio-1.32.0/src/runtime/scheduler/current_thread/mod.rs:410:19
[INFO] [stdout]   27:     0x5615bf3b53de - tokio::runtime::scheduler::current_thread::CoreGuard::block_on::{{closure}}::he0446b6d16c3959e
[INFO] [stdout]                                at /opt/rustwide/cargo-home/registry/src/index.crates.io-6f17d22bba15001f/tokio-1.32.0/src/runtime/scheduler/current_thread/mod.rs:664:36
[INFO] [stdout]   28:     0x5615bf3b50e2 - tokio::runtime::scheduler::current_thread::CoreGuard::enter::{{closure}}::h8dcd369897fa26e0
[INFO] [stdout]                                at /opt/rustwide/cargo-home/registry/src/index.crates.io-6f17d22bba15001f/tokio-1.32.0/src/runtime/scheduler/current_thread/mod.rs:743:68
[INFO] [stdout]   29:     0x5615bf3bac1a - tokio::runtime::context::scoped::Scoped<T>::set::h779a1fb878b4b686
[INFO] [stdout]                                at /opt/rustwide/cargo-home/registry/src/index.crates.io-6f17d22bba15001f/tokio-1.32.0/src/runtime/context/scoped.rs:40:9
[INFO] [stdout]   30:     0x5615bf3ba9ba - tokio::runtime::context::set_scheduler::{{closure}}::hae5f07171d8fb3b0
[INFO] [stdout]                                at /opt/rustwide/cargo-home/registry/src/index.crates.io-6f17d22bba15001f/tokio-1.32.0/src/runtime/context.rs:176:26
[INFO] [stdout]   31:     0x5615bf3b1173 - std::thread::local::LocalKey<T>::try_with::hba5ec7caf150122a
[INFO] [stdout]                                at /rustc/82e1608dfa6e0b5569232559e3d385fea5a93112/library/std/src/thread/local.rs:270:16
[INFO] [stdout]   32:     0x5615bf3b0a6d - std::thread::local::LocalKey<T>::with::ha85f36b63c4f1a49
[INFO] [stdout]                                at /rustc/82e1608dfa6e0b5569232559e3d385fea5a93112/library/std/src/thread/local.rs:246:9
[INFO] [stdout]   33:     0x5615bf3ba961 - tokio::runtime::context::set_scheduler::h4333295f3da637a6
[INFO] [stdout]                                at /opt/rustwide/cargo-home/registry/src/index.crates.io-6f17d22bba15001f/tokio-1.32.0/src/runtime/context.rs:176:9
[INFO] [stdout]   34:     0x5615bf3b4e39 - tokio::runtime::scheduler::current_thread::CoreGuard::enter::hbc4e1959c55cd39c
[INFO] [stdout]                                at /opt/rustwide/cargo-home/registry/src/index.crates.io-6f17d22bba15001f/tokio-1.32.0/src/runtime/scheduler/current_thread/mod.rs:743:27
[INFO] [stdout]   35:     0x5615bf3b510d - tokio::runtime::scheduler::current_thread::CoreGuard::block_on::he4cfdd7f29eba233
[INFO] [stdout]                                at /opt/rustwide/cargo-home/registry/src/index.crates.io-6f17d22bba15001f/tokio-1.32.0/src/runtime/scheduler/current_thread/mod.rs:652:19
[INFO] [stdout]   36:     0x5615bf3b3f16 - tokio::runtime::scheduler::current_thread::CurrentThread::block_on::{{closure}}::h3d51f36717eccf0e
[INFO] [stdout]                                at /opt/rustwide/cargo-home/registry/src/index.crates.io-6f17d22bba15001f/tokio-1.32.0/src/runtime/scheduler/current_thread/mod.rs:175:28
[INFO] [stdout]   37:     0x5615bf3b354a - tokio::runtime::context::runtime::enter_runtime::h80b07c7bc77b930c
[INFO] [stdout]                                at /opt/rustwide/cargo-home/registry/src/index.crates.io-6f17d22bba15001f/tokio-1.32.0/src/runtime/context/runtime.rs:65:16
[INFO] [stdout]   38:     0x5615bf3b3e10 - tokio::runtime::scheduler::current_thread::CurrentThread::block_on::h9dfe830cd2167bcd
[INFO] [stdout]                                at /opt/rustwide/cargo-home/registry/src/index.crates.io-6f17d22bba15001f/tokio-1.32.0/src/runtime/scheduler/current_thread/mod.rs:167:9
[INFO] [stdout]   39:     0x5615bf3b3ca9 - tokio::runtime::runtime::Runtime::block_on::hc9f47c2909341a25
[INFO] [stdout]                                at /opt/rustwide/cargo-home/registry/src/index.crates.io-6f17d22bba15001f/tokio-1.32.0/src/runtime/runtime.rs:347:47
[INFO] [stdout]   40:     0x5615bf3be3aa - tun_route_daemon::route_utils::set_specific_route::tests::test_set_specific_route::hd1de462c6ba7cbe5
[INFO] [stdout]                                at /opt/rustwide/workdir/src/route_utils/set_specific_route.rs:34:9
[INFO] [stdout]   41:     0x5615bf3be237 - tun_route_daemon::route_utils::set_specific_route::tests::test_set_specific_route::{{closure}}::h40d510e6366bdc4d
[INFO] [stdout]                                at /opt/rustwide/workdir/src/route_utils/set_specific_route.rs:21:43
[INFO] [stdout]   42:     0x5615bf3b16e6 - core::ops::function::FnOnce::call_once::hc7ab252d940d9589
[INFO] [stdout]                                at /rustc/82e1608dfa6e0b5569232559e3d385fea5a93112/library/core/src/ops/function.rs:250:5
[INFO] [stdout]   43:     0x5615bf3f77ef - core::ops::function::FnOnce::call_once::h2b5d431d5046312d
[INFO] [stdout]                                at /rustc/82e1608dfa6e0b5569232559e3d385fea5a93112/library/core/src/ops/function.rs:250:5
[INFO] [stdout]   44:     0x5615bf3f77ef - test::__rust_begin_short_backtrace::h7714669af176e207
[INFO] [stdout]                                at /rustc/82e1608dfa6e0b5569232559e3d385fea5a93112/library/test/src/lib.rs:628:18
[INFO] [stdout]   45:     0x5615bf3f6805 - test::run_test_in_process::{{closure}}::h85218797dcbcec12
[INFO] [stdout]                                at /rustc/82e1608dfa6e0b5569232559e3d385fea5a93112/library/test/src/lib.rs:651:60
[INFO] [stdout]   46:     0x5615bf3f6805 - <core::panic::unwind_safe::AssertUnwindSafe<F> as core::ops::function::FnOnce<()>>::call_once::h76c106ea31c14d7b
[INFO] [stdout]                                at /rustc/82e1608dfa6e0b5569232559e3d385fea5a93112/library/core/src/panic/unwind_safe.rs:272:9
[INFO] [stdout]   47:     0x5615bf3f6805 - std::panicking::try::do_call::h3bd5d0f6620ee946
[INFO] [stdout]                                at /rustc/82e1608dfa6e0b5569232559e3d385fea5a93112/library/std/src/panicking.rs:552:40
[INFO] [stdout]   48:     0x5615bf3f6805 - std::panicking::try::h232e535e4744fe31
[INFO] [stdout]                                at /rustc/82e1608dfa6e0b5569232559e3d385fea5a93112/library/std/src/panicking.rs:516:19
[INFO] [stdout]   49:     0x5615bf3f6805 - std::panic::catch_unwind::h3ce3bd6ca8dbac68
[INFO] [stdout]                                at /rustc/82e1608dfa6e0b5569232559e3d385fea5a93112/library/std/src/panic.rs:142:14
[INFO] [stdout]   50:     0x5615bf3f6805 - test::run_test_in_process::hc97b257c9621286a
[INFO] [stdout]                                at /rustc/82e1608dfa6e0b5569232559e3d385fea5a93112/library/test/src/lib.rs:651:27
[INFO] [stdout]   51:     0x5615bf3f6805 - test::run_test::{{closure}}::h2aa798823a438d38
[INFO] [stdout]                                at /rustc/82e1608dfa6e0b5569232559e3d385fea5a93112/library/test/src/lib.rs:574:43
[INFO] [stdout]   52:     0x5615bf3beac6 - test::run_test::{{closure}}::h87d231c78fb59832
[INFO] [stdout]                                at /rustc/82e1608dfa6e0b5569232559e3d385fea5a93112/library/test/src/lib.rs:602:41
[INFO] [stdout]   53:     0x5615bf3beac6 - std::sys_common::backtrace::__rust_begin_short_backtrace::he6df152596625789
[INFO] [stdout]                                at /rustc/82e1608dfa6e0b5569232559e3d385fea5a93112/library/std/src/sys_common/backtrace.rs:154:18
[INFO] [stdout]   54:     0x5615bf3c3b77 - std::thread::Builder::spawn_unchecked_::{{closure}}::{{closure}}::ha94be15d1e0acf36
[INFO] [stdout]                                at /rustc/82e1608dfa6e0b5569232559e3d385fea5a93112/library/std/src/thread/mod.rs:529:17
[INFO] [stdout]   55:     0x5615bf3c3b77 - <core::panic::unwind_safe::AssertUnwindSafe<F> as core::ops::function::FnOnce<()>>::call_once::h9dc6bd6372f16606
[INFO] [stdout]                                at /rustc/82e1608dfa6e0b5569232559e3d385fea5a93112/library/core/src/panic/unwind_safe.rs:272:9
[INFO] [stdout]   56:     0x5615bf3c3b77 - std::panicking::try::do_call::h9057517f80303cd4
[INFO] [stdout]                                at /rustc/82e1608dfa6e0b5569232559e3d385fea5a93112/library/std/src/panicking.rs:552:40
[INFO] [stdout]   57:     0x5615bf3c3b77 - std::panicking::try::he3a30b11ee45340c
[INFO] [stdout]                                at /rustc/82e1608dfa6e0b5569232559e3d385fea5a93112/library/std/src/panicking.rs:516:19
[INFO] [stdout]   58:     0x5615bf3c3b77 - std::panic::catch_unwind::h410458cfd3528b8b
[INFO] [stdout]                                at /rustc/82e1608dfa6e0b5569232559e3d385fea5a93112/library/std/src/panic.rs:142:14
[INFO] [stdout]   59:     0x5615bf3c3b77 - std::thread::Builder::spawn_unchecked_::{{closure}}::h72ac3bdb567b737b
[INFO] [stdout]                                at /rustc/82e1608dfa6e0b5569232559e3d385fea5a93112/library/std/src/thread/mod.rs:528:30
[INFO] [stdout]   60:     0x5615bf3c3b77 - core::ops::function::FnOnce::call_once{{vtable.shim}}::h38f34da3654a8344
[INFO] [stdout]                                at /rustc/82e1608dfa6e0b5569232559e3d385fea5a93112/library/core/src/ops/function.rs:250:5
[INFO] [stdout]   61:     0x5615bf5cb6b5 - <alloc::boxed::Box<F,A> as core::ops::function::FnOnce<Args>>::call_once::hc7eafaff61e32df9
[INFO] [stdout]                                at /rustc/82e1608dfa6e0b5569232559e3d385fea5a93112/library/alloc/src/boxed.rs:2007:9
[INFO] [stdout]   62:     0x5615bf5cb6b5 - <alloc::boxed::Box<F,A> as core::ops::function::FnOnce<Args>>::call_once::h6ba4a5de48dd2304
[INFO] [stdout]                                at /rustc/82e1608dfa6e0b5569232559e3d385fea5a93112/library/alloc/src/boxed.rs:2007:9
[INFO] [stdout]   63:     0x5615bf5cb6b5 - std::sys::unix::thread::Thread::new::thread_start::he469335aef763e45
[INFO] [stdout]                                at /rustc/82e1608dfa6e0b5569232559e3d385fea5a93112/library/std/src/sys/unix/thread.rs:108:17
[INFO] [stdout]   64:     0x7fa2be7acac3 - <unknown>
[INFO] [stdout]   65:     0x7fa2be83dbf4 - __clone
[INFO] [stdout]   66:                0x0 - <unknown>
[INFO] [stdout] 
[INFO] [stdout] ---- route_utils::store_old_route::tests::test_get_default_route stdout ----
[INFO] [stdout] No default route found.
[INFO] [stdout] thread 'route_utils::store_old_route::tests::test_get_default_route' panicked at src/route_utils/store_old_route.rs:24:37:
[INFO] [stdout] called `Result::unwrap()` on an `Err` value: AddrParseError(Ip)
[INFO] [stdout] stack backtrace:
[INFO] [stdout]    0:     0x5615bf5c49ec - std::backtrace_rs::backtrace::libunwind::trace::ha637c64ce894333a
[INFO] [stdout]                                at /rustc/82e1608dfa6e0b5569232559e3d385fea5a93112/library/std/src/../../backtrace/src/backtrace/libunwind.rs:104:5
[INFO] [stdout]    1:     0x5615bf5c49ec - std::backtrace_rs::backtrace::trace_unsynchronized::h47f62dea28e0c88d
[INFO] [stdout]                                at /rustc/82e1608dfa6e0b5569232559e3d385fea5a93112/library/std/src/../../backtrace/src/backtrace/mod.rs:66:5
[INFO] [stdout]    2:     0x5615bf5c49ec - std::sys_common::backtrace::_print_fmt::h9eef0abe20ede486
[INFO] [stdout]                                at /rustc/82e1608dfa6e0b5569232559e3d385fea5a93112/library/std/src/sys_common/backtrace.rs:67:5
[INFO] [stdout]    3:     0x5615bf5c49ec - <std::sys_common::backtrace::_print::DisplayBacktrace as core::fmt::Display>::fmt::hed7f999df88cc644
[INFO] [stdout]                                at /rustc/82e1608dfa6e0b5569232559e3d385fea5a93112/library/std/src/sys_common/backtrace.rs:44:22
[INFO] [stdout]    4:     0x5615bf5f04b0 - core::fmt::rt::Argument::fmt::h1539a9308b8d058d
[INFO] [stdout]                                at /rustc/82e1608dfa6e0b5569232559e3d385fea5a93112/library/core/src/fmt/rt.rs:142:9
[INFO] [stdout]    5:     0x5615bf5f04b0 - core::fmt::write::h3a39390d8560d9c9
[INFO] [stdout]                                at /rustc/82e1608dfa6e0b5569232559e3d385fea5a93112/library/core/src/fmt/mod.rs:1120:17
[INFO] [stdout]    6:     0x5615bf5c20ef - std::io::Write::write_fmt::h040b369f3a0f9cbc
[INFO] [stdout]                                at /rustc/82e1608dfa6e0b5569232559e3d385fea5a93112/library/std/src/io/mod.rs:1762:15
[INFO] [stdout]    7:     0x5615bf5c47d4 - std::sys_common::backtrace::_print::h894006fb5c6f3d45
[INFO] [stdout]                                at /rustc/82e1608dfa6e0b5569232559e3d385fea5a93112/library/std/src/sys_common/backtrace.rs:47:5
[INFO] [stdout]    8:     0x5615bf5c47d4 - std::sys_common::backtrace::print::h23a2d212c6fff936
[INFO] [stdout]                                at /rustc/82e1608dfa6e0b5569232559e3d385fea5a93112/library/std/src/sys_common/backtrace.rs:34:9
[INFO] [stdout]    9:     0x5615bf5c6497 - std::panicking::default_hook::{{closure}}::h8a1d2ee00185001a
[INFO] [stdout]   10:     0x5615bf5c6183 - std::panicking::default_hook::h6038f2eba384e475
[INFO] [stdout]                                at /rustc/82e1608dfa6e0b5569232559e3d385fea5a93112/library/std/src/panicking.rs:289:9
[INFO] [stdout]   11:     0x5615bf3f2197 - <alloc::boxed::Box<F,A> as core::ops::function::Fn<Args>>::call::h0ad024c9bdc6d768
[INFO] [stdout]                                at /rustc/82e1608dfa6e0b5569232559e3d385fea5a93112/library/alloc/src/boxed.rs:2021:9
[INFO] [stdout]   12:     0x5615bf3f2197 - test::test_main::{{closure}}::h7500b54257359db6
[INFO] [stdout]                                at /rustc/82e1608dfa6e0b5569232559e3d385fea5a93112/library/test/src/lib.rs:138:21
[INFO] [stdout]   13:     0x5615bf5c6aa8 - <alloc::boxed::Box<F,A> as core::ops::function::Fn<Args>>::call::h1f8f335eaa9cfaee
[INFO] [stdout]                                at /rustc/82e1608dfa6e0b5569232559e3d385fea5a93112/library/alloc/src/boxed.rs:2021:9
[INFO] [stdout]   14:     0x5615bf5c6aa8 - std::panicking::rust_panic_with_hook::h2b5517d590cab22e
[INFO] [stdout]                                at /rustc/82e1608dfa6e0b5569232559e3d385fea5a93112/library/std/src/panicking.rs:783:13
[INFO] [stdout]   15:     0x5615bf5c67fe - std::panicking::begin_panic_handler::{{closure}}::h233112c06e0ef43e
[INFO] [stdout]                                at /rustc/82e1608dfa6e0b5569232559e3d385fea5a93112/library/std/src/panicking.rs:657:13
[INFO] [stdout]   16:     0x5615bf5c4eb6 - std::sys_common::backtrace::__rust_end_short_backtrace::h6e893f24d7ebbff8
[INFO] [stdout]                                at /rustc/82e1608dfa6e0b5569232559e3d385fea5a93112/library/std/src/sys_common/backtrace.rs:170:18
[INFO] [stdout]   17:     0x5615bf5c6562 - rust_begin_unwind
[INFO] [stdout]                                at /rustc/82e1608dfa6e0b5569232559e3d385fea5a93112/library/std/src/panicking.rs:645:5
[INFO] [stdout]   18:     0x5615bf3afdd5 - core::panicking::panic_fmt::hbf0e066aabfa482c
[INFO] [stdout]                                at /rustc/82e1608dfa6e0b5569232559e3d385fea5a93112/library/core/src/panicking.rs:72:14
[INFO] [stdout]   19:     0x5615bf3b0403 - core::result::unwrap_failed::hddb4fea594200c52
[INFO] [stdout]                                at /rustc/82e1608dfa6e0b5569232559e3d385fea5a93112/library/core/src/result.rs:1653:5
[INFO] [stdout]   20:     0x5615bf3b2ae4 - core::result::Result<T,E>::unwrap::h320af85a32adc714
[INFO] [stdout]                                at /rustc/82e1608dfa6e0b5569232559e3d385fea5a93112/library/core/src/result.rs:1077:23
[INFO] [stdout]   21:     0x5615bf3bdf87 - tun_route_daemon::route_utils::store_old_route::get::{{closure}}::h691bec7b1d82c3ae
[INFO] [stdout]                                at /opt/rustwide/workdir/src/route_utils/store_old_route.rs:24:16
[INFO] [stdout]   22:     0x5615bf3b80ea - tun_route_daemon::route_utils::store_old_route::tests::test_get_default_route::{{closure}}::h0d7a91bb85aae911
[INFO] [stdout]                                at /opt/rustwide/workdir/src/route_utils/store_old_route.rs:36:36
[INFO] [stdout]   23:     0x5615bf3bb2db - <core::pin::Pin<P> as core::future::future::Future>::poll::hd6ff1bdf20b6584b
[INFO] [stdout]                                at /rustc/82e1608dfa6e0b5569232559e3d385fea5a93112/library/core/src/future/future.rs:125:9
[INFO] [stdout]   24:     0x5615bf3bb31b - <core::pin::Pin<P> as core::future::future::Future>::poll::hda883f59ff22d32e
[INFO] [stdout]                                at /rustc/82e1608dfa6e0b5569232559e3d385fea5a93112/library/core/src/future/future.rs:125:9
[INFO] [stdout]   25:     0x5615bf3b5d34 - tokio::runtime::scheduler::current_thread::CoreGuard::block_on::{{closure}}::{{closure}}::{{closure}}::h68016abbe1a6fd69
[INFO] [stdout]                                at /opt/rustwide/cargo-home/registry/src/index.crates.io-6f17d22bba15001f/tokio-1.32.0/src/runtime/scheduler/current_thread/mod.rs:665:57
[INFO] [stdout]   26:     0x5615bf3b5c60 - tokio::runtime::coop::with_budget::h0dc6f058300f2214
[INFO] [stdout]                                at /opt/rustwide/cargo-home/registry/src/index.crates.io-6f17d22bba15001f/tokio-1.32.0/src/runtime/coop.rs:107:5
[INFO] [stdout]   27:     0x5615bf3b5c60 - tokio::runtime::coop::budget::hbfee1bdb94415711
[INFO] [stdout]                                at /opt/rustwide/cargo-home/registry/src/index.crates.io-6f17d22bba15001f/tokio-1.32.0/src/runtime/coop.rs:73:5
[INFO] [stdout]   28:     0x5615bf3b5c60 - tokio::runtime::scheduler::current_thread::CoreGuard::block_on::{{closure}}::{{closure}}::hff4a51af382459d7
[INFO] [stdout]                                at /opt/rustwide/cargo-home/registry/src/index.crates.io-6f17d22bba15001f/tokio-1.32.0/src/runtime/scheduler/current_thread/mod.rs:665:25
[INFO] [stdout]   29:     0x5615bf3b44fa - tokio::runtime::scheduler::current_thread::Context::enter::ha3a12c23d200c12b
[INFO] [stdout]                                at /opt/rustwide/cargo-home/registry/src/index.crates.io-6f17d22bba15001f/tokio-1.32.0/src/runtime/scheduler/current_thread/mod.rs:410:19
[INFO] [stdout]   30:     0x5615bf3b53de - tokio::runtime::scheduler::current_thread::CoreGuard::block_on::{{closure}}::he0446b6d16c3959e
[INFO] [stdout]                                at /opt/rustwide/cargo-home/registry/src/index.crates.io-6f17d22bba15001f/tokio-1.32.0/src/runtime/scheduler/current_thread/mod.rs:664:36
[INFO] [stdout]   31:     0x5615bf3b50e2 - tokio::runtime::scheduler::current_thread::CoreGuard::enter::{{closure}}::h8dcd369897fa26e0
[INFO] [stdout]                                at /opt/rustwide/cargo-home/registry/src/index.crates.io-6f17d22bba15001f/tokio-1.32.0/src/runtime/scheduler/current_thread/mod.rs:743:68
[INFO] [stdout]   32:     0x5615bf3bac1a - tokio::runtime::context::scoped::Scoped<T>::set::h779a1fb878b4b686
[INFO] [stdout]                                at /opt/rustwide/cargo-home/registry/src/index.crates.io-6f17d22bba15001f/tokio-1.32.0/src/runtime/context/scoped.rs:40:9
[INFO] [stdout]   33:     0x5615bf3ba9ba - tokio::runtime::context::set_scheduler::{{closure}}::hae5f07171d8fb3b0
[INFO] [stdout]                                at /opt/rustwide/cargo-home/registry/src/index.crates.io-6f17d22bba15001f/tokio-1.32.0/src/runtime/context.rs:176:26
[INFO] [stdout]   34:     0x5615bf3b1173 - std::thread::local::LocalKey<T>::try_with::hba5ec7caf150122a
[INFO] [stdout]                                at /rustc/82e1608dfa6e0b5569232559e3d385fea5a93112/library/std/src/thread/local.rs:270:16
[INFO] [stdout]   35:     0x5615bf3b0a6d - std::thread::local::LocalKey<T>::with::ha85f36b63c4f1a49
[INFO] [stdout]                                at /rustc/82e1608dfa6e0b5569232559e3d385fea5a93112/library/std/src/thread/local.rs:246:9
[INFO] [stdout]   36:     0x5615bf3ba961 - tokio::runtime::context::set_scheduler::h4333295f3da637a6
[INFO] [stdout]                                at /opt/rustwide/cargo-home/registry/src/index.crates.io-6f17d22bba15001f/tokio-1.32.0/src/runtime/context.rs:176:9
[INFO] [stdout]   37:     0x5615bf3b4e39 - tokio::runtime::scheduler::current_thread::CoreGuard::enter::hbc4e1959c55cd39c
[INFO] [stdout]                                at /opt/rustwide/cargo-home/registry/src/index.crates.io-6f17d22bba15001f/tokio-1.32.0/src/runtime/scheduler/current_thread/mod.rs:743:27
[INFO] [stdout]   38:     0x5615bf3b510d - tokio::runtime::scheduler::current_thread::CoreGuard::block_on::he4cfdd7f29eba233
[INFO] [stdout]                                at /opt/rustwide/cargo-home/registry/src/index.crates.io-6f17d22bba15001f/tokio-1.32.0/src/runtime/scheduler/current_thread/mod.rs:652:19
[INFO] [stdout]   39:     0x5615bf3b3f16 - tokio::runtime::scheduler::current_thread::CurrentThread::block_on::{{closure}}::h3d51f36717eccf0e
[INFO] [stdout]                                at /opt/rustwide/cargo-home/registry/src/index.crates.io-6f17d22bba15001f/tokio-1.32.0/src/runtime/scheduler/current_thread/mod.rs:175:28
[INFO] [stdout]   40:     0x5615bf3b354a - tokio::runtime::context::runtime::enter_runtime::h80b07c7bc77b930c
[INFO] [stdout]                                at /opt/rustwide/cargo-home/registry/src/index.crates.io-6f17d22bba15001f/tokio-1.32.0/src/runtime/context/runtime.rs:65:16
[INFO] [stdout]   41:     0x5615bf3b3e10 - tokio::runtime::scheduler::current_thread::CurrentThread::block_on::h9dfe830cd2167bcd
[INFO] [stdout]                                at /opt/rustwide/cargo-home/registry/src/index.crates.io-6f17d22bba15001f/tokio-1.32.0/src/runtime/scheduler/current_thread/mod.rs:167:9
[INFO] [stdout]   42:     0x5615bf3b3ca9 - tokio::runtime::runtime::Runtime::block_on::hc9f47c2909341a25
[INFO] [stdout]                                at /opt/rustwide/cargo-home/registry/src/index.crates.io-6f17d22bba15001f/tokio-1.32.0/src/runtime/runtime.rs:347:47
[INFO] [stdout]   43:     0x5615bf3b7eda - tun_route_daemon::route_utils::store_old_route::tests::test_get_default_route::hd55a5e20069fd385
[INFO] [stdout]                                at /opt/rustwide/workdir/src/route_utils/store_old_route.rs:41:9
[INFO] [stdout]   44:     0x5615bf3b7d67 - tun_route_daemon::route_utils::store_old_route::tests::test_get_default_route::{{closure}}::h40cd4285244afbfc
[INFO] [stdout]                                at /opt/rustwide/workdir/src/route_utils/store_old_route.rs:35:42
[INFO] [stdout]   45:     0x5615bf3b1766 - core::ops::function::FnOnce::call_once::he34e815a3fada244
[INFO] [stdout]                                at /rustc/82e1608dfa6e0b5569232559e3d385fea5a93112/library/core/src/ops/function.rs:250:5
[INFO] [stdout]   46:     0x5615bf3f77ef - core::ops::function::FnOnce::call_once::h2b5d431d5046312d
[INFO] [stdout]                                at /rustc/82e1608dfa6e0b5569232559e3d385fea5a93112/library/core/src/ops/function.rs:250:5
[INFO] [stdout]   47:     0x5615bf3f77ef - test::__rust_begin_short_backtrace::h7714669af176e207
[INFO] [stdout]                                at /rustc/82e1608dfa6e0b5569232559e3d385fea5a93112/library/test/src/lib.rs:628:18
[INFO] [stdout]   48:     0x5615bf3f6805 - test::run_test_in_process::{{closure}}::h85218797dcbcec12
[INFO] [stdout]                                at /rustc/82e1608dfa6e0b5569232559e3d385fea5a93112/library/test/src/lib.rs:651:60
[INFO] [stdout]   49:     0x5615bf3f6805 - <core::panic::unwind_safe::AssertUnwindSafe<F> as core::ops::function::FnOnce<()>>::call_once::h76c106ea31c14d7b
[INFO] [stdout]                                at /rustc/82e1608dfa6e0b5569232559e3d385fea5a93112/library/core/src/panic/unwind_safe.rs:272:9
[INFO] [stdout]   50:     0x5615bf3f6805 - std::panicking::try::do_call::h3bd5d0f6620ee946
[INFO] [stdout]                                at /rustc/82e1608dfa6e0b5569232559e3d385fea5a93112/library/std/src/panicking.rs:552:40
[INFO] [stdout]   51:     0x5615bf3f6805 - std::panicking::try::h232e535e4744fe31
[INFO] [stdout]                                at /rustc/82e1608dfa6e0b5569232559e3d385fea5a93112/library/std/src/panicking.rs:516:19
[INFO] [stdout]   52:     0x5615bf3f6805 - std::panic::catch_unwind::h3ce3bd6ca8dbac68
[INFO] [stdout]                                at /rustc/82e1608dfa6e0b5569232559e3d385fea5a93112/library/std/src/panic.rs:142:14
[INFO] [stdout]   53:     0x5615bf3f6805 - test::run_test_in_process::hc97b257c9621286a
[INFO] [stdout]                                at /rustc/82e1608dfa6e0b5569232559e3d385fea5a93112/library/test/src/lib.rs:651:27
[INFO] [stdout]   54:     0x5615bf3f6805 - test::run_test::{{closure}}::h2aa798823a438d38
[INFO] [stdout]                                at /rustc/82e1608dfa6e0b5569232559e3d385fea5a93112/library/test/src/lib.rs:574:43
[INFO] [stdout]   55:     0x5615bf3beac6 - test::run_test::{{closure}}::h87d231c78fb59832
[INFO] [stdout]                                at /rustc/82e1608dfa6e0b5569232559e3d385fea5a93112/library/test/src/lib.rs:602:41
[INFO] [stdout]   56:     0x5615bf3beac6 - std::sys_common::backtrace::__rust_begin_short_backtrace::he6df152596625789
[INFO] [stdout]                                at /rustc/82e1608dfa6e0b5569232559e3d385fea5a93112/library/std/src/sys_common/backtrace.rs:154:18
[INFO] [stdout]   57:     0x5615bf3c3b77 - std::thread::Builder::spawn_unchecked_::{{closure}}::{{closure}}::ha94be15d1e0acf36
[INFO] [stdout]                                at /rustc/82e1608dfa6e0b5569232559e3d385fea5a93112/library/std/src/thread/mod.rs:529:17
[INFO] [stdout]   58:     0x5615bf3c3b77 - <core::panic::unwind_safe::AssertUnwindSafe<F> as core::ops::function::FnOnce<()>>::call_once::h9dc6bd6372f16606
[INFO] [stdout]                                at /rustc/82e1608dfa6e0b5569232559e3d385fea5a93112/library/core/src/panic/unwind_safe.rs:272:9
[INFO] [stdout]   59:     0x5615bf3c3b77 - std::panicking::try::do_call::h9057517f80303cd4
[INFO] [stdout]                                at /rustc/82e1608dfa6e0b5569232559e3d385fea5a93112/library/std/src/panicking.rs:552:40
[INFO] [stdout]   60:     0x5615bf3c3b77 - std::panicking::try::he3a30b11ee45340c
[INFO] [stdout]                                at /rustc/82e1608dfa6e0b5569232559e3d385fea5a93112/library/std/src/panicking.rs:516:19
[INFO] [stdout]   61:     0x5615bf3c3b77 - std::panic::catch_unwind::h410458cfd3528b8b
[INFO] [stdout]                                at /rustc/82e1608dfa6e0b5569232559e3d385fea5a93112/library/std/src/panic.rs:142:14
[INFO] [stdout]   62:     0x5615bf3c3b77 - std::thread::Builder::spawn_unchecked_::{{closure}}::h72ac3bdb567b737b
[INFO] [stdout]                                at /rustc/82e1608dfa6e0b5569232559e3d385fea5a93112/library/std/src/thread/mod.rs:528:30
[INFO] [stdout]   63:     0x5615bf3c3b77 - core::ops::function::FnOnce::call_once{{vtable.shim}}::h38f34da3654a8344
[INFO] [stdout]                                at /rustc/82e1608dfa6e0b5569232559e3d385fea5a93112/library/core/src/ops/function.rs:250:5
[INFO] [stdout]   64:     0x5615bf5cb6b5 - <alloc::boxed::Box<F,A> as core::ops::function::FnOnce<Args>>::call_once::hc7eafaff61e32df9
[INFO] [stdout]                                at /rustc/82e1608dfa6e0b5569232559e3d385fea5a93112/library/alloc/src/boxed.rs:2007:9
[INFO] [stdout]   65:     0x5615bf5cb6b5 - <alloc::boxed::Box<F,A> as core::ops::function::FnOnce<Args>>::call_once::h6ba4a5de48dd2304
[INFO] [stdout]                                at /rustc/82e1608dfa6e0b5569232559e3d385fea5a93112/library/alloc/src/boxed.rs:2007:9
[INFO] [stdout]   66:     0x5615bf5cb6b5 - std::sys::unix::thread::Thread::new::thread_start::he469335aef763e45
[INFO] [stdout]                                at /rustc/82e1608dfa6e0b5569232559e3d385fea5a93112/library/std/src/sys/unix/thread.rs:108:17
[INFO] [stdout]   67:     0x7fa2be7acac3 - <unknown>
[INFO] [stdout]   68:     0x7fa2be83dbf4 - __clone
[INFO] [stdout]   69:                0x0 - <unknown>
[INFO] [stdout] 
[INFO] [stdout] 
[INFO] [stdout] failures:
[INFO] [stdout]     route_utils::set_specific_route::tests::test_set_specific_route
[INFO] [stdout]     route_utils::store_old_route::tests::test_get_default_route
[INFO] [stdout] 
[INFO] [stdout] test result: FAILED. 0 passed; 2 failed; 0 ignored; 0 measured; 0 filtered out; finished in 0.03s
[INFO] [stdout] 
[INFO] [stderr] error: test failed, to rerun pass `--lib`
[INFO] running `Command { std: "docker" "inspect" "2718ada2e2f415a23c33ce25077def0187a563cbd42e28db808a23926b2456cb", kill_on_drop: false }`
[INFO] running `Command { std: "docker" "rm" "-f" "2718ada2e2f415a23c33ce25077def0187a563cbd42e28db808a23926b2456cb", kill_on_drop: false }`
[INFO] [stdout] 2718ada2e2f415a23c33ce25077def0187a563cbd42e28db808a23926b2456cb
[INFO] testing inceabdullah/tun-route-daemon against beta-2023-12-22 for beta-1.76-1
[INFO] running `Command { std: "git" "clone" "/workspace/cache/git-repos/https%3A%2F%2Fgithub.com%2Finceabdullah%2Ftun-route-daemon" "/workspace/builds/worker-7-tc2/source", kill_on_drop: false }`
[INFO] [stderr] Cloning into '/workspace/builds/worker-7-tc2/source'...
[INFO] [stderr] done.
[INFO] validating manifest of git repo https://github.com/inceabdullah/tun-route-daemon on toolchain beta-2023-12-22
[INFO] running `Command { std: CARGO_HOME="/workspace/cargo-home" RUSTUP_HOME="/workspace/rustup-home" "/workspace/cargo-home/bin/cargo" "+beta-2023-12-22" "metadata" "--manifest-path" "Cargo.toml" "--no-deps", kill_on_drop: false }`
[INFO] started tweaking git repo https://github.com/inceabdullah/tun-route-daemon
[INFO] finished tweaking git repo https://github.com/inceabdullah/tun-route-daemon
[INFO] tweaked toml for git repo https://github.com/inceabdullah/tun-route-daemon written to /workspace/builds/worker-7-tc2/source/Cargo.toml
[INFO] crate git repo https://github.com/inceabdullah/tun-route-daemon already has a lockfile, it will not be regenerated
[INFO] running `Command { std: CARGO_HOME="/workspace/cargo-home" RUSTUP_HOME="/workspace/rustup-home" "/workspace/cargo-home/bin/cargo" "+beta-2023-12-22" "fetch" "--manifest-path" "Cargo.toml", kill_on_drop: false }`
[INFO] running `Command { std: "docker" "create" "-v" "/var/lib/crater-agent-workspace/builds/worker-7-tc2/target:/opt/rustwide/target:rw,Z" "-v" "/var/lib/crater-agent-workspace/builds/worker-7-tc2/source:/opt/rustwide/workdir:ro,Z" "-v" "/var/lib/crater-agent-workspace/cargo-home:/opt/rustwide/cargo-home:ro,Z" "-v" "/var/lib/crater-agent-workspace/rustup-home:/opt/rustwide/rustup-home:ro,Z" "-e" "SOURCE_DIR=/opt/rustwide/workdir" "-e" "CARGO_TARGET_DIR=/opt/rustwide/target" "-e" "CARGO_HOME=/opt/rustwide/cargo-home" "-e" "RUSTUP_HOME=/opt/rustwide/rustup-home" "-w" "/opt/rustwide/workdir" "-m" "1610612736" "--user" "0:0" "--network" "none" "ghcr.io/rust-lang/crates-build-env/linux@sha256:2788e3201cd34a07e3172128adcd8b3090168a8e3bcc40d7c032b9dda1df7d1c" "/opt/rustwide/cargo-home/bin/cargo" "+beta-2023-12-22" "metadata" "--no-deps" "--format-version=1", kill_on_drop: false }`
[INFO] [stdout] 3459cd864b59440a8bb8204f5b60d767e58797704c75f5c19cb0562670345b7c
[INFO] running `Command { std: "docker" "start" "-a" "3459cd864b59440a8bb8204f5b60d767e58797704c75f5c19cb0562670345b7c", kill_on_drop: false }`
[INFO] running `Command { std: "docker" "inspect" "3459cd864b59440a8bb8204f5b60d767e58797704c75f5c19cb0562670345b7c", kill_on_drop: false }`
[INFO] running `Command { std: "docker" "rm" "-f" "3459cd864b59440a8bb8204f5b60d767e58797704c75f5c19cb0562670345b7c", kill_on_drop: false }`
[INFO] [stdout] 3459cd864b59440a8bb8204f5b60d767e58797704c75f5c19cb0562670345b7c
[INFO] running `Command { std: "docker" "create" "-v" "/var/lib/crater-agent-workspace/builds/worker-7-tc2/target:/opt/rustwide/target:rw,Z" "-v" "/var/lib/crater-agent-workspace/builds/worker-7-tc2/source:/opt/rustwide/workdir:ro,Z" "-v" "/var/lib/crater-agent-workspace/cargo-home:/opt/rustwide/cargo-home:ro,Z" "-v" "/var/lib/crater-agent-workspace/rustup-home:/opt/rustwide/rustup-home:ro,Z" "-e" "SOURCE_DIR=/opt/rustwide/workdir" "-e" "CARGO_TARGET_DIR=/opt/rustwide/target" "-e" "CARGO_INCREMENTAL=0" "-e" "RUST_BACKTRACE=full" "-e" "RUSTFLAGS=--cap-lints=warn" "-e" "RUSTDOCFLAGS=--cap-lints=warn" "-e" "CARGO_HOME=/opt/rustwide/cargo-home" "-e" "RUSTUP_HOME=/opt/rustwide/rustup-home" "-w" "/opt/rustwide/workdir" "-m" "1610612736" "--user" "0:0" "--network" "none" "ghcr.io/rust-lang/crates-build-env/linux@sha256:2788e3201cd34a07e3172128adcd8b3090168a8e3bcc40d7c032b9dda1df7d1c" "/opt/rustwide/cargo-home/bin/cargo" "+beta-2023-12-22" "build" "--frozen" "--message-format=json", kill_on_drop: false }`
[INFO] [stdout] 86222ebdfc30f85331c8978fc6cd52e40bbb748fdf7e4b7da24262049d511101
[INFO] running `Command { std: "docker" "start" "-a" "86222ebdfc30f85331c8978fc6cd52e40bbb748fdf7e4b7da24262049d511101", kill_on_drop: false }`
[INFO] [stderr]    Compiling proc-macro2 v1.0.66
[INFO] [stderr]    Compiling unicode-ident v1.0.11
[INFO] [stderr]    Compiling memchr v2.5.0
[INFO] [stderr]    Compiling autocfg v1.1.0
[INFO] [stderr]    Compiling libc v0.2.147
[INFO] [stderr]    Compiling cfg-if v1.0.0
[INFO] [stderr]    Compiling regex-syntax v0.7.5
[INFO] [stderr]    Compiling futures-core v0.3.28
[INFO] [stderr]    Compiling futures-channel v0.3.28
[INFO] [stderr]    Compiling pin-project-lite v0.2.13
[INFO] [stderr]    Compiling futures-task v0.3.28
[INFO] [stderr]    Compiling futures-sink v0.3.28
[INFO] [stderr]    Compiling futures-util v0.3.28
[INFO] [stderr]    Compiling bitflags v1.3.2
[INFO] [stderr]    Compiling anyhow v1.0.75
[INFO] [stderr]    Compiling parking_lot_core v0.9.8
[INFO] [stderr]    Compiling thiserror v1.0.47
[INFO] [stderr]    Compiling paste v1.0.14
[INFO] [stderr]    Compiling glob v0.3.1
[INFO] [stderr]    Compiling smallvec v1.11.0
[INFO] [stderr]    Compiling strsim v0.10.0
[INFO] [stderr]    Compiling pin-utils v0.1.0
[INFO] [stderr]    Compiling futures-io v0.3.28
[INFO] [stderr]    Compiling scopeguard v1.2.0
[INFO] [stderr]    Compiling no-std-net v0.6.0
[INFO] [stderr]    Compiling slab v0.4.9
[INFO] [stderr]    Compiling lock_api v0.4.10
[INFO] [stderr]    Compiling indexmap v1.9.3
[INFO] [stderr]    Compiling os_str_bytes v6.5.1
[INFO] [stderr]    Compiling hashbrown v0.12.3
[INFO] [stderr]    Compiling byteorder v1.4.3
[INFO] [stderr]    Compiling clang-sys v1.6.1
[INFO] [stderr]    Compiling minimal-lexical v0.2.1
[INFO] [stderr]    Compiling termcolor v1.2.0
[INFO] [stderr]    Compiling clap_lex v0.2.4
[INFO] [stderr]    Compiling pnet_base v0.34.0
[INFO] [stderr]    Compiling aho-corasick v1.0.4
[INFO] [stderr]    Compiling nom v7.1.3
[INFO] [stderr]    Compiling libloading v0.7.4
[INFO] [stderr]    Compiling quote v1.0.33
[INFO] [stderr]    Compiling bytes v1.4.0
[INFO] [stderr]    Compiling humantime v2.1.0
[INFO] [stderr]    Compiling either v1.9.0
[INFO] [stderr]    Compiling syn v2.0.29
[INFO] [stderr]    Compiling textwrap v0.16.0
[INFO] [stderr]    Compiling log v0.4.20
[INFO] [stderr]    Compiling bindgen v0.60.1
[INFO] [stderr]    Compiling atty v0.2.14
[INFO] [stderr]    Compiling serde v1.0.188
[INFO] [stderr]    Compiling which v4.4.0
[INFO] [stderr]    Compiling peeking_take_while v0.1.2
[INFO] [stderr]    Compiling lazycell v1.3.0
[INFO] [stderr]    Compiling lazy_static v1.4.0
[INFO] [stderr]    Compiling shlex v1.1.0
[INFO] [stderr]    Compiling utf8parse v0.2.1
[INFO] [stderr]    Compiling rustc-hash v1.1.0
[INFO] [stderr]    Compiling anstyle-parse v0.2.1
[INFO] [stderr]    Compiling pnet_macros_support v0.34.0
[INFO] [stderr]    Compiling colorchoice v1.0.0
[INFO] [stderr]    Compiling anstyle-query v1.0.0
[INFO] [stderr]    Compiling anstyle v1.0.2
[INFO] [stderr]    Compiling static_assertions v1.1.0
[INFO] [stderr]    Compiling heck v0.4.1
[INFO] [stderr]    Compiling pnet v0.34.0
[INFO] [stderr]    Compiling clap_lex v0.5.1
[INFO] [stderr]    Compiling clap v3.2.25
[INFO] [stderr]    Compiling once_cell v1.18.0
[INFO] [stderr]    Compiling anstream v0.5.0
[INFO] [stderr]    Compiling clap_builder v4.4.1
[INFO] [stderr]    Compiling socket2 v0.5.3
[INFO] [stderr]    Compiling signal-hook-registry v1.4.1
[INFO] [stderr]    Compiling num_cpus v1.16.0
[INFO] [stderr]    Compiling mio v0.8.8
[INFO] [stderr]    Compiling pnet_sys v0.34.0
[INFO] [stderr]    Compiling nix v0.26.2
[INFO] [stderr]    Compiling parking_lot v0.12.1
[INFO] [stderr]    Compiling regex-automata v0.3.7
[INFO] [stderr]    Compiling cexpr v0.6.0
[INFO] [stderr]    Compiling regex v1.9.4
[INFO] [stderr]    Compiling ipnetwork v0.20.0
[INFO] [stderr]    Compiling pnet_datalink v0.34.0
[INFO] [stderr]    Compiling futures-macro v0.3.28
[INFO] [stderr]    Compiling thiserror-impl v1.0.47
[INFO] [stderr]    Compiling tokio-macros v2.1.0
[INFO] [stderr]    Compiling async-stream-impl v0.3.5
[INFO] [stderr]    Compiling clap_derive v4.4.0
[INFO] [stderr]    Compiling env_logger v0.9.3
[INFO] [stderr]    Compiling async-stream v0.3.5
[INFO] [stderr]    Compiling tokio v1.32.0
[INFO] [stderr]    Compiling pnet_macros v0.34.0
[INFO] [stderr]    Compiling netlink-packet-utils v0.5.2
[INFO] [stderr]    Compiling netlink-packet-core v0.7.0
[INFO] [stderr]    Compiling netlink-packet-route v0.17.0
[INFO] [stderr]    Compiling clap v4.4.1
[INFO] [stderr]    Compiling pnet_packet v0.34.0
[INFO] [stderr]    Compiling futures-executor v0.3.28
[INFO] [stderr]    Compiling futures v0.3.28
[INFO] [stderr]    Compiling net-route v0.2.7
[INFO] [stderr]    Compiling netlink-sys v0.8.5
[INFO] [stderr]    Compiling netlink-proto v0.11.2
[INFO] [stderr]    Compiling pnet_transport v0.34.0
[INFO] [stderr]    Compiling rtnetlink v0.13.1
[INFO] [stderr]    Compiling tun-route-daemon v0.1.5 (/opt/rustwide/workdir)
[INFO] [stdout] warning: unused import: `std::env`
[INFO] [stdout]  --> src/main.rs:1:5
[INFO] [stdout]   |
[INFO] [stdout] 1 | use std::env;
[INFO] [stdout]   |     ^^^^^^^^
[INFO] [stdout]   |
[INFO] [stdout]   = note: `#[warn(unused_imports)]` on by default
[INFO] [stdout] 
[INFO] [stdout] 
[INFO] [stdout] warning: unused imports: `Arg`, `Command`
[INFO] [stdout]  --> src/main.rs:2:20
[INFO] [stdout]   |
[INFO] [stdout] 2 | use clap::{Parser, Command, Arg, ValueEnum};
[INFO] [stdout]   |                    ^^^^^^^  ^^^
[INFO] [stdout] 
[INFO] [stdout] 
[INFO] [stdout] warning: unreachable pattern
[INFO] [stdout]   --> src/main.rs:87:9
[INFO] [stdout]    |
[INFO] [stdout] 87 |         _ => unreachable!(),
[INFO] [stdout]    |         ^
[INFO] [stdout]    |
[INFO] [stdout]    = note: `#[warn(unreachable_patterns)]` on by default
[INFO] [stdout] 
[INFO] [stdout] 
[INFO] [stdout] warning: 3 warnings emitted
[INFO] [stdout] 
[INFO] [stdout] 
[INFO] [stderr]     Finished dev [unoptimized + debuginfo] target(s) in 12.22s
[INFO] running `Command { std: "docker" "inspect" "86222ebdfc30f85331c8978fc6cd52e40bbb748fdf7e4b7da24262049d511101", kill_on_drop: false }`
[INFO] running `Command { std: "docker" "rm" "-f" "86222ebdfc30f85331c8978fc6cd52e40bbb748fdf7e4b7da24262049d511101", kill_on_drop: false }`
[INFO] [stdout] 86222ebdfc30f85331c8978fc6cd52e40bbb748fdf7e4b7da24262049d511101
[INFO] running `Command { std: "docker" "create" "-v" "/var/lib/crater-agent-workspace/builds/worker-7-tc2/target:/opt/rustwide/target:rw,Z" "-v" "/var/lib/crater-agent-workspace/builds/worker-7-tc2/source:/opt/rustwide/workdir:ro,Z" "-v" "/var/lib/crater-agent-workspace/cargo-home:/opt/rustwide/cargo-home:ro,Z" "-v" "/var/lib/crater-agent-workspace/rustup-home:/opt/rustwide/rustup-home:ro,Z" "-e" "SOURCE_DIR=/opt/rustwide/workdir" "-e" "CARGO_TARGET_DIR=/opt/rustwide/target" "-e" "CARGO_INCREMENTAL=0" "-e" "RUST_BACKTRACE=full" "-e" "RUSTFLAGS=--cap-lints=warn" "-e" "RUSTDOCFLAGS=--cap-lints=warn" "-e" "CARGO_HOME=/opt/rustwide/cargo-home" "-e" "RUSTUP_HOME=/opt/rustwide/rustup-home" "-w" "/opt/rustwide/workdir" "-m" "1610612736" "--user" "0:0" "--network" "none" "ghcr.io/rust-lang/crates-build-env/linux@sha256:2788e3201cd34a07e3172128adcd8b3090168a8e3bcc40d7c032b9dda1df7d1c" "/opt/rustwide/cargo-home/bin/cargo" "+beta-2023-12-22" "test" "--frozen" "--no-run" "--message-format=json", kill_on_drop: false }`
[INFO] [stdout] 545297eed9db8d070a831744801cbaa1e58290f7ef6e5d1d7c1953f088e15149
[INFO] running `Command { std: "docker" "start" "-a" "545297eed9db8d070a831744801cbaa1e58290f7ef6e5d1d7c1953f088e15149", kill_on_drop: false }`
[INFO] [stderr]    Compiling tun-route-daemon v0.1.5 (/opt/rustwide/workdir)
[INFO] [stdout] warning: unused import: `std::env`
[INFO] [stdout]  --> src/main.rs:1:5
[INFO] [stdout]   |
[INFO] [stdout] 1 | use std::env;
[INFO] [stdout]   |     ^^^^^^^^
[INFO] [stdout]   |
[INFO] [stdout]   = note: `#[warn(unused_imports)]` on by default
[INFO] [stdout] 
[INFO] [stdout] 
[INFO] [stdout] warning: unused imports: `Arg`, `Command`
[INFO] [stdout]  --> src/main.rs:2:20
[INFO] [stdout]   |
[INFO] [stdout] 2 | use clap::{Parser, Command, Arg, ValueEnum};
[INFO] [stdout]   |                    ^^^^^^^  ^^^
[INFO] [stdout] 
[INFO] [stdout] 
[INFO] [stdout] warning: unreachable pattern
[INFO] [stdout]   --> src/main.rs:87:9
[INFO] [stdout]    |
[INFO] [stdout] 87 |         _ => unreachable!(),
[INFO] [stdout]    |         ^
[INFO] [stdout]    |
[INFO] [stdout]    = note: `#[warn(unreachable_patterns)]` on by default
[INFO] [stdout] 
[INFO] [stdout] 
[INFO] [stdout] warning: 3 warnings emitted
[INFO] [stdout] 
[INFO] [stdout] 
[INFO] [stderr]     Finished test [unoptimized + debuginfo] target(s) in 1.35s
[INFO] running `Command { std: "docker" "inspect" "545297eed9db8d070a831744801cbaa1e58290f7ef6e5d1d7c1953f088e15149", kill_on_drop: false }`
[INFO] running `Command { std: "docker" "rm" "-f" "545297eed9db8d070a831744801cbaa1e58290f7ef6e5d1d7c1953f088e15149", kill_on_drop: false }`
[INFO] [stdout] 545297eed9db8d070a831744801cbaa1e58290f7ef6e5d1d7c1953f088e15149
[INFO] running `Command { std: "docker" "create" "-v" "/var/lib/crater-agent-workspace/builds/worker-7-tc2/target:/opt/rustwide/target:rw,Z" "-v" "/var/lib/crater-agent-workspace/builds/worker-7-tc2/source:/opt/rustwide/workdir:ro,Z" "-v" "/var/lib/crater-agent-workspace/cargo-home:/opt/rustwide/cargo-home:ro,Z" "-v" "/var/lib/crater-agent-workspace/rustup-home:/opt/rustwide/rustup-home:ro,Z" "-e" "SOURCE_DIR=/opt/rustwide/workdir" "-e" "CARGO_TARGET_DIR=/opt/rustwide/target" "-e" "CARGO_INCREMENTAL=0" "-e" "RUST_BACKTRACE=full" "-e" "RUSTFLAGS=--cap-lints=warn" "-e" "RUSTDOCFLAGS=--cap-lints=warn" "-e" "CARGO_HOME=/opt/rustwide/cargo-home" "-e" "RUSTUP_HOME=/opt/rustwide/rustup-home" "-w" "/opt/rustwide/workdir" "-m" "1610612736" "--user" "0:0" "--network" "none" "ghcr.io/rust-lang/crates-build-env/linux@sha256:2788e3201cd34a07e3172128adcd8b3090168a8e3bcc40d7c032b9dda1df7d1c" "/opt/rustwide/cargo-home/bin/cargo" "+beta-2023-12-22" "test" "--frozen", kill_on_drop: false }`
[INFO] [stdout] 14f2be6432b922fa36d835386f24cd9891b06b7fec5a3bbca3b95bfc9a6898f8
[INFO] running `Command { std: "docker" "start" "-a" "14f2be6432b922fa36d835386f24cd9891b06b7fec5a3bbca3b95bfc9a6898f8", kill_on_drop: false }`
[INFO] [stderr] warning: unused import: `std::env`
[INFO] [stderr]  --> src/main.rs:1:5
[INFO] [stderr]   |
[INFO] [stderr] 1 | use std::env;
[INFO] [stderr]   |     ^^^^^^^^
[INFO] [stderr]   |
[INFO] [stderr]   = note: `#[warn(unused_imports)]` on by default
[INFO] [stderr] 
[INFO] [stderr] warning: unused imports: `Arg`, `Command`
[INFO] [stderr]  --> src/main.rs:2:20
[INFO] [stderr]   |
[INFO] [stderr] 2 | use clap::{Parser, Command, Arg, ValueEnum};
[INFO] [stderr]   |                    ^^^^^^^  ^^^
[INFO] [stderr] 
[INFO] [stderr] warning: unreachable pattern
[INFO] [stderr]   --> src/main.rs:87:9
[INFO] [stderr]    |
[INFO] [stderr] 87 |         _ => unreachable!(),
[INFO] [stderr]    |         ^
[INFO] [stderr]    |
[INFO] [stderr]    = note: `#[warn(unreachable_patterns)]` on by default
[INFO] [stderr] 
[INFO] [stderr] warning: `tun-route-daemon` (bin "tun-route-daemon" test) generated 3 warnings (run `cargo fix --bin "tun-route-daemon" --tests` to apply 2 suggestions)
[INFO] [stderr]     Finished test [unoptimized + debuginfo] target(s) in 0.06s
[INFO] [stderr]      Running unittests src/lib.rs (/opt/rustwide/target/debug/deps/tun_route_daemon-25b13c32a4a056fe)
[INFO] [stdout] 
[INFO] [stdout] running 2 tests
[INFO] [stdout] test route_utils::set_specific_route::tests::test_set_specific_route ... FAILED
[INFO] [stdout] test route_utils::store_old_route::tests::test_get_default_route ... FAILED
[INFO] [stdout] 
[INFO] [stdout] failures:
[INFO] [stdout] 
[INFO] [stdout] ---- route_utils::set_specific_route::tests::test_set_specific_route stdout ----
[INFO] [stdout] Setting specific route: Route { destination: 192.168.2.2, prefix: 32, gateway: Some(192.168.2.1), ifindex: None, table: 254 }
[INFO] [stdout] thread 'route_utils::set_specific_route::tests::test_set_specific_route' panicked at src/route_utils/set_specific_route.rs:32:9:
[INFO] [stdout] Setting specific route failed
[INFO] [stdout] stack backtrace:
[INFO] [stdout]    0:     0x55ef70d014e6 - std::backtrace_rs::backtrace::libunwind::trace::h261606ad26a499c1
[INFO] [stdout]                                at /rustc/0e09125c6c3c2fd70d7de961bcf0e51575235fad/library/std/src/../../backtrace/src/backtrace/libunwind.rs:104:5
[INFO] [stdout]    1:     0x55ef70d014e6 - std::backtrace_rs::backtrace::trace_unsynchronized::hd183f0625477fb28
[INFO] [stdout]                                at /rustc/0e09125c6c3c2fd70d7de961bcf0e51575235fad/library/std/src/../../backtrace/src/backtrace/mod.rs:66:5
[INFO] [stdout]    2:     0x55ef70d014e6 - std::sys_common::backtrace::_print_fmt::hd7f8fef21b4eda67
[INFO] [stdout]                                at /rustc/0e09125c6c3c2fd70d7de961bcf0e51575235fad/library/std/src/sys_common/backtrace.rs:68:5
[INFO] [stdout]    3:     0x55ef70d014e6 - <std::sys_common::backtrace::_print::DisplayBacktrace as core::fmt::Display>::fmt::h623d9b51f2f453f1
[INFO] [stdout]                                at /rustc/0e09125c6c3c2fd70d7de961bcf0e51575235fad/library/std/src/sys_common/backtrace.rs:44:22
[INFO] [stdout]    4:     0x55ef70d2c290 - core::fmt::rt::Argument::fmt::h9f417ac76a86f368
[INFO] [stdout]                                at /rustc/0e09125c6c3c2fd70d7de961bcf0e51575235fad/library/core/src/fmt/rt.rs:142:9
[INFO] [stdout]    5:     0x55ef70d2c290 - core::fmt::write::hc9b6faf4ac2aeff7
[INFO] [stdout]                                at /rustc/0e09125c6c3c2fd70d7de961bcf0e51575235fad/library/core/src/fmt/mod.rs:1120:17
[INFO] [stdout]    6:     0x55ef70cfeb8f - std::io::Write::write_fmt::he04625a3a989fec3
[INFO] [stdout]                                at /rustc/0e09125c6c3c2fd70d7de961bcf0e51575235fad/library/std/src/io/mod.rs:1810:15
[INFO] [stdout]    7:     0x55ef70d012c4 - std::sys_common::backtrace::_print::hd5d66399c7df88a2
[INFO] [stdout]                                at /rustc/0e09125c6c3c2fd70d7de961bcf0e51575235fad/library/std/src/sys_common/backtrace.rs:47:5
[INFO] [stdout]    8:     0x55ef70d012c4 - std::sys_common::backtrace::print::he81ed2da642d37e5
[INFO] [stdout]                                at /rustc/0e09125c6c3c2fd70d7de961bcf0e51575235fad/library/std/src/sys_common/backtrace.rs:34:9
[INFO] [stdout]    9:     0x55ef70d03037 - std::panicking::default_hook::{{closure}}::h85773f4fa117163d
[INFO] [stdout]   10:     0x55ef70d02d1d - std::panicking::default_hook::h6a1694a91d09b278
[INFO] [stdout]                                at /rustc/0e09125c6c3c2fd70d7de961bcf0e51575235fad/library/std/src/panicking.rs:289:9
[INFO] [stdout]   11:     0x55ef70b2c077 - <alloc::boxed::Box<F,A> as core::ops::function::Fn<Args>>::call::h616ac37fa3cd6c8f
[INFO] [stdout]                                at /rustc/0e09125c6c3c2fd70d7de961bcf0e51575235fad/library/alloc/src/boxed.rs:2029:9
[INFO] [stdout]   12:     0x55ef70b2c077 - test::test_main::{{closure}}::h00d84697cefdcbb6
[INFO] [stdout]                                at /rustc/0e09125c6c3c2fd70d7de961bcf0e51575235fad/library/test/src/lib.rs:138:21
[INFO] [stdout]   13:     0x55ef70d03656 - <alloc::boxed::Box<F,A> as core::ops::function::Fn<Args>>::call::hcb3fe3b9bb537ba8
[INFO] [stdout]                                at /rustc/0e09125c6c3c2fd70d7de961bcf0e51575235fad/library/alloc/src/boxed.rs:2029:9
[INFO] [stdout]   14:     0x55ef70d03656 - std::panicking::rust_panic_with_hook::h0a7ad96e90f7145b
[INFO] [stdout]                                at /rustc/0e09125c6c3c2fd70d7de961bcf0e51575235fad/library/std/src/panicking.rs:783:13
[INFO] [stdout]   15:     0x55ef70d03369 - std::panicking::begin_panic_handler::{{closure}}::h7919090525c6485e
[INFO] [stdout]                                at /rustc/0e09125c6c3c2fd70d7de961bcf0e51575235fad/library/std/src/panicking.rs:649:13
[INFO] [stdout]   16:     0x55ef70d019e6 - std::sys_common::backtrace::__rust_end_short_backtrace::hf3289479464f7dfe
[INFO] [stdout]                                at /rustc/0e09125c6c3c2fd70d7de961bcf0e51575235fad/library/std/src/sys_common/backtrace.rs:171:18
[INFO] [stdout]   17:     0x55ef70d03100 - rust_begin_unwind
[INFO] [stdout]                                at /rustc/0e09125c6c3c2fd70d7de961bcf0e51575235fad/library/std/src/panicking.rs:645:5
[INFO] [stdout]   18:     0x55ef70ae8db5 - core::panicking::panic_fmt::hcc9f77c5c132af55
[INFO] [stdout]                                at /rustc/0e09125c6c3c2fd70d7de961bcf0e51575235fad/library/core/src/panicking.rs:72:14
[INFO] [stdout]   19:     0x55ef70af71d8 - tun_route_daemon::route_utils::set_specific_route::tests::test_set_specific_route::{{closure}}::hb25c105f297b082f
[INFO] [stdout]                                at /opt/rustwide/workdir/src/route_utils/set_specific_route.rs:32:9
[INFO] [stdout]   20:     0x55ef70af3dcb - <core::pin::Pin<P> as core::future::future::Future>::poll::h3b4b07abb75d863f
[INFO] [stdout]                                at /rustc/0e09125c6c3c2fd70d7de961bcf0e51575235fad/library/core/src/future/future.rs:124:9
[INFO] [stdout]   21:     0x55ef70af3d7b - <core::pin::Pin<P> as core::future::future::Future>::poll::h353967afc92e3be2
[INFO] [stdout]                                at /rustc/0e09125c6c3c2fd70d7de961bcf0e51575235fad/library/core/src/future/future.rs:124:9
[INFO] [stdout]   22:     0x55ef70aeeef4 - tokio::runtime::scheduler::current_thread::CoreGuard::block_on::{{closure}}::{{closure}}::{{closure}}::h5a4f1ce09710433b
[INFO] [stdout]                                at /opt/rustwide/cargo-home/registry/src/index.crates.io-6f17d22bba15001f/tokio-1.32.0/src/runtime/scheduler/current_thread/mod.rs:665:57
[INFO] [stdout]   23:     0x55ef70aeee10 - tokio::runtime::coop::with_budget::h6855790783225a5e
[INFO] [stdout]                                at /opt/rustwide/cargo-home/registry/src/index.crates.io-6f17d22bba15001f/tokio-1.32.0/src/runtime/coop.rs:107:5
[INFO] [stdout]   24:     0x55ef70aeee10 - tokio::runtime::coop::budget::h55ba1f2dc7c866d7
[INFO] [stdout]                                at /opt/rustwide/cargo-home/registry/src/index.crates.io-6f17d22bba15001f/tokio-1.32.0/src/runtime/coop.rs:73:5
[INFO] [stdout]   25:     0x55ef70aeee10 - tokio::runtime::scheduler::current_thread::CoreGuard::block_on::{{closure}}::{{closure}}::h12b5f1ac4ddac557
[INFO] [stdout]                                at /opt/rustwide/cargo-home/registry/src/index.crates.io-6f17d22bba15001f/tokio-1.32.0/src/runtime/scheduler/current_thread/mod.rs:665:25
[INFO] [stdout]   26:     0x55ef70aed9ba - tokio::runtime::scheduler::current_thread::Context::enter::hef2e242972b25a24
[INFO] [stdout]                                at /opt/rustwide/cargo-home/registry/src/index.crates.io-6f17d22bba15001f/tokio-1.32.0/src/runtime/scheduler/current_thread/mod.rs:410:19
[INFO] [stdout]   27:     0x55ef70aee59e - tokio::runtime::scheduler::current_thread::CoreGuard::block_on::{{closure}}::hc989fd200041aaaa
[INFO] [stdout]                                at /opt/rustwide/cargo-home/registry/src/index.crates.io-6f17d22bba15001f/tokio-1.32.0/src/runtime/scheduler/current_thread/mod.rs:664:36
[INFO] [stdout]   28:     0x55ef70aee2a2 - tokio::runtime::scheduler::current_thread::CoreGuard::enter::{{closure}}::h660b0852a3b007a5
[INFO] [stdout]                                at /opt/rustwide/cargo-home/registry/src/index.crates.io-6f17d22bba15001f/tokio-1.32.0/src/runtime/scheduler/current_thread/mod.rs:743:68
[INFO] [stdout]   29:     0x55ef70af361a - tokio::runtime::context::scoped::Scoped<T>::set::h866f470c2f4af14e
[INFO] [stdout]                                at /opt/rustwide/cargo-home/registry/src/index.crates.io-6f17d22bba15001f/tokio-1.32.0/src/runtime/context/scoped.rs:40:9
[INFO] [stdout]   30:     0x55ef70af33ba - tokio::runtime::context::set_scheduler::{{closure}}::hd15317683c7c1ab0
[INFO] [stdout]                                at /opt/rustwide/cargo-home/registry/src/index.crates.io-6f17d22bba15001f/tokio-1.32.0/src/runtime/context.rs:176:26
[INFO] [stdout]   31:     0x55ef70ae9e53 - std::thread::local::LocalKey<T>::try_with::haf101ea482138af9
[INFO] [stdout]                                at /rustc/0e09125c6c3c2fd70d7de961bcf0e51575235fad/library/std/src/thread/local.rs:270:16
[INFO] [stdout]   32:     0x55ef70ae9a3d - std::thread::local::LocalKey<T>::with::hc77901f46eb7773f
[INFO] [stdout]                                at /rustc/0e09125c6c3c2fd70d7de961bcf0e51575235fad/library/std/src/thread/local.rs:246:9
[INFO] [stdout]   33:     0x55ef70af3361 - tokio::runtime::context::set_scheduler::h61433fde20ba69ae
[INFO] [stdout]                                at /opt/rustwide/cargo-home/registry/src/index.crates.io-6f17d22bba15001f/tokio-1.32.0/src/runtime/context.rs:176:9
[INFO] [stdout]   34:     0x55ef70aedff9 - tokio::runtime::scheduler::current_thread::CoreGuard::enter::h014c89c1d36f69d3
[INFO] [stdout]                                at /opt/rustwide/cargo-home/registry/src/index.crates.io-6f17d22bba15001f/tokio-1.32.0/src/runtime/scheduler/current_thread/mod.rs:743:27
[INFO] [stdout]   35:     0x55ef70aee2cd - tokio::runtime::scheduler::current_thread::CoreGuard::block_on::h4e41d2bb5b4f6f74
[INFO] [stdout]                                at /opt/rustwide/cargo-home/registry/src/index.crates.io-6f17d22bba15001f/tokio-1.32.0/src/runtime/scheduler/current_thread/mod.rs:652:19
[INFO] [stdout]   36:     0x55ef70aed0e6 - tokio::runtime::scheduler::current_thread::CurrentThread::block_on::{{closure}}::h4c69df9ccb4d52b8
[INFO] [stdout]                                at /opt/rustwide/cargo-home/registry/src/index.crates.io-6f17d22bba15001f/tokio-1.32.0/src/runtime/scheduler/current_thread/mod.rs:175:28
[INFO] [stdout]   37:     0x55ef70aec94a - tokio::runtime::context::runtime::enter_runtime::h378571b67c083705
[INFO] [stdout]                                at /opt/rustwide/cargo-home/registry/src/index.crates.io-6f17d22bba15001f/tokio-1.32.0/src/runtime/context/runtime.rs:65:16
[INFO] [stdout]   38:     0x55ef70aecfee - tokio::runtime::scheduler::current_thread::CurrentThread::block_on::hf7c4b43b0ef8f413
[INFO] [stdout]                                at /opt/rustwide/cargo-home/registry/src/index.crates.io-6f17d22bba15001f/tokio-1.32.0/src/runtime/scheduler/current_thread/mod.rs:167:9
[INFO] [stdout]   39:     0x55ef70aece89 - tokio::runtime::runtime::Runtime::block_on::hac1d175c7a9a6d7c
[INFO] [stdout]                                at /opt/rustwide/cargo-home/registry/src/index.crates.io-6f17d22bba15001f/tokio-1.32.0/src/runtime/runtime.rs:347:47
[INFO] [stdout]   40:     0x55ef70af6e0a - tun_route_daemon::route_utils::set_specific_route::tests::test_set_specific_route::h26d130082010bc8c
[INFO] [stdout]                                at /opt/rustwide/workdir/src/route_utils/set_specific_route.rs:34:9
[INFO] [stdout]   41:     0x55ef70af6c97 - tun_route_daemon::route_utils::set_specific_route::tests::test_set_specific_route::{{closure}}::hf3ad80ce8d8c68cc
[INFO] [stdout]                                at /opt/rustwide/workdir/src/route_utils/set_specific_route.rs:21:43
[INFO] [stdout]   42:     0x55ef70aea666 - core::ops::function::FnOnce::call_once::h12c027584eb6985e
[INFO] [stdout]                                at /rustc/0e09125c6c3c2fd70d7de961bcf0e51575235fad/library/core/src/ops/function.rs:250:5
[INFO] [stdout]   43:     0x55ef70b3194f - core::ops::function::FnOnce::call_once::hd64d26f405258157
[INFO] [stdout]                                at /rustc/0e09125c6c3c2fd70d7de961bcf0e51575235fad/library/core/src/ops/function.rs:250:5
[INFO] [stdout]   44:     0x55ef70b3194f - test::__rust_begin_short_backtrace::he21b0b7a6d731bf9
[INFO] [stdout]                                at /rustc/0e09125c6c3c2fd70d7de961bcf0e51575235fad/library/test/src/lib.rs:627:18
[INFO] [stdout]   45:     0x55ef70b306d1 - test::run_test_in_process::{{closure}}::hf5c73986d7bdfde2
[INFO] [stdout]                                at /rustc/0e09125c6c3c2fd70d7de961bcf0e51575235fad/library/test/src/lib.rs:650:60
[INFO] [stdout]   46:     0x55ef70b306d1 - <core::panic::unwind_safe::AssertUnwindSafe<F> as core::ops::function::FnOnce<()>>::call_once::h330011ad032aadc0
[INFO] [stdout]                                at /rustc/0e09125c6c3c2fd70d7de961bcf0e51575235fad/library/core/src/panic/unwind_safe.rs:272:9
[INFO] [stdout]   47:     0x55ef70b306d1 - std::panicking::try::do_call::he61b0a958b795a41
[INFO] [stdout]                                at /rustc/0e09125c6c3c2fd70d7de961bcf0e51575235fad/library/std/src/panicking.rs:552:40
[INFO] [stdout]   48:     0x55ef70b306d1 - std::panicking::try::h7309da130f906eb7
[INFO] [stdout]                                at /rustc/0e09125c6c3c2fd70d7de961bcf0e51575235fad/library/std/src/panicking.rs:516:19
[INFO] [stdout]   49:     0x55ef70b306d1 - std::panic::catch_unwind::hc5c3a06fdaf0a92a
[INFO] [stdout]                                at /rustc/0e09125c6c3c2fd70d7de961bcf0e51575235fad/library/std/src/panic.rs:142:14
[INFO] [stdout]   50:     0x55ef70b306d1 - test::run_test_in_process::h7e7b7c71c3324e0f
[INFO] [stdout]                                at /rustc/0e09125c6c3c2fd70d7de961bcf0e51575235fad/library/test/src/lib.rs:650:27
[INFO] [stdout]   51:     0x55ef70b306d1 - test::run_test::{{closure}}::h1f509f28f5cf20b1
[INFO] [stdout]                                at /rustc/0e09125c6c3c2fd70d7de961bcf0e51575235fad/library/test/src/lib.rs:573:43
[INFO] [stdout]   52:     0x55ef70af7a06 - test::run_test::{{closure}}::h1754218abf443f6d
[INFO] [stdout]                                at /rustc/0e09125c6c3c2fd70d7de961bcf0e51575235fad/library/test/src/lib.rs:601:41
[INFO] [stdout]   53:     0x55ef70af7a06 - std::sys_common::backtrace::__rust_begin_short_backtrace::h2ee174b9d5954948
[INFO] [stdout]                                at /rustc/0e09125c6c3c2fd70d7de961bcf0e51575235fad/library/std/src/sys_common/backtrace.rs:155:18
[INFO] [stdout]   54:     0x55ef70afca67 - std::thread::Builder::spawn_unchecked_::{{closure}}::{{closure}}::hf60bee9c1a17ef09
[INFO] [stdout]                                at /rustc/0e09125c6c3c2fd70d7de961bcf0e51575235fad/library/std/src/thread/mod.rs:529:17
[INFO] [stdout]   55:     0x55ef70afca67 - <core::panic::unwind_safe::AssertUnwindSafe<F> as core::ops::function::FnOnce<()>>::call_once::h33d0dddec5216160
[INFO] [stdout]                                at /rustc/0e09125c6c3c2fd70d7de961bcf0e51575235fad/library/core/src/panic/unwind_safe.rs:272:9
[INFO] [stdout]   56:     0x55ef70afca67 - std::panicking::try::do_call::h144b3048b546f835
[INFO] [stdout]                                at /rustc/0e09125c6c3c2fd70d7de961bcf0e51575235fad/library/std/src/panicking.rs:552:40
[INFO] [stdout]   57:     0x55ef70afca67 - std::panicking::try::h978244d04646189f
[INFO] [stdout]                                at /rustc/0e09125c6c3c2fd70d7de961bcf0e51575235fad/library/std/src/panicking.rs:516:19
[INFO] [stdout]   58:     0x55ef70afca67 - std::panic::catch_unwind::hdf436369d188fe86
[INFO] [stdout]                                at /rustc/0e09125c6c3c2fd70d7de961bcf0e51575235fad/library/std/src/panic.rs:142:14
[INFO] [stdout]   59:     0x55ef70afca67 - std::thread::Builder::spawn_unchecked_::{{closure}}::h87329cbdd33c79ec
[INFO] [stdout]                                at /rustc/0e09125c6c3c2fd70d7de961bcf0e51575235fad/library/std/src/thread/mod.rs:528:30
[INFO] [stdout]   60:     0x55ef70afca67 - core::ops::function::FnOnce::call_once{{vtable.shim}}::h401abbe67897d450
[INFO] [stdout]                                at /rustc/0e09125c6c3c2fd70d7de961bcf0e51575235fad/library/core/src/ops/function.rs:250:5
[INFO] [stdout]   61:     0x55ef70d08285 - <alloc::boxed::Box<F,A> as core::ops::function::FnOnce<Args>>::call_once::h5d7c8f150ab9c84c
[INFO] [stdout]                                at /rustc/0e09125c6c3c2fd70d7de961bcf0e51575235fad/library/alloc/src/boxed.rs:2015:9
[INFO] [stdout]   62:     0x55ef70d08285 - <alloc::boxed::Box<F,A> as core::ops::function::FnOnce<Args>>::call_once::h570d5b005c242c15
[INFO] [stdout]                                at /rustc/0e09125c6c3c2fd70d7de961bcf0e51575235fad/library/alloc/src/boxed.rs:2015:9
[INFO] [stdout]   63:     0x55ef70d08285 - std::sys::unix::thread::Thread::new::thread_start::h36b0a20c0b2361ad
[INFO] [stdout]                                at /rustc/0e09125c6c3c2fd70d7de961bcf0e51575235fad/library/std/src/sys/unix/thread.rs:108:17
[INFO] [stdout]   64:     0x7f92b65a5ac3 - <unknown>
[INFO] [stdout]   65:     0x7f92b6636bf4 - __clone
[INFO] [stdout]   66:                0x0 - <unknown>
[INFO] [stdout] 
[INFO] [stdout] ---- route_utils::store_old_route::tests::test_get_default_route stdout ----
[INFO] [stdout] No default route found.
[INFO] [stdout] thread 'route_utils::store_old_route::tests::test_get_default_route' panicked at src/route_utils/store_old_route.rs:24:37:
[INFO] [stdout] called `Result::unwrap()` on an `Err` value: AddrParseError(Ip)
[INFO] [stdout] stack backtrace:
[INFO] [stdout]    0:     0x55ef70d014e6 - std::backtrace_rs::backtrace::libunwind::trace::h261606ad26a499c1
[INFO] [stdout]                                at /rustc/0e09125c6c3c2fd70d7de961bcf0e51575235fad/library/std/src/../../backtrace/src/backtrace/libunwind.rs:104:5
[INFO] [stdout]    1:     0x55ef70d014e6 - std::backtrace_rs::backtrace::trace_unsynchronized::hd183f0625477fb28
[INFO] [stdout]                                at /rustc/0e09125c6c3c2fd70d7de961bcf0e51575235fad/library/std/src/../../backtrace/src/backtrace/mod.rs:66:5
[INFO] [stdout]    2:     0x55ef70d014e6 - std::sys_common::backtrace::_print_fmt::hd7f8fef21b4eda67
[INFO] [stdout]                                at /rustc/0e09125c6c3c2fd70d7de961bcf0e51575235fad/library/std/src/sys_common/backtrace.rs:68:5
[INFO] [stdout]    3:     0x55ef70d014e6 - <std::sys_common::backtrace::_print::DisplayBacktrace as core::fmt::Display>::fmt::h623d9b51f2f453f1
[INFO] [stdout]                                at /rustc/0e09125c6c3c2fd70d7de961bcf0e51575235fad/library/std/src/sys_common/backtrace.rs:44:22
[INFO] [stdout]    4:     0x55ef70d2c290 - core::fmt::rt::Argument::fmt::h9f417ac76a86f368
[INFO] [stdout]                                at /rustc/0e09125c6c3c2fd70d7de961bcf0e51575235fad/library/core/src/fmt/rt.rs:142:9
[INFO] [stdout]    5:     0x55ef70d2c290 - core::fmt::write::hc9b6faf4ac2aeff7
[INFO] [stdout]                                at /rustc/0e09125c6c3c2fd70d7de961bcf0e51575235fad/library/core/src/fmt/mod.rs:1120:17
[INFO] [stdout]    6:     0x55ef70cfeb8f - std::io::Write::write_fmt::he04625a3a989fec3
[INFO] [stdout]                                at /rustc/0e09125c6c3c2fd70d7de961bcf0e51575235fad/library/std/src/io/mod.rs:1810:15
[INFO] [stdout]    7:     0x55ef70d012c4 - std::sys_common::backtrace::_print::hd5d66399c7df88a2
[INFO] [stdout]                                at /rustc/0e09125c6c3c2fd70d7de961bcf0e51575235fad/library/std/src/sys_common/backtrace.rs:47:5
[INFO] [stdout]    8:     0x55ef70d012c4 - std::sys_common::backtrace::print::he81ed2da642d37e5
[INFO] [stdout]                                at /rustc/0e09125c6c3c2fd70d7de961bcf0e51575235fad/library/std/src/sys_common/backtrace.rs:34:9
[INFO] [stdout]    9:     0x55ef70d03037 - std::panicking::default_hook::{{closure}}::h85773f4fa117163d
[INFO] [stdout]   10:     0x55ef70d02d1d - std::panicking::default_hook::h6a1694a91d09b278
[INFO] [stdout]                                at /rustc/0e09125c6c3c2fd70d7de961bcf0e51575235fad/library/std/src/panicking.rs:289:9
[INFO] [stdout]   11:     0x55ef70b2c077 - <alloc::boxed::Box<F,A> as core::ops::function::Fn<Args>>::call::h616ac37fa3cd6c8f
[INFO] [stdout]                                at /rustc/0e09125c6c3c2fd70d7de961bcf0e51575235fad/library/alloc/src/boxed.rs:2029:9
[INFO] [stdout]   12:     0x55ef70b2c077 - test::test_main::{{closure}}::h00d84697cefdcbb6
[INFO] [stdout]                                at /rustc/0e09125c6c3c2fd70d7de961bcf0e51575235fad/library/test/src/lib.rs:138:21
[INFO] [stdout]   13:     0x55ef70d03656 - <alloc::boxed::Box<F,A> as core::ops::function::Fn<Args>>::call::hcb3fe3b9bb537ba8
[INFO] [stdout]                                at /rustc/0e09125c6c3c2fd70d7de961bcf0e51575235fad/library/alloc/src/boxed.rs:2029:9
[INFO] [stdout]   14:     0x55ef70d03656 - std::panicking::rust_panic_with_hook::h0a7ad96e90f7145b
[INFO] [stdout]                                at /rustc/0e09125c6c3c2fd70d7de961bcf0e51575235fad/library/std/src/panicking.rs:783:13
[INFO] [stdout]   15:     0x55ef70d033a2 - std::panicking::begin_panic_handler::{{closure}}::h7919090525c6485e
[INFO] [stdout]                                at /rustc/0e09125c6c3c2fd70d7de961bcf0e51575235fad/library/std/src/panicking.rs:657:13
[INFO] [stdout]   16:     0x55ef70d019e6 - std::sys_common::backtrace::__rust_end_short_backtrace::hf3289479464f7dfe
[INFO] [stdout]                                at /rustc/0e09125c6c3c2fd70d7de961bcf0e51575235fad/library/std/src/sys_common/backtrace.rs:171:18
[INFO] [stdout]   17:     0x55ef70d03100 - rust_begin_unwind
[INFO] [stdout]                                at /rustc/0e09125c6c3c2fd70d7de961bcf0e51575235fad/library/std/src/panicking.rs:645:5
[INFO] [stdout]   18:     0x55ef70ae8db5 - core::panicking::panic_fmt::hcc9f77c5c132af55
[INFO] [stdout]                                at /rustc/0e09125c6c3c2fd70d7de961bcf0e51575235fad/library/core/src/panicking.rs:72:14
[INFO] [stdout]   19:     0x55ef70ae93f3 - core::result::unwrap_failed::hbe14f498be1452f9
[INFO] [stdout]                                at /rustc/0e09125c6c3c2fd70d7de961bcf0e51575235fad/library/core/src/result.rs:1649:5
[INFO] [stdout]   20:     0x55ef70aeba84 - core::result::Result<T,E>::unwrap::h669fcab60c20eb12
[INFO] [stdout]                                at /rustc/0e09125c6c3c2fd70d7de961bcf0e51575235fad/library/core/src/result.rs:1073:23
[INFO] [stdout]   21:     0x55ef70af69ef - tun_route_daemon::route_utils::store_old_route::get::{{closure}}::hcad90abfaee7aca0
[INFO] [stdout]                                at /opt/rustwide/workdir/src/route_utils/store_old_route.rs:24:16
[INFO] [stdout]   22:     0x55ef70af75b4 - tun_route_daemon::route_utils::store_old_route::tests::test_get_default_route::{{closure}}::h139020e41cad1a49
[INFO] [stdout]                                at /opt/rustwide/workdir/src/route_utils/store_old_route.rs:36:36
[INFO] [stdout]   23:     0x55ef70af3dcb - <core::pin::Pin<P> as core::future::future::Future>::poll::h3b4b07abb75d863f
[INFO] [stdout]                                at /rustc/0e09125c6c3c2fd70d7de961bcf0e51575235fad/library/core/src/future/future.rs:124:9
[INFO] [stdout]   24:     0x55ef70af3d7b - <core::pin::Pin<P> as core::future::future::Future>::poll::h353967afc92e3be2
[INFO] [stdout]                                at /rustc/0e09125c6c3c2fd70d7de961bcf0e51575235fad/library/core/src/future/future.rs:124:9
[INFO] [stdout]   25:     0x55ef70aeeef4 - tokio::runtime::scheduler::current_thread::CoreGuard::block_on::{{closure}}::{{closure}}::{{closure}}::h5a4f1ce09710433b
[INFO] [stdout]                                at /opt/rustwide/cargo-home/registry/src/index.crates.io-6f17d22bba15001f/tokio-1.32.0/src/runtime/scheduler/current_thread/mod.rs:665:57
[INFO] [stdout]   26:     0x55ef70aeee10 - tokio::runtime::coop::with_budget::h6855790783225a5e
[INFO] [stdout]                                at /opt/rustwide/cargo-home/registry/src/index.crates.io-6f17d22bba15001f/tokio-1.32.0/src/runtime/coop.rs:107:5
[INFO] [stdout]   27:     0x55ef70aeee10 - tokio::runtime::coop::budget::h55ba1f2dc7c866d7
[INFO] [stdout]                                at /opt/rustwide/cargo-home/registry/src/index.crates.io-6f17d22bba15001f/tokio-1.32.0/src/runtime/coop.rs:73:5
[INFO] [stdout]   28:     0x55ef70aeee10 - tokio::runtime::scheduler::current_thread::CoreGuard::block_on::{{closure}}::{{closure}}::h12b5f1ac4ddac557
[INFO] [stdout]                                at /opt/rustwide/cargo-home/registry/src/index.crates.io-6f17d22bba15001f/tokio-1.32.0/src/runtime/scheduler/current_thread/mod.rs:665:25
[INFO] [stdout]   29:     0x55ef70aed9ba - tokio::runtime::scheduler::current_thread::Context::enter::hef2e242972b25a24
[INFO] [stdout]                                at /opt/rustwide/cargo-home/registry/src/index.crates.io-6f17d22bba15001f/tokio-1.32.0/src/runtime/scheduler/current_thread/mod.rs:410:19
[INFO] [stdout]   30:     0x55ef70aee59e - tokio::runtime::scheduler::current_thread::CoreGuard::block_on::{{closure}}::hc989fd200041aaaa
[INFO] [stdout]                                at /opt/rustwide/cargo-home/registry/src/index.crates.io-6f17d22bba15001f/tokio-1.32.0/src/runtime/scheduler/current_thread/mod.rs:664:36
[INFO] [stdout]   31:     0x55ef70aee2a2 - tokio::runtime::scheduler::current_thread::CoreGuard::enter::{{closure}}::h660b0852a3b007a5
[INFO] [stdout]                                at /opt/rustwide/cargo-home/registry/src/index.crates.io-6f17d22bba15001f/tokio-1.32.0/src/runtime/scheduler/current_thread/mod.rs:743:68
[INFO] [stdout]   32:     0x55ef70af361a - tokio::runtime::context::scoped::Scoped<T>::set::h866f470c2f4af14e
[INFO] [stdout]                                at /opt/rustwide/cargo-home/registry/src/index.crates.io-6f17d22bba15001f/tokio-1.32.0/src/runtime/context/scoped.rs:40:9
[INFO] [stdout]   33:     0x55ef70af33ba - tokio::runtime::context::set_scheduler::{{closure}}::hd15317683c7c1ab0
[INFO] [stdout]                                at /opt/rustwide/cargo-home/registry/src/index.crates.io-6f17d22bba15001f/tokio-1.32.0/src/runtime/context.rs:176:26
[INFO] [stdout]   34:     0x55ef70ae9e53 - std::thread::local::LocalKey<T>::try_with::haf101ea482138af9
[INFO] [stdout]                                at /rustc/0e09125c6c3c2fd70d7de961bcf0e51575235fad/library/std/src/thread/local.rs:270:16
[INFO] [stdout]   35:     0x55ef70ae9a3d - std::thread::local::LocalKey<T>::with::hc77901f46eb7773f
[INFO] [stdout]                                at /rustc/0e09125c6c3c2fd70d7de961bcf0e51575235fad/library/std/src/thread/local.rs:246:9
[INFO] [stdout]   36:     0x55ef70af3361 - tokio::runtime::context::set_scheduler::h61433fde20ba69ae
[INFO] [stdout]                                at /opt/rustwide/cargo-home/registry/src/index.crates.io-6f17d22bba15001f/tokio-1.32.0/src/runtime/context.rs:176:9
[INFO] [stdout]   37:     0x55ef70aedff9 - tokio::runtime::scheduler::current_thread::CoreGuard::enter::h014c89c1d36f69d3
[INFO] [stdout]                                at /opt/rustwide/cargo-home/registry/src/index.crates.io-6f17d22bba15001f/tokio-1.32.0/src/runtime/scheduler/current_thread/mod.rs:743:27
[INFO] [stdout]   38:     0x55ef70aee2cd - tokio::runtime::scheduler::current_thread::CoreGuard::block_on::h4e41d2bb5b4f6f74
[INFO] [stdout]                                at /opt/rustwide/cargo-home/registry/src/index.crates.io-6f17d22bba15001f/tokio-1.32.0/src/runtime/scheduler/current_thread/mod.rs:652:19
[INFO] [stdout]   39:     0x55ef70aed0e6 - tokio::runtime::scheduler::current_thread::CurrentThread::block_on::{{closure}}::h4c69df9ccb4d52b8
[INFO] [stdout]                                at /opt/rustwide/cargo-home/registry/src/index.crates.io-6f17d22bba15001f/tokio-1.32.0/src/runtime/scheduler/current_thread/mod.rs:175:28
[INFO] [stdout]   40:     0x55ef70aec94a - tokio::runtime::context::runtime::enter_runtime::h378571b67c083705
[INFO] [stdout]                                at /opt/rustwide/cargo-home/registry/src/index.crates.io-6f17d22bba15001f/tokio-1.32.0/src/runtime/context/runtime.rs:65:16
[INFO] [stdout]   41:     0x55ef70aecfee - tokio::runtime::scheduler::current_thread::CurrentThread::block_on::hf7c4b43b0ef8f413
[INFO] [stdout]                                at /opt/rustwide/cargo-home/registry/src/index.crates.io-6f17d22bba15001f/tokio-1.32.0/src/runtime/scheduler/current_thread/mod.rs:167:9
[INFO] [stdout]   42:     0x55ef70aece89 - tokio::runtime::runtime::Runtime::block_on::hac1d175c7a9a6d7c
[INFO] [stdout]                                at /opt/rustwide/cargo-home/registry/src/index.crates.io-6f17d22bba15001f/tokio-1.32.0/src/runtime/runtime.rs:347:47
[INFO] [stdout]   43:     0x55ef70af73aa - tun_route_daemon::route_utils::store_old_route::tests::test_get_default_route::h8da0793da07ed01f
[INFO] [stdout]                                at /opt/rustwide/workdir/src/route_utils/store_old_route.rs:41:9
[INFO] [stdout]   44:     0x55ef70af7237 - tun_route_daemon::route_utils::store_old_route::tests::test_get_default_route::{{closure}}::h754b3ca17e40f367
[INFO] [stdout]                                at /opt/rustwide/workdir/src/route_utils/store_old_route.rs:35:42
[INFO] [stdout]   45:     0x55ef70aea6e6 - core::ops::function::FnOnce::call_once::hb762a6cba7c9d4d3
[INFO] [stdout]                                at /rustc/0e09125c6c3c2fd70d7de961bcf0e51575235fad/library/core/src/ops/function.rs:250:5
[INFO] [stdout]   46:     0x55ef70b3194f - core::ops::function::FnOnce::call_once::hd64d26f405258157
[INFO] [stdout]                                at /rustc/0e09125c6c3c2fd70d7de961bcf0e51575235fad/library/core/src/ops/function.rs:250:5
[INFO] [stdout]   47:     0x55ef70b3194f - test::__rust_begin_short_backtrace::he21b0b7a6d731bf9
[INFO] [stdout]                                at /rustc/0e09125c6c3c2fd70d7de961bcf0e51575235fad/library/test/src/lib.rs:627:18
[INFO] [stdout]   48:     0x55ef70b306d1 - test::run_test_in_process::{{closure}}::hf5c73986d7bdfde2
[INFO] [stdout]                                at /rustc/0e09125c6c3c2fd70d7de961bcf0e51575235fad/library/test/src/lib.rs:650:60
[INFO] [stdout]   49:     0x55ef70b306d1 - <core::panic::unwind_safe::AssertUnwindSafe<F> as core::ops::function::FnOnce<()>>::call_once::h330011ad032aadc0
[INFO] [stdout]                                at /rustc/0e09125c6c3c2fd70d7de961bcf0e51575235fad/library/core/src/panic/unwind_safe.rs:272:9
[INFO] [stdout]   50:     0x55ef70b306d1 - std::panicking::try::do_call::he61b0a958b795a41
[INFO] [stdout]                                at /rustc/0e09125c6c3c2fd70d7de961bcf0e51575235fad/library/std/src/panicking.rs:552:40
[INFO] [stdout]   51:     0x55ef70b306d1 - std::panicking::try::h7309da130f906eb7
[INFO] [stdout]                                at /rustc/0e09125c6c3c2fd70d7de961bcf0e51575235fad/library/std/src/panicking.rs:516:19
[INFO] [stdout]   52:     0x55ef70b306d1 - std::panic::catch_unwind::hc5c3a06fdaf0a92a
[INFO] [stdout]                                at /rustc/0e09125c6c3c2fd70d7de961bcf0e51575235fad/library/std/src/panic.rs:142:14
[INFO] [stdout]   53:     0x55ef70b306d1 - test::run_test_in_process::h7e7b7c71c3324e0f
[INFO] [stdout]                                at /rustc/0e09125c6c3c2fd70d7de961bcf0e51575235fad/library/test/src/lib.rs:650:27
[INFO] [stdout]   54:     0x55ef70b306d1 - test::run_test::{{closure}}::h1f509f28f5cf20b1
[INFO] [stdout]                                at /rustc/0e09125c6c3c2fd70d7de961bcf0e51575235fad/library/test/src/lib.rs:573:43
[INFO] [stdout]   55:     0x55ef70af7a06 - test::run_test::{{closure}}::h1754218abf443f6d
[INFO] [stdout]                                at /rustc/0e09125c6c3c2fd70d7de961bcf0e51575235fad/library/test/src/lib.rs:601:41
[INFO] [stdout]   56:     0x55ef70af7a06 - std::sys_common::backtrace::__rust_begin_short_backtrace::h2ee174b9d5954948
[INFO] [stdout]                                at /rustc/0e09125c6c3c2fd70d7de961bcf0e51575235fad/library/std/src/sys_common/backtrace.rs:155:18
[INFO] [stdout]   57:     0x55ef70afca67 - std::thread::Builder::spawn_unchecked_::{{closure}}::{{closure}}::hf60bee9c1a17ef09
[INFO] [stdout]                                at /rustc/0e09125c6c3c2fd70d7de961bcf0e51575235fad/library/std/src/thread/mod.rs:529:17
[INFO] [stdout]   58:     0x55ef70afca67 - <core::panic::unwind_safe::AssertUnwindSafe<F> as core::ops::function::FnOnce<()>>::call_once::h33d0dddec5216160
[INFO] [stdout]                                at /rustc/0e09125c6c3c2fd70d7de961bcf0e51575235fad/library/core/src/panic/unwind_safe.rs:272:9
[INFO] [stdout]   59:     0x55ef70afca67 - std::panicking::try::do_call::h144b3048b546f835
[INFO] [stdout]                                at /rustc/0e09125c6c3c2fd70d7de961bcf0e51575235fad/library/std/src/panicking.rs:552:40
[INFO] [stdout]   60:     0x55ef70afca67 - std::panicking::try::h978244d04646189f
[INFO] [stdout]                                at /rustc/0e09125c6c3c2fd70d7de961bcf0e51575235fad/library/std/src/panicking.rs:516:19
[INFO] [stdout]   61:     0x55ef70afca67 - std::panic::catch_unwind::hdf436369d188fe86
[INFO] [stdout]                                at /rustc/0e09125c6c3c2fd70d7de961bcf0e51575235fad/library/std/src/panic.rs:142:14
[INFO] [stdout]   62:     0x55ef70afca67 - std::thread::Builder::spawn_unchecked_::{{closure}}::h87329cbdd33c79ec
[INFO] [stdout]                                at /rustc/0e09125c6c3c2fd70d7de961bcf0e51575235fad/library/std/src/thread/mod.rs:528:30
[INFO] [stdout]   63:     0x55ef70afca67 - core::ops::function::FnOnce::call_once{{vtable.shim}}::h401abbe67897d450
[INFO] [stdout]                                at /rustc/0e09125c6c3c2fd70d7de961bcf0e51575235fad/library/core/src/ops/function.rs:250:5
[INFO] [stdout]   64:     0x55ef70d08285 - <alloc::boxed::Box<F,A> as core::ops::function::FnOnce<Args>>::call_once::h5d7c8f150ab9c84c
[INFO] [stdout]                                at /rustc/0e09125c6c3c2fd70d7de961bcf0e51575235fad/library/alloc/src/boxed.rs:2015:9
[INFO] [stdout]   65:     0x55ef70d08285 - <alloc::boxed::Box<F,A> as core::ops::function::FnOnce<Args>>::call_once::h570d5b005c242c15
[INFO] [stdout]                                at /rustc/0e09125c6c3c2fd70d7de961bcf0e51575235fad/library/alloc/src/boxed.rs:2015:9
[INFO] [stdout]   66:     0x55ef70d08285 - std::sys::unix::thread::Thread::new::thread_start::h36b0a20c0b2361ad
[INFO] [stdout]                                at /rustc/0e09125c6c3c2fd70d7de961bcf0e51575235fad/library/std/src/sys/unix/thread.rs:108:17
[INFO] [stdout]   67:     0x7f92b65a5ac3 - <unknown>
[INFO] [stdout]   68:     0x7f92b6636bf4 - __clone
[INFO] [stdout]   69:                0x0 - <unknown>
[INFO] [stdout] 
[INFO] [stdout] 
[INFO] [stdout] failures:
[INFO] [stdout]     route_utils::set_specific_route::tests::test_set_specific_route
[INFO] [stdout]     route_utils::store_old_route::tests::test_get_default_route
[INFO] [stdout] 
[INFO] [stdout] test result: FAILED. 0 passed; 2 failed; 0 ignored; 0 measured; 0 filtered out; finished in 0.02s
[INFO] [stdout] 
[INFO] [stderr] error: test failed, to rerun pass `--lib`
[INFO] running `Command { std: "docker" "inspect" "14f2be6432b922fa36d835386f24cd9891b06b7fec5a3bbca3b95bfc9a6898f8", kill_on_drop: false }`
[INFO] running `Command { std: "docker" "rm" "-f" "14f2be6432b922fa36d835386f24cd9891b06b7fec5a3bbca3b95bfc9a6898f8", kill_on_drop: false }`
[INFO] [stdout] 14f2be6432b922fa36d835386f24cd9891b06b7fec5a3bbca3b95bfc9a6898f8
