[INFO] cloning repository https://github.com/importwu/rtor
[INFO] running `Command { std: "git" "-c" "credential.helper=" "-c" "credential.helper=/workspace/cargo-home/bin/git-credential-null" "clone" "--bare" "https://github.com/importwu/rtor" "/workspace/cache/git-repos/https%3A%2F%2Fgithub.com%2Fimportwu%2Frtor", kill_on_drop: false }`
[INFO] [stderr] Cloning into bare repository '/workspace/cache/git-repos/https%3A%2F%2Fgithub.com%2Fimportwu%2Frtor'...
[INFO] running `Command { std: "git" "rev-parse" "HEAD", kill_on_drop: false }`
[INFO] [stdout] 457cde1b0456dd23d7988590add2ddfffe67ff91
[INFO] testing importwu/rtor against 1.75.0 for beta-1.76-1
[INFO] running `Command { std: "git" "clone" "/workspace/cache/git-repos/https%3A%2F%2Fgithub.com%2Fimportwu%2Frtor" "/workspace/builds/worker-3-tc1/source", kill_on_drop: false }`
[INFO] [stderr] Cloning into '/workspace/builds/worker-3-tc1/source'...
[INFO] [stderr] done.
[INFO] validating manifest of git repo https://github.com/importwu/rtor on toolchain 1.75.0
[INFO] running `Command { std: CARGO_HOME="/workspace/cargo-home" RUSTUP_HOME="/workspace/rustup-home" "/workspace/cargo-home/bin/cargo" "+1.75.0" "metadata" "--manifest-path" "Cargo.toml" "--no-deps", kill_on_drop: false }`
[INFO] started tweaking git repo https://github.com/importwu/rtor
[INFO] finished tweaking git repo https://github.com/importwu/rtor
[INFO] tweaked toml for git repo https://github.com/importwu/rtor written to /workspace/builds/worker-3-tc1/source/Cargo.toml
[INFO] crate git repo https://github.com/importwu/rtor already has a lockfile, it will not be regenerated
[INFO] running `Command { std: CARGO_HOME="/workspace/cargo-home" RUSTUP_HOME="/workspace/rustup-home" "/workspace/cargo-home/bin/cargo" "+1.75.0" "fetch" "--manifest-path" "Cargo.toml", kill_on_drop: false }`
[INFO] running `Command { std: "docker" "create" "-v" "/var/lib/crater-agent-workspace/builds/worker-3-tc1/target:/opt/rustwide/target:rw,Z" "-v" "/var/lib/crater-agent-workspace/builds/worker-3-tc1/source:/opt/rustwide/workdir:ro,Z" "-v" "/var/lib/crater-agent-workspace/cargo-home:/opt/rustwide/cargo-home:ro,Z" "-v" "/var/lib/crater-agent-workspace/rustup-home:/opt/rustwide/rustup-home:ro,Z" "-e" "SOURCE_DIR=/opt/rustwide/workdir" "-e" "CARGO_TARGET_DIR=/opt/rustwide/target" "-e" "CARGO_HOME=/opt/rustwide/cargo-home" "-e" "RUSTUP_HOME=/opt/rustwide/rustup-home" "-w" "/opt/rustwide/workdir" "-m" "1610612736" "--user" "0:0" "--network" "none" "ghcr.io/rust-lang/crates-build-env/linux@sha256:2788e3201cd34a07e3172128adcd8b3090168a8e3bcc40d7c032b9dda1df7d1c" "/opt/rustwide/cargo-home/bin/cargo" "+1.75.0" "metadata" "--no-deps" "--format-version=1", kill_on_drop: false }`
[INFO] [stdout] 3a174d13507188a72e30bc72b5ec8ff52968284ac6ab9479cae07df5d111d932
[INFO] running `Command { std: "docker" "start" "-a" "3a174d13507188a72e30bc72b5ec8ff52968284ac6ab9479cae07df5d111d932", kill_on_drop: false }`
[INFO] running `Command { std: "docker" "inspect" "3a174d13507188a72e30bc72b5ec8ff52968284ac6ab9479cae07df5d111d932", kill_on_drop: false }`
[INFO] running `Command { std: "docker" "rm" "-f" "3a174d13507188a72e30bc72b5ec8ff52968284ac6ab9479cae07df5d111d932", kill_on_drop: false }`
[INFO] [stdout] 3a174d13507188a72e30bc72b5ec8ff52968284ac6ab9479cae07df5d111d932
[INFO] running `Command { std: "docker" "create" "-v" "/var/lib/crater-agent-workspace/builds/worker-3-tc1/target:/opt/rustwide/target:rw,Z" "-v" "/var/lib/crater-agent-workspace/builds/worker-3-tc1/source:/opt/rustwide/workdir:ro,Z" "-v" "/var/lib/crater-agent-workspace/cargo-home:/opt/rustwide/cargo-home:ro,Z" "-v" "/var/lib/crater-agent-workspace/rustup-home:/opt/rustwide/rustup-home:ro,Z" "-e" "SOURCE_DIR=/opt/rustwide/workdir" "-e" "CARGO_TARGET_DIR=/opt/rustwide/target" "-e" "CARGO_INCREMENTAL=0" "-e" "RUST_BACKTRACE=full" "-e" "RUSTFLAGS=--cap-lints=warn" "-e" "RUSTDOCFLAGS=--cap-lints=warn" "-e" "CARGO_HOME=/opt/rustwide/cargo-home" "-e" "RUSTUP_HOME=/opt/rustwide/rustup-home" "-w" "/opt/rustwide/workdir" "-m" "1610612736" "--user" "0:0" "--network" "none" "ghcr.io/rust-lang/crates-build-env/linux@sha256:2788e3201cd34a07e3172128adcd8b3090168a8e3bcc40d7c032b9dda1df7d1c" "/opt/rustwide/cargo-home/bin/cargo" "+1.75.0" "build" "--frozen" "--message-format=json", kill_on_drop: false }`
[INFO] [stdout] 6d309e0fd8c9aaa6fd4c8752b2100b602e57e29513ef563f039ea6f45d5cb1a7
[INFO] running `Command { std: "docker" "start" "-a" "6d309e0fd8c9aaa6fd4c8752b2100b602e57e29513ef563f039ea6f45d5cb1a7", kill_on_drop: false }`
[INFO] [stderr]    Compiling rtor v0.1.0 (/opt/rustwide/workdir)
[INFO] [stderr]     Finished dev [unoptimized + debuginfo] target(s) in 0.89s
[INFO] running `Command { std: "docker" "inspect" "6d309e0fd8c9aaa6fd4c8752b2100b602e57e29513ef563f039ea6f45d5cb1a7", kill_on_drop: false }`
[INFO] running `Command { std: "docker" "rm" "-f" "6d309e0fd8c9aaa6fd4c8752b2100b602e57e29513ef563f039ea6f45d5cb1a7", kill_on_drop: false }`
[INFO] [stdout] 6d309e0fd8c9aaa6fd4c8752b2100b602e57e29513ef563f039ea6f45d5cb1a7
[INFO] running `Command { std: "docker" "create" "-v" "/var/lib/crater-agent-workspace/builds/worker-3-tc1/target:/opt/rustwide/target:rw,Z" "-v" "/var/lib/crater-agent-workspace/builds/worker-3-tc1/source:/opt/rustwide/workdir:ro,Z" "-v" "/var/lib/crater-agent-workspace/cargo-home:/opt/rustwide/cargo-home:ro,Z" "-v" "/var/lib/crater-agent-workspace/rustup-home:/opt/rustwide/rustup-home:ro,Z" "-e" "SOURCE_DIR=/opt/rustwide/workdir" "-e" "CARGO_TARGET_DIR=/opt/rustwide/target" "-e" "CARGO_INCREMENTAL=0" "-e" "RUST_BACKTRACE=full" "-e" "RUSTFLAGS=--cap-lints=warn" "-e" "RUSTDOCFLAGS=--cap-lints=warn" "-e" "CARGO_HOME=/opt/rustwide/cargo-home" "-e" "RUSTUP_HOME=/opt/rustwide/rustup-home" "-w" "/opt/rustwide/workdir" "-m" "1610612736" "--user" "0:0" "--network" "none" "ghcr.io/rust-lang/crates-build-env/linux@sha256:2788e3201cd34a07e3172128adcd8b3090168a8e3bcc40d7c032b9dda1df7d1c" "/opt/rustwide/cargo-home/bin/cargo" "+1.75.0" "test" "--frozen" "--no-run" "--message-format=json", kill_on_drop: false }`
[INFO] [stdout] 42f3cde868a9a87827a3c0a11f549d5c9ab12ab778d5a4b56693e288a2e81afd
[INFO] running `Command { std: "docker" "start" "-a" "42f3cde868a9a87827a3c0a11f549d5c9ab12ab778d5a4b56693e288a2e81afd", kill_on_drop: false }`
[INFO] [stderr]    Compiling rtor v0.1.0 (/opt/rustwide/workdir)
[INFO] [stderr]     Finished test [unoptimized + debuginfo] target(s) in 1.48s
[INFO] running `Command { std: "docker" "inspect" "42f3cde868a9a87827a3c0a11f549d5c9ab12ab778d5a4b56693e288a2e81afd", kill_on_drop: false }`
[INFO] running `Command { std: "docker" "rm" "-f" "42f3cde868a9a87827a3c0a11f549d5c9ab12ab778d5a4b56693e288a2e81afd", kill_on_drop: false }`
[INFO] [stdout] 42f3cde868a9a87827a3c0a11f549d5c9ab12ab778d5a4b56693e288a2e81afd
[INFO] running `Command { std: "docker" "create" "-v" "/var/lib/crater-agent-workspace/builds/worker-3-tc1/target:/opt/rustwide/target:rw,Z" "-v" "/var/lib/crater-agent-workspace/builds/worker-3-tc1/source:/opt/rustwide/workdir:ro,Z" "-v" "/var/lib/crater-agent-workspace/cargo-home:/opt/rustwide/cargo-home:ro,Z" "-v" "/var/lib/crater-agent-workspace/rustup-home:/opt/rustwide/rustup-home:ro,Z" "-e" "SOURCE_DIR=/opt/rustwide/workdir" "-e" "CARGO_TARGET_DIR=/opt/rustwide/target" "-e" "CARGO_INCREMENTAL=0" "-e" "RUST_BACKTRACE=full" "-e" "RUSTFLAGS=--cap-lints=warn" "-e" "RUSTDOCFLAGS=--cap-lints=warn" "-e" "CARGO_HOME=/opt/rustwide/cargo-home" "-e" "RUSTUP_HOME=/opt/rustwide/rustup-home" "-w" "/opt/rustwide/workdir" "-m" "1610612736" "--user" "0:0" "--network" "none" "ghcr.io/rust-lang/crates-build-env/linux@sha256:2788e3201cd34a07e3172128adcd8b3090168a8e3bcc40d7c032b9dda1df7d1c" "/opt/rustwide/cargo-home/bin/cargo" "+1.75.0" "test" "--frozen", kill_on_drop: false }`
[INFO] [stdout] 0be73055df63673690571577f86130cc4035d73751d43cecd2bddc4f77ca4fe9
[INFO] running `Command { std: "docker" "start" "-a" "0be73055df63673690571577f86130cc4035d73751d43cecd2bddc4f77ca4fe9", kill_on_drop: false }`
[INFO] [stderr]     Finished test [unoptimized + debuginfo] target(s) in 0.01s
[INFO] [stderr]      Running unittests src/lib.rs (/opt/rustwide/target/debug/deps/rtor-c76bc25204744c21)
[INFO] [stdout] 
[INFO] [stdout] running 0 tests
[INFO] [stdout] 
[INFO] [stdout] test result: ok. 0 passed; 0 failed; 0 ignored; 0 measured; 0 filtered out; finished in 0.00s
[INFO] [stdout] 
[INFO] [stderr]    Doc-tests rtor
[INFO] [stdout] 
[INFO] [stdout] running 25 tests
[INFO] [stdout] test src/combinator.rs - combinator::cond (line 657) ... FAILED
[INFO] [stdout] test src/char.rs - char::char (line 16) ... FAILED
[INFO] [stdout] test src/combinator.rs - combinator::end_by1 (line 540) ... FAILED
[INFO] [stdout] test src/combinator.rs - combinator::count (line 290) ... FAILED
[INFO] [stdout] test src/combinator.rs - combinator::eof (line 738) ... FAILED
[INFO] [stdout] test src/combinator.rs - combinator::many1 (line 226) ... FAILED
[INFO] [stdout] test src/combinator.rs - combinator::error (line 767) ... FAILED
[INFO] [stdout] test src/combinator.rs - combinator::not (line 629) ... FAILED
[INFO] [stdout] test src/combinator.rs - combinator::peek (line 577) ... FAILED
[INFO] [stdout] test src/combinator.rs - combinator::many_till (line 257) ... FAILED
[INFO] [stdout] test src/combinator.rs - combinator::many (line 197) ... ok
[INFO] [stdout] test src/combinator.rs - combinator::end_by (line 502) ... ok
[INFO] [stdout] test src/combinator.rs - combinator::between (line 40) ... ok
[INFO] [stdout] test src/combinator.rs - combinator::pair (line 67) ... ok
[INFO] [stdout] test src/combinator.rs - combinator::opt (line 13) ... ok
[INFO] [stdout] test src/combinator.rs - combinator::skip (line 406) ... FAILED
[INFO] [stdout] test src/combinator.rs - combinator::sep_by1 (line 469) ... FAILED
[INFO] [stdout] test src/combinator.rs - combinator::skip_till (line 375) ... FAILED
[INFO] [stdout] test src/combinator.rs - combinator::skip_many1 (line 347) ... FAILED
[INFO] [stdout] test src/combinator.rs - combinator::pure (line 787) ... ok
[INFO] [stdout] test src/combinator.rs - combinator::preceded (line 689) ... ok
[INFO] [stdout] test src/combinator.rs - combinator::recognize (line 604) ... ok
[INFO] [stdout] test src/combinator.rs - combinator::terminated (line 713) ... ok
[INFO] [stdout] test src/combinator.rs - combinator::sep_by (line 434) ... ok
[INFO] [stdout] test src/combinator.rs - combinator::skip_many (line 320) ... ok
[INFO] [stderr] error: doctest failed, to rerun pass `--doc`
[INFO] [stdout] 
[INFO] [stdout] failures:
[INFO] [stdout] 
[INFO] [stdout] ---- src/combinator.rs - combinator::cond (line 657) stdout ----
[INFO] [stdout] error[E0599]: no associated item named `Unexpected` found for struct `SimpleError` in the current scope
[INFO] [stdout]   --> src/combinator.rs:669:44
[INFO] [stdout]    |
[INFO] [stdout] 15 | assert_eq!(parser("acb"), Err(SimpleError::Unexpected(Some('c'))));
[INFO] [stdout]    |                                            ^^^^^^^^^^ associated item not found in `SimpleError<_>`
[INFO] [stdout] 
[INFO] [stdout] error: aborting due to previous error
[INFO] [stdout] 
[INFO] [stdout] For more information about this error, try `rustc --explain E0599`.
[INFO] [stdout] Couldn't compile the test.
[INFO] [stdout] ---- src/char.rs - char::char (line 16) stdout ----
[INFO] [stdout] error: mismatched closing delimiter: `}`
[INFO] [stdout]   --> src/char.rs:26:11
[INFO] [stdout]    |
[INFO] [stdout] 4  | fn main() { #[allow(non_snake_case)] fn _doctest_main_src_char_rs_16_0() {
[INFO] [stdout]    |                                                                          - closing delimiter possibly meant for this
[INFO] [stdout] ...
[INFO] [stdout] 13 | assert_eq!(parser("bbc"), Err(SimpleError::Unexpected(Some('b')));
[INFO] [stdout]    |           ^ unclosed delimiter
[INFO] [stdout] 14 | } _doctest_main_src_char_rs_16_0() }
[INFO] [stdout]    | ^ mismatched closing delimiter
[INFO] [stdout] 
[INFO] [stdout] error: aborting due to previous error
[INFO] [stdout] 
[INFO] [stdout] Couldn't compile the test.
[INFO] [stdout] ---- src/combinator.rs - combinator::end_by1 (line 540) stdout ----
[INFO] [stdout] error[E0599]: no associated item named `Unexpected` found for struct `SimpleError` in the current scope
[INFO] [stdout]   --> src/combinator.rs:552:42
[INFO] [stdout]    |
[INFO] [stdout] 15 | assert_eq!(parser("a"), Err(SimpleError::Unexpected(None)));
[INFO] [stdout]    |                                          ^^^^^^^^^^ associated item not found in `SimpleError<_>`
[INFO] [stdout] 
[INFO] [stdout] error[E0599]: no associated item named `Unexpected` found for struct `SimpleError` in the current scope
[INFO] [stdout]   --> src/combinator.rs:553:42
[INFO] [stdout]    |
[INFO] [stdout] 16 | assert_eq!(parser("b"), Err(SimpleError::Unexpected(Some('b'))));
[INFO] [stdout]    |                                          ^^^^^^^^^^ associated item not found in `SimpleError<_>`
[INFO] [stdout] 
[INFO] [stdout] error: aborting due to 2 previous errors
[INFO] [stdout] 
[INFO] [stdout] For more information about this error, try `rustc --explain E0599`.
[INFO] [stdout] Couldn't compile the test.
[INFO] [stdout] ---- src/combinator.rs - combinator::count (line 290) stdout ----
[INFO] [stdout] error[E0599]: no associated item named `Unexpected` found for struct `SimpleError` in the current scope
[INFO] [stdout]   --> src/combinator.rs:302:43
[INFO] [stdout]    |
[INFO] [stdout] 15 | assert_eq!(parser("aa"), Err(SimpleError::Unexpected(None)));
[INFO] [stdout]    |                                           ^^^^^^^^^^ associated item not found in `SimpleError<_>`
[INFO] [stdout] 
[INFO] [stdout] error: aborting due to previous error
[INFO] [stdout] 
[INFO] [stdout] For more information about this error, try `rustc --explain E0599`.
[INFO] [stdout] Couldn't compile the test.
[INFO] [stdout] ---- src/combinator.rs - combinator::eof (line 738) stdout ----
[INFO] [stdout] error[E0599]: no associated item named `Unexpected` found for struct `SimpleError` in the current scope
[INFO] [stdout]   --> src/combinator.rs:749:44
[INFO] [stdout]    |
[INFO] [stdout] 14 | assert_eq!(parser("abc"), Err(SimpleError::Unexpected(Some('a'))));
[INFO] [stdout]    |                                            ^^^^^^^^^^ associated item not found in `SimpleError<_>`
[INFO] [stdout] 
[INFO] [stdout] error: aborting due to previous error
[INFO] [stdout] 
[INFO] [stdout] For more information about this error, try `rustc --explain E0599`.
[INFO] [stdout] Couldn't compile the test.
[INFO] [stdout] ---- src/combinator.rs - combinator::many1 (line 226) stdout ----
[INFO] [stdout] error[E0599]: no associated item named `Unexpected` found for struct `SimpleError` in the current scope
[INFO] [stdout]   --> src/combinator.rs:237:42
[INFO] [stdout]    |
[INFO] [stdout] 14 | assert_eq!(parser("b"), Err(SimpleError::Unexpected(Some('b'))));
[INFO] [stdout]    |                                          ^^^^^^^^^^ associated item not found in `SimpleError<_>`
[INFO] [stdout] 
[INFO] [stdout] error: aborting due to previous error
[INFO] [stdout] 
[INFO] [stdout] For more information about this error, try `rustc --explain E0599`.
[INFO] [stdout] Couldn't compile the test.
[INFO] [stdout] ---- src/combinator.rs - combinator::error (line 767) stdout ----
[INFO] [stdout] error[E0599]: no associated item named `Unexpected` found for struct `SimpleError` in the current scope
[INFO] [stdout]   --> src/combinator.rs:777:44
[INFO] [stdout]    |
[INFO] [stdout] 13 | assert_eq!(parser("abc"), Err(SimpleError::Unexpected(Some('a'))));
[INFO] [stdout]    |                                            ^^^^^^^^^^ associated item not found in `SimpleError<_>`
[INFO] [stdout] 
[INFO] [stdout] error: aborting due to previous error
[INFO] [stdout] 
[INFO] [stdout] For more information about this error, try `rustc --explain E0599`.
[INFO] [stdout] Couldn't compile the test.
[INFO] [stdout] ---- src/combinator.rs - combinator::not (line 629) stdout ----
[INFO] [stdout] error[E0599]: no associated item named `Unexpected` found for struct `SimpleError` in the current scope
[INFO] [stdout]   --> src/combinator.rs:640:43
[INFO] [stdout]    |
[INFO] [stdout] 14 | assert_eq!(parser("ab"), Err(SimpleError::Unexpected(Some('a'))));
[INFO] [stdout]    |                                           ^^^^^^^^^^ associated item not found in `SimpleError<_>`
[INFO] [stdout] 
[INFO] [stdout] error: aborting due to previous error
[INFO] [stdout] 
[INFO] [stdout] For more information about this error, try `rustc --explain E0599`.
[INFO] [stdout] Couldn't compile the test.
[INFO] [stdout] ---- src/combinator.rs - combinator::peek (line 577) stdout ----
[INFO] [stdout] error[E0599]: no associated item named `Unexpected` found for struct `SimpleError` in the current scope
[INFO] [stdout]   --> src/combinator.rs:588:44
[INFO] [stdout]    |
[INFO] [stdout] 14 | assert_eq!(parser("cbc"), Err(SimpleError::Unexpected(Some('c'))));
[INFO] [stdout]    |                                            ^^^^^^^^^^ associated item not found in `SimpleError<_>`
[INFO] [stdout] 
[INFO] [stdout] error: aborting due to previous error
[INFO] [stdout] 
[INFO] [stdout] For more information about this error, try `rustc --explain E0599`.
[INFO] [stdout] Couldn't compile the test.
[INFO] [stdout] ---- src/combinator.rs - combinator::many_till (line 257) stdout ----
[INFO] [stdout] error[E0599]: no associated item named `Unexpected` found for struct `SimpleError` in the current scope
[INFO] [stdout]   --> src/combinator.rs:269:44
[INFO] [stdout]    |
[INFO] [stdout] 15 | assert_eq!(parser("acb"), Err(SimpleError::Unexpected(Some('c'))));
[INFO] [stdout]    |                                            ^^^^^^^^^^ associated item not found in `SimpleError<_>`
[INFO] [stdout] 
[INFO] [stdout] error[E0599]: no associated item named `Unexpected` found for struct `SimpleError` in the current scope
[INFO] [stdout]   --> src/combinator.rs:270:43
[INFO] [stdout]    |
[INFO] [stdout] 16 | assert_eq!(parser("aa"), Err(SimpleError::Unexpected(None)));
[INFO] [stdout]    |                                           ^^^^^^^^^^ associated item not found in `SimpleError<_>`
[INFO] [stdout] 
[INFO] [stdout] error: aborting due to 2 previous errors
[INFO] [stdout] 
[INFO] [stdout] For more information about this error, try `rustc --explain E0599`.
[INFO] [stdout] Couldn't compile the test.
[INFO] [stdout] ---- src/combinator.rs - combinator::skip (line 406) stdout ----
[INFO] [stdout] error[E0599]: no associated item named `Unexpected` found for struct `SimpleError` in the current scope
[INFO] [stdout]   --> src/combinator.rs:418:43
[INFO] [stdout]    |
[INFO] [stdout] 15 | assert_eq!(parser("aa"), Err(SimpleError::Unexpected(None)));
[INFO] [stdout]    |                                           ^^^^^^^^^^ associated item not found in `SimpleError<_>`
[INFO] [stdout] 
[INFO] [stdout] error: aborting due to previous error
[INFO] [stdout] 
[INFO] [stdout] For more information about this error, try `rustc --explain E0599`.
[INFO] [stdout] Couldn't compile the test.
[INFO] [stdout] ---- src/combinator.rs - combinator::sep_by1 (line 469) stdout ----
[INFO] [stdout] error[E0599]: no associated item named `Unexpected` found for struct `SimpleError` in the current scope
[INFO] [stdout]   --> src/combinator.rs:481:42
[INFO] [stdout]    |
[INFO] [stdout] 15 | assert_eq!(parser("b"), Err(SimpleError::Unexpected(Some('b'))));
[INFO] [stdout]    |                                          ^^^^^^^^^^ associated item not found in `SimpleError<_>`
[INFO] [stdout] 
[INFO] [stdout] error: aborting due to previous error
[INFO] [stdout] 
[INFO] [stdout] For more information about this error, try `rustc --explain E0599`.
[INFO] [stdout] Couldn't compile the test.
[INFO] [stdout] ---- src/combinator.rs - combinator::skip_till (line 375) stdout ----
[INFO] [stdout] error[E0599]: no associated item named `Unexpected` found for struct `SimpleError` in the current scope
[INFO] [stdout]   --> src/combinator.rs:387:44
[INFO] [stdout]    |
[INFO] [stdout] 15 | assert_eq!(parser("acb"), Err(SimpleError::Unexpected(Some('c'))));
[INFO] [stdout]    |                                            ^^^^^^^^^^ associated item not found in `SimpleError<_>`
[INFO] [stdout] 
[INFO] [stdout] error[E0599]: no associated item named `Unexpected` found for struct `SimpleError` in the current scope
[INFO] [stdout]   --> src/combinator.rs:388:43
[INFO] [stdout]    |
[INFO] [stdout] 16 | assert_eq!(parser("aa"), Err(SimpleError::Unexpected(None)));
[INFO] [stdout]    |                                           ^^^^^^^^^^ associated item not found in `SimpleError<_>`
[INFO] [stdout] 
[INFO] [stdout] error: aborting due to 2 previous errors
[INFO] [stdout] 
[INFO] [stdout] For more information about this error, try `rustc --explain E0599`.
[INFO] [stdout] Couldn't compile the test.
[INFO] [stdout] ---- src/combinator.rs - combinator::skip_many1 (line 347) stdout ----
[INFO] [stdout] error[E0599]: no associated item named `Unexpected` found for struct `SimpleError` in the current scope
[INFO] [stdout]   --> src/combinator.rs:358:42
[INFO] [stdout]    |
[INFO] [stdout] 14 | assert_eq!(parser("b"), Err(SimpleError::Unexpected(Some('b'))));
[INFO] [stdout]    |                                          ^^^^^^^^^^ associated item not found in `SimpleError<_>`
[INFO] [stdout] 
[INFO] [stdout] error: aborting due to previous error
[INFO] [stdout] 
[INFO] [stdout] For more information about this error, try `rustc --explain E0599`.
[INFO] [stdout] Couldn't compile the test.
[INFO] [stdout] 
[INFO] [stdout] failures:
[INFO] [stdout]     src/char.rs - char::char (line 16)
[INFO] [stdout]     src/combinator.rs - combinator::cond (line 657)
[INFO] [stdout]     src/combinator.rs - combinator::count (line 290)
[INFO] [stdout]     src/combinator.rs - combinator::end_by1 (line 540)
[INFO] [stdout]     src/combinator.rs - combinator::eof (line 738)
[INFO] [stdout]     src/combinator.rs - combinator::error (line 767)
[INFO] [stdout]     src/combinator.rs - combinator::many1 (line 226)
[INFO] [stdout]     src/combinator.rs - combinator::many_till (line 257)
[INFO] [stdout]     src/combinator.rs - combinator::not (line 629)
[INFO] [stdout]     src/combinator.rs - combinator::peek (line 577)
[INFO] [stdout]     src/combinator.rs - combinator::sep_by1 (line 469)
[INFO] [stdout]     src/combinator.rs - combinator::skip (line 406)
[INFO] [stdout]     src/combinator.rs - combinator::skip_many1 (line 347)
[INFO] [stdout]     src/combinator.rs - combinator::skip_till (line 375)
[INFO] [stdout] 
[INFO] [stdout] test result: FAILED. 11 passed; 14 failed; 0 ignored; 0 measured; 0 filtered out; finished in 1.55s
[INFO] [stdout] 
[INFO] running `Command { std: "docker" "inspect" "0be73055df63673690571577f86130cc4035d73751d43cecd2bddc4f77ca4fe9", kill_on_drop: false }`
[INFO] running `Command { std: "docker" "rm" "-f" "0be73055df63673690571577f86130cc4035d73751d43cecd2bddc4f77ca4fe9", kill_on_drop: false }`
[INFO] [stdout] 0be73055df63673690571577f86130cc4035d73751d43cecd2bddc4f77ca4fe9
[INFO] testing importwu/rtor against beta-2023-12-22 for beta-1.76-1
[INFO] running `Command { std: "git" "clone" "/workspace/cache/git-repos/https%3A%2F%2Fgithub.com%2Fimportwu%2Frtor" "/workspace/builds/worker-3-tc2/source", kill_on_drop: false }`
[INFO] [stderr] Cloning into '/workspace/builds/worker-3-tc2/source'...
[INFO] [stderr] done.
[INFO] validating manifest of git repo https://github.com/importwu/rtor on toolchain beta-2023-12-22
[INFO] running `Command { std: CARGO_HOME="/workspace/cargo-home" RUSTUP_HOME="/workspace/rustup-home" "/workspace/cargo-home/bin/cargo" "+beta-2023-12-22" "metadata" "--manifest-path" "Cargo.toml" "--no-deps", kill_on_drop: false }`
[INFO] started tweaking git repo https://github.com/importwu/rtor
[INFO] finished tweaking git repo https://github.com/importwu/rtor
[INFO] tweaked toml for git repo https://github.com/importwu/rtor written to /workspace/builds/worker-3-tc2/source/Cargo.toml
[INFO] crate git repo https://github.com/importwu/rtor already has a lockfile, it will not be regenerated
[INFO] running `Command { std: CARGO_HOME="/workspace/cargo-home" RUSTUP_HOME="/workspace/rustup-home" "/workspace/cargo-home/bin/cargo" "+beta-2023-12-22" "fetch" "--manifest-path" "Cargo.toml", kill_on_drop: false }`
[INFO] running `Command { std: "docker" "create" "-v" "/var/lib/crater-agent-workspace/builds/worker-3-tc2/target:/opt/rustwide/target:rw,Z" "-v" "/var/lib/crater-agent-workspace/builds/worker-3-tc2/source:/opt/rustwide/workdir:ro,Z" "-v" "/var/lib/crater-agent-workspace/cargo-home:/opt/rustwide/cargo-home:ro,Z" "-v" "/var/lib/crater-agent-workspace/rustup-home:/opt/rustwide/rustup-home:ro,Z" "-e" "SOURCE_DIR=/opt/rustwide/workdir" "-e" "CARGO_TARGET_DIR=/opt/rustwide/target" "-e" "CARGO_HOME=/opt/rustwide/cargo-home" "-e" "RUSTUP_HOME=/opt/rustwide/rustup-home" "-w" "/opt/rustwide/workdir" "-m" "1610612736" "--user" "0:0" "--network" "none" "ghcr.io/rust-lang/crates-build-env/linux@sha256:2788e3201cd34a07e3172128adcd8b3090168a8e3bcc40d7c032b9dda1df7d1c" "/opt/rustwide/cargo-home/bin/cargo" "+beta-2023-12-22" "metadata" "--no-deps" "--format-version=1", kill_on_drop: false }`
[INFO] [stdout] b09bae753f0dff480ee3d7e1e5e2dbc963138cd667015342795acfd3f4972199
[INFO] running `Command { std: "docker" "start" "-a" "b09bae753f0dff480ee3d7e1e5e2dbc963138cd667015342795acfd3f4972199", kill_on_drop: false }`
[INFO] running `Command { std: "docker" "inspect" "b09bae753f0dff480ee3d7e1e5e2dbc963138cd667015342795acfd3f4972199", kill_on_drop: false }`
[INFO] running `Command { std: "docker" "rm" "-f" "b09bae753f0dff480ee3d7e1e5e2dbc963138cd667015342795acfd3f4972199", kill_on_drop: false }`
[INFO] [stdout] b09bae753f0dff480ee3d7e1e5e2dbc963138cd667015342795acfd3f4972199
[INFO] running `Command { std: "docker" "create" "-v" "/var/lib/crater-agent-workspace/builds/worker-3-tc2/target:/opt/rustwide/target:rw,Z" "-v" "/var/lib/crater-agent-workspace/builds/worker-3-tc2/source:/opt/rustwide/workdir:ro,Z" "-v" "/var/lib/crater-agent-workspace/cargo-home:/opt/rustwide/cargo-home:ro,Z" "-v" "/var/lib/crater-agent-workspace/rustup-home:/opt/rustwide/rustup-home:ro,Z" "-e" "SOURCE_DIR=/opt/rustwide/workdir" "-e" "CARGO_TARGET_DIR=/opt/rustwide/target" "-e" "CARGO_INCREMENTAL=0" "-e" "RUST_BACKTRACE=full" "-e" "RUSTFLAGS=--cap-lints=warn" "-e" "RUSTDOCFLAGS=--cap-lints=warn" "-e" "CARGO_HOME=/opt/rustwide/cargo-home" "-e" "RUSTUP_HOME=/opt/rustwide/rustup-home" "-w" "/opt/rustwide/workdir" "-m" "1610612736" "--user" "0:0" "--network" "none" "ghcr.io/rust-lang/crates-build-env/linux@sha256:2788e3201cd34a07e3172128adcd8b3090168a8e3bcc40d7c032b9dda1df7d1c" "/opt/rustwide/cargo-home/bin/cargo" "+beta-2023-12-22" "build" "--frozen" "--message-format=json", kill_on_drop: false }`
[INFO] [stdout] f998acecfde0aaafe673cbf056b876c76c1b927916da6c2f22da86f62686c6a6
[INFO] running `Command { std: "docker" "start" "-a" "f998acecfde0aaafe673cbf056b876c76c1b927916da6c2f22da86f62686c6a6", kill_on_drop: false }`
[INFO] [stderr]    Compiling rtor v0.1.0 (/opt/rustwide/workdir)
[INFO] [stderr]     Finished dev [unoptimized + debuginfo] target(s) in 0.95s
[INFO] running `Command { std: "docker" "inspect" "f998acecfde0aaafe673cbf056b876c76c1b927916da6c2f22da86f62686c6a6", kill_on_drop: false }`
[INFO] running `Command { std: "docker" "rm" "-f" "f998acecfde0aaafe673cbf056b876c76c1b927916da6c2f22da86f62686c6a6", kill_on_drop: false }`
[INFO] [stdout] f998acecfde0aaafe673cbf056b876c76c1b927916da6c2f22da86f62686c6a6
[INFO] running `Command { std: "docker" "create" "-v" "/var/lib/crater-agent-workspace/builds/worker-3-tc2/target:/opt/rustwide/target:rw,Z" "-v" "/var/lib/crater-agent-workspace/builds/worker-3-tc2/source:/opt/rustwide/workdir:ro,Z" "-v" "/var/lib/crater-agent-workspace/cargo-home:/opt/rustwide/cargo-home:ro,Z" "-v" "/var/lib/crater-agent-workspace/rustup-home:/opt/rustwide/rustup-home:ro,Z" "-e" "SOURCE_DIR=/opt/rustwide/workdir" "-e" "CARGO_TARGET_DIR=/opt/rustwide/target" "-e" "CARGO_INCREMENTAL=0" "-e" "RUST_BACKTRACE=full" "-e" "RUSTFLAGS=--cap-lints=warn" "-e" "RUSTDOCFLAGS=--cap-lints=warn" "-e" "CARGO_HOME=/opt/rustwide/cargo-home" "-e" "RUSTUP_HOME=/opt/rustwide/rustup-home" "-w" "/opt/rustwide/workdir" "-m" "1610612736" "--user" "0:0" "--network" "none" "ghcr.io/rust-lang/crates-build-env/linux@sha256:2788e3201cd34a07e3172128adcd8b3090168a8e3bcc40d7c032b9dda1df7d1c" "/opt/rustwide/cargo-home/bin/cargo" "+beta-2023-12-22" "test" "--frozen" "--no-run" "--message-format=json", kill_on_drop: false }`
[INFO] [stdout] 1160b77e07acb40eb97d3df827d5bd45e8635a17c14b54ba932cb9ad260e5ad9
[INFO] running `Command { std: "docker" "start" "-a" "1160b77e07acb40eb97d3df827d5bd45e8635a17c14b54ba932cb9ad260e5ad9", kill_on_drop: false }`
[INFO] [stderr]    Compiling rtor v0.1.0 (/opt/rustwide/workdir)
[INFO] [stderr]     Finished test [unoptimized + debuginfo] target(s) in 1.59s
[INFO] running `Command { std: "docker" "inspect" "1160b77e07acb40eb97d3df827d5bd45e8635a17c14b54ba932cb9ad260e5ad9", kill_on_drop: false }`
[INFO] running `Command { std: "docker" "rm" "-f" "1160b77e07acb40eb97d3df827d5bd45e8635a17c14b54ba932cb9ad260e5ad9", kill_on_drop: false }`
[INFO] [stdout] 1160b77e07acb40eb97d3df827d5bd45e8635a17c14b54ba932cb9ad260e5ad9
[INFO] running `Command { std: "docker" "create" "-v" "/var/lib/crater-agent-workspace/builds/worker-3-tc2/target:/opt/rustwide/target:rw,Z" "-v" "/var/lib/crater-agent-workspace/builds/worker-3-tc2/source:/opt/rustwide/workdir:ro,Z" "-v" "/var/lib/crater-agent-workspace/cargo-home:/opt/rustwide/cargo-home:ro,Z" "-v" "/var/lib/crater-agent-workspace/rustup-home:/opt/rustwide/rustup-home:ro,Z" "-e" "SOURCE_DIR=/opt/rustwide/workdir" "-e" "CARGO_TARGET_DIR=/opt/rustwide/target" "-e" "CARGO_INCREMENTAL=0" "-e" "RUST_BACKTRACE=full" "-e" "RUSTFLAGS=--cap-lints=warn" "-e" "RUSTDOCFLAGS=--cap-lints=warn" "-e" "CARGO_HOME=/opt/rustwide/cargo-home" "-e" "RUSTUP_HOME=/opt/rustwide/rustup-home" "-w" "/opt/rustwide/workdir" "-m" "1610612736" "--user" "0:0" "--network" "none" "ghcr.io/rust-lang/crates-build-env/linux@sha256:2788e3201cd34a07e3172128adcd8b3090168a8e3bcc40d7c032b9dda1df7d1c" "/opt/rustwide/cargo-home/bin/cargo" "+beta-2023-12-22" "test" "--frozen", kill_on_drop: false }`
[INFO] [stdout] ce6d8bcc1e968044a4f77777896c85e14063cde2ce33ec51a65b22098d50965b
[INFO] running `Command { std: "docker" "start" "-a" "ce6d8bcc1e968044a4f77777896c85e14063cde2ce33ec51a65b22098d50965b", kill_on_drop: false }`
[INFO] [stderr]     Finished test [unoptimized + debuginfo] target(s) in 0.01s
[INFO] [stderr]      Running unittests src/lib.rs (/opt/rustwide/target/debug/deps/rtor-c055509e29dfe2f3)
[INFO] [stderr]    Doc-tests rtor
[INFO] [stdout] 
[INFO] [stdout] running 0 tests
[INFO] [stdout] 
[INFO] [stdout] test result: ok. 0 passed; 0 failed; 0 ignored; 0 measured; 0 filtered out; finished in 0.00s
[INFO] [stdout] 
[INFO] [stdout] 
[INFO] [stdout] running 25 tests
[INFO] [stdout] test src/char.rs - char::char (line 16) ... FAILED
[INFO] [stdout] test src/combinator.rs - combinator::error (line 767) ... FAILED
[INFO] [stdout] test src/combinator.rs - combinator::eof (line 738) ... FAILED
[INFO] [stdout] test src/combinator.rs - combinator::cond (line 657) ... FAILED
[INFO] [stdout] test src/combinator.rs - combinator::count (line 290) ... FAILED
[INFO] [stdout] test src/combinator.rs - combinator::end_by1 (line 540) ... FAILED
[INFO] [stdout] test src/combinator.rs - combinator::many1 (line 226) ... FAILED
[INFO] [stdout] test src/combinator.rs - combinator::not (line 629) ... FAILED
[INFO] [stdout] test src/combinator.rs - combinator::many_till (line 257) ... FAILED
[INFO] [stdout] test src/combinator.rs - combinator::peek (line 577) ... FAILED
[INFO] [stdout] test src/combinator.rs - combinator::end_by (line 502) ... ok
[INFO] [stdout] test src/combinator.rs - combinator::between (line 40) ... ok
[INFO] [stdout] test src/combinator.rs - combinator::sep_by1 (line 469) ... FAILED
[INFO] [stdout] test src/combinator.rs - combinator::skip (line 406) ... FAILED
[INFO] [stdout] test src/combinator.rs - combinator::opt (line 13) ... ok
[INFO] [stdout] test src/combinator.rs - combinator::pair (line 67) ... ok
[INFO] [stdout] test src/combinator.rs - combinator::preceded (line 689) ... ok
[INFO] [stdout] test src/combinator.rs - combinator::skip_many1 (line 347) ... FAILED
[INFO] [stdout] test src/combinator.rs - combinator::skip_till (line 375) ... FAILED
[INFO] [stdout] test src/combinator.rs - combinator::many (line 197) ... ok
[INFO] [stdout] test src/combinator.rs - combinator::pure (line 787) ... ok
[INFO] [stdout] test src/combinator.rs - combinator::recognize (line 604) ... ok
[INFO] [stdout] test src/combinator.rs - combinator::sep_by (line 434) ... ok
[INFO] [stdout] test src/combinator.rs - combinator::skip_many (line 320) ... ok
[INFO] [stdout] test src/combinator.rs - combinator::terminated (line 713) ... ok
[INFO] [stdout] 
[INFO] [stdout] failures:
[INFO] [stdout] 
[INFO] [stdout] ---- src/char.rs - char::char (line 16) stdout ----
[INFO] [stdout] error: mismatched closing delimiter: `}`
[INFO] [stdout]   --> src/char.rs:26:11
[INFO] [stdout]    |
[INFO] [stdout] 4  | fn main() { #[allow(non_snake_case)] fn _doctest_main_src_char_rs_16_0() {
[INFO] [stdout]    |                                                                          - closing delimiter possibly meant for this
[INFO] [stdout] ...
[INFO] [stdout] 13 | assert_eq!(parser("bbc"), Err(SimpleError::Unexpected(Some('b')));
[INFO] [stdout]    |           ^ unclosed delimiter
[INFO] [stdout] 14 | } _doctest_main_src_char_rs_16_0() }
[INFO] [stdout]    | ^ mismatched closing delimiter
[INFO] [stdout] 
[INFO] [stdout] error: aborting due to 1 previous error
[INFO] [stdout] 
[INFO] [stdout] Couldn't compile the test.
[INFO] [stdout] ---- src/combinator.rs - combinator::error (line 767) stdout ----
[INFO] [stdout] error[E0599]: no associated item named `Unexpected` found for struct `SimpleError` in the current scope
[INFO] [stdout]   --> src/combinator.rs:777:44
[INFO] [stdout]    |
[INFO] [stdout] 13 | assert_eq!(parser("abc"), Err(SimpleError::Unexpected(Some('a'))));
[INFO] [stdout]    |                                            ^^^^^^^^^^ associated item not found in `SimpleError<_>`
[INFO] [stdout] 
[INFO] [stdout] error: aborting due to 1 previous error
[INFO] [stdout] 
[INFO] [stdout] For more information about this error, try `rustc --explain E0599`.
[INFO] [stdout] Couldn't compile the test.
[INFO] [stdout] ---- src/combinator.rs - combinator::eof (line 738) stdout ----
[INFO] [stdout] error[E0599]: no associated item named `Unexpected` found for struct `SimpleError` in the current scope
[INFO] [stdout]   --> src/combinator.rs:749:44
[INFO] [stdout]    |
[INFO] [stdout] 14 | assert_eq!(parser("abc"), Err(SimpleError::Unexpected(Some('a'))));
[INFO] [stdout]    |                                            ^^^^^^^^^^ associated item not found in `SimpleError<_>`
[INFO] [stdout] 
[INFO] [stdout] error: aborting due to 1 previous error
[INFO] [stdout] 
[INFO] [stdout] For more information about this error, try `rustc --explain E0599`.
[INFO] [stdout] Couldn't compile the test.
[INFO] [stdout] ---- src/combinator.rs - combinator::cond (line 657) stdout ----
[INFO] [stdout] error[E0599]: no associated item named `Unexpected` found for struct `SimpleError` in the current scope
[INFO] [stdout]   --> src/combinator.rs:669:44
[INFO] [stdout]    |
[INFO] [stdout] 15 | assert_eq!(parser("acb"), Err(SimpleError::Unexpected(Some('c'))));
[INFO] [stdout]    |                                            ^^^^^^^^^^ associated item not found in `SimpleError<_>`
[INFO] [stdout] 
[INFO] [stdout] error: aborting due to 1 previous error
[INFO] [stdout] 
[INFO] [stdout] For more information about this error, try `rustc --explain E0599`.
[INFO] [stdout] Couldn't compile the test.
[INFO] [stdout] ---- src/combinator.rs - combinator::count (line 290) stdout ----
[INFO] [stdout] error[E0599]: no associated item named `Unexpected` found for struct `SimpleError` in the current scope
[INFO] [stdout]   --> src/combinator.rs:302:43
[INFO] [stdout]    |
[INFO] [stdout] 15 | assert_eq!(parser("aa"), Err(SimpleError::Unexpected(None)));
[INFO] [stdout]    |                                           ^^^^^^^^^^ associated item not found in `SimpleError<_>`
[INFO] [stdout] 
[INFO] [stdout] error: aborting due to 1 previous error
[INFO] [stdout] 
[INFO] [stdout] For more information about this error, try `rustc --explain E0599`.
[INFO] [stdout] Couldn't compile the test.
[INFO] [stdout] ---- src/combinator.rs - combinator::end_by1 (line 540) stdout ----
[INFO] [stdout] error[E0599]: no associated item named `Unexpected` found for struct `SimpleError` in the current scope
[INFO] [stdout]   --> src/combinator.rs:552:42
[INFO] [stdout]    |
[INFO] [stdout] 15 | assert_eq!(parser("a"), Err(SimpleError::Unexpected(None)));
[INFO] [stdout]    |                                          ^^^^^^^^^^ associated item not found in `SimpleError<_>`
[INFO] [stdout] 
[INFO] [stdout] error[E0599]: no associated item named `Unexpected` found for struct `SimpleError` in the current scope
[INFO] [stdout]   --> src/combinator.rs:553:42
[INFO] [stdout]    |
[INFO] [stdout] 16 | assert_eq!(parser("b"), Err(SimpleError::Unexpected(Some('b'))));
[INFO] [stdout]    |                                          ^^^^^^^^^^ associated item not found in `SimpleError<_>`
[INFO] [stdout] 
[INFO] [stdout] error: aborting due to 2 previous errors
[INFO] [stdout] 
[INFO] [stdout] For more information about this error, try `rustc --explain E0599`.
[INFO] [stdout] Couldn't compile the test.
[INFO] [stdout] ---- src/combinator.rs - combinator::many1 (line 226) stdout ----
[INFO] [stdout] error[E0599]: no associated item named `Unexpected` found for struct `SimpleError` in the current scope
[INFO] [stdout]   --> src/combinator.rs:237:42
[INFO] [stdout]    |
[INFO] [stdout] 14 | assert_eq!(parser("b"), Err(SimpleError::Unexpected(Some('b'))));
[INFO] [stdout]    |                                          ^^^^^^^^^^ associated item not found in `SimpleError<_>`
[INFO] [stdout] 
[INFO] [stdout] error: aborting due to 1 previous error
[INFO] [stdout] 
[INFO] [stdout] For more information about this error, try `rustc --explain E0599`.
[INFO] [stdout] Couldn't compile the test.
[INFO] [stdout] ---- src/combinator.rs - combinator::not (line 629) stdout ----
[INFO] [stdout] error[E0599]: no associated item named `Unexpected` found for struct `SimpleError` in the current scope
[INFO] [stdout]   --> src/combinator.rs:640:43
[INFO] [stdout]    |
[INFO] [stdout] 14 | assert_eq!(parser("ab"), Err(SimpleError::Unexpected(Some('a'))));
[INFO] [stdout]    |                                           ^^^^^^^^^^ associated item not found in `SimpleError<_>`
[INFO] [stdout] 
[INFO] [stdout] error: aborting due to 1 previous error
[INFO] [stdout] 
[INFO] [stdout] For more information about this error, try `rustc --explain E0599`.
[INFO] [stdout] Couldn't compile the test.
[INFO] [stdout] ---- src/combinator.rs - combinator::many_till (line 257) stdout ----
[INFO] [stdout] error[E0599]: no associated item named `Unexpected` found for struct `SimpleError` in the current scope
[INFO] [stdout]   --> src/combinator.rs:269:44
[INFO] [stdout]    |
[INFO] [stdout] 15 | assert_eq!(parser("acb"), Err(SimpleError::Unexpected(Some('c'))));
[INFO] [stdout]    |                                            ^^^^^^^^^^ associated item not found in `SimpleError<_>`
[INFO] [stdout] 
[INFO] [stdout] error[E0599]: no associated item named `Unexpected` found for struct `SimpleError` in the current scope
[INFO] [stdout]   --> src/combinator.rs:270:43
[INFO] [stdout]    |
[INFO] [stdout] 16 | assert_eq!(parser("aa"), Err(SimpleError::Unexpected(None)));
[INFO] [stdout]    |                                           ^^^^^^^^^^ associated item not found in `SimpleError<_>`
[INFO] [stdout] 
[INFO] [stdout] error: aborting due to 2 previous errors
[INFO] [stdout] 
[INFO] [stdout] For more information about this error, try `rustc --explain E0599`.
[INFO] [stdout] Couldn't compile the test.
[INFO] [stdout] ---- src/combinator.rs - combinator::peek (line 577) stdout ----
[INFO] [stdout] error[E0599]: no associated item named `Unexpected` found for struct `SimpleError` in the current scope
[INFO] [stdout]   --> src/combinator.rs:588:44
[INFO] [stdout]    |
[INFO] [stdout] 14 | assert_eq!(parser("cbc"), Err(SimpleError::Unexpected(Some('c'))));
[INFO] [stdout]    |                                            ^^^^^^^^^^ associated item not found in `SimpleError<_>`
[INFO] [stdout] 
[INFO] [stdout] error: aborting due to 1 previous error
[INFO] [stdout] 
[INFO] [stdout] For more information about this error, try `rustc --explain E0599`.
[INFO] [stdout] Couldn't compile the test.
[INFO] [stdout] ---- src/combinator.rs - combinator::sep_by1 (line 469) stdout ----
[INFO] [stdout] error[E0599]: no associated item named `Unexpected` found for struct `SimpleError` in the current scope
[INFO] [stdout]   --> src/combinator.rs:481:42
[INFO] [stdout]    |
[INFO] [stdout] 15 | assert_eq!(parser("b"), Err(SimpleError::Unexpected(Some('b'))));
[INFO] [stdout]    |                                          ^^^^^^^^^^ associated item not found in `SimpleError<_>`
[INFO] [stdout] 
[INFO] [stdout] error: aborting due to 1 previous error
[INFO] [stdout] 
[INFO] [stdout] For more information about this error, try `rustc --explain E0599`.
[INFO] [stdout] Couldn't compile the test.
[INFO] [stdout] ---- src/combinator.rs - combinator::skip (line 406) stdout ----
[INFO] [stdout] error[E0599]: no associated item named `Unexpected` found for struct `SimpleError` in the current scope
[INFO] [stdout]   --> src/combinator.rs:418:43
[INFO] [stdout]    |
[INFO] [stdout] 15 | assert_eq!(parser("aa"), Err(SimpleError::Unexpected(None)));
[INFO] [stdout]    |                                           ^^^^^^^^^^ associated item not found in `SimpleError<_>`
[INFO] [stdout] 
[INFO] [stdout] error: aborting due to 1 previous error
[INFO] [stdout] 
[INFO] [stdout] For more information about this error, try `rustc --explain E0599`.
[INFO] [stdout] Couldn't compile the test.
[INFO] [stdout] ---- src/combinator.rs - combinator::skip_many1 (line 347) stdout ----
[INFO] [stdout] error[E0599]: no associated item named `Unexpected` found for struct `SimpleError` in the current scope
[INFO] [stdout]   --> src/combinator.rs:358:42
[INFO] [stdout]    |
[INFO] [stdout] 14 | assert_eq!(parser("b"), Err(SimpleError::Unexpected(Some('b'))));
[INFO] [stdout]    |                                          ^^^^^^^^^^ associated item not found in `SimpleError<_>`
[INFO] [stdout] 
[INFO] [stdout] error: aborting due to 1 previous error
[INFO] [stdout] 
[INFO] [stdout] For more information about this error, try `rustc --explain E0599`.
[INFO] [stdout] Couldn't compile the test.
[INFO] [stdout] ---- src/combinator.rs - combinator::skip_till (line 375) stdout ----
[INFO] [stdout] error[E0599]: no associated item named `Unexpected` found for struct `SimpleError` in the current scope
[INFO] [stdout]   --> src/combinator.rs:387:44
[INFO] [stdout]    |
[INFO] [stdout] 15 | assert_eq!(parser("acb"), Err(SimpleError::Unexpected(Some('c'))));
[INFO] [stdout]    |                                            ^^^^^^^^^^ associated item not found in `SimpleError<_>`
[INFO] [stdout] 
[INFO] [stdout] error[E0599]: no associated item named `Unexpected` found for struct `SimpleError` in the current scope
[INFO] [stdout]   --> src/combinator.rs:388:43
[INFO] [stdout]    |
[INFO] [stdout] 16 | assert_eq!(parser("aa"), Err(SimpleError::Unexpected(None)));
[INFO] [stdout]    |                                           ^^^^^^^^^^ associated item not found in `SimpleError<_>`
[INFO] [stdout] 
[INFO] [stdout] error: aborting due to 2 previous errors
[INFO] [stdout] 
[INFO] [stdout] For more information about this error, try `rustc --explain E0599`.
[INFO] [stdout] Couldn't compile the test.
[INFO] [stdout] 
[INFO] [stdout] failures:
[INFO] [stdout]     src/char.rs - char::char (line 16)
[INFO] [stdout]     src/combinator.rs - combinator::cond (line 657)
[INFO] [stdout]     src/combinator.rs - combinator::count (line 290)
[INFO] [stdout]     src/combinator.rs - combinator::end_by1 (line 540)
[INFO] [stdout]     src/combinator.rs - combinator::eof (line 738)
[INFO] [stdout]     src/combinator.rs - combinator::error (line 767)
[INFO] [stdout]     src/combinator.rs - combinator::many1 (line 226)
[INFO] [stdout]     src/combinator.rs - combinator::many_till (line 257)
[INFO] [stdout]     src/combinator.rs - combinator::not (line 629)
[INFO] [stdout]     src/combinator.rs - combinator::peek (line 577)
[INFO] [stdout]     src/combinator.rs - combinator::sep_by1 (line 469)
[INFO] [stdout]     src/combinator.rs - combinator::skip (line 406)
[INFO] [stdout]     src/combinator.rs - combinator::skip_many1 (line 347)
[INFO] [stdout]     src/combinator.rs - combinator::skip_till (line 375)
[INFO] [stdout] 
[INFO] [stdout] test result: FAILED. 11 passed; 14 failed; 0 ignored; 0 measured; 0 filtered out; finished in 2.01s
[INFO] [stdout] 
[INFO] [stderr] error: doctest failed, to rerun pass `--doc`
[INFO] running `Command { std: "docker" "inspect" "ce6d8bcc1e968044a4f77777896c85e14063cde2ce33ec51a65b22098d50965b", kill_on_drop: false }`
[INFO] running `Command { std: "docker" "rm" "-f" "ce6d8bcc1e968044a4f77777896c85e14063cde2ce33ec51a65b22098d50965b", kill_on_drop: false }`
[INFO] [stdout] ce6d8bcc1e968044a4f77777896c85e14063cde2ce33ec51a65b22098d50965b
