[INFO] cloning repository https://github.com/ilmannafian04/sweeprs
[INFO] running `Command { std: "git" "-c" "credential.helper=" "-c" "credential.helper=/workspace/cargo-home/bin/git-credential-null" "clone" "--bare" "https://github.com/ilmannafian04/sweeprs" "/workspace/cache/git-repos/https%3A%2F%2Fgithub.com%2Filmannafian04%2Fsweeprs", kill_on_drop: false }`
[INFO] [stderr] Cloning into bare repository '/workspace/cache/git-repos/https%3A%2F%2Fgithub.com%2Filmannafian04%2Fsweeprs'...
[INFO] running `Command { std: "git" "rev-parse" "HEAD", kill_on_drop: false }`
[INFO] [stdout] 9c3c7edc4894e97e1e16d6017ffb3c84f46feb9f
[INFO] testing ilmannafian04/sweeprs against 1.75.0 for beta-1.76-1
[INFO] running `Command { std: "git" "clone" "/workspace/cache/git-repos/https%3A%2F%2Fgithub.com%2Filmannafian04%2Fsweeprs" "/workspace/builds/worker-2-tc1/source", kill_on_drop: false }`
[INFO] [stderr] Cloning into '/workspace/builds/worker-2-tc1/source'...
[INFO] [stderr] done.
[INFO] validating manifest of git repo https://github.com/ilmannafian04/sweeprs on toolchain 1.75.0
[INFO] running `Command { std: CARGO_HOME="/workspace/cargo-home" RUSTUP_HOME="/workspace/rustup-home" "/workspace/cargo-home/bin/cargo" "+1.75.0" "metadata" "--manifest-path" "Cargo.toml" "--no-deps", kill_on_drop: false }`
[INFO] started tweaking git repo https://github.com/ilmannafian04/sweeprs
[INFO] finished tweaking git repo https://github.com/ilmannafian04/sweeprs
[INFO] tweaked toml for git repo https://github.com/ilmannafian04/sweeprs written to /workspace/builds/worker-2-tc1/source/Cargo.toml
[INFO] crate git repo https://github.com/ilmannafian04/sweeprs already has a lockfile, it will not be regenerated
[INFO] running `Command { std: CARGO_HOME="/workspace/cargo-home" RUSTUP_HOME="/workspace/rustup-home" "/workspace/cargo-home/bin/cargo" "+1.75.0" "fetch" "--manifest-path" "Cargo.toml", kill_on_drop: false }`
[INFO] running `Command { std: "docker" "create" "-v" "/var/lib/crater-agent-workspace/builds/worker-2-tc1/target:/opt/rustwide/target:rw,Z" "-v" "/var/lib/crater-agent-workspace/builds/worker-2-tc1/source:/opt/rustwide/workdir:ro,Z" "-v" "/var/lib/crater-agent-workspace/cargo-home:/opt/rustwide/cargo-home:ro,Z" "-v" "/var/lib/crater-agent-workspace/rustup-home:/opt/rustwide/rustup-home:ro,Z" "-e" "SOURCE_DIR=/opt/rustwide/workdir" "-e" "CARGO_TARGET_DIR=/opt/rustwide/target" "-e" "CARGO_HOME=/opt/rustwide/cargo-home" "-e" "RUSTUP_HOME=/opt/rustwide/rustup-home" "-w" "/opt/rustwide/workdir" "-m" "1610612736" "--user" "0:0" "--network" "none" "ghcr.io/rust-lang/crates-build-env/linux@sha256:2788e3201cd34a07e3172128adcd8b3090168a8e3bcc40d7c032b9dda1df7d1c" "/opt/rustwide/cargo-home/bin/cargo" "+1.75.0" "metadata" "--no-deps" "--format-version=1", kill_on_drop: false }`
[INFO] [stdout] 0083622a73d056d78ca7dd29994bd88dfc9e63d8970beae648ed82141b77b4da
[INFO] running `Command { std: "docker" "start" "-a" "0083622a73d056d78ca7dd29994bd88dfc9e63d8970beae648ed82141b77b4da", kill_on_drop: false }`
[INFO] running `Command { std: "docker" "inspect" "0083622a73d056d78ca7dd29994bd88dfc9e63d8970beae648ed82141b77b4da", kill_on_drop: false }`
[INFO] running `Command { std: "docker" "rm" "-f" "0083622a73d056d78ca7dd29994bd88dfc9e63d8970beae648ed82141b77b4da", kill_on_drop: false }`
[INFO] [stdout] 0083622a73d056d78ca7dd29994bd88dfc9e63d8970beae648ed82141b77b4da
[INFO] running `Command { std: "docker" "create" "-v" "/var/lib/crater-agent-workspace/builds/worker-2-tc1/target:/opt/rustwide/target:rw,Z" "-v" "/var/lib/crater-agent-workspace/builds/worker-2-tc1/source:/opt/rustwide/workdir:ro,Z" "-v" "/var/lib/crater-agent-workspace/cargo-home:/opt/rustwide/cargo-home:ro,Z" "-v" "/var/lib/crater-agent-workspace/rustup-home:/opt/rustwide/rustup-home:ro,Z" "-e" "SOURCE_DIR=/opt/rustwide/workdir" "-e" "CARGO_TARGET_DIR=/opt/rustwide/target" "-e" "CARGO_INCREMENTAL=0" "-e" "RUST_BACKTRACE=full" "-e" "RUSTFLAGS=--cap-lints=warn" "-e" "RUSTDOCFLAGS=--cap-lints=warn" "-e" "CARGO_HOME=/opt/rustwide/cargo-home" "-e" "RUSTUP_HOME=/opt/rustwide/rustup-home" "-w" "/opt/rustwide/workdir" "-m" "1610612736" "--user" "0:0" "--network" "none" "ghcr.io/rust-lang/crates-build-env/linux@sha256:2788e3201cd34a07e3172128adcd8b3090168a8e3bcc40d7c032b9dda1df7d1c" "/opt/rustwide/cargo-home/bin/cargo" "+1.75.0" "build" "--frozen" "--message-format=json", kill_on_drop: false }`
[INFO] [stdout] b014a26700f26f263fb0302b7d2d6532b7523adaea9b3b46d5d8018c56f9df02
[INFO] running `Command { std: "docker" "start" "-a" "b014a26700f26f263fb0302b7d2d6532b7523adaea9b3b46d5d8018c56f9df02", kill_on_drop: false }`
[INFO] [stderr]    Compiling libc v0.2.98
[INFO] [stderr]    Compiling getrandom v0.2.0
[INFO] [stderr]    Compiling cfg-if v0.1.10
[INFO] [stderr]    Compiling ppv-lite86 v0.2.10
[INFO] [stderr]    Compiling rand_core v0.6.0
[INFO] [stderr]    Compiling rand_chacha v0.3.0
[INFO] [stderr]    Compiling rand v0.8.0
[INFO] [stderr]    Compiling sweeprs v0.2.0 (/opt/rustwide/workdir)
[INFO] [stderr]     Finished dev [unoptimized + debuginfo] target(s) in 1.20s
[INFO] running `Command { std: "docker" "inspect" "b014a26700f26f263fb0302b7d2d6532b7523adaea9b3b46d5d8018c56f9df02", kill_on_drop: false }`
[INFO] running `Command { std: "docker" "rm" "-f" "b014a26700f26f263fb0302b7d2d6532b7523adaea9b3b46d5d8018c56f9df02", kill_on_drop: false }`
[INFO] [stdout] b014a26700f26f263fb0302b7d2d6532b7523adaea9b3b46d5d8018c56f9df02
[INFO] running `Command { std: "docker" "create" "-v" "/var/lib/crater-agent-workspace/builds/worker-2-tc1/target:/opt/rustwide/target:rw,Z" "-v" "/var/lib/crater-agent-workspace/builds/worker-2-tc1/source:/opt/rustwide/workdir:ro,Z" "-v" "/var/lib/crater-agent-workspace/cargo-home:/opt/rustwide/cargo-home:ro,Z" "-v" "/var/lib/crater-agent-workspace/rustup-home:/opt/rustwide/rustup-home:ro,Z" "-e" "SOURCE_DIR=/opt/rustwide/workdir" "-e" "CARGO_TARGET_DIR=/opt/rustwide/target" "-e" "CARGO_INCREMENTAL=0" "-e" "RUST_BACKTRACE=full" "-e" "RUSTFLAGS=--cap-lints=warn" "-e" "RUSTDOCFLAGS=--cap-lints=warn" "-e" "CARGO_HOME=/opt/rustwide/cargo-home" "-e" "RUSTUP_HOME=/opt/rustwide/rustup-home" "-w" "/opt/rustwide/workdir" "-m" "1610612736" "--user" "0:0" "--network" "none" "ghcr.io/rust-lang/crates-build-env/linux@sha256:2788e3201cd34a07e3172128adcd8b3090168a8e3bcc40d7c032b9dda1df7d1c" "/opt/rustwide/cargo-home/bin/cargo" "+1.75.0" "test" "--frozen" "--no-run" "--message-format=json", kill_on_drop: false }`
[INFO] [stdout] d629665f8a7413b30c9c879e536b8499d712c156ac579696b19f188b6ed9ca0e
[INFO] running `Command { std: "docker" "start" "-a" "d629665f8a7413b30c9c879e536b8499d712c156ac579696b19f188b6ed9ca0e", kill_on_drop: false }`
[INFO] [stderr]    Compiling sweeprs v0.2.0 (/opt/rustwide/workdir)
[INFO] [stderr]     Finished test [unoptimized + debuginfo] target(s) in 0.33s
[INFO] running `Command { std: "docker" "inspect" "d629665f8a7413b30c9c879e536b8499d712c156ac579696b19f188b6ed9ca0e", kill_on_drop: false }`
[INFO] running `Command { std: "docker" "rm" "-f" "d629665f8a7413b30c9c879e536b8499d712c156ac579696b19f188b6ed9ca0e", kill_on_drop: false }`
[INFO] [stdout] d629665f8a7413b30c9c879e536b8499d712c156ac579696b19f188b6ed9ca0e
[INFO] running `Command { std: "docker" "create" "-v" "/var/lib/crater-agent-workspace/builds/worker-2-tc1/target:/opt/rustwide/target:rw,Z" "-v" "/var/lib/crater-agent-workspace/builds/worker-2-tc1/source:/opt/rustwide/workdir:ro,Z" "-v" "/var/lib/crater-agent-workspace/cargo-home:/opt/rustwide/cargo-home:ro,Z" "-v" "/var/lib/crater-agent-workspace/rustup-home:/opt/rustwide/rustup-home:ro,Z" "-e" "SOURCE_DIR=/opt/rustwide/workdir" "-e" "CARGO_TARGET_DIR=/opt/rustwide/target" "-e" "CARGO_INCREMENTAL=0" "-e" "RUST_BACKTRACE=full" "-e" "RUSTFLAGS=--cap-lints=warn" "-e" "RUSTDOCFLAGS=--cap-lints=warn" "-e" "CARGO_HOME=/opt/rustwide/cargo-home" "-e" "RUSTUP_HOME=/opt/rustwide/rustup-home" "-w" "/opt/rustwide/workdir" "-m" "1610612736" "--user" "0:0" "--network" "none" "ghcr.io/rust-lang/crates-build-env/linux@sha256:2788e3201cd34a07e3172128adcd8b3090168a8e3bcc40d7c032b9dda1df7d1c" "/opt/rustwide/cargo-home/bin/cargo" "+1.75.0" "test" "--frozen", kill_on_drop: false }`
[INFO] [stdout] 7e3e4f4a1bccbbe712d7b573fd9c2eaa16d986f5269d1baf102540077e68843a
[INFO] running `Command { std: "docker" "start" "-a" "7e3e4f4a1bccbbe712d7b573fd9c2eaa16d986f5269d1baf102540077e68843a", kill_on_drop: false }`
[INFO] [stderr]     Finished test [unoptimized + debuginfo] target(s) in 0.01s
[INFO] [stderr]      Running unittests src/lib.rs (/opt/rustwide/target/debug/deps/sweeprs-ff6a951028afd264)
[INFO] [stdout] 
[INFO] [stdout] running 19 tests
[INFO] [stdout] test board::tests::bot_left_nbr ... ok
[INFO] [stdout] test board::tests::bot_nbr ... ok
[INFO] [stdout] test board::tests::dimension ... ok
[INFO] [stdout] test board::tests::bot_right_nbr ... ok
[INFO] [stdout] test board::tests::new_board ... ok
[INFO] [stdout] test board::tests::left_nbr ... ok
[INFO] [stdout] test board::tests::init_board ... ok
[INFO] [stdout] test board::tests::out_of_bound ... ok
[INFO] [stdout] test board::tests::right_nbr ... ok
[INFO] [stdout] test board::tests::top_left_nbr ... ok
[INFO] [stdout] test board::tests::open_cell ... ok
[INFO] [stdout] test board::tests::top_nbr ... ok
[INFO] [stdout] test board::tests::top_right_nbr ... ok
[INFO] [stdout] test cell::tests::flag_closed ... ok
[INFO] [stdout] test cell::tests::flag_flagged ... ok
[INFO] [stdout] test cell::tests::flag_opened ... ok
[INFO] [stdout] test cell::tests::open_closed ... ok
[INFO] [stdout] test cell::tests::open_flagged ... ok
[INFO] [stdout] test cell::tests::open_opened ... ok
[INFO] [stdout] 
[INFO] [stdout] test result: ok. 19 passed; 0 failed; 0 ignored; 0 measured; 0 filtered out; finished in 0.00s
[INFO] [stdout] 
[INFO] [stderr]    Doc-tests sweeprs
[INFO] [stdout] 
[INFO] [stdout] running 1 test
[INFO] [stdout] test src/lib.rs - (line 5) ... FAILED
[INFO] [stdout] 
[INFO] [stdout] failures:
[INFO] [stdout] 
[INFO] [stdout] ---- src/lib.rs - (line 5) stdout ----
[INFO] [stdout] error: expected identifier, found reserved identifier `_`
[INFO] [stdout]   --> src/lib.rs:15:5
[INFO] [stdout]    |
[INFO] [stdout] 13 |     _ => (),
[INFO] [stdout]    |     ^ expected identifier, found reserved identifier
[INFO] [stdout] 
[INFO] [stdout] error: expected one of `(`, `,`, `.`, `::`, `?`, `}`, or an operator, found `=>`
[INFO] [stdout]   --> src/lib.rs:15:7
[INFO] [stdout]    |
[INFO] [stdout] 12 |     BoardState::Finished(BoardResult::Win) => println!("You win!").
[INFO] [stdout]    |                                            -- while parsing the `match` arm starting here
[INFO] [stdout] 13 |     _ => (),
[INFO] [stdout]    |       ^^ expected one of 7 possible tokens
[INFO] [stdout] 
[INFO] [stdout] error[E0599]: no function or associated item named `new` found for struct `Board` in the current scope
[INFO] [stdout]  --> src/lib.rs:9:24
[INFO] [stdout]   |
[INFO] [stdout] 7 | let mut board = Board::new(9, 9, 10);
[INFO] [stdout]   |                        ^^^ function or associated item not found in `Board`
[INFO] [stdout]   |
[INFO] [stdout]   = help: items from traits can only be used if the trait is in scope
[INFO] [stdout] help: the following trait is implemented but not in scope; perhaps add a `use` for it:
[INFO] [stdout]   |
[INFO] [stdout] 2 + use crate::sweeprs::SweeperBoard;
[INFO] [stdout]   |
[INFO] [stdout] 
[INFO] [stdout] error: aborting due to 3 previous errors
[INFO] [stdout] 
[INFO] [stdout] For more information about this error, try `rustc --explain E0599`.
[INFO] [stdout] Couldn't compile the test.
[INFO] [stdout] 
[INFO] [stdout] failures:
[INFO] [stdout]     src/lib.rs - (line 5)
[INFO] [stdout] 
[INFO] [stdout] test result: FAILED. 0 passed; 1 failed; 0 ignored; 0 measured; 0 filtered out; finished in 0.05s
[INFO] [stdout] 
[INFO] [stderr] error: doctest failed, to rerun pass `--doc`
[INFO] running `Command { std: "docker" "inspect" "7e3e4f4a1bccbbe712d7b573fd9c2eaa16d986f5269d1baf102540077e68843a", kill_on_drop: false }`
[INFO] running `Command { std: "docker" "rm" "-f" "7e3e4f4a1bccbbe712d7b573fd9c2eaa16d986f5269d1baf102540077e68843a", kill_on_drop: false }`
[INFO] [stdout] 7e3e4f4a1bccbbe712d7b573fd9c2eaa16d986f5269d1baf102540077e68843a
