[INFO] cloning repository https://github.com/ifiokjr/leptos_aria
[INFO] running `Command { std: "git" "-c" "credential.helper=" "-c" "credential.helper=/workspace/cargo-home/bin/git-credential-null" "clone" "--bare" "https://github.com/ifiokjr/leptos_aria" "/workspace/cache/git-repos/https%3A%2F%2Fgithub.com%2Fifiokjr%2Fleptos_aria", kill_on_drop: false }`
[INFO] [stderr] Cloning into bare repository '/workspace/cache/git-repos/https%3A%2F%2Fgithub.com%2Fifiokjr%2Fleptos_aria'...
[INFO] running `Command { std: "git" "rev-parse" "HEAD", kill_on_drop: false }`
[INFO] [stdout] ff91d77f5760f84ac7f973d909fe085b8ea76bf4
[INFO] testing ifiokjr/leptos_aria against 1.75.0 for beta-1.76-1
[INFO] running `Command { std: "git" "clone" "/workspace/cache/git-repos/https%3A%2F%2Fgithub.com%2Fifiokjr%2Fleptos_aria" "/workspace/builds/worker-5-tc1/source", kill_on_drop: false }`
[INFO] [stderr] Cloning into '/workspace/builds/worker-5-tc1/source'...
[INFO] [stderr] done.
[INFO] validating manifest of git repo https://github.com/ifiokjr/leptos_aria on toolchain 1.75.0
[INFO] running `Command { std: CARGO_HOME="/workspace/cargo-home" RUSTUP_HOME="/workspace/rustup-home" "/workspace/cargo-home/bin/cargo" "+1.75.0" "metadata" "--manifest-path" "Cargo.toml" "--no-deps", kill_on_drop: false }`
[INFO] removed /workspace/builds/worker-5-tc1/source/rust-toolchain.toml
[INFO] started tweaking git repo https://github.com/ifiokjr/leptos_aria
[INFO] finished tweaking git repo https://github.com/ifiokjr/leptos_aria
[INFO] tweaked toml for git repo https://github.com/ifiokjr/leptos_aria written to /workspace/builds/worker-5-tc1/source/Cargo.toml
[INFO] crate git repo https://github.com/ifiokjr/leptos_aria already has a lockfile, it will not be regenerated
[INFO] running `Command { std: CARGO_HOME="/workspace/cargo-home" RUSTUP_HOME="/workspace/rustup-home" "/workspace/cargo-home/bin/cargo" "+1.75.0" "fetch" "--manifest-path" "Cargo.toml", kill_on_drop: false }`
[INFO] running `Command { std: "docker" "create" "-v" "/var/lib/crater-agent-workspace/builds/worker-5-tc1/target:/opt/rustwide/target:rw,Z" "-v" "/var/lib/crater-agent-workspace/builds/worker-5-tc1/source:/opt/rustwide/workdir:ro,Z" "-v" "/var/lib/crater-agent-workspace/cargo-home:/opt/rustwide/cargo-home:ro,Z" "-v" "/var/lib/crater-agent-workspace/rustup-home:/opt/rustwide/rustup-home:ro,Z" "-e" "SOURCE_DIR=/opt/rustwide/workdir" "-e" "CARGO_TARGET_DIR=/opt/rustwide/target" "-e" "CARGO_HOME=/opt/rustwide/cargo-home" "-e" "RUSTUP_HOME=/opt/rustwide/rustup-home" "-w" "/opt/rustwide/workdir" "-m" "1610612736" "--user" "0:0" "--network" "none" "ghcr.io/rust-lang/crates-build-env/linux@sha256:2788e3201cd34a07e3172128adcd8b3090168a8e3bcc40d7c032b9dda1df7d1c" "/opt/rustwide/cargo-home/bin/cargo" "+1.75.0" "metadata" "--no-deps" "--format-version=1", kill_on_drop: false }`
[INFO] [stdout] f3c865ae0805dcfe6ae5dcaa582272b72952c4314cb2dfa1ae7f33be150956f1
[INFO] running `Command { std: "docker" "start" "-a" "f3c865ae0805dcfe6ae5dcaa582272b72952c4314cb2dfa1ae7f33be150956f1", kill_on_drop: false }`
[INFO] running `Command { std: "docker" "inspect" "f3c865ae0805dcfe6ae5dcaa582272b72952c4314cb2dfa1ae7f33be150956f1", kill_on_drop: false }`
[INFO] running `Command { std: "docker" "rm" "-f" "f3c865ae0805dcfe6ae5dcaa582272b72952c4314cb2dfa1ae7f33be150956f1", kill_on_drop: false }`
[INFO] [stdout] f3c865ae0805dcfe6ae5dcaa582272b72952c4314cb2dfa1ae7f33be150956f1
[INFO] running `Command { std: "docker" "create" "-v" "/var/lib/crater-agent-workspace/builds/worker-5-tc1/target:/opt/rustwide/target:rw,Z" "-v" "/var/lib/crater-agent-workspace/builds/worker-5-tc1/source:/opt/rustwide/workdir:ro,Z" "-v" "/var/lib/crater-agent-workspace/cargo-home:/opt/rustwide/cargo-home:ro,Z" "-v" "/var/lib/crater-agent-workspace/rustup-home:/opt/rustwide/rustup-home:ro,Z" "-e" "SOURCE_DIR=/opt/rustwide/workdir" "-e" "CARGO_TARGET_DIR=/opt/rustwide/target" "-e" "CARGO_INCREMENTAL=0" "-e" "RUST_BACKTRACE=full" "-e" "RUSTFLAGS=--cap-lints=warn" "-e" "RUSTDOCFLAGS=--cap-lints=warn" "-e" "CARGO_HOME=/opt/rustwide/cargo-home" "-e" "RUSTUP_HOME=/opt/rustwide/rustup-home" "-w" "/opt/rustwide/workdir" "-m" "1610612736" "--user" "0:0" "--network" "none" "ghcr.io/rust-lang/crates-build-env/linux@sha256:2788e3201cd34a07e3172128adcd8b3090168a8e3bcc40d7c032b9dda1df7d1c" "/opt/rustwide/cargo-home/bin/cargo" "+1.75.0" "build" "--frozen" "--message-format=json", kill_on_drop: false }`
[INFO] [stdout] e3b2426a8f93e9dd4d0ab57e92181e512b62cc46c2e3833fcc703781e99bb81b
[INFO] running `Command { std: "docker" "start" "-a" "e3b2426a8f93e9dd4d0ab57e92181e512b62cc46c2e3833fcc703781e99bb81b", kill_on_drop: false }`
[INFO] [stderr]    Compiling proc-macro2 v1.0.51
[INFO] [stderr]    Compiling quote v1.0.23
[INFO] [stderr]    Compiling unicode-ident v1.0.6
[INFO] [stderr]    Compiling syn v1.0.107
[INFO] [stderr]    Compiling once_cell v1.17.0
[INFO] [stderr]    Compiling cfg-if v1.0.0
[INFO] [stderr]    Compiling autocfg v1.1.0
[INFO] [stderr]    Compiling version_check v0.9.4
[INFO] [stderr]    Compiling serde_derive v1.0.152
[INFO] [stderr]    Compiling serde v1.0.152
[INFO] [stderr]    Compiling wasm-bindgen-shared v0.2.84
[INFO] [stderr]    Compiling log v0.4.17
[INFO] [stderr]    Compiling bumpalo v3.12.0
[INFO] [stderr]    Compiling thiserror v1.0.38
[INFO] [stderr]    Compiling wasm-bindgen v0.2.84
[INFO] [stderr]    Compiling memchr v2.5.0
[INFO] [stderr]    Compiling libc v0.2.139
[INFO] [stderr]    Compiling serde_json v1.0.93
[INFO] [stderr]    Compiling itoa v1.0.5
[INFO] [stderr]    Compiling ryu v1.0.12
[INFO] [stderr]    Compiling futures-core v0.3.26
[INFO] [stderr]    Compiling futures-channel v0.3.26
[INFO] [stderr]    Compiling futures-sink v0.3.26
[INFO] [stderr]    Compiling futures-task v0.3.26
[INFO] [stderr]    Compiling futures-util v0.3.26
[INFO] [stderr]    Compiling pin-project-lite v0.2.9
[INFO] [stderr]    Compiling ahash v0.7.6
[INFO] [stderr]    Compiling slab v0.4.7
[INFO] [stderr]    Compiling num-traits v0.2.15
[INFO] [stderr]    Compiling num-integer v0.1.45
[INFO] [stderr]    Compiling pin-utils v0.1.0
[INFO] [stderr]    Compiling futures-io v0.3.26
[INFO] [stderr]    Compiling num-bigint v0.4.3
[INFO] [stderr]    Compiling slotmap v1.0.6
[INFO] [stderr]    Compiling indexmap v1.9.2
[INFO] [stderr]    Compiling tracing-core v0.1.30
[INFO] [stderr]    Compiling paste v1.0.11
[INFO] [stderr]    Compiling ucd-trie v0.1.5
[INFO] [stderr]    Compiling base64 v0.21.0
[INFO] [stderr]    Compiling utf8-width v0.1.6
[INFO] [stderr]    Compiling either v1.8.1
[INFO] [stderr]    Compiling html-escape v0.2.13
[INFO] [stderr]    Compiling pad-adapter v0.1.1
[INFO] [stderr]    Compiling rustc-hash v1.1.0
[INFO] [stderr]    Compiling smallvec v1.10.0
[INFO] [stderr]    Compiling ciborium-io v0.2.0
[INFO] [stderr]    Compiling itertools v0.10.5
[INFO] [stderr]    Compiling percent-encoding v2.2.0
[INFO] [stderr]    Compiling half v1.8.2
[INFO] [stderr]    Compiling drain_filter_polyfill v0.1.3
[INFO] [stderr]    Compiling lazy_static v1.4.0
[INFO] [stderr]    Compiling form_urlencoded v1.1.0
[INFO] [stderr]    Compiling proc-macro-error-attr v1.0.4
[INFO] [stderr]    Compiling dlv-list v0.3.0
[INFO] [stderr]    Compiling hashbrown v0.12.3
[INFO] [stderr]    Compiling getrandom v0.2.8
[INFO] [stderr]    Compiling ciborium-ll v0.2.0
[INFO] [stderr]    Compiling async-trait v0.1.64
[INFO] [stderr]    Compiling num_cpus v1.15.0
[INFO] [stderr]    Compiling iovec v0.1.4
[INFO] [stderr]    Compiling proc-macro-error v1.0.4
[INFO] [stderr]    Compiling bitflags v1.3.2
[INFO] [stderr]    Compiling base64 v0.13.1
[INFO] [stderr]    Compiling byteorder v1.4.3
[INFO] [stderr]    Compiling futures v0.1.31
[INFO] [stderr]    Compiling linked-hash-map v0.5.6
[INFO] [stderr]    Compiling minimal-lexical v0.2.1
[INFO] [stderr]    Compiling prettyplease v0.1.23
[INFO] [stderr]    Compiling yaml-rust v0.4.5
[INFO] [stderr]    Compiling bytes v0.4.12
[INFO] [stderr]    Compiling aho-corasick v0.7.20
[INFO] [stderr]    Compiling unicode-segmentation v1.10.1
[INFO] [stderr]    Compiling pathdiff v0.2.1
[INFO] [stderr]    Compiling regex-syntax v0.6.28
[INFO] [stderr]    Compiling nom v7.1.3
[INFO] [stderr]    Compiling convert_case v0.6.0
[INFO] [stderr]    Compiling ordered-multimap v0.4.3
[INFO] [stderr]    Compiling rust-ini v0.18.0
[INFO] [stderr]    Compiling futures-cpupool v0.1.8
[INFO] [stderr]    Compiling fs v0.0.5
[INFO] [stderr]    Compiling regex v1.7.1
[INFO] [stderr]    Compiling wasm-bindgen-backend v0.2.84
[INFO] [stderr]    Compiling wasm-bindgen-macro-support v0.2.84
[INFO] [stderr]    Compiling thiserror-impl v1.0.38
[INFO] [stderr]    Compiling futures-macro v0.3.26
[INFO] [stderr]    Compiling tracing-attributes v0.1.23
[INFO] [stderr]    Compiling pin-project-internal v1.0.12
[INFO] [stderr]    Compiling enum-ordinalize v3.1.12
[INFO] [stderr]    Compiling typed-builder v0.12.0
[INFO] [stderr]    Compiling wasm-bindgen-macro v0.2.84
[INFO] [stderr]    Compiling educe v0.4.20
[INFO] [stderr]    Compiling pin-project v1.0.12
[INFO] [stderr]    Compiling tracing v0.1.37
[INFO] [stderr]    Compiling pest v2.5.5
[INFO] [stderr]    Compiling syn-rsx v0.9.0
[INFO] [stderr]    Compiling js-sys v0.3.61
[INFO] [stderr]    Compiling pest_meta v2.5.5
[INFO] [stderr]    Compiling pest_generator v2.5.5
[INFO] [stderr]    Compiling pest_derive v2.5.5
[INFO] [stderr]    Compiling futures-executor v0.3.26
[INFO] [stderr]    Compiling futures v0.3.26
[INFO] [stderr]    Compiling wasm-bindgen-futures v0.4.34
[INFO] [stderr]    Compiling web-sys v0.3.61
[INFO] [stderr]    Compiling serde-wasm-bindgen v0.4.5
[INFO] [stderr]    Compiling ciborium v0.2.0
[INFO] [stderr]    Compiling serde_urlencoded v0.7.1
[INFO] [stderr]    Compiling json5 v0.4.1
[INFO] [stderr]    Compiling ron v0.7.1
[INFO] [stderr]    Compiling toml v0.5.11
[INFO] [stderr]    Compiling config v0.13.3
[INFO] [stderr]    Compiling leptos_config v0.1.3 (https://github.com/leptos-rs/leptos?rev=b9f05f9#b9f05f94)
[INFO] [stderr]    Compiling gloo-utils v0.1.6
[INFO] [stderr]    Compiling leptos_reactive v0.1.3 (https://github.com/leptos-rs/leptos?rev=b9f05f9#b9f05f94)
[INFO] [stderr]    Compiling gloo-net v0.2.6
[INFO] [stderr]    Compiling leptos_dom v0.1.3 (https://github.com/leptos-rs/leptos?rev=b9f05f9#b9f05f94)
[INFO] [stderr]    Compiling leptos_server v0.1.3 (https://github.com/leptos-rs/leptos?rev=b9f05f9#b9f05f94)
[INFO] [stderr]    Compiling leptos_macro v0.1.3 (https://github.com/leptos-rs/leptos?rev=b9f05f9#b9f05f94)
[INFO] [stderr]    Compiling leptos v0.1.3 (https://github.com/leptos-rs/leptos?rev=b9f05f9#b9f05f94)
[INFO] [stderr]    Compiling leptos_aria_utils v0.0.0 (/opt/rustwide/workdir/crates/leptos_aria_utils)
[INFO] [stderr]    Compiling leptos_aria_interactions v0.0.0 (/opt/rustwide/workdir/crates/leptos_aria_interactions)
[INFO] [stdout] warning: unused import: `context::*`
[INFO] [stdout]  --> crates/leptos_aria_interactions/src/lib.rs:1:9
[INFO] [stdout]   |
[INFO] [stdout] 1 | pub use context::*;
[INFO] [stdout]   |         ^^^^^^^^^^
[INFO] [stdout]   |
[INFO] [stdout]   = note: `#[warn(unused_imports)]` on by default
[INFO] [stdout] 
[INFO] [stdout] 
[INFO] [stderr]    Compiling leptos_aria_button v0.0.0 (/opt/rustwide/workdir/crates/leptos_aria_button)
[INFO] [stderr]    Compiling leptos_aria v0.0.0 (/opt/rustwide/workdir/crates/leptos_aria)
[INFO] [stdout] warning: 1 warning emitted
[INFO] [stdout] 
[INFO] [stdout] 
[INFO] [stderr]     Finished dev [unoptimized + debuginfo] target(s) in 19.00s
[INFO] running `Command { std: "docker" "inspect" "e3b2426a8f93e9dd4d0ab57e92181e512b62cc46c2e3833fcc703781e99bb81b", kill_on_drop: false }`
[INFO] running `Command { std: "docker" "rm" "-f" "e3b2426a8f93e9dd4d0ab57e92181e512b62cc46c2e3833fcc703781e99bb81b", kill_on_drop: false }`
[INFO] [stdout] e3b2426a8f93e9dd4d0ab57e92181e512b62cc46c2e3833fcc703781e99bb81b
[INFO] running `Command { std: "docker" "create" "-v" "/var/lib/crater-agent-workspace/builds/worker-5-tc1/target:/opt/rustwide/target:rw,Z" "-v" "/var/lib/crater-agent-workspace/builds/worker-5-tc1/source:/opt/rustwide/workdir:ro,Z" "-v" "/var/lib/crater-agent-workspace/cargo-home:/opt/rustwide/cargo-home:ro,Z" "-v" "/var/lib/crater-agent-workspace/rustup-home:/opt/rustwide/rustup-home:ro,Z" "-e" "SOURCE_DIR=/opt/rustwide/workdir" "-e" "CARGO_TARGET_DIR=/opt/rustwide/target" "-e" "CARGO_INCREMENTAL=0" "-e" "RUST_BACKTRACE=full" "-e" "RUSTFLAGS=--cap-lints=warn" "-e" "RUSTDOCFLAGS=--cap-lints=warn" "-e" "CARGO_HOME=/opt/rustwide/cargo-home" "-e" "RUSTUP_HOME=/opt/rustwide/rustup-home" "-w" "/opt/rustwide/workdir" "-m" "1610612736" "--user" "0:0" "--network" "none" "ghcr.io/rust-lang/crates-build-env/linux@sha256:2788e3201cd34a07e3172128adcd8b3090168a8e3bcc40d7c032b9dda1df7d1c" "/opt/rustwide/cargo-home/bin/cargo" "+1.75.0" "test" "--frozen" "--no-run" "--message-format=json", kill_on_drop: false }`
[INFO] [stdout] e7d65f96fcc9871c51ec2b3c734935b9ec57f334737ce43ab99687349091405e
[INFO] running `Command { std: "docker" "start" "-a" "e7d65f96fcc9871c51ec2b3c734935b9ec57f334737ce43ab99687349091405e", kill_on_drop: false }`
[INFO] [stderr]    Compiling log v0.4.17
[INFO] [stderr]    Compiling wasm-bindgen-test-macro v0.3.34
[INFO] [stderr]    Compiling scoped-tls v1.0.1
[INFO] [stderr]    Compiling console v0.15.5
[INFO] [stderr]    Compiling similar v2.2.1
[INFO] [stderr]    Compiling wasm-bindgen-backend v0.2.84
[INFO] [stderr]    Compiling insta v1.26.0
[INFO] [stderr]    Compiling wasm-bindgen-macro-support v0.2.84
[INFO] [stderr]    Compiling wasm-bindgen-macro v0.2.84
[INFO] [stderr]    Compiling wasm-bindgen v0.2.84
[INFO] [stderr]    Compiling js-sys v0.3.61
[INFO] [stderr]    Compiling console_error_panic_hook v0.1.7
[INFO] [stderr]    Compiling wasm-bindgen-futures v0.4.34
[INFO] [stderr]    Compiling serde-wasm-bindgen v0.4.5
[INFO] [stderr]    Compiling web-sys v0.3.61
[INFO] [stderr]    Compiling wasm-bindgen-test v0.3.34
[INFO] [stderr]    Compiling gloo-utils v0.1.6
[INFO] [stderr]    Compiling leptos_reactive v0.1.3 (https://github.com/leptos-rs/leptos?rev=b9f05f9#b9f05f94)
[INFO] [stderr]    Compiling gloo-net v0.2.6
[INFO] [stderr]    Compiling console_log v0.2.0
[INFO] [stderr]    Compiling leptos_dom v0.1.3 (https://github.com/leptos-rs/leptos?rev=b9f05f9#b9f05f94)
[INFO] [stderr]    Compiling leptos_server v0.1.3 (https://github.com/leptos-rs/leptos?rev=b9f05f9#b9f05f94)
[INFO] [stderr]    Compiling leptos_macro v0.1.3 (https://github.com/leptos-rs/leptos?rev=b9f05f9#b9f05f94)
[INFO] [stderr]    Compiling leptos v0.1.3 (https://github.com/leptos-rs/leptos?rev=b9f05f9#b9f05f94)
[INFO] [stderr]    Compiling leptos_aria_utils v0.0.0 (/opt/rustwide/workdir/crates/leptos_aria_utils)
[INFO] [stderr]    Compiling leptos_aria_interactions v0.0.0 (/opt/rustwide/workdir/crates/leptos_aria_interactions)
[INFO] [stdout] warning: unused import: `context::*`
[INFO] [stdout]  --> crates/leptos_aria_interactions/src/lib.rs:1:9
[INFO] [stdout]   |
[INFO] [stdout] 1 | pub use context::*;
[INFO] [stdout]   |         ^^^^^^^^^^
[INFO] [stdout]   |
[INFO] [stdout]   = note: `#[warn(unused_imports)]` on by default
[INFO] [stdout] 
[INFO] [stdout] 
[INFO] [stdout] warning: unused import: `context::*`
[INFO] [stdout]  --> crates/leptos_aria_interactions/src/lib.rs:1:9
[INFO] [stdout]   |
[INFO] [stdout] 1 | pub use context::*;
[INFO] [stdout]   |         ^^^^^^^^^^
[INFO] [stdout]   |
[INFO] [stdout]   = note: `#[warn(unused_imports)]` on by default
[INFO] [stdout] 
[INFO] [stdout] 
[INFO] [stderr]    Compiling leptos_aria_button v0.0.0 (/opt/rustwide/workdir/crates/leptos_aria_button)
[INFO] [stderr]    Compiling leptos_aria v0.0.0 (/opt/rustwide/workdir/crates/leptos_aria)
[INFO] [stdout] warning: 1 warning emitted
[INFO] [stdout] 
[INFO] [stdout] 
[INFO] [stdout] warning: 1 warning emitted
[INFO] [stdout] 
[INFO] [stdout] 
[INFO] [stderr]     Finished test [unoptimized + debuginfo] target(s) in 14.55s
[INFO] running `Command { std: "docker" "inspect" "e7d65f96fcc9871c51ec2b3c734935b9ec57f334737ce43ab99687349091405e", kill_on_drop: false }`
[INFO] running `Command { std: "docker" "rm" "-f" "e7d65f96fcc9871c51ec2b3c734935b9ec57f334737ce43ab99687349091405e", kill_on_drop: false }`
[INFO] [stdout] e7d65f96fcc9871c51ec2b3c734935b9ec57f334737ce43ab99687349091405e
[INFO] running `Command { std: "docker" "create" "-v" "/var/lib/crater-agent-workspace/builds/worker-5-tc1/target:/opt/rustwide/target:rw,Z" "-v" "/var/lib/crater-agent-workspace/builds/worker-5-tc1/source:/opt/rustwide/workdir:ro,Z" "-v" "/var/lib/crater-agent-workspace/cargo-home:/opt/rustwide/cargo-home:ro,Z" "-v" "/var/lib/crater-agent-workspace/rustup-home:/opt/rustwide/rustup-home:ro,Z" "-e" "SOURCE_DIR=/opt/rustwide/workdir" "-e" "CARGO_TARGET_DIR=/opt/rustwide/target" "-e" "CARGO_INCREMENTAL=0" "-e" "RUST_BACKTRACE=full" "-e" "RUSTFLAGS=--cap-lints=warn" "-e" "RUSTDOCFLAGS=--cap-lints=warn" "-e" "CARGO_HOME=/opt/rustwide/cargo-home" "-e" "RUSTUP_HOME=/opt/rustwide/rustup-home" "-w" "/opt/rustwide/workdir" "-m" "1610612736" "--user" "0:0" "--network" "none" "ghcr.io/rust-lang/crates-build-env/linux@sha256:2788e3201cd34a07e3172128adcd8b3090168a8e3bcc40d7c032b9dda1df7d1c" "/opt/rustwide/cargo-home/bin/cargo" "+1.75.0" "test" "--frozen", kill_on_drop: false }`
[INFO] [stdout] 125f1b073d8fa7d6d1214a4ebd94501d2205b0680699a32874c3eeff4253179a
[INFO] running `Command { std: "docker" "start" "-a" "125f1b073d8fa7d6d1214a4ebd94501d2205b0680699a32874c3eeff4253179a", kill_on_drop: false }`
[INFO] [stderr] warning: unused import: `context::*`
[INFO] [stderr]  --> crates/leptos_aria_interactions/src/lib.rs:1:9
[INFO] [stderr]   |
[INFO] [stderr] 1 | pub use context::*;
[INFO] [stderr]   |         ^^^^^^^^^^
[INFO] [stderr]   |
[INFO] [stderr]   = note: `#[warn(unused_imports)]` on by default
[INFO] [stderr] 
[INFO] [stderr] warning: `leptos_aria_interactions` (lib) generated 1 warning (run `cargo fix --lib -p leptos_aria_interactions` to apply 1 suggestion)
[INFO] [stderr] warning: `leptos_aria_interactions` (lib test) generated 1 warning (1 duplicate)
[INFO] [stderr]     Finished test [unoptimized + debuginfo] target(s) in 0.09s
[INFO] [stderr]      Running unittests src/lib.rs (/opt/rustwide/target/debug/deps/leptos_aria-b2a9d3e183d692c2)
[INFO] [stdout] 
[INFO] [stdout] running 1 test
[INFO] [stdout] test tests::it_works ... ok
[INFO] [stdout] 
[INFO] [stdout] test result: ok. 1 passed; 0 failed; 0 ignored; 0 measured; 0 filtered out; finished in 0.00s
[INFO] [stdout] 
[INFO] [stderr]      Running unittests src/lib.rs (/opt/rustwide/target/debug/deps/leptos_aria_button-3724f98d42a92ece)
[INFO] [stdout] 
[INFO] [stdout] running 0 tests
[INFO] [stdout] 
[INFO] [stdout] test result: ok. 0 passed; 0 failed; 0 ignored; 0 measured; 0 filtered out; finished in 0.00s
[INFO] [stdout] 
[INFO] [stderr]      Running unittests src/lib.rs (/opt/rustwide/target/debug/deps/leptos_aria_interactions-26132f1576afd4c0)
[INFO] [stdout] 
[INFO] [stdout] running 0 tests
[INFO] [stdout] 
[INFO] [stdout] test result: ok. 0 passed; 0 failed; 0 ignored; 0 measured; 0 filtered out; finished in 0.00s
[INFO] [stdout] 
[INFO] [stderr]      Running unittests src/lib.rs (/opt/rustwide/target/debug/deps/leptos_aria_utils-42e09eb7ac616bed)
[INFO] [stdout] 
[INFO] [stdout] running 0 tests
[INFO] [stdout] 
[INFO] [stdout] test result: ok. 0 passed; 0 failed; 0 ignored; 0 measured; 0 filtered out; finished in 0.00s
[INFO] [stdout] 
[INFO] [stderr]    Doc-tests leptos_aria
[INFO] [stdout] 
[INFO] [stdout] running 0 tests
[INFO] [stdout] 
[INFO] [stdout] test result: ok. 0 passed; 0 failed; 0 ignored; 0 measured; 0 filtered out; finished in 0.00s
[INFO] [stdout] 
[INFO] [stderr]    Doc-tests leptos_aria_button
[INFO] [stdout] 
[INFO] [stdout] running 0 tests
[INFO] [stdout] 
[INFO] [stdout] test result: ok. 0 passed; 0 failed; 0 ignored; 0 measured; 0 filtered out; finished in 0.00s
[INFO] [stdout] 
[INFO] [stderr]    Doc-tests leptos_aria_interactions
[INFO] [stdout] 
[INFO] [stdout] running 0 tests
[INFO] [stdout] 
[INFO] [stdout] test result: ok. 0 passed; 0 failed; 0 ignored; 0 measured; 0 filtered out; finished in 0.00s
[INFO] [stdout] 
[INFO] [stderr]    Doc-tests leptos_aria_utils
[INFO] [stdout] 
[INFO] [stdout] running 1 test
[INFO] [stdout] test crates/leptos_aria_utils/src/silly_map.rs - silly_map::Map<K,V>::for_each (line 97) ... FAILED
[INFO] [stdout] 
[INFO] [stdout] failures:
[INFO] [stdout] 
[INFO] [stdout] ---- crates/leptos_aria_utils/src/silly_map.rs - silly_map::Map<K,V>::for_each (line 97) stdout ----
[INFO] [stdout] error[E0433]: failed to resolve: use of undeclared type `Map`
[INFO] [stdout]  --> crates/leptos_aria_utils/src/silly_map.rs:98:14
[INFO] [stdout]   |
[INFO] [stdout] 3 | let js_map = Map::new();
[INFO] [stdout]   |              ^^^ use of undeclared type `Map`
[INFO] [stdout]   |
[INFO] [stdout] help: consider importing one of these items
[INFO] [stdout]   |
[INFO] [stdout] 2 + use core::iter::Map;
[INFO] [stdout]   |
[INFO] [stdout] 2 + use leptos::Map;
[INFO] [stdout]   |
[INFO] [stdout] 2 + use leptos_aria_utils::Map;
[INFO] [stdout]   |
[INFO] [stdout] 2 + use std::iter::Map;
[INFO] [stdout]   |
[INFO] [stdout] 
[INFO] [stdout] error: aborting due to previous error
[INFO] [stdout] 
[INFO] [stdout] For more information about this error, try `rustc --explain E0433`.
[INFO] [stdout] Couldn't compile the test.
[INFO] [stdout] 
[INFO] [stdout] failures:
[INFO] [stdout]     crates/leptos_aria_utils/src/silly_map.rs - silly_map::Map<K,V>::for_each (line 97)
[INFO] [stdout] 
[INFO] [stdout] test result: FAILED. 0 passed; 1 failed; 0 ignored; 0 measured; 0 filtered out; finished in 0.06s
[INFO] [stdout] 
[INFO] [stderr] error: doctest failed, to rerun pass `-p leptos_aria_utils --doc`
[INFO] running `Command { std: "docker" "inspect" "125f1b073d8fa7d6d1214a4ebd94501d2205b0680699a32874c3eeff4253179a", kill_on_drop: false }`
[INFO] running `Command { std: "docker" "rm" "-f" "125f1b073d8fa7d6d1214a4ebd94501d2205b0680699a32874c3eeff4253179a", kill_on_drop: false }`
[INFO] [stdout] 125f1b073d8fa7d6d1214a4ebd94501d2205b0680699a32874c3eeff4253179a
