[INFO] cloning repository https://github.com/ifel/redis-macros-derive-bincode
[INFO] running `Command { std: "git" "-c" "credential.helper=" "-c" "credential.helper=/workspace/cargo-home/bin/git-credential-null" "clone" "--bare" "https://github.com/ifel/redis-macros-derive-bincode" "/workspace/cache/git-repos/https%3A%2F%2Fgithub.com%2Fifel%2Fredis-macros-derive-bincode", kill_on_drop: false }`
[INFO] [stderr] Cloning into bare repository '/workspace/cache/git-repos/https%3A%2F%2Fgithub.com%2Fifel%2Fredis-macros-derive-bincode'...
[INFO] running `Command { std: "git" "rev-parse" "HEAD", kill_on_drop: false }`
[INFO] [stdout] 63b69ade9d85ddcd48d07f81610af49b967e6a3e
[INFO] testing ifel/redis-macros-derive-bincode against 1.75.0 for beta-1.76-1
[INFO] running `Command { std: "git" "clone" "/workspace/cache/git-repos/https%3A%2F%2Fgithub.com%2Fifel%2Fredis-macros-derive-bincode" "/workspace/builds/worker-1-tc1/source", kill_on_drop: false }`
[INFO] [stderr] Cloning into '/workspace/builds/worker-1-tc1/source'...
[INFO] [stderr] done.
[INFO] validating manifest of git repo https://github.com/ifel/redis-macros-derive-bincode on toolchain 1.75.0
[INFO] running `Command { std: CARGO_HOME="/workspace/cargo-home" RUSTUP_HOME="/workspace/rustup-home" "/workspace/cargo-home/bin/cargo" "+1.75.0" "metadata" "--manifest-path" "Cargo.toml" "--no-deps", kill_on_drop: false }`
[INFO] started tweaking git repo https://github.com/ifel/redis-macros-derive-bincode
[INFO] finished tweaking git repo https://github.com/ifel/redis-macros-derive-bincode
[INFO] tweaked toml for git repo https://github.com/ifel/redis-macros-derive-bincode written to /workspace/builds/worker-1-tc1/source/Cargo.toml
[INFO] crate git repo https://github.com/ifel/redis-macros-derive-bincode already has a lockfile, it will not be regenerated
[INFO] running `Command { std: CARGO_HOME="/workspace/cargo-home" RUSTUP_HOME="/workspace/rustup-home" "/workspace/cargo-home/bin/cargo" "+1.75.0" "fetch" "--manifest-path" "Cargo.toml", kill_on_drop: false }`
[INFO] running `Command { std: "docker" "create" "-v" "/var/lib/crater-agent-workspace/builds/worker-1-tc1/target:/opt/rustwide/target:rw,Z" "-v" "/var/lib/crater-agent-workspace/builds/worker-1-tc1/source:/opt/rustwide/workdir:ro,Z" "-v" "/var/lib/crater-agent-workspace/cargo-home:/opt/rustwide/cargo-home:ro,Z" "-v" "/var/lib/crater-agent-workspace/rustup-home:/opt/rustwide/rustup-home:ro,Z" "-e" "SOURCE_DIR=/opt/rustwide/workdir" "-e" "CARGO_TARGET_DIR=/opt/rustwide/target" "-e" "CARGO_HOME=/opt/rustwide/cargo-home" "-e" "RUSTUP_HOME=/opt/rustwide/rustup-home" "-w" "/opt/rustwide/workdir" "-m" "1610612736" "--user" "0:0" "--network" "none" "ghcr.io/rust-lang/crates-build-env/linux@sha256:2788e3201cd34a07e3172128adcd8b3090168a8e3bcc40d7c032b9dda1df7d1c" "/opt/rustwide/cargo-home/bin/cargo" "+1.75.0" "metadata" "--no-deps" "--format-version=1", kill_on_drop: false }`
[INFO] [stdout] b264547dd5ce783ad407d3fb373c22a58e6ebda0417154c412f54137b29edf0a
[INFO] running `Command { std: "docker" "start" "-a" "b264547dd5ce783ad407d3fb373c22a58e6ebda0417154c412f54137b29edf0a", kill_on_drop: false }`
[INFO] running `Command { std: "docker" "inspect" "b264547dd5ce783ad407d3fb373c22a58e6ebda0417154c412f54137b29edf0a", kill_on_drop: false }`
[INFO] running `Command { std: "docker" "rm" "-f" "b264547dd5ce783ad407d3fb373c22a58e6ebda0417154c412f54137b29edf0a", kill_on_drop: false }`
[INFO] [stdout] b264547dd5ce783ad407d3fb373c22a58e6ebda0417154c412f54137b29edf0a
[INFO] running `Command { std: "docker" "create" "-v" "/var/lib/crater-agent-workspace/builds/worker-1-tc1/target:/opt/rustwide/target:rw,Z" "-v" "/var/lib/crater-agent-workspace/builds/worker-1-tc1/source:/opt/rustwide/workdir:ro,Z" "-v" "/var/lib/crater-agent-workspace/cargo-home:/opt/rustwide/cargo-home:ro,Z" "-v" "/var/lib/crater-agent-workspace/rustup-home:/opt/rustwide/rustup-home:ro,Z" "-e" "SOURCE_DIR=/opt/rustwide/workdir" "-e" "CARGO_TARGET_DIR=/opt/rustwide/target" "-e" "CARGO_INCREMENTAL=0" "-e" "RUST_BACKTRACE=full" "-e" "RUSTFLAGS=--cap-lints=warn" "-e" "RUSTDOCFLAGS=--cap-lints=warn" "-e" "CARGO_HOME=/opt/rustwide/cargo-home" "-e" "RUSTUP_HOME=/opt/rustwide/rustup-home" "-w" "/opt/rustwide/workdir" "-m" "1610612736" "--user" "0:0" "--network" "none" "ghcr.io/rust-lang/crates-build-env/linux@sha256:2788e3201cd34a07e3172128adcd8b3090168a8e3bcc40d7c032b9dda1df7d1c" "/opt/rustwide/cargo-home/bin/cargo" "+1.75.0" "build" "--frozen" "--message-format=json", kill_on_drop: false }`
[INFO] [stdout] 10eddeb96ca523d5c936da03c426dacd6bf5ffb8b1e9f88b6e5485876372e8f1
[INFO] running `Command { std: "docker" "start" "-a" "10eddeb96ca523d5c936da03c426dacd6bf5ffb8b1e9f88b6e5485876372e8f1", kill_on_drop: false }`
[INFO] [stderr]    Compiling tinyvec_macros v0.1.1
[INFO] [stderr]    Compiling libc v0.2.149
[INFO] [stderr]    Compiling proc-macro2 v1.0.69
[INFO] [stderr]    Compiling serde v1.0.190
[INFO] [stderr]    Compiling percent-encoding v2.3.0
[INFO] [stderr]    Compiling unicode-bidi v0.3.13
[INFO] [stderr]    Compiling syn v1.0.109
[INFO] [stderr]    Compiling memchr v2.6.4
[INFO] [stderr]    Compiling bytes v1.5.0
[INFO] [stderr]    Compiling ryu v1.0.15
[INFO] [stderr]    Compiling sha1_smol v1.0.0
[INFO] [stderr]    Compiling itoa v1.0.9
[INFO] [stderr]    Compiling tinyvec v1.6.0
[INFO] [stderr]    Compiling form_urlencoded v1.2.0
[INFO] [stderr]    Compiling combine v4.6.6
[INFO] [stderr]    Compiling quote v1.0.33
[INFO] [stderr]    Compiling unicode-normalization v0.1.22
[INFO] [stderr]    Compiling socket2 v0.4.10
[INFO] [stderr]    Compiling idna v0.4.0
[INFO] [stderr]    Compiling url v2.4.1
[INFO] [stderr]    Compiling bincode v1.3.3
[INFO] [stderr]    Compiling redis v0.23.3
[INFO] [stderr]    Compiling redis-macros-derive-bincode v0.1.0 (/opt/rustwide/workdir)
[INFO] [stderr]     Finished dev [unoptimized + debuginfo] target(s) in 5.78s
[INFO] running `Command { std: "docker" "inspect" "10eddeb96ca523d5c936da03c426dacd6bf5ffb8b1e9f88b6e5485876372e8f1", kill_on_drop: false }`
[INFO] running `Command { std: "docker" "rm" "-f" "10eddeb96ca523d5c936da03c426dacd6bf5ffb8b1e9f88b6e5485876372e8f1", kill_on_drop: false }`
[INFO] [stdout] 10eddeb96ca523d5c936da03c426dacd6bf5ffb8b1e9f88b6e5485876372e8f1
[INFO] running `Command { std: "docker" "create" "-v" "/var/lib/crater-agent-workspace/builds/worker-1-tc1/target:/opt/rustwide/target:rw,Z" "-v" "/var/lib/crater-agent-workspace/builds/worker-1-tc1/source:/opt/rustwide/workdir:ro,Z" "-v" "/var/lib/crater-agent-workspace/cargo-home:/opt/rustwide/cargo-home:ro,Z" "-v" "/var/lib/crater-agent-workspace/rustup-home:/opt/rustwide/rustup-home:ro,Z" "-e" "SOURCE_DIR=/opt/rustwide/workdir" "-e" "CARGO_TARGET_DIR=/opt/rustwide/target" "-e" "CARGO_INCREMENTAL=0" "-e" "RUST_BACKTRACE=full" "-e" "RUSTFLAGS=--cap-lints=warn" "-e" "RUSTDOCFLAGS=--cap-lints=warn" "-e" "CARGO_HOME=/opt/rustwide/cargo-home" "-e" "RUSTUP_HOME=/opt/rustwide/rustup-home" "-w" "/opt/rustwide/workdir" "-m" "1610612736" "--user" "0:0" "--network" "none" "ghcr.io/rust-lang/crates-build-env/linux@sha256:2788e3201cd34a07e3172128adcd8b3090168a8e3bcc40d7c032b9dda1df7d1c" "/opt/rustwide/cargo-home/bin/cargo" "+1.75.0" "test" "--frozen" "--no-run" "--message-format=json", kill_on_drop: false }`
[INFO] [stdout] 1a99480f479c201235a4e0d2334f0f0caf258f58dfba26a422a581a2f9e2d8cf
[INFO] running `Command { std: "docker" "start" "-a" "1a99480f479c201235a4e0d2334f0f0caf258f58dfba26a422a581a2f9e2d8cf", kill_on_drop: false }`
[INFO] [stderr]    Compiling pin-project-lite v0.2.13
[INFO] [stderr]    Compiling once_cell v1.18.0
[INFO] [stderr]    Compiling futures-core v0.3.29
[INFO] [stderr]    Compiling futures-sink v0.3.29
[INFO] [stderr]    Compiling serde v1.0.190
[INFO] [stderr]    Compiling futures-task v0.3.29
[INFO] [stderr]    Compiling futures-util v0.3.29
[INFO] [stderr]    Compiling pin-utils v0.1.0
[INFO] [stderr]    Compiling syn v2.0.38
[INFO] [stderr]    Compiling mio v0.8.9
[INFO] [stderr]    Compiling socket2 v0.5.5
[INFO] [stderr]    Compiling tracing-core v0.1.32
[INFO] [stderr]    Compiling tokio v1.33.0
[INFO] [stderr]    Compiling tracing v0.1.40
[INFO] [stderr]    Compiling serde_derive v1.0.190
[INFO] [stderr]    Compiling async-trait v0.1.74
[INFO] [stderr]    Compiling tokio-util v0.7.10
[INFO] [stderr]    Compiling combine v4.6.6
[INFO] [stderr]    Compiling serde_json v1.0.108
[INFO] [stderr]    Compiling bincode v1.3.3
[INFO] [stderr]    Compiling redis v0.23.3
[INFO] [stderr]    Compiling redis v0.22.3
[INFO] [stderr]    Compiling redis-macros-derive-bincode v0.1.0 (/opt/rustwide/workdir)
[INFO] [stderr]     Finished test [unoptimized + debuginfo] target(s) in 9.21s
[INFO] running `Command { std: "docker" "inspect" "1a99480f479c201235a4e0d2334f0f0caf258f58dfba26a422a581a2f9e2d8cf", kill_on_drop: false }`
[INFO] running `Command { std: "docker" "rm" "-f" "1a99480f479c201235a4e0d2334f0f0caf258f58dfba26a422a581a2f9e2d8cf", kill_on_drop: false }`
[INFO] [stdout] 1a99480f479c201235a4e0d2334f0f0caf258f58dfba26a422a581a2f9e2d8cf
[INFO] running `Command { std: "docker" "create" "-v" "/var/lib/crater-agent-workspace/builds/worker-1-tc1/target:/opt/rustwide/target:rw,Z" "-v" "/var/lib/crater-agent-workspace/builds/worker-1-tc1/source:/opt/rustwide/workdir:ro,Z" "-v" "/var/lib/crater-agent-workspace/cargo-home:/opt/rustwide/cargo-home:ro,Z" "-v" "/var/lib/crater-agent-workspace/rustup-home:/opt/rustwide/rustup-home:ro,Z" "-e" "SOURCE_DIR=/opt/rustwide/workdir" "-e" "CARGO_TARGET_DIR=/opt/rustwide/target" "-e" "CARGO_INCREMENTAL=0" "-e" "RUST_BACKTRACE=full" "-e" "RUSTFLAGS=--cap-lints=warn" "-e" "RUSTDOCFLAGS=--cap-lints=warn" "-e" "CARGO_HOME=/opt/rustwide/cargo-home" "-e" "RUSTUP_HOME=/opt/rustwide/rustup-home" "-w" "/opt/rustwide/workdir" "-m" "1610612736" "--user" "0:0" "--network" "none" "ghcr.io/rust-lang/crates-build-env/linux@sha256:2788e3201cd34a07e3172128adcd8b3090168a8e3bcc40d7c032b9dda1df7d1c" "/opt/rustwide/cargo-home/bin/cargo" "+1.75.0" "test" "--frozen", kill_on_drop: false }`
[INFO] [stdout] 3082b416d23bcd5a192b47e7ab844c7f1fc08a8b74c6a2b13bbb0c2a8b403e8c
[INFO] running `Command { std: "docker" "start" "-a" "3082b416d23bcd5a192b47e7ab844c7f1fc08a8b74c6a2b13bbb0c2a8b403e8c", kill_on_drop: false }`
[INFO] [stderr]     Finished test [unoptimized + debuginfo] target(s) in 0.03s
[INFO] [stderr]      Running unittests src/lib.rs (/opt/rustwide/target/debug/deps/redis_macros_derive_bincode-79b73526cfe7fed9)
[INFO] [stdout] 
[INFO] [stdout] running 0 tests
[INFO] [stdout] 
[INFO] [stdout] test result: ok. 0 passed; 0 failed; 0 ignored; 0 measured; 0 filtered out; finished in 0.00s
[INFO] [stdout] 
[INFO] [stderr]    Doc-tests redis-macros-derive-bincode
[INFO] [stdout] 
[INFO] [stdout] running 4 tests
[INFO] [stdout] test src/lib.rs - to_redis_args_macro (line 184) - compile ... FAILED
[INFO] [stdout] test src/lib.rs - from_redis_value_macro (line 78) - compile ... FAILED
[INFO] [stdout] test src/lib.rs - from_redis_value_macro (line 46) - compile ... FAILED
[INFO] [stdout] test src/lib.rs - to_redis_args_macro (line 155) - compile ... FAILED
[INFO] [stdout] 
[INFO] [stdout] failures:
[INFO] [stdout] 
[INFO] [stdout] ---- src/lib.rs - to_redis_args_macro (line 184) stdout ----
[INFO] [stdout] error: this file contains an unclosed delimiter
[INFO] [stdout]   --> src/lib.rs:193:37
[INFO] [stdout]    |
[INFO] [stdout] 4  | fn main() { #[allow(non_snake_case)] fn _doctest_main_src_lib_rs_184_0() {
[INFO] [stdout]    |           - unclosed delimiter
[INFO] [stdout] ...
[INFO] [stdout] 12 | } _doctest_main_src_lib_rs_184_0() }
[INFO] [stdout]    |                                     ^
[INFO] [stdout] 
[INFO] [stdout] error: aborting due to previous error
[INFO] [stdout] 
[INFO] [stdout] Couldn't compile the test.
[INFO] [stdout] ---- src/lib.rs - from_redis_value_macro (line 78) stdout ----
[INFO] [stdout] error: this file contains an unclosed delimiter
[INFO] [stdout]   --> src/lib.rs:86:36
[INFO] [stdout]    |
[INFO] [stdout] 4  | fn main() { #[allow(non_snake_case)] fn _doctest_main_src_lib_rs_78_0() {
[INFO] [stdout]    |           - unclosed delimiter
[INFO] [stdout] ...
[INFO] [stdout] 11 | } _doctest_main_src_lib_rs_78_0() }
[INFO] [stdout]    |                                    ^
[INFO] [stdout] 
[INFO] [stdout] error: aborting due to previous error
[INFO] [stdout] 
[INFO] [stdout] Couldn't compile the test.
[INFO] [stdout] ---- src/lib.rs - from_redis_value_macro (line 46) stdout ----
[INFO] [stdout] error: expected one of `!` or `[`, found `#`
[INFO] [stdout]   --> src/lib.rs:67:28
[INFO] [stdout]    |
[INFO] [stdout] 23 | con.set("test", &test)?;  ## TODO
[INFO] [stdout]    |                            ^ expected one of `!` or `[`
[INFO] [stdout] 
[INFO] [stdout] error[E0464]: multiple candidates for `rlib` dependency `redis` found
[INFO] [stdout]  --> src/lib.rs:48:5
[INFO] [stdout]   |
[INFO] [stdout] 4 | use redis::{Client, Commands, RedisResult};
[INFO] [stdout]   |     ^^^^^
[INFO] [stdout]   |
[INFO] [stdout]   = note: candidate #1: /opt/rustwide/target/debug/deps/libredis-053add25d072551a.rlib
[INFO] [stdout]   = note: candidate #2: /opt/rustwide/target/debug/deps/libredis-0712b294347417e3.rlib
[INFO] [stdout] 
[INFO] [stdout] error[E0464]: multiple candidates for `rlib` dependency `redis` found
[INFO] [stdout]  --> src/lib.rs:52:34
[INFO] [stdout]   |
[INFO] [stdout] 8 | #[derive(Serialize, Deserialize, FromRedisValue, ToRedisArgs, Debug)]
[INFO] [stdout]   |                                  ^^^^^^^^^^^^^^
[INFO] [stdout]   |
[INFO] [stdout]   = note: candidate #1: /opt/rustwide/target/debug/deps/libredis-053add25d072551a.rlib
[INFO] [stdout]   = note: candidate #2: /opt/rustwide/target/debug/deps/libredis-0712b294347417e3.rlib
[INFO] [stdout] 
[INFO] [stdout] error[E0464]: multiple candidates for `rlib` dependency `redis` found
[INFO] [stdout]  --> src/lib.rs:52:50
[INFO] [stdout]   |
[INFO] [stdout] 8 | #[derive(Serialize, Deserialize, FromRedisValue, ToRedisArgs, Debug)]
[INFO] [stdout]   |                                                  ^^^^^^^^^^^
[INFO] [stdout]   |
[INFO] [stdout]   = note: candidate #1: /opt/rustwide/target/debug/deps/libredis-053add25d072551a.rlib
[INFO] [stdout]   = note: candidate #2: /opt/rustwide/target/debug/deps/libredis-0712b294347417e3.rlib
[INFO] [stdout] 
[INFO] [stdout] error[E0464]: multiple candidates for `rlib` dependency `redis` found
[INFO] [stdout]   --> src/lib.rs:59:15
[INFO] [stdout]    |
[INFO] [stdout] 15 | fn main () -> redis::RedisResult<()> {
[INFO] [stdout]    |               ^^^^^
[INFO] [stdout]    |
[INFO] [stdout]    = note: candidate #1: /opt/rustwide/target/debug/deps/libredis-053add25d072551a.rlib
[INFO] [stdout]    = note: candidate #2: /opt/rustwide/target/debug/deps/libredis-0712b294347417e3.rlib
[INFO] [stdout] 
[INFO] [stdout] error[E0464]: multiple candidates for `rlib` dependency `redis` found
[INFO] [stdout]   --> src/lib.rs:60:14
[INFO] [stdout]    |
[INFO] [stdout] 16 | let client = redis::Client::open("redis://localhost:6379/")?;
[INFO] [stdout]    |              ^^^^^
[INFO] [stdout]    |
[INFO] [stdout]    = note: candidate #1: /opt/rustwide/target/debug/deps/libredis-053add25d072551a.rlib
[INFO] [stdout]    = note: candidate #2: /opt/rustwide/target/debug/deps/libredis-0712b294347417e3.rlib
[INFO] [stdout] 
[INFO] [stdout] error: aborting due to 6 previous errors
[INFO] [stdout] 
[INFO] [stdout] For more information about this error, try `rustc --explain E0464`.
[INFO] [stdout] Couldn't compile the test.
[INFO] [stdout] ---- src/lib.rs - to_redis_args_macro (line 155) stdout ----
[INFO] [stdout] error: expected one of `!` or `[`, found `#`
[INFO] [stdout]   --> src/lib.rs:176:28
[INFO] [stdout]    |
[INFO] [stdout] 23 | con.set("test", &test)?;  ## TODO
[INFO] [stdout]    |                            ^ expected one of `!` or `[`
[INFO] [stdout] 
[INFO] [stdout] error[E0464]: multiple candidates for `rlib` dependency `redis` found
[INFO] [stdout]  --> src/lib.rs:157:5
[INFO] [stdout]   |
[INFO] [stdout] 4 | use redis::{Client, Commands, RedisResult};
[INFO] [stdout]   |     ^^^^^
[INFO] [stdout]   |
[INFO] [stdout]   = note: candidate #1: /opt/rustwide/target/debug/deps/libredis-053add25d072551a.rlib
[INFO] [stdout]   = note: candidate #2: /opt/rustwide/target/debug/deps/libredis-0712b294347417e3.rlib
[INFO] [stdout] 
[INFO] [stdout] error[E0464]: multiple candidates for `rlib` dependency `redis` found
[INFO] [stdout]  --> src/lib.rs:161:34
[INFO] [stdout]   |
[INFO] [stdout] 8 | #[derive(Serialize, Deserialize, FromRedisValue, ToRedisArgs, Debug)]
[INFO] [stdout]   |                                  ^^^^^^^^^^^^^^
[INFO] [stdout]   |
[INFO] [stdout]   = note: candidate #1: /opt/rustwide/target/debug/deps/libredis-053add25d072551a.rlib
[INFO] [stdout]   = note: candidate #2: /opt/rustwide/target/debug/deps/libredis-0712b294347417e3.rlib
[INFO] [stdout] 
[INFO] [stdout] error[E0464]: multiple candidates for `rlib` dependency `redis` found
[INFO] [stdout]  --> src/lib.rs:161:50
[INFO] [stdout]   |
[INFO] [stdout] 8 | #[derive(Serialize, Deserialize, FromRedisValue, ToRedisArgs, Debug)]
[INFO] [stdout]   |                                                  ^^^^^^^^^^^
[INFO] [stdout]   |
[INFO] [stdout]   = note: candidate #1: /opt/rustwide/target/debug/deps/libredis-053add25d072551a.rlib
[INFO] [stdout]   = note: candidate #2: /opt/rustwide/target/debug/deps/libredis-0712b294347417e3.rlib
[INFO] [stdout] 
[INFO] [stdout] error[E0464]: multiple candidates for `rlib` dependency `redis` found
[INFO] [stdout]   --> src/lib.rs:168:15
[INFO] [stdout]    |
[INFO] [stdout] 15 | fn main () -> redis::RedisResult<()> {
[INFO] [stdout]    |               ^^^^^
[INFO] [stdout]    |
[INFO] [stdout]    = note: candidate #1: /opt/rustwide/target/debug/deps/libredis-053add25d072551a.rlib
[INFO] [stdout]    = note: candidate #2: /opt/rustwide/target/debug/deps/libredis-0712b294347417e3.rlib
[INFO] [stdout] 
[INFO] [stdout] error[E0464]: multiple candidates for `rlib` dependency `redis` found
[INFO] [stdout]   --> src/lib.rs:169:14
[INFO] [stdout]    |
[INFO] [stdout] 16 | let client = redis::Client::open("redis://localhost:6379/")?;
[INFO] [stdout]    |              ^^^^^
[INFO] [stdout]    |
[INFO] [stdout]    = note: candidate #1: /opt/rustwide/target/debug/deps/libredis-053add25d072551a.rlib
[INFO] [stdout]    = note: candidate #2: /opt/rustwide/target/debug/deps/libredis-0712b294347417e3.rlib
[INFO] [stdout] 
[INFO] [stdout] error: aborting due to 6 previous errors
[INFO] [stdout] 
[INFO] [stdout] For more information about this error, try `rustc --explain E0464`.
[INFO] [stdout] Couldn't compile the test.
[INFO] [stdout] 
[INFO] [stdout] failures:
[INFO] [stdout]     src/lib.rs - from_redis_value_macro (line 46)
[INFO] [stdout]     src/lib.rs - from_redis_value_macro (line 78)
[INFO] [stdout]     src/lib.rs - to_redis_args_macro (line 155)
[INFO] [stdout]     src/lib.rs - to_redis_args_macro (line 184)
[INFO] [stdout] 
[INFO] [stdout] test result: FAILED. 0 passed; 4 failed; 0 ignored; 0 measured; 0 filtered out; finished in 0.05s
[INFO] [stdout] 
[INFO] [stderr] error: doctest failed, to rerun pass `--doc`
[INFO] running `Command { std: "docker" "inspect" "3082b416d23bcd5a192b47e7ab844c7f1fc08a8b74c6a2b13bbb0c2a8b403e8c", kill_on_drop: false }`
[INFO] running `Command { std: "docker" "rm" "-f" "3082b416d23bcd5a192b47e7ab844c7f1fc08a8b74c6a2b13bbb0c2a8b403e8c", kill_on_drop: false }`
[INFO] [stdout] 3082b416d23bcd5a192b47e7ab844c7f1fc08a8b74c6a2b13bbb0c2a8b403e8c
