[INFO] cloning repository https://github.com/ifacodes/tumblr_like_scraper
[INFO] running `Command { std: "git" "-c" "credential.helper=" "-c" "credential.helper=/workspace/cargo-home/bin/git-credential-null" "clone" "--bare" "https://github.com/ifacodes/tumblr_like_scraper" "/workspace/cache/git-repos/https%3A%2F%2Fgithub.com%2Fifacodes%2Ftumblr_like_scraper", kill_on_drop: false }`
[INFO] [stderr] Cloning into bare repository '/workspace/cache/git-repos/https%3A%2F%2Fgithub.com%2Fifacodes%2Ftumblr_like_scraper'...
[INFO] running `Command { std: "git" "rev-parse" "HEAD", kill_on_drop: false }`
[INFO] [stdout] 3daf3f279ce357f185a51c290a8757ef0d202015
[INFO] testing ifacodes/tumblr_like_scraper against 1.75.0 for beta-1.76-1
[INFO] running `Command { std: "git" "clone" "/workspace/cache/git-repos/https%3A%2F%2Fgithub.com%2Fifacodes%2Ftumblr_like_scraper" "/workspace/builds/worker-4-tc1/source", kill_on_drop: false }`
[INFO] [stderr] Cloning into '/workspace/builds/worker-4-tc1/source'...
[INFO] [stderr] done.
[INFO] validating manifest of git repo https://github.com/ifacodes/tumblr_like_scraper on toolchain 1.75.0
[INFO] running `Command { std: CARGO_HOME="/workspace/cargo-home" RUSTUP_HOME="/workspace/rustup-home" "/workspace/cargo-home/bin/cargo" "+1.75.0" "metadata" "--manifest-path" "Cargo.toml" "--no-deps", kill_on_drop: false }`
[INFO] started tweaking git repo https://github.com/ifacodes/tumblr_like_scraper
[INFO] finished tweaking git repo https://github.com/ifacodes/tumblr_like_scraper
[INFO] tweaked toml for git repo https://github.com/ifacodes/tumblr_like_scraper written to /workspace/builds/worker-4-tc1/source/Cargo.toml
[INFO] crate git repo https://github.com/ifacodes/tumblr_like_scraper already has a lockfile, it will not be regenerated
[INFO] running `Command { std: CARGO_HOME="/workspace/cargo-home" RUSTUP_HOME="/workspace/rustup-home" "/workspace/cargo-home/bin/cargo" "+1.75.0" "fetch" "--manifest-path" "Cargo.toml", kill_on_drop: false }`
[INFO] [stderr]  Downloading crates ...
[INFO] [stderr]   Downloaded errno v0.3.4
[INFO] [stderr]   Downloaded oauth2 v4.4.2
[INFO] running `Command { std: "docker" "create" "-v" "/var/lib/crater-agent-workspace/builds/worker-4-tc1/target:/opt/rustwide/target:rw,Z" "-v" "/var/lib/crater-agent-workspace/builds/worker-4-tc1/source:/opt/rustwide/workdir:ro,Z" "-v" "/var/lib/crater-agent-workspace/cargo-home:/opt/rustwide/cargo-home:ro,Z" "-v" "/var/lib/crater-agent-workspace/rustup-home:/opt/rustwide/rustup-home:ro,Z" "-e" "SOURCE_DIR=/opt/rustwide/workdir" "-e" "CARGO_TARGET_DIR=/opt/rustwide/target" "-e" "CARGO_HOME=/opt/rustwide/cargo-home" "-e" "RUSTUP_HOME=/opt/rustwide/rustup-home" "-w" "/opt/rustwide/workdir" "-m" "1610612736" "--user" "0:0" "--network" "none" "ghcr.io/rust-lang/crates-build-env/linux@sha256:2788e3201cd34a07e3172128adcd8b3090168a8e3bcc40d7c032b9dda1df7d1c" "/opt/rustwide/cargo-home/bin/cargo" "+1.75.0" "metadata" "--no-deps" "--format-version=1", kill_on_drop: false }`
[INFO] [stdout] fa9a02a55d9ca707d444023d4eeac53cc3d168b1256ef3ddb9b5af7b94bb554b
[INFO] running `Command { std: "docker" "start" "-a" "fa9a02a55d9ca707d444023d4eeac53cc3d168b1256ef3ddb9b5af7b94bb554b", kill_on_drop: false }`
[INFO] running `Command { std: "docker" "inspect" "fa9a02a55d9ca707d444023d4eeac53cc3d168b1256ef3ddb9b5af7b94bb554b", kill_on_drop: false }`
[INFO] running `Command { std: "docker" "rm" "-f" "fa9a02a55d9ca707d444023d4eeac53cc3d168b1256ef3ddb9b5af7b94bb554b", kill_on_drop: false }`
[INFO] [stdout] fa9a02a55d9ca707d444023d4eeac53cc3d168b1256ef3ddb9b5af7b94bb554b
[INFO] running `Command { std: "docker" "create" "-v" "/var/lib/crater-agent-workspace/builds/worker-4-tc1/target:/opt/rustwide/target:rw,Z" "-v" "/var/lib/crater-agent-workspace/builds/worker-4-tc1/source:/opt/rustwide/workdir:ro,Z" "-v" "/var/lib/crater-agent-workspace/cargo-home:/opt/rustwide/cargo-home:ro,Z" "-v" "/var/lib/crater-agent-workspace/rustup-home:/opt/rustwide/rustup-home:ro,Z" "-e" "SOURCE_DIR=/opt/rustwide/workdir" "-e" "CARGO_TARGET_DIR=/opt/rustwide/target" "-e" "CARGO_INCREMENTAL=0" "-e" "RUST_BACKTRACE=full" "-e" "RUSTFLAGS=--cap-lints=warn" "-e" "RUSTDOCFLAGS=--cap-lints=warn" "-e" "CARGO_HOME=/opt/rustwide/cargo-home" "-e" "RUSTUP_HOME=/opt/rustwide/rustup-home" "-w" "/opt/rustwide/workdir" "-m" "1610612736" "--user" "0:0" "--network" "none" "ghcr.io/rust-lang/crates-build-env/linux@sha256:2788e3201cd34a07e3172128adcd8b3090168a8e3bcc40d7c032b9dda1df7d1c" "/opt/rustwide/cargo-home/bin/cargo" "+1.75.0" "build" "--frozen" "--message-format=json", kill_on_drop: false }`
[INFO] [stdout] c0f9ed844923f9bf3e0df5857e4612095a5c1db4069b347e33e2552233378599
[INFO] running `Command { std: "docker" "start" "-a" "c0f9ed844923f9bf3e0df5857e4612095a5c1db4069b347e33e2552233378599", kill_on_drop: false }`
[INFO] [stderr]    Compiling proc-macro2 v1.0.67
[INFO] [stderr]    Compiling unicode-ident v1.0.12
[INFO] [stderr]    Compiling libc v0.2.148
[INFO] [stderr]    Compiling once_cell v1.18.0
[INFO] [stderr]    Compiling pin-project-lite v0.2.13
[INFO] [stderr]    Compiling futures-core v0.3.28
[INFO] [stderr]    Compiling parking_lot_core v0.9.8
[INFO] [stderr]    Compiling smallvec v1.11.1
[INFO] [stderr]    Compiling scopeguard v1.2.0
[INFO] [stderr]    Compiling memchr v2.6.4
[INFO] [stderr]    Compiling bytes v1.5.0
[INFO] [stderr]    Compiling futures-task v0.3.28
[INFO] [stderr]    Compiling futures-channel v0.3.28
[INFO] [stderr]    Compiling lock_api v0.4.10
[INFO] [stderr]    Compiling slab v0.4.9
[INFO] [stderr]    Compiling pkg-config v0.3.27
[INFO] [stderr]    Compiling vcpkg v0.2.15
[INFO] [stderr]    Compiling itoa v1.0.9
[INFO] [stderr]    Compiling futures-sink v0.3.28
[INFO] [stderr]    Compiling futures-util v0.3.28
[INFO] [stderr]    Compiling log v0.4.20
[INFO] [stderr]    Compiling serde v1.0.188
[INFO] [stderr]    Compiling futures-io v0.3.28
[INFO] [stderr]    Compiling bitflags v2.4.0
[INFO] [stderr]    Compiling tracing-core v0.1.31
[INFO] [stderr]    Compiling indexmap v1.9.3
[INFO] [stderr]    Compiling untrusted v0.7.1
[INFO] [stderr]    Compiling spin v0.5.2
[INFO] [stderr]    Compiling typenum v1.17.0
[INFO] [stderr]    Compiling generic-array v0.14.7
[INFO] [stderr]    Compiling http v0.2.9
[INFO] [stderr]    Compiling openssl v0.10.57
[INFO] [stderr]    Compiling hashbrown v0.12.3
[INFO] [stderr]    Compiling httparse v1.8.0
[INFO] [stderr]    Compiling tinyvec_macros v0.1.1
[INFO] [stderr]    Compiling native-tls v0.2.11
[INFO] [stderr]    Compiling try-lock v0.2.4
[INFO] [stderr]    Compiling rustls v0.21.7
[INFO] [stderr]    Compiling tinyvec v1.6.0
[INFO] [stderr]    Compiling quote v1.0.33
[INFO] [stderr]    Compiling tracing v0.1.37
[INFO] [stderr]    Compiling want v0.3.1
[INFO] [stderr]    Compiling tower-service v0.3.2
[INFO] [stderr]    Compiling httpdate v1.0.3
[INFO] [stderr]    Compiling syn v2.0.37
[INFO] [stderr]    Compiling percent-encoding v2.3.0
[INFO] [stderr]    Compiling openssl-probe v0.1.5
[INFO] [stderr]    Compiling cc v1.0.83
[INFO] [stderr]    Compiling socket2 v0.5.4
[INFO] [stderr]    Compiling signal-hook-registry v1.4.1
[INFO] [stderr]    Compiling mio v0.8.8
[INFO] [stderr]    Compiling num_cpus v1.16.0
[INFO] [stderr]    Compiling socket2 v0.4.9
[INFO] [stderr]    Compiling form_urlencoded v1.2.0
[INFO] [stderr]    Compiling parking_lot v0.12.1
[INFO] [stderr]    Compiling http-body v0.4.5
[INFO] [stderr]    Compiling getrandom v0.2.10
[INFO] [stderr]    Compiling num-traits v0.2.16
[INFO] [stderr]    Compiling rustix v0.38.15
[INFO] [stderr]    Compiling unicode-bidi v0.3.13
[INFO] [stderr]    Compiling unicode-normalization v0.1.22
[INFO] [stderr]    Compiling serde_json v1.0.107
[INFO] [stderr]    Compiling utf8parse v0.2.1
[INFO] [stderr]    Compiling ryu v1.0.15
[INFO] [stderr]    Compiling anstyle-parse v0.2.2
[INFO] [stderr]    Compiling rand_core v0.6.4
[INFO] [stderr]    Compiling aho-corasick v1.1.1
[INFO] [stderr]    Compiling thiserror v1.0.49
[INFO] [stderr]    Compiling base64 v0.21.4
[INFO] [stderr]    Compiling ppv-lite86 v0.2.17
[INFO] [stderr]    Compiling anstyle v1.0.4
[INFO] [stderr]    Compiling regex-syntax v0.7.5
[INFO] [stderr]    Compiling colorchoice v1.0.0
[INFO] [stderr]    Compiling anstyle-query v1.0.0
[INFO] [stderr]    Compiling linux-raw-sys v0.4.8
[INFO] [stderr]    Compiling encoding_rs v0.8.33
[INFO] [stderr]    Compiling idna v0.4.0
[INFO] [stderr]    Compiling anstream v0.6.4
[INFO] [stderr]    Compiling heck v0.4.1
[INFO] [stderr]    Compiling ipnet v2.8.0
[INFO] [stderr]    Compiling rustls-pemfile v1.0.3
[INFO] [stderr]    Compiling rand_chacha v0.3.1
[INFO] [stderr]    Compiling mime v0.3.17
[INFO] [stderr]    Compiling clap_lex v0.5.1
[INFO] [stderr]    Compiling ring v0.16.20
[INFO] [stderr]    Compiling openssl-sys v0.9.93
[INFO] [stderr]    Compiling webpki-roots v0.25.2
[INFO] [stderr]    Compiling block-buffer v0.10.4
[INFO] [stderr]    Compiling crypto-common v0.1.6
[INFO] [stderr]    Compiling anyhow v1.0.75
[INFO] [stderr]    Compiling digest v0.10.7
[INFO] [stderr]    Compiling iana-time-zone v0.1.57
[INFO] [stderr]    Compiling cpufeatures v0.2.9
[INFO] [stderr]    Compiling clap_builder v4.4.6
[INFO] [stderr]    Compiling rand v0.8.5
[INFO] [stderr]    Compiling sha2 v0.10.8
[INFO] [stderr]    Compiling humantime v2.1.0
[INFO] [stderr]    Compiling termcolor v1.3.0
[INFO] [stderr]    Compiling base64 v0.13.1
[INFO] [stderr]    Compiling dotenvy v0.15.7
[INFO] [stderr]    Compiling regex-automata v0.3.9
[INFO] [stderr]    Compiling is-terminal v0.4.9
[INFO] [stderr]    Compiling tokio-macros v2.1.0
[INFO] [stderr]    Compiling futures-macro v0.3.28
[INFO] [stderr]    Compiling serde_derive v1.0.188
[INFO] [stderr]    Compiling openssl-macros v0.1.1
[INFO] [stderr]    Compiling thiserror-impl v1.0.49
[INFO] [stderr]    Compiling clap_derive v4.4.2
[INFO] [stderr]    Compiling tokio v1.32.0
[INFO] [stderr]    Compiling regex v1.9.6
[INFO] [stderr]    Compiling env_logger v0.10.0
[INFO] [stderr]    Compiling clap v4.4.6
[INFO] [stderr]    Compiling sct v0.7.0
[INFO] [stderr]    Compiling rustls-webpki v0.101.6
[INFO] [stderr]    Compiling futures-executor v0.3.28
[INFO] [stderr]    Compiling futures v0.3.28
[INFO] [stderr]    Compiling tokio-util v0.7.9
[INFO] [stderr]    Compiling tokio-rustls v0.24.1
[INFO] [stderr]    Compiling tokio-native-tls v0.3.1
[INFO] [stderr]    Compiling tokio-stream v0.1.14
[INFO] [stderr]    Compiling h2 v0.3.21
[INFO] [stderr]    Compiling url v2.4.1
[INFO] [stderr]    Compiling serde_urlencoded v0.7.1
[INFO] [stderr]    Compiling chrono v0.4.31
[INFO] [stderr]    Compiling serde_path_to_error v0.1.14
[INFO] [stderr]    Compiling hyper v0.14.27
[INFO] [stderr]    Compiling hyper-rustls v0.24.1
[INFO] [stderr]    Compiling hyper-tls v0.5.0
[INFO] [stderr]    Compiling reqwest v0.11.22
[INFO] [stderr]    Compiling oauth2 v4.4.2
[INFO] [stderr]    Compiling tumblr-api v0.1.0 (/opt/rustwide/workdir)
[INFO] [stdout] warning: unused import: `::reqwest::Client`
[INFO] [stdout]  --> src/auth.rs:4:5
[INFO] [stdout]   |
[INFO] [stdout] 4 | use ::reqwest::Client;
[INFO] [stdout]   |     ^^^^^^^^^^^^^^^^^
[INFO] [stdout]   |
[INFO] [stdout]   = note: `#[warn(unused_imports)]` on by default
[INFO] [stdout] 
[INFO] [stdout] 
[INFO] [stdout] warning: unused import: `bail`
[INFO] [stdout]  --> src/auth.rs:5:22
[INFO] [stdout]   |
[INFO] [stdout] 5 | use anyhow::{anyhow, bail, ensure, Result};
[INFO] [stdout]   |                      ^^^^
[INFO] [stdout] 
[INFO] [stdout] 
[INFO] [stdout] warning: unused imports: `Token`, `self`
[INFO] [stdout]  --> src/client.rs:1:19
[INFO] [stdout]   |
[INFO] [stdout] 1 | use crate::auth::{self, Authentication, Token};
[INFO] [stdout]   |                   ^^^^                  ^^^^^
[INFO] [stdout] 
[INFO] [stdout] 
[INFO] [stdout] warning: unused import: `bail`
[INFO] [stdout]  --> src/client.rs:2:22
[INFO] [stdout]   |
[INFO] [stdout] 2 | use anyhow::{anyhow, bail, Result};
[INFO] [stdout]   |                      ^^^^
[INFO] [stdout] 
[INFO] [stdout] 
[INFO] [stdout] warning: fields `expires_in` and `scopes` are never read
[INFO] [stdout]   --> src/auth.rs:25:5
[INFO] [stdout]    |
[INFO] [stdout] 22 | pub struct Token {
[INFO] [stdout]    |            ----- fields in this struct
[INFO] [stdout] ...
[INFO] [stdout] 25 |     expires_in: Option<Duration>,
[INFO] [stdout]    |     ^^^^^^^^^^
[INFO] [stdout] 26 |     scopes: Vec<scope::Scope>,
[INFO] [stdout]    |     ^^^^^^
[INFO] [stdout]    |
[INFO] [stdout]    = note: `#[warn(dead_code)]` on by default
[INFO] [stdout] 
[INFO] [stdout] 
[INFO] [stdout] warning: function `authenticate` is never used
[INFO] [stdout]   --> src/auth.rs:64:21
[INFO] [stdout]    |
[INFO] [stdout] 64 | pub(crate) async fn authenticate(
[INFO] [stdout]    |                     ^^^^^^^^^^^^
[INFO] [stdout] 
[INFO] [stdout] 
[INFO] [stdout] warning: fields `client` and `token` are never read
[INFO] [stdout]  --> src/client.rs:7:5
[INFO] [stdout]   |
[INFO] [stdout] 6 | pub struct TumblrClient<A: Authentication> {
[INFO] [stdout]   |            ------------ fields in this struct
[INFO] [stdout] 7 |     client: Client,
[INFO] [stdout]   |     ^^^^^^
[INFO] [stdout] 8 |     token: Option<A>,
[INFO] [stdout]   |     ^^^^^
[INFO] [stdout]   |
[INFO] [stdout]   = note: `TumblrClient` has a derived impl for the trait `Debug`, but this is intentionally ignored during dead code analysis
[INFO] [stdout] 
[INFO] [stdout] 
[INFO] [stdout] warning: associated function `new` is never used
[INFO] [stdout]   --> src/client.rs:12:8
[INFO] [stdout]    |
[INFO] [stdout] 11 | impl<A: Authentication> TumblrClient<A> {
[INFO] [stdout]    | --------------------------------------- associated function in this implementation
[INFO] [stdout] 12 |     fn new(token: A) -> Self {
[INFO] [stdout]    |        ^^^
[INFO] [stdout] 
[INFO] [stdout] 
[INFO] [stdout] warning: multiple methods are never used
[INFO] [stdout]   --> src/client.rs:26:14
[INFO] [stdout]    |
[INFO] [stdout] 25 | impl<A: Authentication> TumblrClient<A> {
[INFO] [stdout]    | --------------------------------------- methods in this implementation
[INFO] [stdout] 26 |     async fn info(&self, blog: &str) -> Result<()> {
[INFO] [stdout]    |              ^^^^
[INFO] [stdout] ...
[INFO] [stdout] 41 |     fn avatar(&self) {}
[INFO] [stdout]    |        ^^^^^^
[INFO] [stdout] 42 |     fn blocks(&self) {}
[INFO] [stdout]    |        ^^^^^^
[INFO] [stdout] 43 |     fn block(&self) {}
[INFO] [stdout]    |        ^^^^^
[INFO] [stdout] 44 |     fn block_bulk(&self) {}
[INFO] [stdout]    |        ^^^^^^^^^^
[INFO] [stdout] 45 |     fn likes(&self) {}
[INFO] [stdout]    |        ^^^^^
[INFO] [stdout] 46 |     fn following(&self) {}
[INFO] [stdout]    |        ^^^^^^^^^
[INFO] [stdout] 47 |     fn followers(&self) {}
[INFO] [stdout]    |        ^^^^^^^^^
[INFO] [stdout] 48 |     fn followed_by(&self) {}
[INFO] [stdout]    |        ^^^^^^^^^^^
[INFO] [stdout] 49 |     fn posts(&self) {}
[INFO] [stdout]    |        ^^^^^
[INFO] [stdout] 50 |     fn posts_queue(&self) {}
[INFO] [stdout]    |        ^^^^^^^^^^^
[INFO] [stdout] 51 |     fn posts_queue_reorder(&self) {}
[INFO] [stdout]    |        ^^^^^^^^^^^^^^^^^^^
[INFO] [stdout] 52 |     fn posts_queue_shuffle(&self) {}
[INFO] [stdout]    |        ^^^^^^^^^^^^^^^^^^^
[INFO] [stdout] 53 |     fn posts_drafts(&self) {}
[INFO] [stdout]    |        ^^^^^^^^^^^^
[INFO] [stdout] 54 |     fn posts_submission(&self) {}
[INFO] [stdout]    |        ^^^^^^^^^^^^^^^^
[INFO] [stdout] 55 |     fn notifications(&self) {}
[INFO] [stdout]    |        ^^^^^^^^^^^^^
[INFO] [stdout] 56 |     fn post(&self) {}
[INFO] [stdout]    |        ^^^^
[INFO] [stdout] 57 |     fn post_edit(&self) {}
[INFO] [stdout]    |        ^^^^^^^^^
[INFO] [stdout] 58 |     fn post_reblog(&self) {}
[INFO] [stdout]    |        ^^^^^^^^^^^
[INFO] [stdout] 59 |     fn posts_create_neue(&self) {}
[INFO] [stdout]    |        ^^^^^^^^^^^^^^^^^
[INFO] [stdout] 60 |     fn fetch_post(&self) {}
[INFO] [stdout]    |        ^^^^^^^^^^
[INFO] [stdout] 61 |     fn edit_post(&self) {}
[INFO] [stdout]    |        ^^^^^^^^^
[INFO] [stdout] 62 |     fn delete_post(&self) {}
[INFO] [stdout]    |        ^^^^^^^^^^^
[INFO] [stdout] 63 |     fn mute_post_notification(&self) {}
[INFO] [stdout]    |        ^^^^^^^^^^^^^^^^^^^^^^
[INFO] [stdout] 64 |     fn post_notes(&self) {}
[INFO] [stdout]    |        ^^^^^^^^^^
[INFO] [stdout] 
[INFO] [stdout] 
[INFO] [stdout] warning: multiple methods are never used
[INFO] [stdout]   --> src/client.rs:69:8
[INFO] [stdout]    |
[INFO] [stdout] 68 | impl<A: Authentication> TumblrClient<A> {
[INFO] [stdout]    | --------------------------------------- methods in this implementation
[INFO] [stdout] 69 |     fn user_info(&self) {}
[INFO] [stdout]    |        ^^^^^^^^^
[INFO] [stdout] 70 |     fn user_limits(&self) {}
[INFO] [stdout]    |        ^^^^^^^^^^^
[INFO] [stdout] 71 |     fn user_dashboard(&self) {}
[INFO] [stdout]    |        ^^^^^^^^^^^^^^
[INFO] [stdout] 72 |     fn user_likes(&self) {}
[INFO] [stdout]    |        ^^^^^^^^^^
[INFO] [stdout] 73 |     fn user_following(&self) {}
[INFO] [stdout]    |        ^^^^^^^^^^^^^^
[INFO] [stdout] 74 |     fn user_follow(&self) {}
[INFO] [stdout]    |        ^^^^^^^^^^^
[INFO] [stdout] 75 |     fn user_unfollow(&self) {}
[INFO] [stdout]    |        ^^^^^^^^^^^^^
[INFO] [stdout] 76 |     fn user_like(&self) {}
[INFO] [stdout]    |        ^^^^^^^^^
[INFO] [stdout] 77 |     fn user_unlike(&self) {}
[INFO] [stdout]    |        ^^^^^^^^^^^
[INFO] [stdout] 78 |     fn user_filtered_tags(&self) {}
[INFO] [stdout]    |        ^^^^^^^^^^^^^^^^^^
[INFO] [stdout] 79 |     fn user_filtered_content(&self) {}
[INFO] [stdout]    |        ^^^^^^^^^^^^^^^^^^^^^
[INFO] [stdout] 
[INFO] [stdout] 
[INFO] [stdout] warning: method `tagged` is never used
[INFO] [stdout]   --> src/client.rs:84:8
[INFO] [stdout]    |
[INFO] [stdout] 83 | impl<A: Authentication> TumblrClient<A> {
[INFO] [stdout]    | --------------------------------------- method in this implementation
[INFO] [stdout] 84 |     fn tagged(&self) {}
[INFO] [stdout]    |        ^^^^^^
[INFO] [stdout] 
[INFO] [stdout] 
[INFO] [stdout] warning: variant `RateLimit` is never constructed
[INFO] [stdout]    --> src/tumblr/mod.rs:228:5
[INFO] [stdout]     |
[INFO] [stdout] 226 | pub enum ApiError {
[INFO] [stdout]     |          -------- variant in this enum
[INFO] [stdout] 227 |     #[error("received rate limit response")]
[INFO] [stdout] 228 |     RateLimit {
[INFO] [stdout]     |     ^^^^^^^^^
[INFO] [stdout]     |
[INFO] [stdout]     = note: `ApiError` has a derived impl for the trait `Debug`, but this is intentionally ignored during dead code analysis
[INFO] [stdout] 
[INFO] [stdout] 
[INFO] [stdout] warning: 12 warnings emitted
[INFO] [stdout] 
[INFO] [stdout] 
[INFO] [stdout] warning: unused import: `::reqwest::Client`
[INFO] [stdout]  --> src/auth.rs:4:5
[INFO] [stdout]   |
[INFO] [stdout] 4 | use ::reqwest::Client;
[INFO] [stdout]   |     ^^^^^^^^^^^^^^^^^
[INFO] [stdout]   |
[INFO] [stdout]   = note: `#[warn(unused_imports)]` on by default
[INFO] [stdout] 
[INFO] [stdout] 
[INFO] [stdout] warning: unused import: `bail`
[INFO] [stdout]  --> src/auth.rs:5:22
[INFO] [stdout]   |
[INFO] [stdout] 5 | use anyhow::{anyhow, bail, ensure, Result};
[INFO] [stdout]   |                      ^^^^
[INFO] [stdout] 
[INFO] [stdout] 
[INFO] [stdout] warning: unused import: `std::env`
[INFO] [stdout]  --> src/main.rs:9:5
[INFO] [stdout]   |
[INFO] [stdout] 9 | use std::env;
[INFO] [stdout]   |     ^^^^^^^^
[INFO] [stdout] 
[INFO] [stdout] 
[INFO] [stdout] warning: fields `expires_in` and `scopes` are never read
[INFO] [stdout]   --> src/auth.rs:25:5
[INFO] [stdout]    |
[INFO] [stdout] 22 | pub struct Token {
[INFO] [stdout]    |            ----- fields in this struct
[INFO] [stdout] ...
[INFO] [stdout] 25 |     expires_in: Option<Duration>,
[INFO] [stdout]    |     ^^^^^^^^^^
[INFO] [stdout] 26 |     scopes: Vec<scope::Scope>,
[INFO] [stdout]    |     ^^^^^^
[INFO] [stdout]    |
[INFO] [stdout]    = note: `#[warn(dead_code)]` on by default
[INFO] [stdout] 
[INFO] [stdout] 
[INFO] [stdout] warning: function `authenticate` is never used
[INFO] [stdout]   --> src/auth.rs:64:21
[INFO] [stdout]    |
[INFO] [stdout] 64 | pub(crate) async fn authenticate(
[INFO] [stdout]    |                     ^^^^^^^^^^^^
[INFO] [stdout] 
[INFO] [stdout] 
[INFO] [stdout] warning: 5 warnings emitted
[INFO] [stdout] 
[INFO] [stdout] 
[INFO] [stderr]     Finished dev [unoptimized + debuginfo] target(s) in 37.46s
[INFO] running `Command { std: "docker" "inspect" "c0f9ed844923f9bf3e0df5857e4612095a5c1db4069b347e33e2552233378599", kill_on_drop: false }`
[INFO] running `Command { std: "docker" "rm" "-f" "c0f9ed844923f9bf3e0df5857e4612095a5c1db4069b347e33e2552233378599", kill_on_drop: false }`
[INFO] [stdout] c0f9ed844923f9bf3e0df5857e4612095a5c1db4069b347e33e2552233378599
[INFO] running `Command { std: "docker" "create" "-v" "/var/lib/crater-agent-workspace/builds/worker-4-tc1/target:/opt/rustwide/target:rw,Z" "-v" "/var/lib/crater-agent-workspace/builds/worker-4-tc1/source:/opt/rustwide/workdir:ro,Z" "-v" "/var/lib/crater-agent-workspace/cargo-home:/opt/rustwide/cargo-home:ro,Z" "-v" "/var/lib/crater-agent-workspace/rustup-home:/opt/rustwide/rustup-home:ro,Z" "-e" "SOURCE_DIR=/opt/rustwide/workdir" "-e" "CARGO_TARGET_DIR=/opt/rustwide/target" "-e" "CARGO_INCREMENTAL=0" "-e" "RUST_BACKTRACE=full" "-e" "RUSTFLAGS=--cap-lints=warn" "-e" "RUSTDOCFLAGS=--cap-lints=warn" "-e" "CARGO_HOME=/opt/rustwide/cargo-home" "-e" "RUSTUP_HOME=/opt/rustwide/rustup-home" "-w" "/opt/rustwide/workdir" "-m" "1610612736" "--user" "0:0" "--network" "none" "ghcr.io/rust-lang/crates-build-env/linux@sha256:2788e3201cd34a07e3172128adcd8b3090168a8e3bcc40d7c032b9dda1df7d1c" "/opt/rustwide/cargo-home/bin/cargo" "+1.75.0" "test" "--frozen" "--no-run" "--message-format=json", kill_on_drop: false }`
[INFO] [stdout] 0c9d4ff5af868dd8b19c5e4520ead1de4f124278836358f80b9e7f0f9170b39f
[INFO] running `Command { std: "docker" "start" "-a" "0c9d4ff5af868dd8b19c5e4520ead1de4f124278836358f80b9e7f0f9170b39f", kill_on_drop: false }`
[INFO] [stdout] warning: unused import: `::reqwest::Client`
[INFO] [stdout]  --> src/auth.rs:4:5
[INFO] [stdout]   |
[INFO] [stdout] 4 | use ::reqwest::Client;
[INFO] [stdout]   |     ^^^^^^^^^^^^^^^^^
[INFO] [stdout]   |
[INFO] [stdout]   = note: `#[warn(unused_imports)]` on by default
[INFO] [stdout] 
[INFO] [stdout] 
[INFO] [stdout] warning: unused import: `bail`
[INFO] [stdout]  --> src/auth.rs:5:22
[INFO] [stdout]   |
[INFO] [stdout] 5 | use anyhow::{anyhow, bail, ensure, Result};
[INFO] [stdout]   |                      ^^^^
[INFO] [stdout] 
[INFO] [stdout] 
[INFO] [stdout] warning: unused imports: `Token`, `self`
[INFO] [stdout]  --> src/client.rs:1:19
[INFO] [stdout]   |
[INFO] [stdout] 1 | use crate::auth::{self, Authentication, Token};
[INFO] [stdout]   |                   ^^^^                  ^^^^^
[INFO] [stdout] 
[INFO] [stdout] 
[INFO] [stdout] warning: unused import: `bail`
[INFO] [stdout]  --> src/client.rs:2:22
[INFO] [stdout]   |
[INFO] [stdout] 2 | use anyhow::{anyhow, bail, Result};
[INFO] [stdout]   |                      ^^^^
[INFO] [stdout] 
[INFO] [stdout] 
[INFO] [stdout] warning: fields `expires_in` and `scopes` are never read
[INFO] [stdout]   --> src/auth.rs:25:5
[INFO] [stdout]    |
[INFO] [stdout] 22 | pub struct Token {
[INFO] [stdout]    |            ----- fields in this struct
[INFO] [stdout] ...
[INFO] [stdout] 25 |     expires_in: Option<Duration>,
[INFO] [stdout]    |     ^^^^^^^^^^
[INFO] [stdout] 26 |     scopes: Vec<scope::Scope>,
[INFO] [stdout]    |     ^^^^^^
[INFO] [stdout]    |
[INFO] [stdout]    = note: `#[warn(dead_code)]` on by default
[INFO] [stdout] 
[INFO] [stdout] 
[INFO] [stdout] warning: function `authenticate` is never used
[INFO] [stdout]   --> src/auth.rs:64:21
[INFO] [stdout]    |
[INFO] [stdout] 64 | pub(crate) async fn authenticate(
[INFO] [stdout]    |                     ^^^^^^^^^^^^
[INFO] [stdout] 
[INFO] [stdout] 
[INFO] [stdout] warning: fields `client` and `token` are never read
[INFO] [stdout]  --> src/client.rs:7:5
[INFO] [stdout]   |
[INFO] [stdout] 6 | pub struct TumblrClient<A: Authentication> {
[INFO] [stdout]   |            ------------ fields in this struct
[INFO] [stdout] 7 |     client: Client,
[INFO] [stdout]   |     ^^^^^^
[INFO] [stdout] 8 |     token: Option<A>,
[INFO] [stdout]   |     ^^^^^
[INFO] [stdout]   |
[INFO] [stdout]   = note: `TumblrClient` has a derived impl for the trait `Debug`, but this is intentionally ignored during dead code analysis
[INFO] [stdout] 
[INFO] [stdout] 
[INFO] [stdout] warning: associated function `new` is never used
[INFO] [stdout]   --> src/client.rs:12:8
[INFO] [stdout]    |
[INFO] [stdout] 11 | impl<A: Authentication> TumblrClient<A> {
[INFO] [stdout]    | --------------------------------------- associated function in this implementation
[INFO] [stdout] 12 |     fn new(token: A) -> Self {
[INFO] [stdout]    |        ^^^
[INFO] [stdout] 
[INFO] [stdout] 
[INFO] [stdout] warning: multiple methods are never used
[INFO] [stdout]   --> src/client.rs:26:14
[INFO] [stdout]    |
[INFO] [stdout] 25 | impl<A: Authentication> TumblrClient<A> {
[INFO] [stdout]    | --------------------------------------- methods in this implementation
[INFO] [stdout] 26 |     async fn info(&self, blog: &str) -> Result<()> {
[INFO] [stdout]    |              ^^^^
[INFO] [stdout] ...
[INFO] [stdout] 41 |     fn avatar(&self) {}
[INFO] [stdout]    |        ^^^^^^
[INFO] [stdout] 42 |     fn blocks(&self) {}
[INFO] [stdout]    |        ^^^^^^
[INFO] [stdout] 43 |     fn block(&self) {}
[INFO] [stdout]    |        ^^^^^
[INFO] [stdout] 44 |     fn block_bulk(&self) {}
[INFO] [stdout]    |        ^^^^^^^^^^
[INFO] [stdout] 45 |     fn likes(&self) {}
[INFO] [stdout]    |        ^^^^^
[INFO] [stdout] 46 |     fn following(&self) {}
[INFO] [stdout]    |        ^^^^^^^^^
[INFO] [stdout] 47 |     fn followers(&self) {}
[INFO] [stdout]    |        ^^^^^^^^^
[INFO] [stdout] 48 |     fn followed_by(&self) {}
[INFO] [stdout]    |        ^^^^^^^^^^^
[INFO] [stdout] 49 |     fn posts(&self) {}
[INFO] [stdout]    |        ^^^^^
[INFO] [stdout] 50 |     fn posts_queue(&self) {}
[INFO] [stdout]    |        ^^^^^^^^^^^
[INFO] [stdout] 51 |     fn posts_queue_reorder(&self) {}
[INFO] [stdout]    |        ^^^^^^^^^^^^^^^^^^^
[INFO] [stdout] 52 |     fn posts_queue_shuffle(&self) {}
[INFO] [stdout]    |        ^^^^^^^^^^^^^^^^^^^
[INFO] [stdout] 53 |     fn posts_drafts(&self) {}
[INFO] [stdout]    |        ^^^^^^^^^^^^
[INFO] [stdout] 54 |     fn posts_submission(&self) {}
[INFO] [stdout]    |        ^^^^^^^^^^^^^^^^
[INFO] [stdout] 55 |     fn notifications(&self) {}
[INFO] [stdout]    |        ^^^^^^^^^^^^^
[INFO] [stdout] 56 |     fn post(&self) {}
[INFO] [stdout]    |        ^^^^
[INFO] [stdout] 57 |     fn post_edit(&self) {}
[INFO] [stdout]    |        ^^^^^^^^^
[INFO] [stdout] 58 |     fn post_reblog(&self) {}
[INFO] [stdout]    |        ^^^^^^^^^^^
[INFO] [stdout] 59 |     fn posts_create_neue(&self) {}
[INFO] [stdout]    |        ^^^^^^^^^^^^^^^^^
[INFO] [stdout] 60 |     fn fetch_post(&self) {}
[INFO] [stdout]    |        ^^^^^^^^^^
[INFO] [stdout] 61 |     fn edit_post(&self) {}
[INFO] [stdout]    |        ^^^^^^^^^
[INFO] [stdout] 62 |     fn delete_post(&self) {}
[INFO] [stdout]    |        ^^^^^^^^^^^
[INFO] [stdout] 63 |     fn mute_post_notification(&self) {}
[INFO] [stdout]    |        ^^^^^^^^^^^^^^^^^^^^^^
[INFO] [stdout] 64 |     fn post_notes(&self) {}
[INFO] [stdout]    |        ^^^^^^^^^^
[INFO] [stdout] 
[INFO] [stdout] 
[INFO] [stdout] warning: multiple methods are never used
[INFO] [stdout]   --> src/client.rs:69:8
[INFO] [stdout]    |
[INFO] [stdout] 68 | impl<A: Authentication> TumblrClient<A> {
[INFO] [stdout]    | --------------------------------------- methods in this implementation
[INFO] [stdout] 69 |     fn user_info(&self) {}
[INFO] [stdout]    |        ^^^^^^^^^
[INFO] [stdout] 70 |     fn user_limits(&self) {}
[INFO] [stdout]    |        ^^^^^^^^^^^
[INFO] [stdout] 71 |     fn user_dashboard(&self) {}
[INFO] [stdout]    |        ^^^^^^^^^^^^^^
[INFO] [stdout] 72 |     fn user_likes(&self) {}
[INFO] [stdout]    |        ^^^^^^^^^^
[INFO] [stdout] 73 |     fn user_following(&self) {}
[INFO] [stdout]    |        ^^^^^^^^^^^^^^
[INFO] [stdout] 74 |     fn user_follow(&self) {}
[INFO] [stdout]    |        ^^^^^^^^^^^
[INFO] [stdout] 75 |     fn user_unfollow(&self) {}
[INFO] [stdout]    |        ^^^^^^^^^^^^^
[INFO] [stdout] 76 |     fn user_like(&self) {}
[INFO] [stdout]    |        ^^^^^^^^^
[INFO] [stdout] 77 |     fn user_unlike(&self) {}
[INFO] [stdout]    |        ^^^^^^^^^^^
[INFO] [stdout] 78 |     fn user_filtered_tags(&self) {}
[INFO] [stdout]    |        ^^^^^^^^^^^^^^^^^^
[INFO] [stdout] 79 |     fn user_filtered_content(&self) {}
[INFO] [stdout]    |        ^^^^^^^^^^^^^^^^^^^^^
[INFO] [stdout] 
[INFO] [stdout] 
[INFO] [stderr]    Compiling tumblr-api v0.1.0 (/opt/rustwide/workdir)
[INFO] [stdout] warning: method `tagged` is never used
[INFO] [stdout]   --> src/client.rs:84:8
[INFO] [stdout]    |
[INFO] [stdout] 83 | impl<A: Authentication> TumblrClient<A> {
[INFO] [stdout]    | --------------------------------------- method in this implementation
[INFO] [stdout] 84 |     fn tagged(&self) {}
[INFO] [stdout]    |        ^^^^^^
[INFO] [stdout] 
[INFO] [stdout] 
[INFO] [stdout] warning: variant `RateLimit` is never constructed
[INFO] [stdout]    --> src/tumblr/mod.rs:228:5
[INFO] [stdout]     |
[INFO] [stdout] 226 | pub enum ApiError {
[INFO] [stdout]     |          -------- variant in this enum
[INFO] [stdout] 227 |     #[error("received rate limit response")]
[INFO] [stdout] 228 |     RateLimit {
[INFO] [stdout]     |     ^^^^^^^^^
[INFO] [stdout]     |
[INFO] [stdout]     = note: `ApiError` has a derived impl for the trait `Debug`, but this is intentionally ignored during dead code analysis
[INFO] [stdout] 
[INFO] [stdout] 
[INFO] [stdout] warning: 12 warnings emitted
[INFO] [stdout] 
[INFO] [stdout] 
[INFO] [stdout] warning: unused import: `bail`
[INFO] [stdout]  --> src/auth.rs:5:22
[INFO] [stdout]   |
[INFO] [stdout] 5 | use anyhow::{anyhow, bail, ensure, Result};
[INFO] [stdout]   |                      ^^^^
[INFO] [stdout]   |
[INFO] [stdout]   = note: `#[warn(unused_imports)]` on by default
[INFO] [stdout] 
[INFO] [stdout] 
[INFO] [stdout] warning: unused imports: `Token`, `self`
[INFO] [stdout]  --> src/client.rs:1:19
[INFO] [stdout]   |
[INFO] [stdout] 1 | use crate::auth::{self, Authentication, Token};
[INFO] [stdout]   |                   ^^^^                  ^^^^^
[INFO] [stdout] 
[INFO] [stdout] 
[INFO] [stdout] warning: unused import: `bail`
[INFO] [stdout]  --> src/client.rs:2:22
[INFO] [stdout]   |
[INFO] [stdout] 2 | use anyhow::{anyhow, bail, Result};
[INFO] [stdout]   |                      ^^^^
[INFO] [stdout] 
[INFO] [stdout] 
[INFO] [stdout] warning: unused import: `bail`
[INFO] [stdout]  --> src/auth.rs:5:22
[INFO] [stdout]   |
[INFO] [stdout] 5 | use anyhow::{anyhow, bail, ensure, Result};
[INFO] [stdout]   |                      ^^^^
[INFO] [stdout]   |
[INFO] [stdout]   = note: `#[warn(unused_imports)]` on by default
[INFO] [stdout] 
[INFO] [stdout] 
[INFO] [stdout] warning: unused import: `std::env`
[INFO] [stdout]  --> src/main.rs:9:5
[INFO] [stdout]   |
[INFO] [stdout] 9 | use std::env;
[INFO] [stdout]   |     ^^^^^^^^
[INFO] [stdout] 
[INFO] [stdout] 
[INFO] [stdout] warning: fields `expires_in` and `scopes` are never read
[INFO] [stdout]   --> src/auth.rs:25:5
[INFO] [stdout]    |
[INFO] [stdout] 22 | pub struct Token {
[INFO] [stdout]    |            ----- fields in this struct
[INFO] [stdout] ...
[INFO] [stdout] 25 |     expires_in: Option<Duration>,
[INFO] [stdout]    |     ^^^^^^^^^^
[INFO] [stdout] 26 |     scopes: Vec<scope::Scope>,
[INFO] [stdout]    |     ^^^^^^
[INFO] [stdout]    |
[INFO] [stdout]    = note: `#[warn(dead_code)]` on by default
[INFO] [stdout] 
[INFO] [stdout] 
[INFO] [stdout] warning: fields `client` and `token` are never read
[INFO] [stdout]  --> src/client.rs:7:5
[INFO] [stdout]   |
[INFO] [stdout] 6 | pub struct TumblrClient<A: Authentication> {
[INFO] [stdout]   |            ------------ fields in this struct
[INFO] [stdout] 7 |     client: Client,
[INFO] [stdout]   |     ^^^^^^
[INFO] [stdout] 8 |     token: Option<A>,
[INFO] [stdout]   |     ^^^^^
[INFO] [stdout]   |
[INFO] [stdout]   = note: `TumblrClient` has a derived impl for the trait `Debug`, but this is intentionally ignored during dead code analysis
[INFO] [stdout] 
[INFO] [stdout] 
[INFO] [stdout] warning: associated function `new` is never used
[INFO] [stdout]   --> src/client.rs:12:8
[INFO] [stdout]    |
[INFO] [stdout] 11 | impl<A: Authentication> TumblrClient<A> {
[INFO] [stdout]    | --------------------------------------- associated function in this implementation
[INFO] [stdout] 12 |     fn new(token: A) -> Self {
[INFO] [stdout]    |        ^^^
[INFO] [stdout] 
[INFO] [stdout] 
[INFO] [stdout] warning: multiple methods are never used
[INFO] [stdout]   --> src/client.rs:26:14
[INFO] [stdout]    |
[INFO] [stdout] 25 | impl<A: Authentication> TumblrClient<A> {
[INFO] [stdout]    | --------------------------------------- methods in this implementation
[INFO] [stdout] 26 |     async fn info(&self, blog: &str) -> Result<()> {
[INFO] [stdout]    |              ^^^^
[INFO] [stdout] ...
[INFO] [stdout] 41 |     fn avatar(&self) {}
[INFO] [stdout]    |        ^^^^^^
[INFO] [stdout] 42 |     fn blocks(&self) {}
[INFO] [stdout]    |        ^^^^^^
[INFO] [stdout] 43 |     fn block(&self) {}
[INFO] [stdout]    |        ^^^^^
[INFO] [stdout] 44 |     fn block_bulk(&self) {}
[INFO] [stdout]    |        ^^^^^^^^^^
[INFO] [stdout] 45 |     fn likes(&self) {}
[INFO] [stdout]    |        ^^^^^
[INFO] [stdout] 46 |     fn following(&self) {}
[INFO] [stdout]    |        ^^^^^^^^^
[INFO] [stdout] 47 |     fn followers(&self) {}
[INFO] [stdout]    |        ^^^^^^^^^
[INFO] [stdout] 48 |     fn followed_by(&self) {}
[INFO] [stdout]    |        ^^^^^^^^^^^
[INFO] [stdout] 49 |     fn posts(&self) {}
[INFO] [stdout]    |        ^^^^^
[INFO] [stdout] 50 |     fn posts_queue(&self) {}
[INFO] [stdout]    |        ^^^^^^^^^^^
[INFO] [stdout] 51 |     fn posts_queue_reorder(&self) {}
[INFO] [stdout]    |        ^^^^^^^^^^^^^^^^^^^
[INFO] [stdout] 52 |     fn posts_queue_shuffle(&self) {}
[INFO] [stdout]    |        ^^^^^^^^^^^^^^^^^^^
[INFO] [stdout] 53 |     fn posts_drafts(&self) {}
[INFO] [stdout]    |        ^^^^^^^^^^^^
[INFO] [stdout] 54 |     fn posts_submission(&self) {}
[INFO] [stdout]    |        ^^^^^^^^^^^^^^^^
[INFO] [stdout] 55 |     fn notifications(&self) {}
[INFO] [stdout]    |        ^^^^^^^^^^^^^
[INFO] [stdout] 56 |     fn post(&self) {}
[INFO] [stdout]    |        ^^^^
[INFO] [stdout] 57 |     fn post_edit(&self) {}
[INFO] [stdout]    |        ^^^^^^^^^
[INFO] [stdout] 58 |     fn post_reblog(&self) {}
[INFO] [stdout]    |        ^^^^^^^^^^^
[INFO] [stdout] 59 |     fn posts_create_neue(&self) {}
[INFO] [stdout]    |        ^^^^^^^^^^^^^^^^^
[INFO] [stdout] 60 |     fn fetch_post(&self) {}
[INFO] [stdout]    |        ^^^^^^^^^^
[INFO] [stdout] 61 |     fn edit_post(&self) {}
[INFO] [stdout]    |        ^^^^^^^^^
[INFO] [stdout] 62 |     fn delete_post(&self) {}
[INFO] [stdout]    |        ^^^^^^^^^^^
[INFO] [stdout] 63 |     fn mute_post_notification(&self) {}
[INFO] [stdout]    |        ^^^^^^^^^^^^^^^^^^^^^^
[INFO] [stdout] 64 |     fn post_notes(&self) {}
[INFO] [stdout]    |        ^^^^^^^^^^
[INFO] [stdout] 
[INFO] [stdout] 
[INFO] [stdout] warning: multiple methods are never used
[INFO] [stdout]   --> src/client.rs:69:8
[INFO] [stdout]    |
[INFO] [stdout] 68 | impl<A: Authentication> TumblrClient<A> {
[INFO] [stdout]    | --------------------------------------- methods in this implementation
[INFO] [stdout] 69 |     fn user_info(&self) {}
[INFO] [stdout]    |        ^^^^^^^^^
[INFO] [stdout] 70 |     fn user_limits(&self) {}
[INFO] [stdout]    |        ^^^^^^^^^^^
[INFO] [stdout] 71 |     fn user_dashboard(&self) {}
[INFO] [stdout]    |        ^^^^^^^^^^^^^^
[INFO] [stdout] 72 |     fn user_likes(&self) {}
[INFO] [stdout]    |        ^^^^^^^^^^
[INFO] [stdout] 73 |     fn user_following(&self) {}
[INFO] [stdout]    |        ^^^^^^^^^^^^^^
[INFO] [stdout] 74 |     fn user_follow(&self) {}
[INFO] [stdout]    |        ^^^^^^^^^^^
[INFO] [stdout] 75 |     fn user_unfollow(&self) {}
[INFO] [stdout]    |        ^^^^^^^^^^^^^
[INFO] [stdout] 76 |     fn user_like(&self) {}
[INFO] [stdout]    |        ^^^^^^^^^
[INFO] [stdout] 77 |     fn user_unlike(&self) {}
[INFO] [stdout]    |        ^^^^^^^^^^^
[INFO] [stdout] 78 |     fn user_filtered_tags(&self) {}
[INFO] [stdout]    |        ^^^^^^^^^^^^^^^^^^
[INFO] [stdout] 79 |     fn user_filtered_content(&self) {}
[INFO] [stdout]    |        ^^^^^^^^^^^^^^^^^^^^^
[INFO] [stdout] 
[INFO] [stdout] 
[INFO] [stdout] warning: method `tagged` is never used
[INFO] [stdout]   --> src/client.rs:84:8
[INFO] [stdout]    |
[INFO] [stdout] 83 | impl<A: Authentication> TumblrClient<A> {
[INFO] [stdout]    | --------------------------------------- method in this implementation
[INFO] [stdout] 84 |     fn tagged(&self) {}
[INFO] [stdout]    |        ^^^^^^
[INFO] [stdout] 
[INFO] [stdout] 
[INFO] [stdout] warning: variant `RateLimit` is never constructed
[INFO] [stdout]    --> src/tumblr/mod.rs:228:5
[INFO] [stdout]     |
[INFO] [stdout] 226 | pub enum ApiError {
[INFO] [stdout]     |          -------- variant in this enum
[INFO] [stdout] 227 |     #[error("received rate limit response")]
[INFO] [stdout] 228 |     RateLimit {
[INFO] [stdout]     |     ^^^^^^^^^
[INFO] [stdout]     |
[INFO] [stdout]     = note: `ApiError` has a derived impl for the trait `Debug`, but this is intentionally ignored during dead code analysis
[INFO] [stdout] 
[INFO] [stdout] 
[INFO] [stdout] warning: fields `expires_in` and `scopes` are never read
[INFO] [stdout]   --> src/auth.rs:25:5
[INFO] [stdout]    |
[INFO] [stdout] 22 | pub struct Token {
[INFO] [stdout]    |            ----- fields in this struct
[INFO] [stdout] ...
[INFO] [stdout] 25 |     expires_in: Option<Duration>,
[INFO] [stdout]    |     ^^^^^^^^^^
[INFO] [stdout] 26 |     scopes: Vec<scope::Scope>,
[INFO] [stdout]    |     ^^^^^^
[INFO] [stdout]    |
[INFO] [stdout]    = note: `#[warn(dead_code)]` on by default
[INFO] [stdout] 
[INFO] [stdout] 
[INFO] [stdout] warning: 10 warnings emitted
[INFO] [stdout] 
[INFO] [stdout] 
[INFO] [stdout] warning: 3 warnings emitted
[INFO] [stdout] 
[INFO] [stdout] 
[INFO] [stderr]     Finished test [unoptimized + debuginfo] target(s) in 6.76s
[INFO] running `Command { std: "docker" "inspect" "0c9d4ff5af868dd8b19c5e4520ead1de4f124278836358f80b9e7f0f9170b39f", kill_on_drop: false }`
[INFO] running `Command { std: "docker" "rm" "-f" "0c9d4ff5af868dd8b19c5e4520ead1de4f124278836358f80b9e7f0f9170b39f", kill_on_drop: false }`
[INFO] [stdout] 0c9d4ff5af868dd8b19c5e4520ead1de4f124278836358f80b9e7f0f9170b39f
[INFO] running `Command { std: "docker" "create" "-v" "/var/lib/crater-agent-workspace/builds/worker-4-tc1/target:/opt/rustwide/target:rw,Z" "-v" "/var/lib/crater-agent-workspace/builds/worker-4-tc1/source:/opt/rustwide/workdir:ro,Z" "-v" "/var/lib/crater-agent-workspace/cargo-home:/opt/rustwide/cargo-home:ro,Z" "-v" "/var/lib/crater-agent-workspace/rustup-home:/opt/rustwide/rustup-home:ro,Z" "-e" "SOURCE_DIR=/opt/rustwide/workdir" "-e" "CARGO_TARGET_DIR=/opt/rustwide/target" "-e" "CARGO_INCREMENTAL=0" "-e" "RUST_BACKTRACE=full" "-e" "RUSTFLAGS=--cap-lints=warn" "-e" "RUSTDOCFLAGS=--cap-lints=warn" "-e" "CARGO_HOME=/opt/rustwide/cargo-home" "-e" "RUSTUP_HOME=/opt/rustwide/rustup-home" "-w" "/opt/rustwide/workdir" "-m" "1610612736" "--user" "0:0" "--network" "none" "ghcr.io/rust-lang/crates-build-env/linux@sha256:2788e3201cd34a07e3172128adcd8b3090168a8e3bcc40d7c032b9dda1df7d1c" "/opt/rustwide/cargo-home/bin/cargo" "+1.75.0" "test" "--frozen", kill_on_drop: false }`
[INFO] [stdout] 38f6b293658deb511ea944837a071fc4ee4d67ed0e7e2e20f873fc41f8e6b486
[INFO] running `Command { std: "docker" "start" "-a" "38f6b293658deb511ea944837a071fc4ee4d67ed0e7e2e20f873fc41f8e6b486", kill_on_drop: false }`
[INFO] [stderr] warning: unused import: `::reqwest::Client`
[INFO] [stderr]  --> src/auth.rs:4:5
[INFO] [stderr]   |
[INFO] [stderr] 4 | use ::reqwest::Client;
[INFO] [stderr]   |     ^^^^^^^^^^^^^^^^^
[INFO] [stderr]   |
[INFO] [stderr]   = note: `#[warn(unused_imports)]` on by default
[INFO] [stderr] 
[INFO] [stderr] warning: unused import: `bail`
[INFO] [stderr]  --> src/auth.rs:5:22
[INFO] [stderr]   |
[INFO] [stderr] 5 | use anyhow::{anyhow, bail, ensure, Result};
[INFO] [stderr]   |                      ^^^^
[INFO] [stderr] 
[INFO] [stderr] warning: unused imports: `Token`, `self`
[INFO] [stderr]  --> src/client.rs:1:19
[INFO] [stderr]   |
[INFO] [stderr] 1 | use crate::auth::{self, Authentication, Token};
[INFO] [stderr]   |                   ^^^^                  ^^^^^
[INFO] [stderr] 
[INFO] [stderr] warning: unused import: `bail`
[INFO] [stderr]  --> src/client.rs:2:22
[INFO] [stderr]   |
[INFO] [stderr] 2 | use anyhow::{anyhow, bail, Result};
[INFO] [stderr]   |                      ^^^^
[INFO] [stderr] 
[INFO] [stderr] warning: fields `expires_in` and `scopes` are never read
[INFO] [stderr]   --> src/auth.rs:25:5
[INFO] [stderr]    |
[INFO] [stderr] 22 | pub struct Token {
[INFO] [stderr]    |            ----- fields in this struct
[INFO] [stderr] ...
[INFO] [stderr] 25 |     expires_in: Option<Duration>,
[INFO] [stderr]    |     ^^^^^^^^^^
[INFO] [stderr] 26 |     scopes: Vec<scope::Scope>,
[INFO] [stderr]    |     ^^^^^^
[INFO] [stderr]    |
[INFO] [stderr]    = note: `#[warn(dead_code)]` on by default
[INFO] [stderr] 
[INFO] [stderr] warning: function `authenticate` is never used
[INFO] [stderr]   --> src/auth.rs:64:21
[INFO] [stderr]    |
[INFO] [stderr] 64 | pub(crate) async fn authenticate(
[INFO] [stderr]    |                     ^^^^^^^^^^^^
[INFO] [stderr] 
[INFO] [stderr] warning: fields `client` and `token` are never read
[INFO] [stderr]  --> src/client.rs:7:5
[INFO] [stderr]   |
[INFO] [stderr] 6 | pub struct TumblrClient<A: Authentication> {
[INFO] [stderr]   |            ------------ fields in this struct
[INFO] [stderr] 7 |     client: Client,
[INFO] [stderr]   |     ^^^^^^
[INFO] [stderr] 8 |     token: Option<A>,
[INFO] [stderr]   |     ^^^^^
[INFO] [stderr]   |
[INFO] [stderr]   = note: `TumblrClient` has a derived impl for the trait `Debug`, but this is intentionally ignored during dead code analysis
[INFO] [stderr] 
[INFO] [stderr] warning: associated function `new` is never used
[INFO] [stderr]   --> src/client.rs:12:8
[INFO] [stderr]    |
[INFO] [stderr] 11 | impl<A: Authentication> TumblrClient<A> {
[INFO] [stderr]    | --------------------------------------- associated function in this implementation
[INFO] [stderr] 12 |     fn new(token: A) -> Self {
[INFO] [stderr]    |        ^^^
[INFO] [stderr] 
[INFO] [stderr] warning: multiple methods are never used
[INFO] [stderr]   --> src/client.rs:26:14
[INFO] [stderr]    |
[INFO] [stderr] 25 | impl<A: Authentication> TumblrClient<A> {
[INFO] [stderr]    | --------------------------------------- methods in this implementation
[INFO] [stderr] 26 |     async fn info(&self, blog: &str) -> Result<()> {
[INFO] [stderr]    |              ^^^^
[INFO] [stderr] ...
[INFO] [stderr] 41 |     fn avatar(&self) {}
[INFO] [stderr]    |        ^^^^^^
[INFO] [stderr] 42 |     fn blocks(&self) {}
[INFO] [stderr]    |        ^^^^^^
[INFO] [stderr] 43 |     fn block(&self) {}
[INFO] [stderr]    |        ^^^^^
[INFO] [stderr] 44 |     fn block_bulk(&self) {}
[INFO] [stderr]    |        ^^^^^^^^^^
[INFO] [stderr] 45 |     fn likes(&self) {}
[INFO] [stderr]    |        ^^^^^
[INFO] [stderr] 46 |     fn following(&self) {}
[INFO] [stderr]    |        ^^^^^^^^^
[INFO] [stderr] 47 |     fn followers(&self) {}
[INFO] [stderr]    |        ^^^^^^^^^
[INFO] [stderr] 48 |     fn followed_by(&self) {}
[INFO] [stderr]    |        ^^^^^^^^^^^
[INFO] [stderr] 49 |     fn posts(&self) {}
[INFO] [stderr]    |        ^^^^^
[INFO] [stderr] 50 |     fn posts_queue(&self) {}
[INFO] [stderr]    |        ^^^^^^^^^^^
[INFO] [stderr] 51 |     fn posts_queue_reorder(&self) {}
[INFO] [stderr]    |        ^^^^^^^^^^^^^^^^^^^
[INFO] [stderr] 52 |     fn posts_queue_shuffle(&self) {}
[INFO] [stderr]    |        ^^^^^^^^^^^^^^^^^^^
[INFO] [stderr] 53 |     fn posts_drafts(&self) {}
[INFO] [stderr]    |        ^^^^^^^^^^^^
[INFO] [stderr] 54 |     fn posts_submission(&self) {}
[INFO] [stderr]    |        ^^^^^^^^^^^^^^^^
[INFO] [stderr] 55 |     fn notifications(&self) {}
[INFO] [stderr]    |        ^^^^^^^^^^^^^
[INFO] [stderr] 56 |     fn post(&self) {}
[INFO] [stderr]    |        ^^^^
[INFO] [stderr] 57 |     fn post_edit(&self) {}
[INFO] [stderr]    |        ^^^^^^^^^
[INFO] [stderr] 58 |     fn post_reblog(&self) {}
[INFO] [stderr]    |        ^^^^^^^^^^^
[INFO] [stderr] 59 |     fn posts_create_neue(&self) {}
[INFO] [stderr]    |        ^^^^^^^^^^^^^^^^^
[INFO] [stderr] 60 |     fn fetch_post(&self) {}
[INFO] [stderr]    |        ^^^^^^^^^^
[INFO] [stderr] 61 |     fn edit_post(&self) {}
[INFO] [stderr]    |        ^^^^^^^^^
[INFO] [stderr] 62 |     fn delete_post(&self) {}
[INFO] [stderr]    |        ^^^^^^^^^^^
[INFO] [stderr] 63 |     fn mute_post_notification(&self) {}
[INFO] [stderr]    |        ^^^^^^^^^^^^^^^^^^^^^^
[INFO] [stderr] 64 |     fn post_notes(&self) {}
[INFO] [stderr]    |        ^^^^^^^^^^
[INFO] [stderr] 
[INFO] [stderr] warning: multiple methods are never used
[INFO] [stderr]   --> src/client.rs:69:8
[INFO] [stderr]    |
[INFO] [stderr] 68 | impl<A: Authentication> TumblrClient<A> {
[INFO] [stderr]    | --------------------------------------- methods in this implementation
[INFO] [stderr] 69 |     fn user_info(&self) {}
[INFO] [stderr]    |        ^^^^^^^^^
[INFO] [stderr] 70 |     fn user_limits(&self) {}
[INFO] [stderr]    |        ^^^^^^^^^^^
[INFO] [stderr] 71 |     fn user_dashboard(&self) {}
[INFO] [stderr]    |        ^^^^^^^^^^^^^^
[INFO] [stderr] 72 |     fn user_likes(&self) {}
[INFO] [stderr]    |        ^^^^^^^^^^
[INFO] [stderr] 73 |     fn user_following(&self) {}
[INFO] [stderr]    |        ^^^^^^^^^^^^^^
[INFO] [stderr] 74 |     fn user_follow(&self) {}
[INFO] [stderr]    |        ^^^^^^^^^^^
[INFO] [stderr] 75 |     fn user_unfollow(&self) {}
[INFO] [stderr]    |        ^^^^^^^^^^^^^
[INFO] [stderr] 76 |     fn user_like(&self) {}
[INFO] [stderr]    |        ^^^^^^^^^
[INFO] [stderr] 77 |     fn user_unlike(&self) {}
[INFO] [stderr]    |        ^^^^^^^^^^^
[INFO] [stderr] 78 |     fn user_filtered_tags(&self) {}
[INFO] [stderr]    |        ^^^^^^^^^^^^^^^^^^
[INFO] [stderr] 79 |     fn user_filtered_content(&self) {}
[INFO] [stderr]    |        ^^^^^^^^^^^^^^^^^^^^^
[INFO] [stderr] 
[INFO] [stderr] warning: method `tagged` is never used
[INFO] [stderr]   --> src/client.rs:84:8
[INFO] [stderr]    |
[INFO] [stderr] 83 | impl<A: Authentication> TumblrClient<A> {
[INFO] [stderr]    | --------------------------------------- method in this implementation
[INFO] [stderr] 84 |     fn tagged(&self) {}
[INFO] [stderr]    |        ^^^^^^
[INFO] [stderr] 
[INFO] [stderr] warning: variant `RateLimit` is never constructed
[INFO] [stderr]    --> src/tumblr/mod.rs:228:5
[INFO] [stderr]     |
[INFO] [stderr] 226 | pub enum ApiError {
[INFO] [stderr]     |          -------- variant in this enum
[INFO] [stderr] 227 |     #[error("received rate limit response")]
[INFO] [stderr] 228 |     RateLimit {
[INFO] [stderr]     |     ^^^^^^^^^
[INFO] [stderr]     |
[INFO] [stderr]     = note: `ApiError` has a derived impl for the trait `Debug`, but this is intentionally ignored during dead code analysis
[INFO] [stderr] 
[INFO] [stderr] warning: unused import: `bail`
[INFO] [stderr]  --> src/auth.rs:5:22
[INFO] [stderr]   |
[INFO] [stderr] 5 | use anyhow::{anyhow, bail, ensure, Result};
[INFO] [stderr]   |                      ^^^^
[INFO] [stderr]   |
[INFO] [stderr]   = note: `#[warn(unused_imports)]` on by default
[INFO] [stderr] 
[INFO] [stderr] warning: `tumblr-api` (lib) generated 12 warnings (run `cargo fix --lib -p tumblr-api` to apply 4 suggestions)
[INFO] [stderr] warning: `tumblr-api` (lib test) generated 10 warnings (9 duplicates) (run `cargo fix --lib -p tumblr-api --tests` to apply 1 suggestion)
[INFO] [stderr] warning: unused import: `std::env`
[INFO] [stderr]  --> src/main.rs:9:5
[INFO] [stderr]   |
[INFO] [stderr] 9 | use std::env;
[INFO] [stderr]   |     ^^^^^^^^
[INFO] [stderr] 
[INFO] [stderr] warning: `tumblr-api` (bin "tumblr-api" test) generated 3 warnings (2 duplicates) (run `cargo fix --bin "tumblr-api" --tests` to apply 1 suggestion)
[INFO] [stderr]     Finished test [unoptimized + debuginfo] target(s) in 0.19s
[INFO] [stderr]      Running unittests src/lib.rs (/opt/rustwide/target/debug/deps/tumblr_api-52eb317ddb9610f8)
[INFO] [stdout] 
[INFO] [stdout] running 2 tests
[INFO] [stdout] test tumblr::scope::scope ... ok
[INFO] [stdout] test auth::test_auth ... FAILED
[INFO] [stdout] 
[INFO] [stdout] failures:
[INFO] [stdout] 
[INFO] [stdout] ---- auth::test_auth stdout ----
[INFO] [stdout] thread 'auth::test_auth' panicked at src/auth.rs:67:48:
[INFO] [stdout] Missing API_KEY env variable.: NotPresent
[INFO] [stdout] stack backtrace:
[INFO] [stdout]    0:     0x560ecf23581c - std::backtrace_rs::backtrace::libunwind::trace::ha637c64ce894333a
[INFO] [stdout]                                at /rustc/82e1608dfa6e0b5569232559e3d385fea5a93112/library/std/src/../../backtrace/src/backtrace/libunwind.rs:104:5
[INFO] [stdout]    1:     0x560ecf23581c - std::backtrace_rs::backtrace::trace_unsynchronized::h47f62dea28e0c88d
[INFO] [stdout]                                at /rustc/82e1608dfa6e0b5569232559e3d385fea5a93112/library/std/src/../../backtrace/src/backtrace/mod.rs:66:5
[INFO] [stdout]    2:     0x560ecf23581c - std::sys_common::backtrace::_print_fmt::h9eef0abe20ede486
[INFO] [stdout]                                at /rustc/82e1608dfa6e0b5569232559e3d385fea5a93112/library/std/src/sys_common/backtrace.rs:67:5
[INFO] [stdout]    3:     0x560ecf23581c - <std::sys_common::backtrace::_print::DisplayBacktrace as core::fmt::Display>::fmt::hed7f999df88cc644
[INFO] [stdout]                                at /rustc/82e1608dfa6e0b5569232559e3d385fea5a93112/library/std/src/sys_common/backtrace.rs:44:22
[INFO] [stdout]    4:     0x560ecf263100 - core::fmt::rt::Argument::fmt::h1539a9308b8d058d
[INFO] [stdout]                                at /rustc/82e1608dfa6e0b5569232559e3d385fea5a93112/library/core/src/fmt/rt.rs:142:9
[INFO] [stdout]    5:     0x560ecf263100 - core::fmt::write::h3a39390d8560d9c9
[INFO] [stdout]                                at /rustc/82e1608dfa6e0b5569232559e3d385fea5a93112/library/core/src/fmt/mod.rs:1120:17
[INFO] [stdout]    6:     0x560ecf2325cf - std::io::Write::write_fmt::h040b369f3a0f9cbc
[INFO] [stdout]                                at /rustc/82e1608dfa6e0b5569232559e3d385fea5a93112/library/std/src/io/mod.rs:1762:15
[INFO] [stdout]    7:     0x560ecf235604 - std::sys_common::backtrace::_print::h894006fb5c6f3d45
[INFO] [stdout]                                at /rustc/82e1608dfa6e0b5569232559e3d385fea5a93112/library/std/src/sys_common/backtrace.rs:47:5
[INFO] [stdout]    8:     0x560ecf235604 - std::sys_common::backtrace::print::h23a2d212c6fff936
[INFO] [stdout]                                at /rustc/82e1608dfa6e0b5569232559e3d385fea5a93112/library/std/src/sys_common/backtrace.rs:34:9
[INFO] [stdout]    9:     0x560ecf2372c7 - std::panicking::default_hook::{{closure}}::h8a1d2ee00185001a
[INFO] [stdout]   10:     0x560ecf236fb3 - std::panicking::default_hook::h6038f2eba384e475
[INFO] [stdout]                                at /rustc/82e1608dfa6e0b5569232559e3d385fea5a93112/library/std/src/panicking.rs:289:9
[INFO] [stdout]   11:     0x560eceb8bf77 - <alloc::boxed::Box<F,A> as core::ops::function::Fn<Args>>::call::h0ad024c9bdc6d768
[INFO] [stdout]                                at /rustc/82e1608dfa6e0b5569232559e3d385fea5a93112/library/alloc/src/boxed.rs:2021:9
[INFO] [stdout]   12:     0x560eceb8bf77 - test::test_main::{{closure}}::h7500b54257359db6
[INFO] [stdout]                                at /rustc/82e1608dfa6e0b5569232559e3d385fea5a93112/library/test/src/lib.rs:138:21
[INFO] [stdout]   13:     0x560ecf2378d8 - <alloc::boxed::Box<F,A> as core::ops::function::Fn<Args>>::call::h1f8f335eaa9cfaee
[INFO] [stdout]                                at /rustc/82e1608dfa6e0b5569232559e3d385fea5a93112/library/alloc/src/boxed.rs:2021:9
[INFO] [stdout]   14:     0x560ecf2378d8 - std::panicking::rust_panic_with_hook::h2b5517d590cab22e
[INFO] [stdout]                                at /rustc/82e1608dfa6e0b5569232559e3d385fea5a93112/library/std/src/panicking.rs:783:13
[INFO] [stdout]   15:     0x560ecf23762e - std::panicking::begin_panic_handler::{{closure}}::h233112c06e0ef43e
[INFO] [stdout]                                at /rustc/82e1608dfa6e0b5569232559e3d385fea5a93112/library/std/src/panicking.rs:657:13
[INFO] [stdout]   16:     0x560ecf235ce6 - std::sys_common::backtrace::__rust_end_short_backtrace::h6e893f24d7ebbff8
[INFO] [stdout]                                at /rustc/82e1608dfa6e0b5569232559e3d385fea5a93112/library/std/src/sys_common/backtrace.rs:170:18
[INFO] [stdout]   17:     0x560ecf237392 - rust_begin_unwind
[INFO] [stdout]                                at /rustc/82e1608dfa6e0b5569232559e3d385fea5a93112/library/std/src/panicking.rs:645:5
[INFO] [stdout]   18:     0x560eceb1b6d5 - core::panicking::panic_fmt::hbf0e066aabfa482c
[INFO] [stdout]                                at /rustc/82e1608dfa6e0b5569232559e3d385fea5a93112/library/core/src/panicking.rs:72:14
[INFO] [stdout]   19:     0x560eceb1bd03 - core::result::unwrap_failed::hddb4fea594200c52
[INFO] [stdout]                                at /rustc/82e1608dfa6e0b5569232559e3d385fea5a93112/library/core/src/result.rs:1653:5
[INFO] [stdout]   20:     0x560eceb37396 - core::result::Result<T,E>::expect::hee6f6b0aa70ef80a
[INFO] [stdout]                                at /rustc/82e1608dfa6e0b5569232559e3d385fea5a93112/library/core/src/result.rs:1034:23
[INFO] [stdout]   21:     0x560eceb44411 - tumblr_api::auth::authenticate::{{closure}}::h480872159be4702d
[INFO] [stdout]                                at /opt/rustwide/workdir/src/auth.rs:67:23
[INFO] [stdout]   22:     0x560eceb4697a - tumblr_api::auth::test_auth::{{closure}}::hac5d301409ea5521
[INFO] [stdout]                                at /opt/rustwide/workdir/src/auth.rs:146:32
[INFO] [stdout]   23:     0x560eceb41318 - <core::pin::Pin<P> as core::future::future::Future>::poll::haf4c59bf8a2158bb
[INFO] [stdout]                                at /rustc/82e1608dfa6e0b5569232559e3d385fea5a93112/library/core/src/future/future.rs:125:9
[INFO] [stdout]   24:     0x560eceb412bb - <core::pin::Pin<P> as core::future::future::Future>::poll::h778d49e7d43ff7d3
[INFO] [stdout]                                at /rustc/82e1608dfa6e0b5569232559e3d385fea5a93112/library/core/src/future/future.rs:125:9
[INFO] [stdout]   25:     0x560eceb57064 - tokio::runtime::scheduler::current_thread::CoreGuard::block_on::{{closure}}::{{closure}}::{{closure}}::hbfcfbfa08470eb4b
[INFO] [stdout]                                at /opt/rustwide/cargo-home/registry/src/index.crates.io-6f17d22bba15001f/tokio-1.32.0/src/runtime/scheduler/current_thread/mod.rs:665:57
[INFO] [stdout]   26:     0x560eceb56f8a - tokio::runtime::coop::with_budget::hf3110882c7bea7b0
[INFO] [stdout]                                at /opt/rustwide/cargo-home/registry/src/index.crates.io-6f17d22bba15001f/tokio-1.32.0/src/runtime/coop.rs:107:5
[INFO] [stdout]   27:     0x560eceb56f8a - tokio::runtime::coop::budget::hd0679b1dcf808726
[INFO] [stdout]                                at /opt/rustwide/cargo-home/registry/src/index.crates.io-6f17d22bba15001f/tokio-1.32.0/src/runtime/coop.rs:73:5
[INFO] [stdout]   28:     0x560eceb56f8a - tokio::runtime::scheduler::current_thread::CoreGuard::block_on::{{closure}}::{{closure}}::h33484dbac7541d52
[INFO] [stdout]                                at /opt/rustwide/cargo-home/registry/src/index.crates.io-6f17d22bba15001f/tokio-1.32.0/src/runtime/scheduler/current_thread/mod.rs:665:25
[INFO] [stdout]   29:     0x560eceb55c1c - tokio::runtime::scheduler::current_thread::Context::enter::h55572ba905b2c876
[INFO] [stdout]                                at /opt/rustwide/cargo-home/registry/src/index.crates.io-6f17d22bba15001f/tokio-1.32.0/src/runtime/scheduler/current_thread/mod.rs:410:19
[INFO] [stdout]   30:     0x560eceb5678e - tokio::runtime::scheduler::current_thread::CoreGuard::block_on::{{closure}}::h21a804959dfbd045
[INFO] [stdout]                                at /opt/rustwide/cargo-home/registry/src/index.crates.io-6f17d22bba15001f/tokio-1.32.0/src/runtime/scheduler/current_thread/mod.rs:664:36
[INFO] [stdout]   31:     0x560eceb5649b - tokio::runtime::scheduler::current_thread::CoreGuard::enter::{{closure}}::h499cca3c17c929af
[INFO] [stdout]                                at /opt/rustwide/cargo-home/registry/src/index.crates.io-6f17d22bba15001f/tokio-1.32.0/src/runtime/scheduler/current_thread/mod.rs:743:68
[INFO] [stdout]   32:     0x560eceb3f0fb - tokio::runtime::context::scoped::Scoped<T>::set::h92a52cadc47452ce
[INFO] [stdout]                                at /opt/rustwide/cargo-home/registry/src/index.crates.io-6f17d22bba15001f/tokio-1.32.0/src/runtime/context/scoped.rs:40:9
[INFO] [stdout]   33:     0x560eceb3eea9 - tokio::runtime::context::set_scheduler::{{closure}}::h4f3226bf0291e9e4
[INFO] [stdout]                                at /opt/rustwide/cargo-home/registry/src/index.crates.io-6f17d22bba15001f/tokio-1.32.0/src/runtime/context.rs:176:26
[INFO] [stdout]   34:     0x560eceb49e86 - std::thread::local::LocalKey<T>::try_with::hb8f9dc670556babe
[INFO] [stdout]                                at /rustc/82e1608dfa6e0b5569232559e3d385fea5a93112/library/std/src/thread/local.rs:270:16
[INFO] [stdout]   35:     0x560eceb4949a - std::thread::local::LocalKey<T>::with::hddc02ca2d3da0c11
[INFO] [stdout]                                at /rustc/82e1608dfa6e0b5569232559e3d385fea5a93112/library/std/src/thread/local.rs:246:9
[INFO] [stdout]   36:     0x560eceb3ee5d - tokio::runtime::context::set_scheduler::hae71ee37174685fe
[INFO] [stdout]                                at /opt/rustwide/cargo-home/registry/src/index.crates.io-6f17d22bba15001f/tokio-1.32.0/src/runtime/context.rs:176:9
[INFO] [stdout]   37:     0x560eceb56230 - tokio::runtime::scheduler::current_thread::CoreGuard::enter::hd710d41021add45c
[INFO] [stdout]                                at /opt/rustwide/cargo-home/registry/src/index.crates.io-6f17d22bba15001f/tokio-1.32.0/src/runtime/scheduler/current_thread/mod.rs:743:27
[INFO] [stdout]   38:     0x560eceb564cd - tokio::runtime::scheduler::current_thread::CoreGuard::block_on::ha5112caa5b6d0744
[INFO] [stdout]                                at /opt/rustwide/cargo-home/registry/src/index.crates.io-6f17d22bba15001f/tokio-1.32.0/src/runtime/scheduler/current_thread/mod.rs:652:19
[INFO] [stdout]   39:     0x560eceb553fd - tokio::runtime::scheduler::current_thread::CurrentThread::block_on::{{closure}}::h9b90863bf981f0de
[INFO] [stdout]                                at /opt/rustwide/cargo-home/registry/src/index.crates.io-6f17d22bba15001f/tokio-1.32.0/src/runtime/scheduler/current_thread/mod.rs:175:28
[INFO] [stdout]   40:     0x560eceb4b82a - tokio::runtime::context::runtime::enter_runtime::he8f0ad79c0e8b67a
[INFO] [stdout]                                at /opt/rustwide/cargo-home/registry/src/index.crates.io-6f17d22bba15001f/tokio-1.32.0/src/runtime/context/runtime.rs:65:16
[INFO] [stdout]   41:     0x560eceb55310 - tokio::runtime::scheduler::current_thread::CurrentThread::block_on::h831f8ab22ea89234
[INFO] [stdout]                                at /opt/rustwide/cargo-home/registry/src/index.crates.io-6f17d22bba15001f/tokio-1.32.0/src/runtime/scheduler/current_thread/mod.rs:167:9
[INFO] [stdout]   42:     0x560eceb50cad - tokio::runtime::runtime::Runtime::block_on::h031a1c3b2d68bbac
[INFO] [stdout]                                at /opt/rustwide/cargo-home/registry/src/index.crates.io-6f17d22bba15001f/tokio-1.32.0/src/runtime/runtime.rs:347:47
[INFO] [stdout]   43:     0x560eceb466db - tumblr_api::auth::test_auth::hb966fc4c35caf79b
[INFO] [stdout]                                at /opt/rustwide/workdir/src/auth.rs:159:5
[INFO] [stdout]   44:     0x560eceb46557 - tumblr_api::auth::test_auth::{{closure}}::h6ed4e111306dfe2f
[INFO] [stdout]                                at /opt/rustwide/workdir/src/auth.rs:145:21
[INFO] [stdout]   45:     0x560eceb30b96 - core::ops::function::FnOnce::call_once::h912b1875fb21695c
[INFO] [stdout]                                at /rustc/82e1608dfa6e0b5569232559e3d385fea5a93112/library/core/src/ops/function.rs:250:5
[INFO] [stdout]   46:     0x560eceb915cf - core::ops::function::FnOnce::call_once::h2b5d431d5046312d
[INFO] [stdout]                                at /rustc/82e1608dfa6e0b5569232559e3d385fea5a93112/library/core/src/ops/function.rs:250:5
[INFO] [stdout]   47:     0x560eceb915cf - test::__rust_begin_short_backtrace::h7714669af176e207
[INFO] [stdout]                                at /rustc/82e1608dfa6e0b5569232559e3d385fea5a93112/library/test/src/lib.rs:628:18
[INFO] [stdout]   48:     0x560eceb905e5 - test::run_test_in_process::{{closure}}::h85218797dcbcec12
[INFO] [stdout]                                at /rustc/82e1608dfa6e0b5569232559e3d385fea5a93112/library/test/src/lib.rs:651:60
[INFO] [stdout]   49:     0x560eceb905e5 - <core::panic::unwind_safe::AssertUnwindSafe<F> as core::ops::function::FnOnce<()>>::call_once::h76c106ea31c14d7b
[INFO] [stdout]                                at /rustc/82e1608dfa6e0b5569232559e3d385fea5a93112/library/core/src/panic/unwind_safe.rs:272:9
[INFO] [stdout]   50:     0x560eceb905e5 - std::panicking::try::do_call::h3bd5d0f6620ee946
[INFO] [stdout]                                at /rustc/82e1608dfa6e0b5569232559e3d385fea5a93112/library/std/src/panicking.rs:552:40
[INFO] [stdout]   51:     0x560eceb905e5 - std::panicking::try::h232e535e4744fe31
[INFO] [stdout]                                at /rustc/82e1608dfa6e0b5569232559e3d385fea5a93112/library/std/src/panicking.rs:516:19
[INFO] [stdout]   52:     0x560eceb905e5 - std::panic::catch_unwind::h3ce3bd6ca8dbac68
[INFO] [stdout]                                at /rustc/82e1608dfa6e0b5569232559e3d385fea5a93112/library/std/src/panic.rs:142:14
[INFO] [stdout]   53:     0x560eceb905e5 - test::run_test_in_process::hc97b257c9621286a
[INFO] [stdout]                                at /rustc/82e1608dfa6e0b5569232559e3d385fea5a93112/library/test/src/lib.rs:651:27
[INFO] [stdout]   54:     0x560eceb905e5 - test::run_test::{{closure}}::h2aa798823a438d38
[INFO] [stdout]                                at /rustc/82e1608dfa6e0b5569232559e3d385fea5a93112/library/test/src/lib.rs:574:43
[INFO] [stdout]   55:     0x560eceb588a6 - test::run_test::{{closure}}::h87d231c78fb59832
[INFO] [stdout]                                at /rustc/82e1608dfa6e0b5569232559e3d385fea5a93112/library/test/src/lib.rs:602:41
[INFO] [stdout]   56:     0x560eceb588a6 - std::sys_common::backtrace::__rust_begin_short_backtrace::he6df152596625789
[INFO] [stdout]                                at /rustc/82e1608dfa6e0b5569232559e3d385fea5a93112/library/std/src/sys_common/backtrace.rs:154:18
[INFO] [stdout]   57:     0x560eceb5d957 - std::thread::Builder::spawn_unchecked_::{{closure}}::{{closure}}::ha94be15d1e0acf36
[INFO] [stdout]                                at /rustc/82e1608dfa6e0b5569232559e3d385fea5a93112/library/std/src/thread/mod.rs:529:17
[INFO] [stdout]   58:     0x560eceb5d957 - <core::panic::unwind_safe::AssertUnwindSafe<F> as core::ops::function::FnOnce<()>>::call_once::h9dc6bd6372f16606
[INFO] [stdout]                                at /rustc/82e1608dfa6e0b5569232559e3d385fea5a93112/library/core/src/panic/unwind_safe.rs:272:9
[INFO] [stdout]   59:     0x560eceb5d957 - std::panicking::try::do_call::h9057517f80303cd4
[INFO] [stdout]                                at /rustc/82e1608dfa6e0b5569232559e3d385fea5a93112/library/std/src/panicking.rs:552:40
[INFO] [stdout]   60:     0x560eceb5d957 - std::panicking::try::he3a30b11ee45340c
[INFO] [stdout]                                at /rustc/82e1608dfa6e0b5569232559e3d385fea5a93112/library/std/src/panicking.rs:516:19
[INFO] [stdout]   61:     0x560eceb5d957 - std::panic::catch_unwind::h410458cfd3528b8b
[INFO] [stdout]                                at /rustc/82e1608dfa6e0b5569232559e3d385fea5a93112/library/std/src/panic.rs:142:14
[INFO] [stdout]   62:     0x560eceb5d957 - std::thread::Builder::spawn_unchecked_::{{closure}}::h72ac3bdb567b737b
[INFO] [stdout]                                at /rustc/82e1608dfa6e0b5569232559e3d385fea5a93112/library/std/src/thread/mod.rs:528:30
[INFO] [stdout]   63:     0x560eceb5d957 - core::ops::function::FnOnce::call_once{{vtable.shim}}::h38f34da3654a8344
[INFO] [stdout]                                at /rustc/82e1608dfa6e0b5569232559e3d385fea5a93112/library/core/src/ops/function.rs:250:5
[INFO] [stdout]   64:     0x560ecf23c5f5 - <alloc::boxed::Box<F,A> as core::ops::function::FnOnce<Args>>::call_once::hc7eafaff61e32df9
[INFO] [stdout]                                at /rustc/82e1608dfa6e0b5569232559e3d385fea5a93112/library/alloc/src/boxed.rs:2007:9
[INFO] [stdout]   65:     0x560ecf23c5f5 - <alloc::boxed::Box<F,A> as core::ops::function::FnOnce<Args>>::call_once::h6ba4a5de48dd2304
[INFO] [stdout]                                at /rustc/82e1608dfa6e0b5569232559e3d385fea5a93112/library/alloc/src/boxed.rs:2007:9
[INFO] [stdout]   66:     0x560ecf23c5f5 - std::sys::unix::thread::Thread::new::thread_start::he469335aef763e45
[INFO] [stdout]                                at /rustc/82e1608dfa6e0b5569232559e3d385fea5a93112/library/std/src/sys/unix/thread.rs:108:17
[INFO] [stdout]   67:     0x7f846da7dac3 - <unknown>
[INFO] [stdout]   68:     0x7f846db0ebf4 - __clone
[INFO] [stdout]   69:                0x0 - <unknown>
[INFO] [stdout] 
[INFO] [stdout] 
[INFO] [stdout] failures:
[INFO] [stdout]     auth::test_auth
[INFO] [stdout] 
[INFO] [stdout] test result: FAILED. 1 passed; 1 failed; 0 ignored; 0 measured; 0 filtered out; finished in 0.05s
[INFO] [stdout] 
[INFO] [stderr] error: test failed, to rerun pass `--lib`
[INFO] running `Command { std: "docker" "inspect" "38f6b293658deb511ea944837a071fc4ee4d67ed0e7e2e20f873fc41f8e6b486", kill_on_drop: false }`
[INFO] running `Command { std: "docker" "rm" "-f" "38f6b293658deb511ea944837a071fc4ee4d67ed0e7e2e20f873fc41f8e6b486", kill_on_drop: false }`
[INFO] [stdout] 38f6b293658deb511ea944837a071fc4ee4d67ed0e7e2e20f873fc41f8e6b486
