[INFO] cloning repository https://github.com/iamyxsh/oslo-language-compiler
[INFO] running `Command { std: "git" "-c" "credential.helper=" "-c" "credential.helper=/workspace/cargo-home/bin/git-credential-null" "clone" "--bare" "https://github.com/iamyxsh/oslo-language-compiler" "/workspace/cache/git-repos/https%3A%2F%2Fgithub.com%2Fiamyxsh%2Foslo-language-compiler", kill_on_drop: false }`
[INFO] [stderr] Cloning into bare repository '/workspace/cache/git-repos/https%3A%2F%2Fgithub.com%2Fiamyxsh%2Foslo-language-compiler'...
[INFO] running `Command { std: "git" "rev-parse" "HEAD", kill_on_drop: false }`
[INFO] [stdout] 21d88b621b7a60f1d5b5cbb24669f49cb60ad987
[INFO] testing iamyxsh/oslo-language-compiler against 1.75.0 for beta-1.76-1
[INFO] running `Command { std: "git" "clone" "/workspace/cache/git-repos/https%3A%2F%2Fgithub.com%2Fiamyxsh%2Foslo-language-compiler" "/workspace/builds/worker-6-tc1/source", kill_on_drop: false }`
[INFO] [stderr] Cloning into '/workspace/builds/worker-6-tc1/source'...
[INFO] [stderr] done.
[INFO] validating manifest of git repo https://github.com/iamyxsh/oslo-language-compiler on toolchain 1.75.0
[INFO] running `Command { std: CARGO_HOME="/workspace/cargo-home" RUSTUP_HOME="/workspace/rustup-home" "/workspace/cargo-home/bin/cargo" "+1.75.0" "metadata" "--manifest-path" "Cargo.toml" "--no-deps", kill_on_drop: false }`
[INFO] started tweaking git repo https://github.com/iamyxsh/oslo-language-compiler
[INFO] finished tweaking git repo https://github.com/iamyxsh/oslo-language-compiler
[INFO] tweaked toml for git repo https://github.com/iamyxsh/oslo-language-compiler written to /workspace/builds/worker-6-tc1/source/Cargo.toml
[INFO] crate git repo https://github.com/iamyxsh/oslo-language-compiler already has a lockfile, it will not be regenerated
[INFO] running `Command { std: CARGO_HOME="/workspace/cargo-home" RUSTUP_HOME="/workspace/rustup-home" "/workspace/cargo-home/bin/cargo" "+1.75.0" "fetch" "--manifest-path" "Cargo.toml", kill_on_drop: false }`
[INFO] running `Command { std: "docker" "create" "-v" "/var/lib/crater-agent-workspace/builds/worker-6-tc1/target:/opt/rustwide/target:rw,Z" "-v" "/var/lib/crater-agent-workspace/builds/worker-6-tc1/source:/opt/rustwide/workdir:ro,Z" "-v" "/var/lib/crater-agent-workspace/cargo-home:/opt/rustwide/cargo-home:ro,Z" "-v" "/var/lib/crater-agent-workspace/rustup-home:/opt/rustwide/rustup-home:ro,Z" "-e" "SOURCE_DIR=/opt/rustwide/workdir" "-e" "CARGO_TARGET_DIR=/opt/rustwide/target" "-e" "CARGO_HOME=/opt/rustwide/cargo-home" "-e" "RUSTUP_HOME=/opt/rustwide/rustup-home" "-w" "/opt/rustwide/workdir" "-m" "1610612736" "--user" "0:0" "--network" "none" "ghcr.io/rust-lang/crates-build-env/linux@sha256:2788e3201cd34a07e3172128adcd8b3090168a8e3bcc40d7c032b9dda1df7d1c" "/opt/rustwide/cargo-home/bin/cargo" "+1.75.0" "metadata" "--no-deps" "--format-version=1", kill_on_drop: false }`
[INFO] [stdout] 860b804a1f2a138aeeac95c81a89a3a9df859025240dc4230aaaf024d88552b5
[INFO] running `Command { std: "docker" "start" "-a" "860b804a1f2a138aeeac95c81a89a3a9df859025240dc4230aaaf024d88552b5", kill_on_drop: false }`
[INFO] running `Command { std: "docker" "inspect" "860b804a1f2a138aeeac95c81a89a3a9df859025240dc4230aaaf024d88552b5", kill_on_drop: false }`
[INFO] running `Command { std: "docker" "rm" "-f" "860b804a1f2a138aeeac95c81a89a3a9df859025240dc4230aaaf024d88552b5", kill_on_drop: false }`
[INFO] [stdout] 860b804a1f2a138aeeac95c81a89a3a9df859025240dc4230aaaf024d88552b5
[INFO] running `Command { std: "docker" "create" "-v" "/var/lib/crater-agent-workspace/builds/worker-6-tc1/target:/opt/rustwide/target:rw,Z" "-v" "/var/lib/crater-agent-workspace/builds/worker-6-tc1/source:/opt/rustwide/workdir:ro,Z" "-v" "/var/lib/crater-agent-workspace/cargo-home:/opt/rustwide/cargo-home:ro,Z" "-v" "/var/lib/crater-agent-workspace/rustup-home:/opt/rustwide/rustup-home:ro,Z" "-e" "SOURCE_DIR=/opt/rustwide/workdir" "-e" "CARGO_TARGET_DIR=/opt/rustwide/target" "-e" "CARGO_INCREMENTAL=0" "-e" "RUST_BACKTRACE=full" "-e" "RUSTFLAGS=--cap-lints=warn" "-e" "RUSTDOCFLAGS=--cap-lints=warn" "-e" "CARGO_HOME=/opt/rustwide/cargo-home" "-e" "RUSTUP_HOME=/opt/rustwide/rustup-home" "-w" "/opt/rustwide/workdir" "-m" "1610612736" "--user" "0:0" "--network" "none" "ghcr.io/rust-lang/crates-build-env/linux@sha256:2788e3201cd34a07e3172128adcd8b3090168a8e3bcc40d7c032b9dda1df7d1c" "/opt/rustwide/cargo-home/bin/cargo" "+1.75.0" "build" "--frozen" "--message-format=json", kill_on_drop: false }`
[INFO] [stdout] 49af5b118f76b6ec7d4d095985ed1d565d99ad01e3d7aa96c97c00dd49d787dd
[INFO] running `Command { std: "docker" "start" "-a" "49af5b118f76b6ec7d4d095985ed1d565d99ad01e3d7aa96c97c00dd49d787dd", kill_on_drop: false }`
[INFO] [stderr]    Compiling yansi v0.5.1
[INFO] [stderr]    Compiling diff v0.1.13
[INFO] [stderr]    Compiling pretty_assertions v1.4.0
[INFO] [stderr]    Compiling øslo v0.1.0 (/opt/rustwide/workdir)
[INFO] [stdout] warning: unused import: `crate::scanner::token::Token`
[INFO] [stdout]  --> src/main.rs:2:5
[INFO] [stdout]   |
[INFO] [stdout] 2 | use crate::scanner::token::Token;
[INFO] [stdout]   |     ^^^^^^^^^^^^^^^^^^^^^^^^^^^^
[INFO] [stdout]   |
[INFO] [stdout]   = note: `#[warn(unused_imports)]` on by default
[INFO] [stdout] 
[INFO] [stdout] 
[INFO] [stdout] warning: unused import: `std::io::Read`
[INFO] [stdout]  --> src/main.rs:4:5
[INFO] [stdout]   |
[INFO] [stdout] 4 | use std::io::Read;
[INFO] [stdout]   |     ^^^^^^^^^^^^^
[INFO] [stdout] 
[INFO] [stdout] 
[INFO] [stdout] warning: variants `Dash` and `Slash` are never constructed
[INFO] [stdout]   --> src/scanner/token.rs:16:5
[INFO] [stdout]    |
[INFO] [stdout] 10 | pub enum TokenType {
[INFO] [stdout]    |          --------- variants in this enum
[INFO] [stdout] ...
[INFO] [stdout] 16 |     Dash,
[INFO] [stdout]    |     ^^^^
[INFO] [stdout] 17 |     Asterisk,
[INFO] [stdout] 18 |     Slash,
[INFO] [stdout]    |     ^^^^^
[INFO] [stdout]    |
[INFO] [stdout]    = note: `TokenType` has a derived impl for the trait `Debug`, but this is intentionally ignored during dead code analysis
[INFO] [stdout]    = note: `#[warn(dead_code)]` on by default
[INFO] [stdout] 
[INFO] [stdout] 
[INFO] [stdout] warning: 3 warnings emitted
[INFO] [stdout] 
[INFO] [stdout] 
[INFO] [stderr]     Finished dev [unoptimized + debuginfo] target(s) in 0.67s
[INFO] running `Command { std: "docker" "inspect" "49af5b118f76b6ec7d4d095985ed1d565d99ad01e3d7aa96c97c00dd49d787dd", kill_on_drop: false }`
[INFO] running `Command { std: "docker" "rm" "-f" "49af5b118f76b6ec7d4d095985ed1d565d99ad01e3d7aa96c97c00dd49d787dd", kill_on_drop: false }`
[INFO] [stdout] 49af5b118f76b6ec7d4d095985ed1d565d99ad01e3d7aa96c97c00dd49d787dd
[INFO] running `Command { std: "docker" "create" "-v" "/var/lib/crater-agent-workspace/builds/worker-6-tc1/target:/opt/rustwide/target:rw,Z" "-v" "/var/lib/crater-agent-workspace/builds/worker-6-tc1/source:/opt/rustwide/workdir:ro,Z" "-v" "/var/lib/crater-agent-workspace/cargo-home:/opt/rustwide/cargo-home:ro,Z" "-v" "/var/lib/crater-agent-workspace/rustup-home:/opt/rustwide/rustup-home:ro,Z" "-e" "SOURCE_DIR=/opt/rustwide/workdir" "-e" "CARGO_TARGET_DIR=/opt/rustwide/target" "-e" "CARGO_INCREMENTAL=0" "-e" "RUST_BACKTRACE=full" "-e" "RUSTFLAGS=--cap-lints=warn" "-e" "RUSTDOCFLAGS=--cap-lints=warn" "-e" "CARGO_HOME=/opt/rustwide/cargo-home" "-e" "RUSTUP_HOME=/opt/rustwide/rustup-home" "-w" "/opt/rustwide/workdir" "-m" "1610612736" "--user" "0:0" "--network" "none" "ghcr.io/rust-lang/crates-build-env/linux@sha256:2788e3201cd34a07e3172128adcd8b3090168a8e3bcc40d7c032b9dda1df7d1c" "/opt/rustwide/cargo-home/bin/cargo" "+1.75.0" "test" "--frozen" "--no-run" "--message-format=json", kill_on_drop: false }`
[INFO] [stdout] 5caa1873f9de6d74da425d230261ef7f484355f690a99710292f740a57d3b135
[INFO] running `Command { std: "docker" "start" "-a" "5caa1873f9de6d74da425d230261ef7f484355f690a99710292f740a57d3b135", kill_on_drop: false }`
[INFO] [stderr]    Compiling øslo v0.1.0 (/opt/rustwide/workdir)
[INFO] [stdout] warning: unused import: `crate::scanner::token::Token`
[INFO] [stdout]  --> src/main.rs:2:5
[INFO] [stdout]   |
[INFO] [stdout] 2 | use crate::scanner::token::Token;
[INFO] [stdout]   |     ^^^^^^^^^^^^^^^^^^^^^^^^^^^^
[INFO] [stdout]   |
[INFO] [stdout]   = note: `#[warn(unused_imports)]` on by default
[INFO] [stdout] 
[INFO] [stdout] 
[INFO] [stdout] warning: unused import: `std::io::Read`
[INFO] [stdout]  --> src/main.rs:4:5
[INFO] [stdout]   |
[INFO] [stdout] 4 | use std::io::Read;
[INFO] [stdout]   |     ^^^^^^^^^^^^^
[INFO] [stdout] 
[INFO] [stdout] 
[INFO] [stdout] warning: unused import: `assert_ne`
[INFO] [stdout]  --> src/scanner/test.rs:5:36
[INFO] [stdout]   |
[INFO] [stdout] 5 | use pretty_assertions::{assert_eq, assert_ne};
[INFO] [stdout]   |                                    ^^^^^^^^^
[INFO] [stdout] 
[INFO] [stdout] 
[INFO] [stdout] warning: variants `Dash` and `Slash` are never constructed
[INFO] [stdout]   --> src/scanner/token.rs:16:5
[INFO] [stdout]    |
[INFO] [stdout] 10 | pub enum TokenType {
[INFO] [stdout]    |          --------- variants in this enum
[INFO] [stdout] ...
[INFO] [stdout] 16 |     Dash,
[INFO] [stdout]    |     ^^^^
[INFO] [stdout] 17 |     Asterisk,
[INFO] [stdout] 18 |     Slash,
[INFO] [stdout]    |     ^^^^^
[INFO] [stdout]    |
[INFO] [stdout]    = note: `TokenType` has a derived impl for the trait `Debug`, but this is intentionally ignored during dead code analysis
[INFO] [stdout]    = note: `#[warn(dead_code)]` on by default
[INFO] [stdout] 
[INFO] [stdout] 
[INFO] [stdout] warning: 4 warnings emitted
[INFO] [stdout] 
[INFO] [stdout] 
[INFO] [stderr]     Finished test [unoptimized + debuginfo] target(s) in 0.44s
[INFO] running `Command { std: "docker" "inspect" "5caa1873f9de6d74da425d230261ef7f484355f690a99710292f740a57d3b135", kill_on_drop: false }`
[INFO] running `Command { std: "docker" "rm" "-f" "5caa1873f9de6d74da425d230261ef7f484355f690a99710292f740a57d3b135", kill_on_drop: false }`
[INFO] [stdout] 5caa1873f9de6d74da425d230261ef7f484355f690a99710292f740a57d3b135
[INFO] running `Command { std: "docker" "create" "-v" "/var/lib/crater-agent-workspace/builds/worker-6-tc1/target:/opt/rustwide/target:rw,Z" "-v" "/var/lib/crater-agent-workspace/builds/worker-6-tc1/source:/opt/rustwide/workdir:ro,Z" "-v" "/var/lib/crater-agent-workspace/cargo-home:/opt/rustwide/cargo-home:ro,Z" "-v" "/var/lib/crater-agent-workspace/rustup-home:/opt/rustwide/rustup-home:ro,Z" "-e" "SOURCE_DIR=/opt/rustwide/workdir" "-e" "CARGO_TARGET_DIR=/opt/rustwide/target" "-e" "CARGO_INCREMENTAL=0" "-e" "RUST_BACKTRACE=full" "-e" "RUSTFLAGS=--cap-lints=warn" "-e" "RUSTDOCFLAGS=--cap-lints=warn" "-e" "CARGO_HOME=/opt/rustwide/cargo-home" "-e" "RUSTUP_HOME=/opt/rustwide/rustup-home" "-w" "/opt/rustwide/workdir" "-m" "1610612736" "--user" "0:0" "--network" "none" "ghcr.io/rust-lang/crates-build-env/linux@sha256:2788e3201cd34a07e3172128adcd8b3090168a8e3bcc40d7c032b9dda1df7d1c" "/opt/rustwide/cargo-home/bin/cargo" "+1.75.0" "test" "--frozen", kill_on_drop: false }`
[INFO] [stdout] 9907586256f3d82786a9ea9afe5be368a719e544ce389334c415eb3fc103b2dd
[INFO] running `Command { std: "docker" "start" "-a" "9907586256f3d82786a9ea9afe5be368a719e544ce389334c415eb3fc103b2dd", kill_on_drop: false }`
[INFO] [stderr] warning: unused import: `crate::scanner::token::Token`
[INFO] [stderr]  --> src/main.rs:2:5
[INFO] [stderr]   |
[INFO] [stderr] 2 | use crate::scanner::token::Token;
[INFO] [stderr]   |     ^^^^^^^^^^^^^^^^^^^^^^^^^^^^
[INFO] [stderr]   |
[INFO] [stderr]   = note: `#[warn(unused_imports)]` on by default
[INFO] [stderr] 
[INFO] [stderr] warning: unused import: `std::io::Read`
[INFO] [stderr]  --> src/main.rs:4:5
[INFO] [stderr]   |
[INFO] [stderr] 4 | use std::io::Read;
[INFO] [stderr]   |     ^^^^^^^^^^^^^
[INFO] [stderr] 
[INFO] [stderr] warning: unused import: `assert_ne`
[INFO] [stderr]  --> src/scanner/test.rs:5:36
[INFO] [stderr]   |
[INFO] [stderr] 5 | use pretty_assertions::{assert_eq, assert_ne};
[INFO] [stderr]   |                                    ^^^^^^^^^
[INFO] [stderr] 
[INFO] [stderr] warning: variants `Dash` and `Slash` are never constructed
[INFO] [stderr]   --> src/scanner/token.rs:16:5
[INFO] [stderr]    |
[INFO] [stderr] 10 | pub enum TokenType {
[INFO] [stderr]    |          --------- variants in this enum
[INFO] [stderr] ...
[INFO] [stderr] 16 |     Dash,
[INFO] [stderr]    |     ^^^^
[INFO] [stderr] 17 |     Asterisk,
[INFO] [stderr] 18 |     Slash,
[INFO] [stderr]    |     ^^^^^
[INFO] [stderr]    |
[INFO] [stderr]    = note: `TokenType` has a derived impl for the trait `Debug`, but this is intentionally ignored during dead code analysis
[INFO] [stderr]    = note: `#[warn(dead_code)]` on by default
[INFO] [stderr] 
[INFO] [stderr] warning: `øslo` (bin "øslo" test) generated 4 warnings (run `cargo fix --bin "øslo" --tests` to apply 3 suggestions)
[INFO] [stderr]     Finished test [unoptimized + debuginfo] target(s) in 0.01s
[INFO] [stderr]      Running unittests src/main.rs (/opt/rustwide/target/debug/deps/øslo-56d6f86b3b74869d)
[INFO] [stdout] 
[INFO] [stdout] running 1 test
[INFO] [stdout] test scanner::test::it_can_scan_simple_code ... FAILED
[INFO] [stdout] 
[INFO] [stdout] failures:
[INFO] [stdout] 
[INFO] [stdout] ---- scanner::test::it_can_scan_simple_code stdout ----
[INFO] [stdout] thread 'scanner::test::it_can_scan_simple_code' panicked at src/scanner/test.rs:26:5:
[INFO] [stdout] assertion failed: `(left == right)`
[INFO] [stdout] 
[INFO] [stdout] [1mDiff[0m [31m< left[0m / [32mright >[0m :
[INFO] [stdout]  [
[INFO] [stdout]      Token {
[INFO] [stdout]          token_type: NumberLiteral,
[INFO] [stdout]          value: Some(
[INFO] [stdout]              "100",
[INFO] [stdout]          ),
[INFO] [stdout]          line: 1,
[INFO] [stdout]          position: 0,
[INFO] [stdout]      },
[INFO] [stdout]      Token {
[INFO] [stdout]          token_type: Whitespace,
[INFO] [stdout]          value: None,
[INFO] [stdout]          line: 1,
[INFO] [stdout]          position: 3,
[INFO] [stdout]      },
[INFO] [stdout]      Token {
[INFO] [stdout]          token_type: Plus,
[INFO] [stdout]          value: None,
[INFO] [stdout]          line: 1,
[INFO] [stdout]          position: 4,
[INFO] [stdout]      },
[INFO] [stdout]      Token {
[INFO] [stdout]          token_type: Whitespace,
[INFO] [stdout]          value: None,
[INFO] [stdout]          line: 1,
[INFO] [stdout]          position: 5,
[INFO] [stdout]      },
[INFO] [stdout]      Token {
[INFO] [stdout]          token_type: OpenParam,
[INFO] [stdout]          value: None,
[INFO] [stdout]          line: 1,
[INFO] [stdout]          position: 6,
[INFO] [stdout]      },
[INFO] [stdout]      Token {
[INFO] [stdout]          token_type: NumberLiteral,
[INFO] [stdout]          value: Some(
[INFO] [stdout]              "2",
[INFO] [stdout]          ),
[INFO] [stdout]          line: 1,
[INFO] [stdout]          position: 7,
[INFO] [stdout]      },
[INFO] [stdout]      Token {
[INFO] [stdout]          token_type: Whitespace,
[INFO] [stdout]          value: None,
[INFO] [stdout]          line: 1,
[INFO] [stdout]          position: 8,
[INFO] [stdout]      },
[INFO] [stdout]      Token {
[INFO] [stdout]          token_type: Asterisk,
[INFO] [stdout]          value: None,
[INFO] [stdout]          line: 1,
[INFO] [stdout]          position: 9,
[INFO] [stdout]      },
[INFO] [stdout]      Token {
[INFO] [stdout]          token_type: Whitespace,
[INFO] [stdout]          value: None,
[INFO] [stdout]          line: 1,
[INFO] [stdout]          position: 10,
[INFO] [stdout]      },
[INFO] [stdout]      Token {
[INFO] [stdout]          token_type: NumberLiteral,
[INFO] [stdout]          value: Some(
[INFO] [stdout]              "3",
[INFO] [stdout]          ),
[INFO] [stdout]          line: 1,
[INFO] [stdout]          position: 11,
[INFO] [stdout]      },
[INFO] [stdout]      Token {
[INFO] [stdout]          token_type: CloseParam,
[INFO] [stdout]          value: None,
[INFO] [stdout]          line: 1,
[INFO] [stdout]          position: 12,
[INFO] [stdout]      },
[INFO] [stdout] [32m>    Token {[0m
[INFO] [stdout] [32m>        token_type: SemiColon,[0m
[INFO] [stdout] [32m>        value: None,[0m
[INFO] [stdout] [32m>        line: 1,[0m
[INFO] [stdout] [32m>        position: 13,[0m
[INFO] [stdout] [32m>    },[0m
[INFO] [stdout]  ]
[INFO] [stdout] 
[INFO] [stdout] 
[INFO] [stdout] stack backtrace:
[INFO] [stdout]    0:     0x5631a61486fc - std::backtrace_rs::backtrace::libunwind::trace::ha637c64ce894333a
[INFO] [stdout]                                at /rustc/82e1608dfa6e0b5569232559e3d385fea5a93112/library/std/src/../../backtrace/src/backtrace/libunwind.rs:104:5
[INFO] [stdout]    1:     0x5631a61486fc - std::backtrace_rs::backtrace::trace_unsynchronized::h47f62dea28e0c88d
[INFO] [stdout]                                at /rustc/82e1608dfa6e0b5569232559e3d385fea5a93112/library/std/src/../../backtrace/src/backtrace/mod.rs:66:5
[INFO] [stdout]    2:     0x5631a61486fc - std::sys_common::backtrace::_print_fmt::h9eef0abe20ede486
[INFO] [stdout]                                at /rustc/82e1608dfa6e0b5569232559e3d385fea5a93112/library/std/src/sys_common/backtrace.rs:67:5
[INFO] [stdout]    3:     0x5631a61486fc - <std::sys_common::backtrace::_print::DisplayBacktrace as core::fmt::Display>::fmt::hed7f999df88cc644
[INFO] [stdout]                                at /rustc/82e1608dfa6e0b5569232559e3d385fea5a93112/library/std/src/sys_common/backtrace.rs:44:22
[INFO] [stdout]    4:     0x5631a6172240 - core::fmt::rt::Argument::fmt::h1539a9308b8d058d
[INFO] [stdout]                                at /rustc/82e1608dfa6e0b5569232559e3d385fea5a93112/library/core/src/fmt/rt.rs:142:9
[INFO] [stdout]    5:     0x5631a6172240 - core::fmt::write::h3a39390d8560d9c9
[INFO] [stdout]                                at /rustc/82e1608dfa6e0b5569232559e3d385fea5a93112/library/core/src/fmt/mod.rs:1120:17
[INFO] [stdout]    6:     0x5631a61460af - std::io::Write::write_fmt::h040b369f3a0f9cbc
[INFO] [stdout]                                at /rustc/82e1608dfa6e0b5569232559e3d385fea5a93112/library/std/src/io/mod.rs:1762:15
[INFO] [stdout]    7:     0x5631a61484e4 - std::sys_common::backtrace::_print::h894006fb5c6f3d45
[INFO] [stdout]                                at /rustc/82e1608dfa6e0b5569232559e3d385fea5a93112/library/std/src/sys_common/backtrace.rs:47:5
[INFO] [stdout]    8:     0x5631a61484e4 - std::sys_common::backtrace::print::h23a2d212c6fff936
[INFO] [stdout]                                at /rustc/82e1608dfa6e0b5569232559e3d385fea5a93112/library/std/src/sys_common/backtrace.rs:34:9
[INFO] [stdout]    9:     0x5631a614a1a7 - std::panicking::default_hook::{{closure}}::h8a1d2ee00185001a
[INFO] [stdout]   10:     0x5631a6149e93 - std::panicking::default_hook::h6038f2eba384e475
[INFO] [stdout]                                at /rustc/82e1608dfa6e0b5569232559e3d385fea5a93112/library/std/src/panicking.rs:289:9
[INFO] [stdout]   11:     0x5631a6100e47 - <alloc::boxed::Box<F,A> as core::ops::function::Fn<Args>>::call::h0ad024c9bdc6d768
[INFO] [stdout]                                at /rustc/82e1608dfa6e0b5569232559e3d385fea5a93112/library/alloc/src/boxed.rs:2021:9
[INFO] [stdout]   12:     0x5631a6100e47 - test::test_main::{{closure}}::h7500b54257359db6
[INFO] [stdout]                                at /rustc/82e1608dfa6e0b5569232559e3d385fea5a93112/library/test/src/lib.rs:138:21
[INFO] [stdout]   13:     0x5631a614a7b8 - <alloc::boxed::Box<F,A> as core::ops::function::Fn<Args>>::call::h1f8f335eaa9cfaee
[INFO] [stdout]                                at /rustc/82e1608dfa6e0b5569232559e3d385fea5a93112/library/alloc/src/boxed.rs:2021:9
[INFO] [stdout]   14:     0x5631a614a7b8 - std::panicking::rust_panic_with_hook::h2b5517d590cab22e
[INFO] [stdout]                                at /rustc/82e1608dfa6e0b5569232559e3d385fea5a93112/library/std/src/panicking.rs:783:13
[INFO] [stdout]   15:     0x5631a614a50e - std::panicking::begin_panic_handler::{{closure}}::h233112c06e0ef43e
[INFO] [stdout]                                at /rustc/82e1608dfa6e0b5569232559e3d385fea5a93112/library/std/src/panicking.rs:657:13
[INFO] [stdout]   16:     0x5631a6148bc6 - std::sys_common::backtrace::__rust_end_short_backtrace::h6e893f24d7ebbff8
[INFO] [stdout]                                at /rustc/82e1608dfa6e0b5569232559e3d385fea5a93112/library/std/src/sys_common/backtrace.rs:170:18
[INFO] [stdout]   17:     0x5631a614a272 - rust_begin_unwind
[INFO] [stdout]                                at /rustc/82e1608dfa6e0b5569232559e3d385fea5a93112/library/std/src/panicking.rs:645:5
[INFO] [stdout]   18:     0x5631a60c3cf5 - core::panicking::panic_fmt::hbf0e066aabfa482c
[INFO] [stdout]                                at /rustc/82e1608dfa6e0b5569232559e3d385fea5a93112/library/core/src/panicking.rs:72:14
[INFO] [stdout]   19:     0x5631a60ca4fb - øslo::scanner::test::it_can_scan_simple_code::h951e2043b0badb5c
[INFO] [stdout]                                at /opt/rustwide/workdir/src/scanner/test.rs:26:5
[INFO] [stdout]   20:     0x5631a60c9b47 - øslo::scanner::test::it_can_scan_simple_code::{{closure}}::h7b68879a9b05ea26
[INFO] [stdout]                                at /opt/rustwide/workdir/src/scanner/test.rs:8:29
[INFO] [stdout]   21:     0x5631a60cb326 - core::ops::function::FnOnce::call_once::hf4e109ae859aaac2
[INFO] [stdout]                                at /rustc/82e1608dfa6e0b5569232559e3d385fea5a93112/library/core/src/ops/function.rs:250:5
[INFO] [stdout]   22:     0x5631a610649f - core::ops::function::FnOnce::call_once::h2b5d431d5046312d
[INFO] [stdout]                                at /rustc/82e1608dfa6e0b5569232559e3d385fea5a93112/library/core/src/ops/function.rs:250:5
[INFO] [stdout]   23:     0x5631a610649f - test::__rust_begin_short_backtrace::h7714669af176e207
[INFO] [stdout]                                at /rustc/82e1608dfa6e0b5569232559e3d385fea5a93112/library/test/src/lib.rs:628:18
[INFO] [stdout]   24:     0x5631a61054b5 - test::run_test_in_process::{{closure}}::h85218797dcbcec12
[INFO] [stdout]                                at /rustc/82e1608dfa6e0b5569232559e3d385fea5a93112/library/test/src/lib.rs:651:60
[INFO] [stdout]   25:     0x5631a61054b5 - <core::panic::unwind_safe::AssertUnwindSafe<F> as core::ops::function::FnOnce<()>>::call_once::h76c106ea31c14d7b
[INFO] [stdout]                                at /rustc/82e1608dfa6e0b5569232559e3d385fea5a93112/library/core/src/panic/unwind_safe.rs:272:9
[INFO] [stdout]   26:     0x5631a61054b5 - std::panicking::try::do_call::h3bd5d0f6620ee946
[INFO] [stdout]                                at /rustc/82e1608dfa6e0b5569232559e3d385fea5a93112/library/std/src/panicking.rs:552:40
[INFO] [stdout]   27:     0x5631a61054b5 - std::panicking::try::h232e535e4744fe31
[INFO] [stdout]                                at /rustc/82e1608dfa6e0b5569232559e3d385fea5a93112/library/std/src/panicking.rs:516:19
[INFO] [stdout]   28:     0x5631a61054b5 - std::panic::catch_unwind::h3ce3bd6ca8dbac68
[INFO] [stdout]                                at /rustc/82e1608dfa6e0b5569232559e3d385fea5a93112/library/std/src/panic.rs:142:14
[INFO] [stdout]   29:     0x5631a61054b5 - test::run_test_in_process::hc97b257c9621286a
[INFO] [stdout]                                at /rustc/82e1608dfa6e0b5569232559e3d385fea5a93112/library/test/src/lib.rs:651:27
[INFO] [stdout]   30:     0x5631a61054b5 - test::run_test::{{closure}}::h2aa798823a438d38
[INFO] [stdout]                                at /rustc/82e1608dfa6e0b5569232559e3d385fea5a93112/library/test/src/lib.rs:574:43
[INFO] [stdout]   31:     0x5631a60cd776 - test::run_test::{{closure}}::h87d231c78fb59832
[INFO] [stdout]                                at /rustc/82e1608dfa6e0b5569232559e3d385fea5a93112/library/test/src/lib.rs:602:41
[INFO] [stdout]   32:     0x5631a60cd776 - std::sys_common::backtrace::__rust_begin_short_backtrace::he6df152596625789
[INFO] [stdout]                                at /rustc/82e1608dfa6e0b5569232559e3d385fea5a93112/library/std/src/sys_common/backtrace.rs:154:18
[INFO] [stdout]   33:     0x5631a60d2827 - std::thread::Builder::spawn_unchecked_::{{closure}}::{{closure}}::ha94be15d1e0acf36
[INFO] [stdout]                                at /rustc/82e1608dfa6e0b5569232559e3d385fea5a93112/library/std/src/thread/mod.rs:529:17
[INFO] [stdout]   34:     0x5631a60d2827 - <core::panic::unwind_safe::AssertUnwindSafe<F> as core::ops::function::FnOnce<()>>::call_once::h9dc6bd6372f16606
[INFO] [stdout]                                at /rustc/82e1608dfa6e0b5569232559e3d385fea5a93112/library/core/src/panic/unwind_safe.rs:272:9
[INFO] [stdout]   35:     0x5631a60d2827 - std::panicking::try::do_call::h9057517f80303cd4
[INFO] [stdout]                                at /rustc/82e1608dfa6e0b5569232559e3d385fea5a93112/library/std/src/panicking.rs:552:40
[INFO] [stdout]   36:     0x5631a60d2827 - std::panicking::try::he3a30b11ee45340c
[INFO] [stdout]                                at /rustc/82e1608dfa6e0b5569232559e3d385fea5a93112/library/std/src/panicking.rs:516:19
[INFO] [stdout]   37:     0x5631a60d2827 - std::panic::catch_unwind::h410458cfd3528b8b
[INFO] [stdout]                                at /rustc/82e1608dfa6e0b5569232559e3d385fea5a93112/library/std/src/panic.rs:142:14
[INFO] [stdout]   38:     0x5631a60d2827 - std::thread::Builder::spawn_unchecked_::{{closure}}::h72ac3bdb567b737b
[INFO] [stdout]                                at /rustc/82e1608dfa6e0b5569232559e3d385fea5a93112/library/std/src/thread/mod.rs:528:30
[INFO] [stdout]   39:     0x5631a60d2827 - core::ops::function::FnOnce::call_once{{vtable.shim}}::h38f34da3654a8344
[INFO] [stdout]                                at /rustc/82e1608dfa6e0b5569232559e3d385fea5a93112/library/core/src/ops/function.rs:250:5
[INFO] [stdout]   40:     0x5631a614f245 - <alloc::boxed::Box<F,A> as core::ops::function::FnOnce<Args>>::call_once::hc7eafaff61e32df9
[INFO] [stdout]                                at /rustc/82e1608dfa6e0b5569232559e3d385fea5a93112/library/alloc/src/boxed.rs:2007:9
[INFO] [stdout]   41:     0x5631a614f245 - <alloc::boxed::Box<F,A> as core::ops::function::FnOnce<Args>>::call_once::h6ba4a5de48dd2304
[INFO] [stdout]                                at /rustc/82e1608dfa6e0b5569232559e3d385fea5a93112/library/alloc/src/boxed.rs:2007:9
[INFO] [stdout]   42:     0x5631a614f245 - std::sys::unix::thread::Thread::new::thread_start::he469335aef763e45
[INFO] [stdout]                                at /rustc/82e1608dfa6e0b5569232559e3d385fea5a93112/library/std/src/sys/unix/thread.rs:108:17
[INFO] [stdout]   43:     0x7f34155d5ac3 - <unknown>
[INFO] [stdout]   44:     0x7f3415666bf4 - __clone
[INFO] [stdout]   45:                0x0 - <unknown>
[INFO] [stdout] 
[INFO] [stdout] 
[INFO] [stdout] failures:
[INFO] [stdout]     scanner::test::it_can_scan_simple_code
[INFO] [stdout] 
[INFO] [stdout] test result: FAILED. 0 passed; 1 failed; 0 ignored; 0 measured; 0 filtered out; finished in 0.02s
[INFO] [stdout] 
[INFO] [stderr] error: test failed, to rerun pass `--bin øslo`
[INFO] running `Command { std: "docker" "inspect" "9907586256f3d82786a9ea9afe5be368a719e544ce389334c415eb3fc103b2dd", kill_on_drop: false }`
[INFO] running `Command { std: "docker" "rm" "-f" "9907586256f3d82786a9ea9afe5be368a719e544ce389334c415eb3fc103b2dd", kill_on_drop: false }`
[INFO] [stdout] 9907586256f3d82786a9ea9afe5be368a719e544ce389334c415eb3fc103b2dd
