[INFO] cloning repository https://github.com/hxzhao527/retrofit-rs
[INFO] running `Command { std: "git" "-c" "credential.helper=" "-c" "credential.helper=/workspace/cargo-home/bin/git-credential-null" "clone" "--bare" "https://github.com/hxzhao527/retrofit-rs" "/workspace/cache/git-repos/https%3A%2F%2Fgithub.com%2Fhxzhao527%2Fretrofit-rs", kill_on_drop: false }`
[INFO] [stderr] Cloning into bare repository '/workspace/cache/git-repos/https%3A%2F%2Fgithub.com%2Fhxzhao527%2Fretrofit-rs'...
[INFO] running `Command { std: "git" "rev-parse" "HEAD", kill_on_drop: false }`
[INFO] [stdout] 0d9f9cd143346aede6359304cfcb2fd8daccb5b2
[INFO] testing hxzhao527/retrofit-rs against 1.75.0 for beta-1.76-1
[INFO] running `Command { std: "git" "clone" "/workspace/cache/git-repos/https%3A%2F%2Fgithub.com%2Fhxzhao527%2Fretrofit-rs" "/workspace/builds/worker-7-tc1/source", kill_on_drop: false }`
[INFO] [stderr] Cloning into '/workspace/builds/worker-7-tc1/source'...
[INFO] [stderr] done.
[INFO] validating manifest of git repo https://github.com/hxzhao527/retrofit-rs on toolchain 1.75.0
[INFO] running `Command { std: CARGO_HOME="/workspace/cargo-home" RUSTUP_HOME="/workspace/rustup-home" "/workspace/cargo-home/bin/cargo" "+1.75.0" "metadata" "--manifest-path" "Cargo.toml" "--no-deps", kill_on_drop: false }`
[INFO] started tweaking git repo https://github.com/hxzhao527/retrofit-rs
[INFO] finished tweaking git repo https://github.com/hxzhao527/retrofit-rs
[INFO] tweaked toml for git repo https://github.com/hxzhao527/retrofit-rs written to /workspace/builds/worker-7-tc1/source/Cargo.toml
[INFO] crate git repo https://github.com/hxzhao527/retrofit-rs already has a lockfile, it will not be regenerated
[INFO] running `Command { std: CARGO_HOME="/workspace/cargo-home" RUSTUP_HOME="/workspace/rustup-home" "/workspace/cargo-home/bin/cargo" "+1.75.0" "fetch" "--manifest-path" "Cargo.toml", kill_on_drop: false }`
[INFO] running `Command { std: "docker" "create" "-v" "/var/lib/crater-agent-workspace/builds/worker-7-tc1/target:/opt/rustwide/target:rw,Z" "-v" "/var/lib/crater-agent-workspace/builds/worker-7-tc1/source:/opt/rustwide/workdir:ro,Z" "-v" "/var/lib/crater-agent-workspace/cargo-home:/opt/rustwide/cargo-home:ro,Z" "-v" "/var/lib/crater-agent-workspace/rustup-home:/opt/rustwide/rustup-home:ro,Z" "-e" "SOURCE_DIR=/opt/rustwide/workdir" "-e" "CARGO_TARGET_DIR=/opt/rustwide/target" "-e" "CARGO_HOME=/opt/rustwide/cargo-home" "-e" "RUSTUP_HOME=/opt/rustwide/rustup-home" "-w" "/opt/rustwide/workdir" "-m" "1610612736" "--user" "0:0" "--network" "none" "ghcr.io/rust-lang/crates-build-env/linux@sha256:2788e3201cd34a07e3172128adcd8b3090168a8e3bcc40d7c032b9dda1df7d1c" "/opt/rustwide/cargo-home/bin/cargo" "+1.75.0" "metadata" "--no-deps" "--format-version=1", kill_on_drop: false }`
[INFO] [stdout] 500b208b765c1374f86212232ef0c381e7301d3da648f7216e5c6f42172ba392
[INFO] running `Command { std: "docker" "start" "-a" "500b208b765c1374f86212232ef0c381e7301d3da648f7216e5c6f42172ba392", kill_on_drop: false }`
[INFO] running `Command { std: "docker" "inspect" "500b208b765c1374f86212232ef0c381e7301d3da648f7216e5c6f42172ba392", kill_on_drop: false }`
[INFO] running `Command { std: "docker" "rm" "-f" "500b208b765c1374f86212232ef0c381e7301d3da648f7216e5c6f42172ba392", kill_on_drop: false }`
[INFO] [stdout] 500b208b765c1374f86212232ef0c381e7301d3da648f7216e5c6f42172ba392
[INFO] running `Command { std: "docker" "create" "-v" "/var/lib/crater-agent-workspace/builds/worker-7-tc1/target:/opt/rustwide/target:rw,Z" "-v" "/var/lib/crater-agent-workspace/builds/worker-7-tc1/source:/opt/rustwide/workdir:ro,Z" "-v" "/var/lib/crater-agent-workspace/cargo-home:/opt/rustwide/cargo-home:ro,Z" "-v" "/var/lib/crater-agent-workspace/rustup-home:/opt/rustwide/rustup-home:ro,Z" "-e" "SOURCE_DIR=/opt/rustwide/workdir" "-e" "CARGO_TARGET_DIR=/opt/rustwide/target" "-e" "CARGO_INCREMENTAL=0" "-e" "RUST_BACKTRACE=full" "-e" "RUSTFLAGS=--cap-lints=warn" "-e" "RUSTDOCFLAGS=--cap-lints=warn" "-e" "CARGO_HOME=/opt/rustwide/cargo-home" "-e" "RUSTUP_HOME=/opt/rustwide/rustup-home" "-w" "/opt/rustwide/workdir" "-m" "1610612736" "--user" "0:0" "--network" "none" "ghcr.io/rust-lang/crates-build-env/linux@sha256:2788e3201cd34a07e3172128adcd8b3090168a8e3bcc40d7c032b9dda1df7d1c" "/opt/rustwide/cargo-home/bin/cargo" "+1.75.0" "build" "--frozen" "--message-format=json", kill_on_drop: false }`
[INFO] [stdout] c91a25df82c8751c86c480dca3c36c106448b0ea0c6f1d7b74156c8be173f7a9
[INFO] running `Command { std: "docker" "start" "-a" "c91a25df82c8751c86c480dca3c36c106448b0ea0c6f1d7b74156c8be173f7a9", kill_on_drop: false }`
[INFO] [stderr]    Compiling proc-macro2 v1.0.69
[INFO] [stderr]    Compiling unicode-ident v1.0.12
[INFO] [stderr]    Compiling libc v0.2.149
[INFO] [stderr]    Compiling vcpkg v0.2.15
[INFO] [stderr]    Compiling lock_api v0.4.10
[INFO] [stderr]    Compiling pkg-config v0.3.27
[INFO] [stderr]    Compiling parking_lot_core v0.9.8
[INFO] [stderr]    Compiling pin-project-lite v0.2.13
[INFO] [stderr]    Compiling scopeguard v1.2.0
[INFO] [stderr]    Compiling smallvec v1.11.1
[INFO] [stderr]    Compiling bytes v1.5.0
[INFO] [stderr]    Compiling itoa v1.0.9
[INFO] [stderr]    Compiling futures-task v0.3.28
[INFO] [stderr]    Compiling tracing-core v0.1.31
[INFO] [stderr]    Compiling indexmap v1.9.3
[INFO] [stderr]    Compiling slab v0.4.9
[INFO] [stderr]    Compiling quote v1.0.33
[INFO] [stderr]    Compiling fnv v1.0.7
[INFO] [stderr]    Compiling syn v2.0.38
[INFO] [stderr]    Compiling cc v1.0.83
[INFO] [stderr]    Compiling mio v0.8.8
[INFO] [stderr]    Compiling num_cpus v1.16.0
[INFO] [stderr]    Compiling socket2 v0.5.4
[INFO] [stderr]    Compiling signal-hook-registry v1.4.1
[INFO] [stderr]    Compiling parking_lot v0.12.1
[INFO] [stderr]    Compiling foreign-types-shared v0.1.1
[INFO] [stderr]    Compiling futures-util v0.3.28
[INFO] [stderr]    Compiling openssl v0.10.57
[INFO] [stderr]    Compiling foreign-types v0.3.2
[INFO] [stderr]    Compiling http v0.2.9
[INFO] [stderr]    Compiling tracing v0.1.37
[INFO] [stderr]    Compiling hashbrown v0.12.3
[INFO] [stderr]    Compiling serde v1.0.189
[INFO] [stderr]    Compiling bitflags v2.4.0
[INFO] [stderr]    Compiling futures-channel v0.3.28
[INFO] [stderr]    Compiling httparse v1.8.0
[INFO] [stderr]    Compiling native-tls v0.2.11
[INFO] [stderr]    Compiling pin-utils v0.1.0
[INFO] [stderr]    Compiling log v0.4.20
[INFO] [stderr]    Compiling percent-encoding v2.3.0
[INFO] [stderr]    Compiling openssl-probe v0.1.5
[INFO] [stderr]    Compiling openssl-sys v0.9.93
[INFO] [stderr]    Compiling try-lock v0.2.4
[INFO] [stderr]    Compiling form_urlencoded v1.2.0
[INFO] [stderr]    Compiling want v0.3.1
[INFO] [stderr]    Compiling http-body v0.4.5
[INFO] [stderr]    Compiling unicode-normalization v0.1.22
[INFO] [stderr]    Compiling socket2 v0.4.9
[INFO] [stderr]    Compiling httpdate v1.0.3
[INFO] [stderr]    Compiling tower-service v0.3.2
[INFO] [stderr]    Compiling ryu v1.0.15
[INFO] [stderr]    Compiling serde_json v1.0.107
[INFO] [stderr]    Compiling unicode-bidi v0.3.13
[INFO] [stderr]    Compiling anyhow v1.0.75
[INFO] [stderr]    Compiling encoding_rs v0.8.33
[INFO] [stderr]    Compiling base64 v0.21.4
[INFO] [stderr]    Compiling mime v0.3.17
[INFO] [stderr]    Compiling ipnet v2.8.0
[INFO] [stderr]    Compiling idna v0.4.0
[INFO] [stderr]    Compiling url v2.4.1
[INFO] [stderr]    Compiling tokio-macros v2.1.0
[INFO] [stderr]    Compiling openssl-macros v0.1.1
[INFO] [stderr]    Compiling serde_derive v1.0.189
[INFO] [stderr]    Compiling retrofit-derive v0.1.0 (/opt/rustwide/workdir/retrofit-derive)
[INFO] [stderr]    Compiling tokio v1.33.0
[INFO] [stderr]    Compiling serde_urlencoded v0.7.1
[INFO] [stderr]    Compiling tokio-util v0.7.9
[INFO] [stderr]    Compiling tokio-native-tls v0.3.1
[INFO] [stderr]    Compiling h2 v0.3.21
[INFO] [stderr]    Compiling hyper v0.14.27
[INFO] [stderr]    Compiling hyper-tls v0.5.0
[INFO] [stderr]    Compiling reqwest v0.11.22
[INFO] [stderr]    Compiling retrofit-core v0.1.0 (/opt/rustwide/workdir/retrofit-core)
[INFO] [stderr]    Compiling retrofit v0.1.0 (/opt/rustwide/workdir/retrofit)
[INFO] [stderr]     Finished dev [unoptimized + debuginfo] target(s) in 17.73s
[INFO] running `Command { std: "docker" "inspect" "c91a25df82c8751c86c480dca3c36c106448b0ea0c6f1d7b74156c8be173f7a9", kill_on_drop: false }`
[INFO] running `Command { std: "docker" "rm" "-f" "c91a25df82c8751c86c480dca3c36c106448b0ea0c6f1d7b74156c8be173f7a9", kill_on_drop: false }`
[INFO] [stdout] c91a25df82c8751c86c480dca3c36c106448b0ea0c6f1d7b74156c8be173f7a9
[INFO] running `Command { std: "docker" "create" "-v" "/var/lib/crater-agent-workspace/builds/worker-7-tc1/target:/opt/rustwide/target:rw,Z" "-v" "/var/lib/crater-agent-workspace/builds/worker-7-tc1/source:/opt/rustwide/workdir:ro,Z" "-v" "/var/lib/crater-agent-workspace/cargo-home:/opt/rustwide/cargo-home:ro,Z" "-v" "/var/lib/crater-agent-workspace/rustup-home:/opt/rustwide/rustup-home:ro,Z" "-e" "SOURCE_DIR=/opt/rustwide/workdir" "-e" "CARGO_TARGET_DIR=/opt/rustwide/target" "-e" "CARGO_INCREMENTAL=0" "-e" "RUST_BACKTRACE=full" "-e" "RUSTFLAGS=--cap-lints=warn" "-e" "RUSTDOCFLAGS=--cap-lints=warn" "-e" "CARGO_HOME=/opt/rustwide/cargo-home" "-e" "RUSTUP_HOME=/opt/rustwide/rustup-home" "-w" "/opt/rustwide/workdir" "-m" "1610612736" "--user" "0:0" "--network" "none" "ghcr.io/rust-lang/crates-build-env/linux@sha256:2788e3201cd34a07e3172128adcd8b3090168a8e3bcc40d7c032b9dda1df7d1c" "/opt/rustwide/cargo-home/bin/cargo" "+1.75.0" "test" "--frozen" "--no-run" "--message-format=json", kill_on_drop: false }`
[INFO] [stdout] 6122efbdf79d6782e491778256d571dce4f0663268cc0cd8beb9a72aee6170fb
[INFO] running `Command { std: "docker" "start" "-a" "6122efbdf79d6782e491778256d571dce4f0663268cc0cd8beb9a72aee6170fb", kill_on_drop: false }`
[INFO] [stderr]    Compiling retrofit-derive v0.1.0 (/opt/rustwide/workdir/retrofit-derive)
[INFO] [stderr]    Compiling retrofit-core v0.1.0 (/opt/rustwide/workdir/retrofit-core)
[INFO] [stderr]    Compiling retrofit v0.1.0 (/opt/rustwide/workdir/retrofit)
[INFO] [stderr]     Finished test [unoptimized + debuginfo] target(s) in 2.75s
[INFO] running `Command { std: "docker" "inspect" "6122efbdf79d6782e491778256d571dce4f0663268cc0cd8beb9a72aee6170fb", kill_on_drop: false }`
[INFO] running `Command { std: "docker" "rm" "-f" "6122efbdf79d6782e491778256d571dce4f0663268cc0cd8beb9a72aee6170fb", kill_on_drop: false }`
[INFO] [stdout] 6122efbdf79d6782e491778256d571dce4f0663268cc0cd8beb9a72aee6170fb
[INFO] running `Command { std: "docker" "create" "-v" "/var/lib/crater-agent-workspace/builds/worker-7-tc1/target:/opt/rustwide/target:rw,Z" "-v" "/var/lib/crater-agent-workspace/builds/worker-7-tc1/source:/opt/rustwide/workdir:ro,Z" "-v" "/var/lib/crater-agent-workspace/cargo-home:/opt/rustwide/cargo-home:ro,Z" "-v" "/var/lib/crater-agent-workspace/rustup-home:/opt/rustwide/rustup-home:ro,Z" "-e" "SOURCE_DIR=/opt/rustwide/workdir" "-e" "CARGO_TARGET_DIR=/opt/rustwide/target" "-e" "CARGO_INCREMENTAL=0" "-e" "RUST_BACKTRACE=full" "-e" "RUSTFLAGS=--cap-lints=warn" "-e" "RUSTDOCFLAGS=--cap-lints=warn" "-e" "CARGO_HOME=/opt/rustwide/cargo-home" "-e" "RUSTUP_HOME=/opt/rustwide/rustup-home" "-w" "/opt/rustwide/workdir" "-m" "1610612736" "--user" "0:0" "--network" "none" "ghcr.io/rust-lang/crates-build-env/linux@sha256:2788e3201cd34a07e3172128adcd8b3090168a8e3bcc40d7c032b9dda1df7d1c" "/opt/rustwide/cargo-home/bin/cargo" "+1.75.0" "test" "--frozen", kill_on_drop: false }`
[INFO] [stdout] 7e718ae719076c9c72b167186ecd364f967a8f21d3f8520fa8517dd8fc6d469e
[INFO] running `Command { std: "docker" "start" "-a" "7e718ae719076c9c72b167186ecd364f967a8f21d3f8520fa8517dd8fc6d469e", kill_on_drop: false }`
[INFO] [stderr]     Finished test [unoptimized + debuginfo] target(s) in 0.06s
[INFO] [stderr]      Running unittests src/main.rs (/opt/rustwide/target/debug/deps/retrofit-2b29acd4bea6a110)
[INFO] [stdout] 
[INFO] [stdout] running 0 tests
[INFO] [stdout] 
[INFO] [stdout] test result: ok. 0 passed; 0 failed; 0 ignored; 0 measured; 0 filtered out; finished in 0.00s
[INFO] [stdout] 
[INFO] [stderr]      Running unittests src/lib.rs (/opt/rustwide/target/debug/deps/retrofit_core-c40ddb5fbcc5626b)
[INFO] [stdout] 
[INFO] [stdout] running 0 tests
[INFO] [stdout] 
[INFO] [stdout] test result: ok. 0 passed; 0 failed; 0 ignored; 0 measured; 0 filtered out; finished in 0.00s
[INFO] [stdout] 
[INFO] [stderr]      Running unittests src/lib.rs (/opt/rustwide/target/debug/deps/retrofit_derive-b7305eaeddf99e9a)
[INFO] [stdout] 
[INFO] [stdout] running 1 test
[INFO] [stdout] test ttt::test_impl ... ok
[INFO] [stdout] 
[INFO] [stdout] test result: ok. 1 passed; 0 failed; 0 ignored; 0 measured; 0 filtered out; finished in 0.00s
[INFO] [stdout] 
[INFO] [stderr]    Doc-tests retrofit-core
[INFO] [stdout] 
[INFO] [stderr]    Doc-tests retrofit-derive
[INFO] [stdout] running 0 tests
[INFO] [stdout] 
[INFO] [stdout] test result: ok. 0 passed; 0 failed; 0 ignored; 0 measured; 0 filtered out; finished in 0.01s
[INFO] [stdout] 
[INFO] [stdout] 
[INFO] [stdout] running 5 tests
[INFO] [stdout] test retrofit-derive/src/ttt.rs - ttt::ArgAttrInfo (line 159) ... FAILED
[INFO] [stdout] test retrofit-derive/src/ttt.rs - ttt::TraitAttrInfo (line 532) ... FAILED
[INFO] [stdout] test retrofit-derive/src/ttt.rs - ttt::TraitAttrInfo (line 524) ... FAILED
[INFO] [stdout] test retrofit-derive/src/ttt.rs - ttt::TraitAttrInfo (line 540) ... FAILED
[INFO] [stdout] test retrofit-derive/src/ttt.rs - ttt::MethodAttrInfo (line 58) ... FAILED
[INFO] [stdout] 
[INFO] [stdout] failures:
[INFO] [stdout] 
[INFO] [stdout] ---- retrofit-derive/src/ttt.rs - ttt::ArgAttrInfo (line 159) stdout ----
[INFO] [stdout] error: free function without a body
[INFO] [stdout]   --> retrofit-derive/src/ttt.rs:160:1
[INFO] [stdout]    |
[INFO] [stdout] 3  | / fn exmaple(
[INFO] [stdout] 4  | |     &self,
[INFO] [stdout] 5  | |     #[qurey("name")] name: String,
[INFO] [stdout] 6  | |     #[query_map] query: QueryUser,
[INFO] [stdout] ...  |
[INFO] [stdout] 11 | |     #[header_map] headers: HeaderUser
[INFO] [stdout] 12 | | ) -> Result<(), Error>;
[INFO] [stdout]    | |                       ^ help: provide a definition for the function: `{ <body> }`
[INFO] [stdout]    | |_______________________|
[INFO] [stdout]    | 
[INFO] [stdout] 
[INFO] [stdout] error: allow, cfg, cfg_attr, deny, expect, forbid, and warn are the only allowed built-in attributes in function parameters
[INFO] [stdout]  --> retrofit-derive/src/ttt.rs:166:5
[INFO] [stdout]   |
[INFO] [stdout] 9 |     #[path("id")] id: u32,
[INFO] [stdout]   |     ^^^^^^^^^^^^^
[INFO] [stdout] 
[INFO] [stdout] error: `self` parameter is only allowed in associated functions
[INFO] [stdout]  --> retrofit-derive/src/ttt.rs:161:5
[INFO] [stdout]   |
[INFO] [stdout] 4 |     &self,
[INFO] [stdout]   |     ^^^^^ not semantically valid as function parameter
[INFO] [stdout]   |
[INFO] [stdout]   = note: associated functions are those in `impl` or `trait` definitions
[INFO] [stdout] 
[INFO] [stdout] error: malformed `path` attribute input
[INFO] [stdout]  --> retrofit-derive/src/ttt.rs:166:5
[INFO] [stdout]   |
[INFO] [stdout] 9 |     #[path("id")] id: u32,
[INFO] [stdout]   |     ^^^^^^^^^^^^^ help: must be of the form: `#[path = "file"]`
[INFO] [stdout] 
[INFO] [stdout] error: cannot find attribute `qurey` in this scope
[INFO] [stdout]  --> retrofit-derive/src/ttt.rs:162:7
[INFO] [stdout]   |
[INFO] [stdout] 5 |     #[qurey("name")] name: String,
[INFO] [stdout]   |       ^^^^^
[INFO] [stdout] 
[INFO] [stdout] error: cannot find attribute `query_map` in this scope
[INFO] [stdout]  --> retrofit-derive/src/ttt.rs:163:7
[INFO] [stdout]   |
[INFO] [stdout] 6 |     #[query_map] query: QueryUser,
[INFO] [stdout]   |       ^^^^^^^^^
[INFO] [stdout] 
[INFO] [stdout] error: cannot find attribute `json` in this scope
[INFO] [stdout]  --> retrofit-derive/src/ttt.rs:164:7
[INFO] [stdout]   |
[INFO] [stdout] 7 |     #[json] json: JsonUser,
[INFO] [stdout]   |       ^^^^
[INFO] [stdout] 
[INFO] [stdout] error: cannot find attribute `form` in this scope
[INFO] [stdout]  --> retrofit-derive/src/ttt.rs:165:7
[INFO] [stdout]   |
[INFO] [stdout] 8 |     #[form] form: FormUser,
[INFO] [stdout]   |       ^^^^
[INFO] [stdout] 
[INFO] [stdout] error: cannot find attribute `header` in this scope
[INFO] [stdout]   --> retrofit-derive/src/ttt.rs:167:7
[INFO] [stdout]    |
[INFO] [stdout] 10 |     #[header("Content-Type")] content_type: String,
[INFO] [stdout]    |       ^^^^^^
[INFO] [stdout] 
[INFO] [stdout] error: cannot find attribute `header_map` in this scope
[INFO] [stdout]   --> retrofit-derive/src/ttt.rs:168:7
[INFO] [stdout]    |
[INFO] [stdout] 11 |     #[header_map] headers: HeaderUser
[INFO] [stdout]    |       ^^^^^^^^^^
[INFO] [stdout] 
[INFO] [stdout] error[E0412]: cannot find type `QueryUser` in this scope
[INFO] [stdout]  --> retrofit-derive/src/ttt.rs:163:25
[INFO] [stdout]   |
[INFO] [stdout] 6 |     #[query_map] query: QueryUser,
[INFO] [stdout]   |                         ^^^^^^^^^ not found in this scope
[INFO] [stdout] 
[INFO] [stdout] error[E0412]: cannot find type `JsonUser` in this scope
[INFO] [stdout]  --> retrofit-derive/src/ttt.rs:164:19
[INFO] [stdout]   |
[INFO] [stdout] 7 |     #[json] json: JsonUser,
[INFO] [stdout]   |                   ^^^^^^^^ not found in this scope
[INFO] [stdout] 
[INFO] [stdout] error[E0412]: cannot find type `FormUser` in this scope
[INFO] [stdout]  --> retrofit-derive/src/ttt.rs:165:19
[INFO] [stdout]   |
[INFO] [stdout] 8 |     #[form] form: FormUser,
[INFO] [stdout]   |                   ^^^^^^^^ not found in this scope
[INFO] [stdout] 
[INFO] [stdout] error[E0412]: cannot find type `HeaderUser` in this scope
[INFO] [stdout]   --> retrofit-derive/src/ttt.rs:168:28
[INFO] [stdout]    |
[INFO] [stdout] 11 |     #[header_map] headers: HeaderUser
[INFO] [stdout]    |                            ^^^^^^^^^^ not found in this scope
[INFO] [stdout] 
[INFO] [stdout] error[E0412]: cannot find type `Error` in this scope
[INFO] [stdout]   --> retrofit-derive/src/ttt.rs:169:17
[INFO] [stdout]    |
[INFO] [stdout] 12 | ) -> Result<(), Error>;
[INFO] [stdout]    |                 ^^^^^ not found in this scope
[INFO] [stdout]    |
[INFO] [stdout] help: consider importing one of these items
[INFO] [stdout]    |
[INFO] [stdout] 2  + use core::error::Error;
[INFO] [stdout]    |
[INFO] [stdout] 2  + use core::fmt::Error;
[INFO] [stdout]    |
[INFO] [stdout] 2  + use std::error::Error;
[INFO] [stdout]    |
[INFO] [stdout] 2  + use std::fmt::Error;
[INFO] [stdout]    |
[INFO] [stdout]      and 2 other candidates
[INFO] [stdout] 
[INFO] [stdout] error: aborting due to 15 previous errors
[INFO] [stdout] 
[INFO] [stdout] For more information about this error, try `rustc --explain E0412`.
[INFO] [stdout] Couldn't compile the test.
[INFO] [stdout] ---- retrofit-derive/src/ttt.rs - ttt::TraitAttrInfo (line 532) stdout ----
[INFO] [stdout] error: allow, cfg, cfg_attr, deny, expect, forbid, and warn are the only allowed built-in attributes in function parameters
[INFO] [stdout]  --> retrofit-derive/src/ttt.rs:536:28
[INFO] [stdout]   |
[INFO] [stdout] 6 |    async fn exmaple(&self, #[path("id")] id: u32) -> Result<(), Error>;
[INFO] [stdout]   |                            ^^^^^^^^^^^^^
[INFO] [stdout] 
[INFO] [stdout] error: malformed `path` attribute input
[INFO] [stdout]  --> retrofit-derive/src/ttt.rs:536:28
[INFO] [stdout]   |
[INFO] [stdout] 6 |    async fn exmaple(&self, #[path("id")] id: u32) -> Result<(), Error>;
[INFO] [stdout]   |                            ^^^^^^^^^^^^^ help: must be of the form: `#[path = "file"]`
[INFO] [stdout] 
[INFO] [stdout] error: cannot find attribute `async_trait` in this scope
[INFO] [stdout]  --> retrofit-derive/src/ttt.rs:533:3
[INFO] [stdout]   |
[INFO] [stdout] 3 | #[async_trait]
[INFO] [stdout]   |   ^^^^^^^^^^^
[INFO] [stdout] 
[INFO] [stdout] error: cannot find attribute `get` in this scope
[INFO] [stdout]  --> retrofit-derive/src/ttt.rs:535:6
[INFO] [stdout]   |
[INFO] [stdout] 5 |    #[get("/user/{id}")]
[INFO] [stdout]   |      ^^^
[INFO] [stdout] 
[INFO] [stdout] error[E0412]: cannot find type `Error` in this scope
[INFO] [stdout]  --> retrofit-derive/src/ttt.rs:536:65
[INFO] [stdout]   |
[INFO] [stdout] 6 |    async fn exmaple(&self, #[path("id")] id: u32) -> Result<(), Error>;
[INFO] [stdout]   |                                                                 ^^^^^ not found in this scope
[INFO] [stdout]   |
[INFO] [stdout] help: consider importing one of these items
[INFO] [stdout]   |
[INFO] [stdout] 2 + use core::error::Error;
[INFO] [stdout]   |
[INFO] [stdout] 2 + use core::fmt::Error;
[INFO] [stdout]   |
[INFO] [stdout] 2 + use std::error::Error;
[INFO] [stdout]   |
[INFO] [stdout] 2 + use std::fmt::Error;
[INFO] [stdout]   |
[INFO] [stdout]     and 2 other candidates
[INFO] [stdout] 
[INFO] [stdout] error: aborting due to 5 previous errors
[INFO] [stdout] 
[INFO] [stdout] For more information about this error, try `rustc --explain E0412`.
[INFO] [stdout] Couldn't compile the test.
[INFO] [stdout] ---- retrofit-derive/src/ttt.rs - ttt::TraitAttrInfo (line 524) stdout ----
[INFO] [stdout] error: allow, cfg, cfg_attr, deny, expect, forbid, and warn are the only allowed built-in attributes in function parameters
[INFO] [stdout]  --> retrofit-derive/src/ttt.rs:528:28
[INFO] [stdout]   |
[INFO] [stdout] 6 |    async fn exmaple(&self, #[path("id")] id: u32) -> Result<(), Error>;
[INFO] [stdout]   |                            ^^^^^^^^^^^^^
[INFO] [stdout] 
[INFO] [stdout] error: malformed `path` attribute input
[INFO] [stdout]  --> retrofit-derive/src/ttt.rs:528:28
[INFO] [stdout]   |
[INFO] [stdout] 6 |    async fn exmaple(&self, #[path("id")] id: u32) -> Result<(), Error>;
[INFO] [stdout]   |                            ^^^^^^^^^^^^^ help: must be of the form: `#[path = "file"]`
[INFO] [stdout] 
[INFO] [stdout] error: cannot find attribute `async_fn_in_trait` in this scope
[INFO] [stdout]  --> retrofit-derive/src/ttt.rs:525:3
[INFO] [stdout]   |
[INFO] [stdout] 3 | #[async_fn_in_trait]
[INFO] [stdout]   |   ^^^^^^^^^^^^^^^^^
[INFO] [stdout] 
[INFO] [stdout] error: cannot find attribute `get` in this scope
[INFO] [stdout]  --> retrofit-derive/src/ttt.rs:527:6
[INFO] [stdout]   |
[INFO] [stdout] 5 |    #[get("/user/{id}")]
[INFO] [stdout]   |      ^^^
[INFO] [stdout] 
[INFO] [stdout] error[E0412]: cannot find type `Error` in this scope
[INFO] [stdout]  --> retrofit-derive/src/ttt.rs:528:65
[INFO] [stdout]   |
[INFO] [stdout] 6 |    async fn exmaple(&self, #[path("id")] id: u32) -> Result<(), Error>;
[INFO] [stdout]   |                                                                 ^^^^^ not found in this scope
[INFO] [stdout]   |
[INFO] [stdout] help: consider importing one of these items
[INFO] [stdout]   |
[INFO] [stdout] 2 + use core::error::Error;
[INFO] [stdout]   |
[INFO] [stdout] 2 + use core::fmt::Error;
[INFO] [stdout]   |
[INFO] [stdout] 2 + use std::error::Error;
[INFO] [stdout]   |
[INFO] [stdout] 2 + use std::fmt::Error;
[INFO] [stdout]   |
[INFO] [stdout]     and 2 other candidates
[INFO] [stdout] 
[INFO] [stdout] error: aborting due to 5 previous errors
[INFO] [stdout] 
[INFO] [stdout] For more information about this error, try `rustc --explain E0412`.
[INFO] [stdout] Couldn't compile the test.
[INFO] [stdout] ---- retrofit-derive/src/ttt.rs - ttt::TraitAttrInfo (line 540) stdout ----
[INFO] [stdout] error: allow, cfg, cfg_attr, deny, expect, forbid, and warn are the only allowed built-in attributes in function parameters
[INFO] [stdout]  --> retrofit-derive/src/ttt.rs:543:28
[INFO] [stdout]   |
[INFO] [stdout] 5 |    async fn exmaple(&self, #[path("id")] id: u32) -> Result<(), Error>;
[INFO] [stdout]   |                            ^^^^^^^^^^^^^
[INFO] [stdout] 
[INFO] [stdout] error: malformed `path` attribute input
[INFO] [stdout]  --> retrofit-derive/src/ttt.rs:543:28
[INFO] [stdout]   |
[INFO] [stdout] 5 |    async fn exmaple(&self, #[path("id")] id: u32) -> Result<(), Error>;
[INFO] [stdout]   |                            ^^^^^^^^^^^^^ help: must be of the form: `#[path = "file"]`
[INFO] [stdout] 
[INFO] [stdout] error: cannot find attribute `get` in this scope
[INFO] [stdout]  --> retrofit-derive/src/ttt.rs:542:6
[INFO] [stdout]   |
[INFO] [stdout] 4 |    #[get("/user/{id}")]
[INFO] [stdout]   |      ^^^
[INFO] [stdout] 
[INFO] [stdout] error[E0412]: cannot find type `Error` in this scope
[INFO] [stdout]  --> retrofit-derive/src/ttt.rs:543:65
[INFO] [stdout]   |
[INFO] [stdout] 5 |    async fn exmaple(&self, #[path("id")] id: u32) -> Result<(), Error>;
[INFO] [stdout]   |                                                                 ^^^^^ not found in this scope
[INFO] [stdout]   |
[INFO] [stdout] help: consider importing one of these items
[INFO] [stdout]   |
[INFO] [stdout] 2 + use core::error::Error;
[INFO] [stdout]   |
[INFO] [stdout] 2 + use core::fmt::Error;
[INFO] [stdout]   |
[INFO] [stdout] 2 + use std::error::Error;
[INFO] [stdout]   |
[INFO] [stdout] 2 + use std::fmt::Error;
[INFO] [stdout]   |
[INFO] [stdout]     and 2 other candidates
[INFO] [stdout] 
[INFO] [stdout] error: aborting due to 4 previous errors
[INFO] [stdout] 
[INFO] [stdout] For more information about this error, try `rustc --explain E0412`.
[INFO] [stdout] Couldn't compile the test.
[INFO] [stdout] ---- retrofit-derive/src/ttt.rs - ttt::MethodAttrInfo (line 58) stdout ----
[INFO] [stdout] error: free function without a body
[INFO] [stdout]  --> retrofit-derive/src/ttt.rs:61:1
[INFO] [stdout]   |
[INFO] [stdout] 5 | fn get_user(&self, id: u32) -> Result<User, Error>;
[INFO] [stdout]   | ^^^^^^^^^^^^^^^^^^^^^^^^^^^^^^^^^^^^^^^^^^^^^^^^^^-
[INFO] [stdout]   |                                                   |
[INFO] [stdout]   |                                                   help: provide a definition for the function: `{ <body> }`
[INFO] [stdout] 
[INFO] [stdout] error: `self` parameter is only allowed in associated functions
[INFO] [stdout]  --> retrofit-derive/src/ttt.rs:61:13
[INFO] [stdout]   |
[INFO] [stdout] 5 | fn get_user(&self, id: u32) -> Result<User, Error>;
[INFO] [stdout]   |             ^^^^^ not semantically valid as function parameter
[INFO] [stdout]   |
[INFO] [stdout]   = note: associated functions are those in `impl` or `trait` definitions
[INFO] [stdout] 
[INFO] [stdout] error: cannot find attribute `get` in this scope
[INFO] [stdout]  --> retrofit-derive/src/ttt.rs:59:3
[INFO] [stdout]   |
[INFO] [stdout] 3 | #[get("/user/{id}")]
[INFO] [stdout]   |   ^^^
[INFO] [stdout] 
[INFO] [stdout] error: cannot find attribute `header` in this scope
[INFO] [stdout]  --> retrofit-derive/src/ttt.rs:60:3
[INFO] [stdout]   |
[INFO] [stdout] 4 | #[header("Content-Type", "application/json")]
[INFO] [stdout]   |   ^^^^^^
[INFO] [stdout] 
[INFO] [stdout] error[E0412]: cannot find type `User` in this scope
[INFO] [stdout]  --> retrofit-derive/src/ttt.rs:61:39
[INFO] [stdout]   |
[INFO] [stdout] 5 | fn get_user(&self, id: u32) -> Result<User, Error>;
[INFO] [stdout]   |                                       ^^^^ not found in this scope
[INFO] [stdout]   |
[INFO] [stdout] help: you might be missing a type parameter
[INFO] [stdout]   |
[INFO] [stdout] 5 | fn get_user<User>(&self, id: u32) -> Result<User, Error>;
[INFO] [stdout]   |            ++++++
[INFO] [stdout] 
[INFO] [stdout] error[E0412]: cannot find type `Error` in this scope
[INFO] [stdout]  --> retrofit-derive/src/ttt.rs:61:45
[INFO] [stdout]   |
[INFO] [stdout] 5 | fn get_user(&self, id: u32) -> Result<User, Error>;
[INFO] [stdout]   |                                             ^^^^^ not found in this scope
[INFO] [stdout]   |
[INFO] [stdout] help: consider importing one of these items
[INFO] [stdout]   |
[INFO] [stdout] 2 + use core::error::Error;
[INFO] [stdout]   |
[INFO] [stdout] 2 + use core::fmt::Error;
[INFO] [stdout]   |
[INFO] [stdout] 2 + use std::error::Error;
[INFO] [stdout]   |
[INFO] [stdout] 2 + use std::fmt::Error;
[INFO] [stdout]   |
[INFO] [stdout]     and 2 other candidates
[INFO] [stdout] 
[INFO] [stdout] error: aborting due to 6 previous errors
[INFO] [stdout] 
[INFO] [stdout] For more information about this error, try `rustc --explain E0412`.
[INFO] [stdout] Couldn't compile the test.
[INFO] [stdout] 
[INFO] [stdout] failures:
[INFO] [stdout]     retrofit-derive/src/ttt.rs - ttt::ArgAttrInfo (line 159)
[INFO] [stdout]     retrofit-derive/src/ttt.rs - ttt::MethodAttrInfo (line 58)
[INFO] [stdout]     retrofit-derive/src/ttt.rs - ttt::TraitAttrInfo (line 524)
[INFO] [stdout]     retrofit-derive/src/ttt.rs - ttt::TraitAttrInfo (line 532)
[INFO] [stdout]     retrofit-derive/src/ttt.rs - ttt::TraitAttrInfo (line 540)
[INFO] [stdout] 
[INFO] [stdout] test result: FAILED. 0 passed; 5 failed; 0 ignored; 0 measured; 0 filtered out; finished in 0.13s
[INFO] [stdout] 
[INFO] [stderr] error: doctest failed, to rerun pass `-p retrofit-derive --doc`
[INFO] running `Command { std: "docker" "inspect" "7e718ae719076c9c72b167186ecd364f967a8f21d3f8520fa8517dd8fc6d469e", kill_on_drop: false }`
[INFO] running `Command { std: "docker" "rm" "-f" "7e718ae719076c9c72b167186ecd364f967a8f21d3f8520fa8517dd8fc6d469e", kill_on_drop: false }`
[INFO] [stdout] 7e718ae719076c9c72b167186ecd364f967a8f21d3f8520fa8517dd8fc6d469e
[INFO] testing hxzhao527/retrofit-rs against beta-2023-12-22 for beta-1.76-1
[INFO] running `Command { std: "git" "clone" "/workspace/cache/git-repos/https%3A%2F%2Fgithub.com%2Fhxzhao527%2Fretrofit-rs" "/workspace/builds/worker-7-tc2/source", kill_on_drop: false }`
[INFO] [stderr] Cloning into '/workspace/builds/worker-7-tc2/source'...
[INFO] [stderr] done.
[INFO] validating manifest of git repo https://github.com/hxzhao527/retrofit-rs on toolchain beta-2023-12-22
[INFO] running `Command { std: CARGO_HOME="/workspace/cargo-home" RUSTUP_HOME="/workspace/rustup-home" "/workspace/cargo-home/bin/cargo" "+beta-2023-12-22" "metadata" "--manifest-path" "Cargo.toml" "--no-deps", kill_on_drop: false }`
[INFO] started tweaking git repo https://github.com/hxzhao527/retrofit-rs
[INFO] finished tweaking git repo https://github.com/hxzhao527/retrofit-rs
[INFO] tweaked toml for git repo https://github.com/hxzhao527/retrofit-rs written to /workspace/builds/worker-7-tc2/source/Cargo.toml
[INFO] crate git repo https://github.com/hxzhao527/retrofit-rs already has a lockfile, it will not be regenerated
[INFO] running `Command { std: CARGO_HOME="/workspace/cargo-home" RUSTUP_HOME="/workspace/rustup-home" "/workspace/cargo-home/bin/cargo" "+beta-2023-12-22" "fetch" "--manifest-path" "Cargo.toml", kill_on_drop: false }`
[INFO] running `Command { std: "docker" "create" "-v" "/var/lib/crater-agent-workspace/builds/worker-7-tc2/target:/opt/rustwide/target:rw,Z" "-v" "/var/lib/crater-agent-workspace/builds/worker-7-tc2/source:/opt/rustwide/workdir:ro,Z" "-v" "/var/lib/crater-agent-workspace/cargo-home:/opt/rustwide/cargo-home:ro,Z" "-v" "/var/lib/crater-agent-workspace/rustup-home:/opt/rustwide/rustup-home:ro,Z" "-e" "SOURCE_DIR=/opt/rustwide/workdir" "-e" "CARGO_TARGET_DIR=/opt/rustwide/target" "-e" "CARGO_HOME=/opt/rustwide/cargo-home" "-e" "RUSTUP_HOME=/opt/rustwide/rustup-home" "-w" "/opt/rustwide/workdir" "-m" "1610612736" "--user" "0:0" "--network" "none" "ghcr.io/rust-lang/crates-build-env/linux@sha256:2788e3201cd34a07e3172128adcd8b3090168a8e3bcc40d7c032b9dda1df7d1c" "/opt/rustwide/cargo-home/bin/cargo" "+beta-2023-12-22" "metadata" "--no-deps" "--format-version=1", kill_on_drop: false }`
[INFO] [stdout] 3d9ca610ca453fbcdd144b71af7281a3d23d479eb48e936b2b16fe2bc8174213
[INFO] running `Command { std: "docker" "start" "-a" "3d9ca610ca453fbcdd144b71af7281a3d23d479eb48e936b2b16fe2bc8174213", kill_on_drop: false }`
[INFO] running `Command { std: "docker" "inspect" "3d9ca610ca453fbcdd144b71af7281a3d23d479eb48e936b2b16fe2bc8174213", kill_on_drop: false }`
[INFO] running `Command { std: "docker" "rm" "-f" "3d9ca610ca453fbcdd144b71af7281a3d23d479eb48e936b2b16fe2bc8174213", kill_on_drop: false }`
[INFO] [stdout] 3d9ca610ca453fbcdd144b71af7281a3d23d479eb48e936b2b16fe2bc8174213
[INFO] running `Command { std: "docker" "create" "-v" "/var/lib/crater-agent-workspace/builds/worker-7-tc2/target:/opt/rustwide/target:rw,Z" "-v" "/var/lib/crater-agent-workspace/builds/worker-7-tc2/source:/opt/rustwide/workdir:ro,Z" "-v" "/var/lib/crater-agent-workspace/cargo-home:/opt/rustwide/cargo-home:ro,Z" "-v" "/var/lib/crater-agent-workspace/rustup-home:/opt/rustwide/rustup-home:ro,Z" "-e" "SOURCE_DIR=/opt/rustwide/workdir" "-e" "CARGO_TARGET_DIR=/opt/rustwide/target" "-e" "CARGO_INCREMENTAL=0" "-e" "RUST_BACKTRACE=full" "-e" "RUSTFLAGS=--cap-lints=warn" "-e" "RUSTDOCFLAGS=--cap-lints=warn" "-e" "CARGO_HOME=/opt/rustwide/cargo-home" "-e" "RUSTUP_HOME=/opt/rustwide/rustup-home" "-w" "/opt/rustwide/workdir" "-m" "1610612736" "--user" "0:0" "--network" "none" "ghcr.io/rust-lang/crates-build-env/linux@sha256:2788e3201cd34a07e3172128adcd8b3090168a8e3bcc40d7c032b9dda1df7d1c" "/opt/rustwide/cargo-home/bin/cargo" "+beta-2023-12-22" "build" "--frozen" "--message-format=json", kill_on_drop: false }`
[INFO] [stdout] 9169fc991b3d4fb3cc6157510ed9b9d9eb0e83508e44517238dbd42ebddace16
[INFO] running `Command { std: "docker" "start" "-a" "9169fc991b3d4fb3cc6157510ed9b9d9eb0e83508e44517238dbd42ebddace16", kill_on_drop: false }`
[INFO] [stderr]    Compiling proc-macro2 v1.0.69
[INFO] [stderr]    Compiling libc v0.2.149
[INFO] [stderr]    Compiling unicode-ident v1.0.12
[INFO] [stderr]    Compiling pkg-config v0.3.27
[INFO] [stderr]    Compiling lock_api v0.4.10
[INFO] [stderr]    Compiling parking_lot_core v0.9.8
[INFO] [stderr]    Compiling vcpkg v0.2.15
[INFO] [stderr]    Compiling pin-project-lite v0.2.13
[INFO] [stderr]    Compiling scopeguard v1.2.0
[INFO] [stderr]    Compiling smallvec v1.11.1
[INFO] [stderr]    Compiling bytes v1.5.0
[INFO] [stderr]    Compiling itoa v1.0.9
[INFO] [stderr]    Compiling futures-task v0.3.28
[INFO] [stderr]    Compiling slab v0.4.9
[INFO] [stderr]    Compiling tracing-core v0.1.31
[INFO] [stderr]    Compiling quote v1.0.33
[INFO] [stderr]    Compiling indexmap v1.9.3
[INFO] [stderr]    Compiling syn v2.0.38
[INFO] [stderr]    Compiling cc v1.0.83
[INFO] [stderr]    Compiling signal-hook-registry v1.4.1
[INFO] [stderr]    Compiling num_cpus v1.16.0
[INFO] [stderr]    Compiling socket2 v0.5.4
[INFO] [stderr]    Compiling mio v0.8.8
[INFO] [stderr]    Compiling parking_lot v0.12.1
[INFO] [stderr]    Compiling foreign-types-shared v0.1.1
[INFO] [stderr]    Compiling fnv v1.0.7
[INFO] [stderr]    Compiling futures-util v0.3.28
[INFO] [stderr]    Compiling openssl v0.10.57
[INFO] [stderr]    Compiling http v0.2.9
[INFO] [stderr]    Compiling foreign-types v0.3.2
[INFO] [stderr]    Compiling tracing v0.1.37
[INFO] [stderr]    Compiling httparse v1.8.0
[INFO] [stderr]    Compiling hashbrown v0.12.3
[INFO] [stderr]    Compiling native-tls v0.2.11
[INFO] [stderr]    Compiling pin-utils v0.1.0
[INFO] [stderr]    Compiling futures-channel v0.3.28
[INFO] [stderr]    Compiling bitflags v2.4.0
[INFO] [stderr]    Compiling serde v1.0.189
[INFO] [stderr]    Compiling openssl-probe v0.1.5
[INFO] [stderr]    Compiling percent-encoding v2.3.0
[INFO] [stderr]    Compiling log v0.4.20
[INFO] [stderr]    Compiling openssl-sys v0.9.93
[INFO] [stderr]    Compiling try-lock v0.2.4
[INFO] [stderr]    Compiling http-body v0.4.5
[INFO] [stderr]    Compiling want v0.3.1
[INFO] [stderr]    Compiling form_urlencoded v1.2.0
[INFO] [stderr]    Compiling unicode-normalization v0.1.22
[INFO] [stderr]    Compiling socket2 v0.4.9
[INFO] [stderr]    Compiling unicode-bidi v0.3.13
[INFO] [stderr]    Compiling serde_json v1.0.107
[INFO] [stderr]    Compiling httpdate v1.0.3
[INFO] [stderr]    Compiling ryu v1.0.15
[INFO] [stderr]    Compiling tower-service v0.3.2
[INFO] [stderr]    Compiling idna v0.4.0
[INFO] [stderr]    Compiling anyhow v1.0.75
[INFO] [stderr]    Compiling encoding_rs v0.8.33
[INFO] [stderr]    Compiling base64 v0.21.4
[INFO] [stderr]    Compiling mime v0.3.17
[INFO] [stderr]    Compiling ipnet v2.8.0
[INFO] [stderr]    Compiling url v2.4.1
[INFO] [stderr]    Compiling tokio-macros v2.1.0
[INFO] [stderr]    Compiling openssl-macros v0.1.1
[INFO] [stderr]    Compiling serde_derive v1.0.189
[INFO] [stderr]    Compiling retrofit-derive v0.1.0 (/opt/rustwide/workdir/retrofit-derive)
[INFO] [stderr]    Compiling tokio v1.33.0
[INFO] [stderr]    Compiling tokio-util v0.7.9
[INFO] [stderr]    Compiling tokio-native-tls v0.3.1
[INFO] [stderr]    Compiling h2 v0.3.21
[INFO] [stderr]    Compiling serde_urlencoded v0.7.1
[INFO] [stderr]    Compiling hyper v0.14.27
[INFO] [stderr]    Compiling hyper-tls v0.5.0
[INFO] [stderr]    Compiling reqwest v0.11.22
[INFO] [stderr]    Compiling retrofit-core v0.1.0 (/opt/rustwide/workdir/retrofit-core)
[INFO] [stderr]    Compiling retrofit v0.1.0 (/opt/rustwide/workdir/retrofit)
[INFO] [stderr]     Finished dev [unoptimized + debuginfo] target(s) in 15.70s
[INFO] running `Command { std: "docker" "inspect" "9169fc991b3d4fb3cc6157510ed9b9d9eb0e83508e44517238dbd42ebddace16", kill_on_drop: false }`
[INFO] running `Command { std: "docker" "rm" "-f" "9169fc991b3d4fb3cc6157510ed9b9d9eb0e83508e44517238dbd42ebddace16", kill_on_drop: false }`
[INFO] [stdout] 9169fc991b3d4fb3cc6157510ed9b9d9eb0e83508e44517238dbd42ebddace16
[INFO] running `Command { std: "docker" "create" "-v" "/var/lib/crater-agent-workspace/builds/worker-7-tc2/target:/opt/rustwide/target:rw,Z" "-v" "/var/lib/crater-agent-workspace/builds/worker-7-tc2/source:/opt/rustwide/workdir:ro,Z" "-v" "/var/lib/crater-agent-workspace/cargo-home:/opt/rustwide/cargo-home:ro,Z" "-v" "/var/lib/crater-agent-workspace/rustup-home:/opt/rustwide/rustup-home:ro,Z" "-e" "SOURCE_DIR=/opt/rustwide/workdir" "-e" "CARGO_TARGET_DIR=/opt/rustwide/target" "-e" "CARGO_INCREMENTAL=0" "-e" "RUST_BACKTRACE=full" "-e" "RUSTFLAGS=--cap-lints=warn" "-e" "RUSTDOCFLAGS=--cap-lints=warn" "-e" "CARGO_HOME=/opt/rustwide/cargo-home" "-e" "RUSTUP_HOME=/opt/rustwide/rustup-home" "-w" "/opt/rustwide/workdir" "-m" "1610612736" "--user" "0:0" "--network" "none" "ghcr.io/rust-lang/crates-build-env/linux@sha256:2788e3201cd34a07e3172128adcd8b3090168a8e3bcc40d7c032b9dda1df7d1c" "/opt/rustwide/cargo-home/bin/cargo" "+beta-2023-12-22" "test" "--frozen" "--no-run" "--message-format=json", kill_on_drop: false }`
[INFO] [stdout] 9c7a9ab8df6260fe30b3582195f01377fb6466bc5b1f1d029c2492df599bdc6d
[INFO] running `Command { std: "docker" "start" "-a" "9c7a9ab8df6260fe30b3582195f01377fb6466bc5b1f1d029c2492df599bdc6d", kill_on_drop: false }`
[INFO] [stderr]    Compiling retrofit-derive v0.1.0 (/opt/rustwide/workdir/retrofit-derive)
[INFO] [stderr]    Compiling retrofit-core v0.1.0 (/opt/rustwide/workdir/retrofit-core)
[INFO] [stderr]    Compiling retrofit v0.1.0 (/opt/rustwide/workdir/retrofit)
[INFO] [stderr]     Finished test [unoptimized + debuginfo] target(s) in 2.10s
[INFO] running `Command { std: "docker" "inspect" "9c7a9ab8df6260fe30b3582195f01377fb6466bc5b1f1d029c2492df599bdc6d", kill_on_drop: false }`
[INFO] running `Command { std: "docker" "rm" "-f" "9c7a9ab8df6260fe30b3582195f01377fb6466bc5b1f1d029c2492df599bdc6d", kill_on_drop: false }`
[INFO] [stdout] 9c7a9ab8df6260fe30b3582195f01377fb6466bc5b1f1d029c2492df599bdc6d
[INFO] running `Command { std: "docker" "create" "-v" "/var/lib/crater-agent-workspace/builds/worker-7-tc2/target:/opt/rustwide/target:rw,Z" "-v" "/var/lib/crater-agent-workspace/builds/worker-7-tc2/source:/opt/rustwide/workdir:ro,Z" "-v" "/var/lib/crater-agent-workspace/cargo-home:/opt/rustwide/cargo-home:ro,Z" "-v" "/var/lib/crater-agent-workspace/rustup-home:/opt/rustwide/rustup-home:ro,Z" "-e" "SOURCE_DIR=/opt/rustwide/workdir" "-e" "CARGO_TARGET_DIR=/opt/rustwide/target" "-e" "CARGO_INCREMENTAL=0" "-e" "RUST_BACKTRACE=full" "-e" "RUSTFLAGS=--cap-lints=warn" "-e" "RUSTDOCFLAGS=--cap-lints=warn" "-e" "CARGO_HOME=/opt/rustwide/cargo-home" "-e" "RUSTUP_HOME=/opt/rustwide/rustup-home" "-w" "/opt/rustwide/workdir" "-m" "1610612736" "--user" "0:0" "--network" "none" "ghcr.io/rust-lang/crates-build-env/linux@sha256:2788e3201cd34a07e3172128adcd8b3090168a8e3bcc40d7c032b9dda1df7d1c" "/opt/rustwide/cargo-home/bin/cargo" "+beta-2023-12-22" "test" "--frozen", kill_on_drop: false }`
[INFO] [stdout] d6e8f9cf2238018d97056eb262cb2b717c4f6ade53d3fa15504c7d71968f15b9
[INFO] running `Command { std: "docker" "start" "-a" "d6e8f9cf2238018d97056eb262cb2b717c4f6ade53d3fa15504c7d71968f15b9", kill_on_drop: false }`
[INFO] [stderr]     Finished test [unoptimized + debuginfo] target(s) in 0.06s
[INFO] [stderr]      Running unittests src/main.rs (/opt/rustwide/target/debug/deps/retrofit-f381fb1be6a774d8)
[INFO] [stdout] 
[INFO] [stdout] running 0 tests
[INFO] [stdout] 
[INFO] [stdout] test result: ok. 0 passed; 0 failed; 0 ignored; 0 measured; 0 filtered out; finished in 0.00s
[INFO] [stdout] 
[INFO] [stderr]      Running unittests src/lib.rs (/opt/rustwide/target/debug/deps/retrofit_core-19e174ece173dc82)
[INFO] [stdout] 
[INFO] [stdout] running 0 tests
[INFO] [stdout] 
[INFO] [stdout] test result: ok. 0 passed; 0 failed; 0 ignored; 0 measured; 0 filtered out; finished in 0.00s
[INFO] [stdout] 
[INFO] [stderr]      Running unittests src/lib.rs (/opt/rustwide/target/debug/deps/retrofit_derive-b7eca426f0ad8a39)
[INFO] [stdout] 
[INFO] [stdout] running 1 test
[INFO] [stdout] test ttt::test_impl ... ok
[INFO] [stdout] 
[INFO] [stdout] test result: ok. 1 passed; 0 failed; 0 ignored; 0 measured; 0 filtered out; finished in 0.00s
[INFO] [stdout] 
[INFO] [stderr]    Doc-tests retrofit-core
[INFO] [stdout] 
[INFO] [stdout] running 0 tests
[INFO] [stdout] 
[INFO] [stdout] test result: ok. 0 passed; 0 failed; 0 ignored; 0 measured; 0 filtered out; finished in 0.01s
[INFO] [stdout] 
[INFO] [stderr]    Doc-tests retrofit-derive
[INFO] [stdout] 
[INFO] [stdout] running 5 tests
[INFO] [stdout] test retrofit-derive/src/ttt.rs - ttt::TraitAttrInfo (line 532) ... FAILED
[INFO] [stdout] test retrofit-derive/src/ttt.rs - ttt::TraitAttrInfo (line 524) ... FAILED
[INFO] [stdout] test retrofit-derive/src/ttt.rs - ttt::MethodAttrInfo (line 58) ... FAILED
[INFO] [stdout] test retrofit-derive/src/ttt.rs - ttt::TraitAttrInfo (line 540) ... FAILED
[INFO] [stdout] test retrofit-derive/src/ttt.rs - ttt::ArgAttrInfo (line 159) ... FAILED
[INFO] [stdout] 
[INFO] [stdout] failures:
[INFO] [stdout] 
[INFO] [stdout] ---- retrofit-derive/src/ttt.rs - ttt::TraitAttrInfo (line 532) stdout ----
[INFO] [stdout] error: allow, cfg, cfg_attr, deny, expect, forbid, and warn are the only allowed built-in attributes in function parameters
[INFO] [stdout]  --> retrofit-derive/src/ttt.rs:536:28
[INFO] [stdout]   |
[INFO] [stdout] 6 |    async fn exmaple(&self, #[path("id")] id: u32) -> Result<(), Error>;
[INFO] [stdout]   |                            ^^^^^^^^^^^^^
[INFO] [stdout] 
[INFO] [stdout] error: malformed `path` attribute input
[INFO] [stdout]  --> retrofit-derive/src/ttt.rs:536:28
[INFO] [stdout]   |
[INFO] [stdout] 6 |    async fn exmaple(&self, #[path("id")] id: u32) -> Result<(), Error>;
[INFO] [stdout]   |                            ^^^^^^^^^^^^^ help: must be of the form: `#[path = "file"]`
[INFO] [stdout] 
[INFO] [stdout] error: cannot find attribute `async_trait` in this scope
[INFO] [stdout]  --> retrofit-derive/src/ttt.rs:533:3
[INFO] [stdout]   |
[INFO] [stdout] 3 | #[async_trait]
[INFO] [stdout]   |   ^^^^^^^^^^^
[INFO] [stdout] 
[INFO] [stdout] error: cannot find attribute `get` in this scope
[INFO] [stdout]  --> retrofit-derive/src/ttt.rs:535:6
[INFO] [stdout]   |
[INFO] [stdout] 5 |    #[get("/user/{id}")]
[INFO] [stdout]   |      ^^^
[INFO] [stdout] 
[INFO] [stdout] error[E0412]: cannot find type `Error` in this scope
[INFO] [stdout]  --> retrofit-derive/src/ttt.rs:536:65
[INFO] [stdout]   |
[INFO] [stdout] 6 |    async fn exmaple(&self, #[path("id")] id: u32) -> Result<(), Error>;
[INFO] [stdout]   |                                                                 ^^^^^ not found in this scope
[INFO] [stdout]   |
[INFO] [stdout] help: consider importing one of these items
[INFO] [stdout]   |
[INFO] [stdout] 2 + use core::error::Error;
[INFO] [stdout]   |
[INFO] [stdout] 2 + use core::fmt::Error;
[INFO] [stdout]   |
[INFO] [stdout] 2 + use std::error::Error;
[INFO] [stdout]   |
[INFO] [stdout] 2 + use std::fmt::Error;
[INFO] [stdout]   |
[INFO] [stdout]     and 2 other candidates
[INFO] [stdout] 
[INFO] [stdout] error: aborting due to 5 previous errors
[INFO] [stdout] 
[INFO] [stdout] For more information about this error, try `rustc --explain E0412`.
[INFO] [stdout] Couldn't compile the test.
[INFO] [stdout] ---- retrofit-derive/src/ttt.rs - ttt::TraitAttrInfo (line 524) stdout ----
[INFO] [stdout] error: allow, cfg, cfg_attr, deny, expect, forbid, and warn are the only allowed built-in attributes in function parameters
[INFO] [stdout]  --> retrofit-derive/src/ttt.rs:528:28
[INFO] [stdout]   |
[INFO] [stdout] 6 |    async fn exmaple(&self, #[path("id")] id: u32) -> Result<(), Error>;
[INFO] [stdout]   |                            ^^^^^^^^^^^^^
[INFO] [stdout] 
[INFO] [stdout] error: malformed `path` attribute input
[INFO] [stdout]  --> retrofit-derive/src/ttt.rs:528:28
[INFO] [stdout]   |
[INFO] [stdout] 6 |    async fn exmaple(&self, #[path("id")] id: u32) -> Result<(), Error>;
[INFO] [stdout]   |                            ^^^^^^^^^^^^^ help: must be of the form: `#[path = "file"]`
[INFO] [stdout] 
[INFO] [stdout] error: cannot find attribute `async_fn_in_trait` in this scope
[INFO] [stdout]  --> retrofit-derive/src/ttt.rs:525:3
[INFO] [stdout]   |
[INFO] [stdout] 3 | #[async_fn_in_trait]
[INFO] [stdout]   |   ^^^^^^^^^^^^^^^^^
[INFO] [stdout] 
[INFO] [stdout] error: cannot find attribute `get` in this scope
[INFO] [stdout]  --> retrofit-derive/src/ttt.rs:527:6
[INFO] [stdout]   |
[INFO] [stdout] 5 |    #[get("/user/{id}")]
[INFO] [stdout]   |      ^^^
[INFO] [stdout] 
[INFO] [stdout] error[E0412]: cannot find type `Error` in this scope
[INFO] [stdout]  --> retrofit-derive/src/ttt.rs:528:65
[INFO] [stdout]   |
[INFO] [stdout] 6 |    async fn exmaple(&self, #[path("id")] id: u32) -> Result<(), Error>;
[INFO] [stdout]   |                                                                 ^^^^^ not found in this scope
[INFO] [stdout]   |
[INFO] [stdout] help: consider importing one of these items
[INFO] [stdout]   |
[INFO] [stdout] 2 + use core::error::Error;
[INFO] [stdout]   |
[INFO] [stdout] 2 + use core::fmt::Error;
[INFO] [stdout]   |
[INFO] [stdout] 2 + use std::error::Error;
[INFO] [stdout]   |
[INFO] [stdout] 2 + use std::fmt::Error;
[INFO] [stdout]   |
[INFO] [stdout]     and 2 other candidates
[INFO] [stdout] 
[INFO] [stdout] error: aborting due to 5 previous errors
[INFO] [stdout] 
[INFO] [stdout] For more information about this error, try `rustc --explain E0412`.
[INFO] [stdout] Couldn't compile the test.
[INFO] [stdout] ---- retrofit-derive/src/ttt.rs - ttt::MethodAttrInfo (line 58) stdout ----
[INFO] [stdout] error: free function without a body
[INFO] [stdout]  --> retrofit-derive/src/ttt.rs:61:1
[INFO] [stdout]   |
[INFO] [stdout] 5 | fn get_user(&self, id: u32) -> Result<User, Error>;
[INFO] [stdout]   | ^^^^^^^^^^^^^^^^^^^^^^^^^^^^^^^^^^^^^^^^^^^^^^^^^^-
[INFO] [stdout]   |                                                   |
[INFO] [stdout]   |                                                   help: provide a definition for the function: `{ <body> }`
[INFO] [stdout] 
[INFO] [stdout] error: `self` parameter is only allowed in associated functions
[INFO] [stdout]  --> retrofit-derive/src/ttt.rs:61:13
[INFO] [stdout]   |
[INFO] [stdout] 5 | fn get_user(&self, id: u32) -> Result<User, Error>;
[INFO] [stdout]   |             ^^^^^ not semantically valid as function parameter
[INFO] [stdout]   |
[INFO] [stdout]   = note: associated functions are those in `impl` or `trait` definitions
[INFO] [stdout] 
[INFO] [stdout] error: cannot find attribute `get` in this scope
[INFO] [stdout]  --> retrofit-derive/src/ttt.rs:59:3
[INFO] [stdout]   |
[INFO] [stdout] 3 | #[get("/user/{id}")]
[INFO] [stdout]   |   ^^^
[INFO] [stdout] 
[INFO] [stdout] error: cannot find attribute `header` in this scope
[INFO] [stdout]  --> retrofit-derive/src/ttt.rs:60:3
[INFO] [stdout]   |
[INFO] [stdout] 4 | #[header("Content-Type", "application/json")]
[INFO] [stdout]   |   ^^^^^^
[INFO] [stdout] 
[INFO] [stdout] error[E0412]: cannot find type `User` in this scope
[INFO] [stdout]  --> retrofit-derive/src/ttt.rs:61:39
[INFO] [stdout]   |
[INFO] [stdout] 5 | fn get_user(&self, id: u32) -> Result<User, Error>;
[INFO] [stdout]   |                                       ^^^^ not found in this scope
[INFO] [stdout]   |
[INFO] [stdout] help: you might be missing a type parameter
[INFO] [stdout]   |
[INFO] [stdout] 5 | fn get_user<User>(&self, id: u32) -> Result<User, Error>;
[INFO] [stdout]   |            ++++++
[INFO] [stdout] 
[INFO] [stdout] error[E0412]: cannot find type `Error` in this scope
[INFO] [stdout]  --> retrofit-derive/src/ttt.rs:61:45
[INFO] [stdout]   |
[INFO] [stdout] 5 | fn get_user(&self, id: u32) -> Result<User, Error>;
[INFO] [stdout]   |                                             ^^^^^ not found in this scope
[INFO] [stdout]   |
[INFO] [stdout] help: consider importing one of these items
[INFO] [stdout]   |
[INFO] [stdout] 2 + use core::error::Error;
[INFO] [stdout]   |
[INFO] [stdout] 2 + use core::fmt::Error;
[INFO] [stdout]   |
[INFO] [stdout] 2 + use std::error::Error;
[INFO] [stdout]   |
[INFO] [stdout] 2 + use std::fmt::Error;
[INFO] [stdout]   |
[INFO] [stdout]     and 2 other candidates
[INFO] [stdout] 
[INFO] [stdout] error: aborting due to 6 previous errors
[INFO] [stdout] 
[INFO] [stdout] For more information about this error, try `rustc --explain E0412`.
[INFO] [stdout] Couldn't compile the test.
[INFO] [stdout] ---- retrofit-derive/src/ttt.rs - ttt::TraitAttrInfo (line 540) stdout ----
[INFO] [stdout] error: allow, cfg, cfg_attr, deny, expect, forbid, and warn are the only allowed built-in attributes in function parameters
[INFO] [stdout]  --> retrofit-derive/src/ttt.rs:543:28
[INFO] [stdout]   |
[INFO] [stdout] 5 |    async fn exmaple(&self, #[path("id")] id: u32) -> Result<(), Error>;
[INFO] [stdout]   |                            ^^^^^^^^^^^^^
[INFO] [stdout] 
[INFO] [stdout] error: malformed `path` attribute input
[INFO] [stdout]  --> retrofit-derive/src/ttt.rs:543:28
[INFO] [stdout]   |
[INFO] [stdout] 5 |    async fn exmaple(&self, #[path("id")] id: u32) -> Result<(), Error>;
[INFO] [stdout]   |                            ^^^^^^^^^^^^^ help: must be of the form: `#[path = "file"]`
[INFO] [stdout] 
[INFO] [stdout] error: cannot find attribute `get` in this scope
[INFO] [stdout]  --> retrofit-derive/src/ttt.rs:542:6
[INFO] [stdout]   |
[INFO] [stdout] 4 |    #[get("/user/{id}")]
[INFO] [stdout]   |      ^^^
[INFO] [stdout] 
[INFO] [stdout] error[E0412]: cannot find type `Error` in this scope
[INFO] [stdout]  --> retrofit-derive/src/ttt.rs:543:65
[INFO] [stdout]   |
[INFO] [stdout] 5 |    async fn exmaple(&self, #[path("id")] id: u32) -> Result<(), Error>;
[INFO] [stdout]   |                                                                 ^^^^^ not found in this scope
[INFO] [stdout]   |
[INFO] [stdout] help: consider importing one of these items
[INFO] [stdout]   |
[INFO] [stdout] 2 + use core::error::Error;
[INFO] [stdout]   |
[INFO] [stdout] 2 + use core::fmt::Error;
[INFO] [stdout]   |
[INFO] [stdout] 2 + use std::error::Error;
[INFO] [stdout]   |
[INFO] [stdout] 2 + use std::fmt::Error;
[INFO] [stdout]   |
[INFO] [stdout]     and 2 other candidates
[INFO] [stdout] 
[INFO] [stdout] error: aborting due to 4 previous errors
[INFO] [stdout] 
[INFO] [stdout] For more information about this error, try `rustc --explain E0412`.
[INFO] [stdout] Couldn't compile the test.
[INFO] [stdout] ---- retrofit-derive/src/ttt.rs - ttt::ArgAttrInfo (line 159) stdout ----
[INFO] [stdout] error: free function without a body
[INFO] [stdout]   --> retrofit-derive/src/ttt.rs:160:1
[INFO] [stdout]    |
[INFO] [stdout] 3  | / fn exmaple(
[INFO] [stdout] 4  | |     &self,
[INFO] [stdout] 5  | |     #[qurey("name")] name: String,
[INFO] [stdout] 6  | |     #[query_map] query: QueryUser,
[INFO] [stdout] ...  |
[INFO] [stdout] 11 | |     #[header_map] headers: HeaderUser
[INFO] [stdout] 12 | | ) -> Result<(), Error>;
[INFO] [stdout]    | |                       ^ help: provide a definition for the function: `{ <body> }`
[INFO] [stdout]    | |_______________________|
[INFO] [stdout]    | 
[INFO] [stdout] 
[INFO] [stdout] error: allow, cfg, cfg_attr, deny, expect, forbid, and warn are the only allowed built-in attributes in function parameters
[INFO] [stdout]  --> retrofit-derive/src/ttt.rs:166:5
[INFO] [stdout]   |
[INFO] [stdout] 9 |     #[path("id")] id: u32,
[INFO] [stdout]   |     ^^^^^^^^^^^^^
[INFO] [stdout] 
[INFO] [stdout] error: `self` parameter is only allowed in associated functions
[INFO] [stdout]  --> retrofit-derive/src/ttt.rs:161:5
[INFO] [stdout]   |
[INFO] [stdout] 4 |     &self,
[INFO] [stdout]   |     ^^^^^ not semantically valid as function parameter
[INFO] [stdout]   |
[INFO] [stdout]   = note: associated functions are those in `impl` or `trait` definitions
[INFO] [stdout] 
[INFO] [stdout] error: malformed `path` attribute input
[INFO] [stdout]  --> retrofit-derive/src/ttt.rs:166:5
[INFO] [stdout]   |
[INFO] [stdout] 9 |     #[path("id")] id: u32,
[INFO] [stdout]   |     ^^^^^^^^^^^^^ help: must be of the form: `#[path = "file"]`
[INFO] [stdout] 
[INFO] [stdout] error: cannot find attribute `qurey` in this scope
[INFO] [stdout]  --> retrofit-derive/src/ttt.rs:162:7
[INFO] [stdout]   |
[INFO] [stdout] 5 |     #[qurey("name")] name: String,
[INFO] [stdout]   |       ^^^^^
[INFO] [stdout] 
[INFO] [stdout] error: cannot find attribute `query_map` in this scope
[INFO] [stdout]  --> retrofit-derive/src/ttt.rs:163:7
[INFO] [stdout]   |
[INFO] [stdout] 6 |     #[query_map] query: QueryUser,
[INFO] [stdout]   |       ^^^^^^^^^
[INFO] [stdout] 
[INFO] [stdout] error: cannot find attribute `json` in this scope
[INFO] [stdout]  --> retrofit-derive/src/ttt.rs:164:7
[INFO] [stdout]   |
[INFO] [stdout] 7 |     #[json] json: JsonUser,
[INFO] [stdout]   |       ^^^^
[INFO] [stdout] 
[INFO] [stdout] error: cannot find attribute `form` in this scope
[INFO] [stdout]  --> retrofit-derive/src/ttt.rs:165:7
[INFO] [stdout]   |
[INFO] [stdout] 8 |     #[form] form: FormUser,
[INFO] [stdout]   |       ^^^^
[INFO] [stdout] 
[INFO] [stdout] error: cannot find attribute `header` in this scope
[INFO] [stdout]   --> retrofit-derive/src/ttt.rs:167:7
[INFO] [stdout]    |
[INFO] [stdout] 10 |     #[header("Content-Type")] content_type: String,
[INFO] [stdout]    |       ^^^^^^
[INFO] [stdout] 
[INFO] [stdout] error: cannot find attribute `header_map` in this scope
[INFO] [stdout]   --> retrofit-derive/src/ttt.rs:168:7
[INFO] [stdout]    |
[INFO] [stdout] 11 |     #[header_map] headers: HeaderUser
[INFO] [stdout]    |       ^^^^^^^^^^
[INFO] [stdout] 
[INFO] [stdout] error[E0412]: cannot find type `QueryUser` in this scope
[INFO] [stdout]  --> retrofit-derive/src/ttt.rs:163:25
[INFO] [stdout]   |
[INFO] [stdout] 6 |     #[query_map] query: QueryUser,
[INFO] [stdout]   |                         ^^^^^^^^^ not found in this scope
[INFO] [stdout] 
[INFO] [stdout] error[E0412]: cannot find type `JsonUser` in this scope
[INFO] [stdout]  --> retrofit-derive/src/ttt.rs:164:19
[INFO] [stdout]   |
[INFO] [stdout] 7 |     #[json] json: JsonUser,
[INFO] [stdout]   |                   ^^^^^^^^ not found in this scope
[INFO] [stdout] 
[INFO] [stdout] error[E0412]: cannot find type `FormUser` in this scope
[INFO] [stdout]  --> retrofit-derive/src/ttt.rs:165:19
[INFO] [stdout]   |
[INFO] [stdout] 8 |     #[form] form: FormUser,
[INFO] [stdout]   |                   ^^^^^^^^ not found in this scope
[INFO] [stdout] 
[INFO] [stdout] error[E0412]: cannot find type `HeaderUser` in this scope
[INFO] [stdout]   --> retrofit-derive/src/ttt.rs:168:28
[INFO] [stdout]    |
[INFO] [stdout] 11 |     #[header_map] headers: HeaderUser
[INFO] [stdout]    |                            ^^^^^^^^^^ not found in this scope
[INFO] [stdout] 
[INFO] [stdout] error[E0412]: cannot find type `Error` in this scope
[INFO] [stdout]   --> retrofit-derive/src/ttt.rs:169:17
[INFO] [stdout]    |
[INFO] [stdout] 12 | ) -> Result<(), Error>;
[INFO] [stdout]    |                 ^^^^^ not found in this scope
[INFO] [stdout]    |
[INFO] [stdout] help: consider importing one of these items
[INFO] [stdout]    |
[INFO] [stdout] 2  + use core::error::Error;
[INFO] [stdout]    |
[INFO] [stdout] 2  + use core::fmt::Error;
[INFO] [stdout]    |
[INFO] [stdout] 2  + use std::error::Error;
[INFO] [stdout]    |
[INFO] [stdout] 2  + use std::fmt::Error;
[INFO] [stdout]    |
[INFO] [stdout]      and 2 other candidates
[INFO] [stdout] 
[INFO] [stdout] error: aborting due to 15 previous errors
[INFO] [stdout] 
[INFO] [stdout] For more information about this error, try `rustc --explain E0412`.
[INFO] [stdout] Couldn't compile the test.
[INFO] [stdout] 
[INFO] [stdout] failures:
[INFO] [stdout]     retrofit-derive/src/ttt.rs - ttt::ArgAttrInfo (line 159)
[INFO] [stdout]     retrofit-derive/src/ttt.rs - ttt::MethodAttrInfo (line 58)
[INFO] [stdout]     retrofit-derive/src/ttt.rs - ttt::TraitAttrInfo (line 524)
[INFO] [stdout]     retrofit-derive/src/ttt.rs - ttt::TraitAttrInfo (line 532)
[INFO] [stdout]     retrofit-derive/src/ttt.rs - ttt::TraitAttrInfo (line 540)
[INFO] [stdout] 
[INFO] [stdout] test result: FAILED. 0 passed; 5 failed; 0 ignored; 0 measured; 0 filtered out; finished in 0.10s
[INFO] [stdout] 
[INFO] [stderr] error: doctest failed, to rerun pass `-p retrofit-derive --doc`
[INFO] running `Command { std: "docker" "inspect" "d6e8f9cf2238018d97056eb262cb2b717c4f6ade53d3fa15504c7d71968f15b9", kill_on_drop: false }`
[INFO] running `Command { std: "docker" "rm" "-f" "d6e8f9cf2238018d97056eb262cb2b717c4f6ade53d3fa15504c7d71968f15b9", kill_on_drop: false }`
[INFO] [stdout] d6e8f9cf2238018d97056eb262cb2b717c4f6ade53d3fa15504c7d71968f15b9
