[INFO] cloning repository https://github.com/hwoongkang/advent_of_code_2023
[INFO] running `Command { std: "git" "-c" "credential.helper=" "-c" "credential.helper=/workspace/cargo-home/bin/git-credential-null" "clone" "--bare" "https://github.com/hwoongkang/advent_of_code_2023" "/workspace/cache/git-repos/https%3A%2F%2Fgithub.com%2Fhwoongkang%2Fadvent_of_code_2023", kill_on_drop: false }`
[INFO] [stderr] Cloning into bare repository '/workspace/cache/git-repos/https%3A%2F%2Fgithub.com%2Fhwoongkang%2Fadvent_of_code_2023'...
[INFO] running `Command { std: "git" "rev-parse" "HEAD", kill_on_drop: false }`
[INFO] [stdout] f509586a430e362ad1ef23a3038741dab4d51d68
[INFO] testing hwoongkang/advent_of_code_2023 against 1.75.0 for beta-1.76-1
[INFO] running `Command { std: "git" "clone" "/workspace/cache/git-repos/https%3A%2F%2Fgithub.com%2Fhwoongkang%2Fadvent_of_code_2023" "/workspace/builds/worker-4-tc1/source", kill_on_drop: false }`
[INFO] [stderr] Cloning into '/workspace/builds/worker-4-tc1/source'...
[INFO] [stderr] done.
[INFO] validating manifest of git repo https://github.com/hwoongkang/advent_of_code_2023 on toolchain 1.75.0
[INFO] running `Command { std: CARGO_HOME="/workspace/cargo-home" RUSTUP_HOME="/workspace/rustup-home" "/workspace/cargo-home/bin/cargo" "+1.75.0" "metadata" "--manifest-path" "Cargo.toml" "--no-deps", kill_on_drop: false }`
[INFO] started tweaking git repo https://github.com/hwoongkang/advent_of_code_2023
[INFO] finished tweaking git repo https://github.com/hwoongkang/advent_of_code_2023
[INFO] tweaked toml for git repo https://github.com/hwoongkang/advent_of_code_2023 written to /workspace/builds/worker-4-tc1/source/Cargo.toml
[INFO] crate git repo https://github.com/hwoongkang/advent_of_code_2023 already has a lockfile, it will not be regenerated
[INFO] running `Command { std: CARGO_HOME="/workspace/cargo-home" RUSTUP_HOME="/workspace/rustup-home" "/workspace/cargo-home/bin/cargo" "+1.75.0" "fetch" "--manifest-path" "Cargo.toml", kill_on_drop: false }`
[INFO] running `Command { std: "docker" "create" "-v" "/var/lib/crater-agent-workspace/builds/worker-4-tc1/target:/opt/rustwide/target:rw,Z" "-v" "/var/lib/crater-agent-workspace/builds/worker-4-tc1/source:/opt/rustwide/workdir:ro,Z" "-v" "/var/lib/crater-agent-workspace/cargo-home:/opt/rustwide/cargo-home:ro,Z" "-v" "/var/lib/crater-agent-workspace/rustup-home:/opt/rustwide/rustup-home:ro,Z" "-e" "SOURCE_DIR=/opt/rustwide/workdir" "-e" "CARGO_TARGET_DIR=/opt/rustwide/target" "-e" "CARGO_HOME=/opt/rustwide/cargo-home" "-e" "RUSTUP_HOME=/opt/rustwide/rustup-home" "-w" "/opt/rustwide/workdir" "-m" "1610612736" "--user" "0:0" "--network" "none" "ghcr.io/rust-lang/crates-build-env/linux@sha256:2788e3201cd34a07e3172128adcd8b3090168a8e3bcc40d7c032b9dda1df7d1c" "/opt/rustwide/cargo-home/bin/cargo" "+1.75.0" "metadata" "--no-deps" "--format-version=1", kill_on_drop: false }`
[INFO] [stdout] 99b0fc110e27976fc9cd92fde7aa694d1bbb363762e3e01985ba742c88182ba1
[INFO] running `Command { std: "docker" "start" "-a" "99b0fc110e27976fc9cd92fde7aa694d1bbb363762e3e01985ba742c88182ba1", kill_on_drop: false }`
[INFO] running `Command { std: "docker" "inspect" "99b0fc110e27976fc9cd92fde7aa694d1bbb363762e3e01985ba742c88182ba1", kill_on_drop: false }`
[INFO] running `Command { std: "docker" "rm" "-f" "99b0fc110e27976fc9cd92fde7aa694d1bbb363762e3e01985ba742c88182ba1", kill_on_drop: false }`
[INFO] [stdout] 99b0fc110e27976fc9cd92fde7aa694d1bbb363762e3e01985ba742c88182ba1
[INFO] running `Command { std: "docker" "create" "-v" "/var/lib/crater-agent-workspace/builds/worker-4-tc1/target:/opt/rustwide/target:rw,Z" "-v" "/var/lib/crater-agent-workspace/builds/worker-4-tc1/source:/opt/rustwide/workdir:ro,Z" "-v" "/var/lib/crater-agent-workspace/cargo-home:/opt/rustwide/cargo-home:ro,Z" "-v" "/var/lib/crater-agent-workspace/rustup-home:/opt/rustwide/rustup-home:ro,Z" "-e" "SOURCE_DIR=/opt/rustwide/workdir" "-e" "CARGO_TARGET_DIR=/opt/rustwide/target" "-e" "CARGO_INCREMENTAL=0" "-e" "RUST_BACKTRACE=full" "-e" "RUSTFLAGS=--cap-lints=warn" "-e" "RUSTDOCFLAGS=--cap-lints=warn" "-e" "CARGO_HOME=/opt/rustwide/cargo-home" "-e" "RUSTUP_HOME=/opt/rustwide/rustup-home" "-w" "/opt/rustwide/workdir" "-m" "1610612736" "--user" "0:0" "--network" "none" "ghcr.io/rust-lang/crates-build-env/linux@sha256:2788e3201cd34a07e3172128adcd8b3090168a8e3bcc40d7c032b9dda1df7d1c" "/opt/rustwide/cargo-home/bin/cargo" "+1.75.0" "build" "--frozen" "--message-format=json", kill_on_drop: false }`
[INFO] [stdout] 50c7e6d879c987033392db513134c6e01b7f801bc9943d771c850757670ec0bd
[INFO] running `Command { std: "docker" "start" "-a" "50c7e6d879c987033392db513134c6e01b7f801bc9943d771c850757670ec0bd", kill_on_drop: false }`
[INFO] [stderr]    Compiling adventofcode2023 v0.1.0 (/opt/rustwide/workdir)
[INFO] [stdout] warning: unused import: `day01::Day01`
[INFO] [stdout]  --> src/solutions.rs:8:9
[INFO] [stdout]   |
[INFO] [stdout] 8 | pub use day01::Day01;
[INFO] [stdout]   |         ^^^^^^^^^^^^
[INFO] [stdout]   |
[INFO] [stdout]   = note: `#[warn(unused_imports)]` on by default
[INFO] [stdout] 
[INFO] [stdout] 
[INFO] [stdout] warning: unused import: `day02::Day02`
[INFO] [stdout]   --> src/solutions.rs:10:9
[INFO] [stdout]    |
[INFO] [stdout] 10 | pub use day02::Day02;
[INFO] [stdout]    |         ^^^^^^^^^^^^
[INFO] [stdout] 
[INFO] [stdout] 
[INFO] [stdout] warning: unused import: `day03::Day03`
[INFO] [stdout]   --> src/solutions.rs:12:9
[INFO] [stdout]    |
[INFO] [stdout] 12 | pub use day03::Day03;
[INFO] [stdout]    |         ^^^^^^^^^^^^
[INFO] [stdout] 
[INFO] [stdout] 
[INFO] [stdout] warning: unused import: `day04::Day04`
[INFO] [stdout]   --> src/solutions.rs:14:9
[INFO] [stdout]    |
[INFO] [stdout] 14 | pub use day04::Day04;
[INFO] [stdout]    |         ^^^^^^^^^^^^
[INFO] [stdout] 
[INFO] [stdout] 
[INFO] [stdout] warning: unused import: `day05::Day05`
[INFO] [stdout]   --> src/solutions.rs:16:9
[INFO] [stdout]    |
[INFO] [stdout] 16 | pub use day05::Day05;
[INFO] [stdout]    |         ^^^^^^^^^^^^
[INFO] [stdout] 
[INFO] [stdout] 
[INFO] [stdout] warning: unused import: `day06::Day06`
[INFO] [stdout]   --> src/solutions.rs:18:9
[INFO] [stdout]    |
[INFO] [stdout] 18 | pub use day06::Day06;
[INFO] [stdout]    |         ^^^^^^^^^^^^
[INFO] [stdout] 
[INFO] [stdout] 
[INFO] [stdout] warning: unused import: `day07::Day07`
[INFO] [stdout]   --> src/solutions.rs:20:9
[INFO] [stdout]    |
[INFO] [stdout] 20 | pub use day07::Day07;
[INFO] [stdout]    |         ^^^^^^^^^^^^
[INFO] [stdout] 
[INFO] [stdout] 
[INFO] [stdout] warning: unused import: `day08::Day08`
[INFO] [stdout]   --> src/solutions.rs:22:9
[INFO] [stdout]    |
[INFO] [stdout] 22 | pub use day08::Day08;
[INFO] [stdout]    |         ^^^^^^^^^^^^
[INFO] [stdout] 
[INFO] [stdout] 
[INFO] [stdout] warning: unused import: `day09::Day09`
[INFO] [stdout]   --> src/solutions.rs:24:9
[INFO] [stdout]    |
[INFO] [stdout] 24 | pub use day09::Day09;
[INFO] [stdout]    |         ^^^^^^^^^^^^
[INFO] [stdout] 
[INFO] [stdout] 
[INFO] [stdout] warning: unused import: `day10::Day10`
[INFO] [stdout]   --> src/solutions.rs:26:9
[INFO] [stdout]    |
[INFO] [stdout] 26 | pub use day10::Day10;
[INFO] [stdout]    |         ^^^^^^^^^^^^
[INFO] [stdout] 
[INFO] [stdout] 
[INFO] [stdout] warning: unused import: `day11::Day11`
[INFO] [stdout]   --> src/solutions.rs:28:9
[INFO] [stdout]    |
[INFO] [stdout] 28 | pub use day11::Day11;
[INFO] [stdout]    |         ^^^^^^^^^^^^
[INFO] [stdout] 
[INFO] [stdout] 
[INFO] [stdout] warning: unused import: `day12::Day12`
[INFO] [stdout]   --> src/solutions.rs:30:9
[INFO] [stdout]    |
[INFO] [stdout] 30 | pub use day12::Day12;
[INFO] [stdout]    |         ^^^^^^^^^^^^
[INFO] [stdout] 
[INFO] [stdout] 
[INFO] [stdout] warning: unused import: `day13::Day13`
[INFO] [stdout]   --> src/solutions.rs:32:9
[INFO] [stdout]    |
[INFO] [stdout] 32 | pub use day13::Day13;
[INFO] [stdout]    |         ^^^^^^^^^^^^
[INFO] [stdout] 
[INFO] [stdout] 
[INFO] [stdout] warning: unused import: `day14::Day14`
[INFO] [stdout]   --> src/solutions.rs:34:9
[INFO] [stdout]    |
[INFO] [stdout] 34 | pub use day14::Day14;
[INFO] [stdout]    |         ^^^^^^^^^^^^
[INFO] [stdout] 
[INFO] [stdout] 
[INFO] [stdout] warning: unused import: `day15::Day15`
[INFO] [stdout]   --> src/solutions.rs:36:9
[INFO] [stdout]    |
[INFO] [stdout] 36 | pub use day15::Day15;
[INFO] [stdout]    |         ^^^^^^^^^^^^
[INFO] [stdout] 
[INFO] [stdout] 
[INFO] [stdout] warning: unused import: `day16::Day16`
[INFO] [stdout]   --> src/solutions.rs:38:9
[INFO] [stdout]    |
[INFO] [stdout] 38 | pub use day16::Day16;
[INFO] [stdout]    |         ^^^^^^^^^^^^
[INFO] [stdout] 
[INFO] [stdout] 
[INFO] [stdout] warning: unused import: `day17::Day17`
[INFO] [stdout]   --> src/solutions.rs:40:9
[INFO] [stdout]    |
[INFO] [stdout] 40 | pub use day17::Day17;
[INFO] [stdout]    |         ^^^^^^^^^^^^
[INFO] [stdout] 
[INFO] [stdout] 
[INFO] [stdout] warning: unused import: `day18::Day18`
[INFO] [stdout]   --> src/solutions.rs:42:9
[INFO] [stdout]    |
[INFO] [stdout] 42 | pub use day18::Day18;
[INFO] [stdout]    |         ^^^^^^^^^^^^
[INFO] [stdout] 
[INFO] [stdout] 
[INFO] [stdout] warning: unused import: `day19::Day19`
[INFO] [stdout]   --> src/solutions.rs:44:9
[INFO] [stdout]    |
[INFO] [stdout] 44 | pub use day19::Day19;
[INFO] [stdout]    |         ^^^^^^^^^^^^
[INFO] [stdout] 
[INFO] [stdout] 
[INFO] [stdout] warning: unused import: `day20::Day20`
[INFO] [stdout]   --> src/solutions.rs:46:9
[INFO] [stdout]    |
[INFO] [stdout] 46 | pub use day20::Day20;
[INFO] [stdout]    |         ^^^^^^^^^^^^
[INFO] [stdout] 
[INFO] [stdout] 
[INFO] [stdout] warning: unused import: `day21::Day21`
[INFO] [stdout]   --> src/solutions.rs:48:9
[INFO] [stdout]    |
[INFO] [stdout] 48 | pub use day21::Day21;
[INFO] [stdout]    |         ^^^^^^^^^^^^
[INFO] [stdout] 
[INFO] [stdout] 
[INFO] [stdout] warning: unused import: `day22::Day22`
[INFO] [stdout]   --> src/solutions.rs:50:9
[INFO] [stdout]    |
[INFO] [stdout] 50 | pub use day22::Day22;
[INFO] [stdout]    |         ^^^^^^^^^^^^
[INFO] [stdout] 
[INFO] [stdout] 
[INFO] [stdout] warning: unused import: `day23::Day23`
[INFO] [stdout]   --> src/solutions.rs:52:9
[INFO] [stdout]    |
[INFO] [stdout] 52 | pub use day23::Day23;
[INFO] [stdout]    |         ^^^^^^^^^^^^
[INFO] [stdout] 
[INFO] [stdout] 
[INFO] [stdout] warning: unused import: `day24::Day24`
[INFO] [stdout]   --> src/solutions.rs:54:9
[INFO] [stdout]    |
[INFO] [stdout] 54 | pub use day24::Day24;
[INFO] [stdout]    |         ^^^^^^^^^^^^
[INFO] [stdout] 
[INFO] [stdout] 
[INFO] [stdout] warning: 24 warnings emitted
[INFO] [stdout] 
[INFO] [stdout] 
[INFO] [stderr]     Finished dev [unoptimized + debuginfo] target(s) in 0.67s
[INFO] running `Command { std: "docker" "inspect" "50c7e6d879c987033392db513134c6e01b7f801bc9943d771c850757670ec0bd", kill_on_drop: false }`
[INFO] running `Command { std: "docker" "rm" "-f" "50c7e6d879c987033392db513134c6e01b7f801bc9943d771c850757670ec0bd", kill_on_drop: false }`
[INFO] [stdout] 50c7e6d879c987033392db513134c6e01b7f801bc9943d771c850757670ec0bd
[INFO] running `Command { std: "docker" "create" "-v" "/var/lib/crater-agent-workspace/builds/worker-4-tc1/target:/opt/rustwide/target:rw,Z" "-v" "/var/lib/crater-agent-workspace/builds/worker-4-tc1/source:/opt/rustwide/workdir:ro,Z" "-v" "/var/lib/crater-agent-workspace/cargo-home:/opt/rustwide/cargo-home:ro,Z" "-v" "/var/lib/crater-agent-workspace/rustup-home:/opt/rustwide/rustup-home:ro,Z" "-e" "SOURCE_DIR=/opt/rustwide/workdir" "-e" "CARGO_TARGET_DIR=/opt/rustwide/target" "-e" "CARGO_INCREMENTAL=0" "-e" "RUST_BACKTRACE=full" "-e" "RUSTFLAGS=--cap-lints=warn" "-e" "RUSTDOCFLAGS=--cap-lints=warn" "-e" "CARGO_HOME=/opt/rustwide/cargo-home" "-e" "RUSTUP_HOME=/opt/rustwide/rustup-home" "-w" "/opt/rustwide/workdir" "-m" "1610612736" "--user" "0:0" "--network" "none" "ghcr.io/rust-lang/crates-build-env/linux@sha256:2788e3201cd34a07e3172128adcd8b3090168a8e3bcc40d7c032b9dda1df7d1c" "/opt/rustwide/cargo-home/bin/cargo" "+1.75.0" "test" "--frozen" "--no-run" "--message-format=json", kill_on_drop: false }`
[INFO] [stdout] 13e6cdca1c945ca586b475a0539a4e6225d57465aa1fb87abed354fa8e6b1737
[INFO] running `Command { std: "docker" "start" "-a" "13e6cdca1c945ca586b475a0539a4e6225d57465aa1fb87abed354fa8e6b1737", kill_on_drop: false }`
[INFO] [stderr]    Compiling adventofcode2023 v0.1.0 (/opt/rustwide/workdir)
[INFO] [stdout] warning: unused import: `day01::Day01`
[INFO] [stdout]  --> src/solutions.rs:8:9
[INFO] [stdout]   |
[INFO] [stdout] 8 | pub use day01::Day01;
[INFO] [stdout]   |         ^^^^^^^^^^^^
[INFO] [stdout]   |
[INFO] [stdout]   = note: `#[warn(unused_imports)]` on by default
[INFO] [stdout] 
[INFO] [stdout] 
[INFO] [stdout] warning: unused import: `day02::Day02`
[INFO] [stdout]   --> src/solutions.rs:10:9
[INFO] [stdout]    |
[INFO] [stdout] 10 | pub use day02::Day02;
[INFO] [stdout]    |         ^^^^^^^^^^^^
[INFO] [stdout] 
[INFO] [stdout] 
[INFO] [stdout] warning: unused import: `day03::Day03`
[INFO] [stdout]   --> src/solutions.rs:12:9
[INFO] [stdout]    |
[INFO] [stdout] 12 | pub use day03::Day03;
[INFO] [stdout]    |         ^^^^^^^^^^^^
[INFO] [stdout] 
[INFO] [stdout] 
[INFO] [stdout] warning: unused import: `day04::Day04`
[INFO] [stdout]   --> src/solutions.rs:14:9
[INFO] [stdout]    |
[INFO] [stdout] 14 | pub use day04::Day04;
[INFO] [stdout]    |         ^^^^^^^^^^^^
[INFO] [stdout] 
[INFO] [stdout] 
[INFO] [stdout] warning: unused import: `day05::Day05`
[INFO] [stdout]   --> src/solutions.rs:16:9
[INFO] [stdout]    |
[INFO] [stdout] 16 | pub use day05::Day05;
[INFO] [stdout]    |         ^^^^^^^^^^^^
[INFO] [stdout] 
[INFO] [stdout] 
[INFO] [stdout] warning: unused import: `day06::Day06`
[INFO] [stdout]   --> src/solutions.rs:18:9
[INFO] [stdout]    |
[INFO] [stdout] 18 | pub use day06::Day06;
[INFO] [stdout]    |         ^^^^^^^^^^^^
[INFO] [stdout] 
[INFO] [stdout] 
[INFO] [stdout] warning: unused import: `day07::Day07`
[INFO] [stdout]   --> src/solutions.rs:20:9
[INFO] [stdout]    |
[INFO] [stdout] 20 | pub use day07::Day07;
[INFO] [stdout]    |         ^^^^^^^^^^^^
[INFO] [stdout] 
[INFO] [stdout] 
[INFO] [stdout] warning: unused import: `day08::Day08`
[INFO] [stdout]   --> src/solutions.rs:22:9
[INFO] [stdout]    |
[INFO] [stdout] 22 | pub use day08::Day08;
[INFO] [stdout]    |         ^^^^^^^^^^^^
[INFO] [stdout] 
[INFO] [stdout] 
[INFO] [stdout] warning: unused import: `day09::Day09`
[INFO] [stdout]   --> src/solutions.rs:24:9
[INFO] [stdout]    |
[INFO] [stdout] 24 | pub use day09::Day09;
[INFO] [stdout]    |         ^^^^^^^^^^^^
[INFO] [stdout] 
[INFO] [stdout] 
[INFO] [stdout] warning: unused import: `day10::Day10`
[INFO] [stdout]   --> src/solutions.rs:26:9
[INFO] [stdout]    |
[INFO] [stdout] 26 | pub use day10::Day10;
[INFO] [stdout]    |         ^^^^^^^^^^^^
[INFO] [stdout] 
[INFO] [stdout] 
[INFO] [stdout] warning: unused import: `day11::Day11`
[INFO] [stdout]   --> src/solutions.rs:28:9
[INFO] [stdout]    |
[INFO] [stdout] 28 | pub use day11::Day11;
[INFO] [stdout]    |         ^^^^^^^^^^^^
[INFO] [stdout] 
[INFO] [stdout] 
[INFO] [stdout] warning: unused import: `day12::Day12`
[INFO] [stdout]   --> src/solutions.rs:30:9
[INFO] [stdout]    |
[INFO] [stdout] 30 | pub use day12::Day12;
[INFO] [stdout]    |         ^^^^^^^^^^^^
[INFO] [stdout] 
[INFO] [stdout] 
[INFO] [stdout] warning: unused import: `day13::Day13`
[INFO] [stdout]   --> src/solutions.rs:32:9
[INFO] [stdout]    |
[INFO] [stdout] 32 | pub use day13::Day13;
[INFO] [stdout]    |         ^^^^^^^^^^^^
[INFO] [stdout] 
[INFO] [stdout] 
[INFO] [stdout] warning: unused import: `day14::Day14`
[INFO] [stdout]   --> src/solutions.rs:34:9
[INFO] [stdout]    |
[INFO] [stdout] 34 | pub use day14::Day14;
[INFO] [stdout]    |         ^^^^^^^^^^^^
[INFO] [stdout] 
[INFO] [stdout] 
[INFO] [stdout] warning: unused import: `day15::Day15`
[INFO] [stdout]   --> src/solutions.rs:36:9
[INFO] [stdout]    |
[INFO] [stdout] 36 | pub use day15::Day15;
[INFO] [stdout]    |         ^^^^^^^^^^^^
[INFO] [stdout] 
[INFO] [stdout] 
[INFO] [stdout] warning: unused import: `day16::Day16`
[INFO] [stdout]   --> src/solutions.rs:38:9
[INFO] [stdout]    |
[INFO] [stdout] 38 | pub use day16::Day16;
[INFO] [stdout]    |         ^^^^^^^^^^^^
[INFO] [stdout] 
[INFO] [stdout] 
[INFO] [stdout] warning: unused import: `day17::Day17`
[INFO] [stdout]   --> src/solutions.rs:40:9
[INFO] [stdout]    |
[INFO] [stdout] 40 | pub use day17::Day17;
[INFO] [stdout]    |         ^^^^^^^^^^^^
[INFO] [stdout] 
[INFO] [stdout] 
[INFO] [stdout] warning: unused import: `day18::Day18`
[INFO] [stdout]   --> src/solutions.rs:42:9
[INFO] [stdout]    |
[INFO] [stdout] 42 | pub use day18::Day18;
[INFO] [stdout]    |         ^^^^^^^^^^^^
[INFO] [stdout] 
[INFO] [stdout] 
[INFO] [stdout] warning: unused import: `day19::Day19`
[INFO] [stdout]   --> src/solutions.rs:44:9
[INFO] [stdout]    |
[INFO] [stdout] 44 | pub use day19::Day19;
[INFO] [stdout]    |         ^^^^^^^^^^^^
[INFO] [stdout] 
[INFO] [stdout] 
[INFO] [stdout] warning: unused import: `day20::Day20`
[INFO] [stdout]   --> src/solutions.rs:46:9
[INFO] [stdout]    |
[INFO] [stdout] 46 | pub use day20::Day20;
[INFO] [stdout]    |         ^^^^^^^^^^^^
[INFO] [stdout] 
[INFO] [stdout] 
[INFO] [stdout] warning: unused import: `day21::Day21`
[INFO] [stdout]   --> src/solutions.rs:48:9
[INFO] [stdout]    |
[INFO] [stdout] 48 | pub use day21::Day21;
[INFO] [stdout]    |         ^^^^^^^^^^^^
[INFO] [stdout] 
[INFO] [stdout] 
[INFO] [stdout] warning: unused import: `day22::Day22`
[INFO] [stdout]   --> src/solutions.rs:50:9
[INFO] [stdout]    |
[INFO] [stdout] 50 | pub use day22::Day22;
[INFO] [stdout]    |         ^^^^^^^^^^^^
[INFO] [stdout] 
[INFO] [stdout] 
[INFO] [stdout] warning: unused import: `day23::Day23`
[INFO] [stdout]   --> src/solutions.rs:52:9
[INFO] [stdout]    |
[INFO] [stdout] 52 | pub use day23::Day23;
[INFO] [stdout]    |         ^^^^^^^^^^^^
[INFO] [stdout] 
[INFO] [stdout] 
[INFO] [stdout] warning: unused import: `day24::Day24`
[INFO] [stdout]   --> src/solutions.rs:54:9
[INFO] [stdout]    |
[INFO] [stdout] 54 | pub use day24::Day24;
[INFO] [stdout]    |         ^^^^^^^^^^^^
[INFO] [stdout] 
[INFO] [stdout] 
[INFO] [stdout] warning: 24 warnings emitted
[INFO] [stdout] 
[INFO] [stdout] 
[INFO] [stderr]     Finished test [unoptimized + debuginfo] target(s) in 1.72s
[INFO] running `Command { std: "docker" "inspect" "13e6cdca1c945ca586b475a0539a4e6225d57465aa1fb87abed354fa8e6b1737", kill_on_drop: false }`
[INFO] running `Command { std: "docker" "rm" "-f" "13e6cdca1c945ca586b475a0539a4e6225d57465aa1fb87abed354fa8e6b1737", kill_on_drop: false }`
[INFO] [stdout] 13e6cdca1c945ca586b475a0539a4e6225d57465aa1fb87abed354fa8e6b1737
[INFO] running `Command { std: "docker" "create" "-v" "/var/lib/crater-agent-workspace/builds/worker-4-tc1/target:/opt/rustwide/target:rw,Z" "-v" "/var/lib/crater-agent-workspace/builds/worker-4-tc1/source:/opt/rustwide/workdir:ro,Z" "-v" "/var/lib/crater-agent-workspace/cargo-home:/opt/rustwide/cargo-home:ro,Z" "-v" "/var/lib/crater-agent-workspace/rustup-home:/opt/rustwide/rustup-home:ro,Z" "-e" "SOURCE_DIR=/opt/rustwide/workdir" "-e" "CARGO_TARGET_DIR=/opt/rustwide/target" "-e" "CARGO_INCREMENTAL=0" "-e" "RUST_BACKTRACE=full" "-e" "RUSTFLAGS=--cap-lints=warn" "-e" "RUSTDOCFLAGS=--cap-lints=warn" "-e" "CARGO_HOME=/opt/rustwide/cargo-home" "-e" "RUSTUP_HOME=/opt/rustwide/rustup-home" "-w" "/opt/rustwide/workdir" "-m" "1610612736" "--user" "0:0" "--network" "none" "ghcr.io/rust-lang/crates-build-env/linux@sha256:2788e3201cd34a07e3172128adcd8b3090168a8e3bcc40d7c032b9dda1df7d1c" "/opt/rustwide/cargo-home/bin/cargo" "+1.75.0" "test" "--frozen", kill_on_drop: false }`
[INFO] [stdout] af75876adae1f4d729da073495d6b07e5f803dce5f12ef1ead7be874e75bde61
[INFO] running `Command { std: "docker" "start" "-a" "af75876adae1f4d729da073495d6b07e5f803dce5f12ef1ead7be874e75bde61", kill_on_drop: false }`
[INFO] [stderr] warning: unused import: `day01::Day01`
[INFO] [stderr]  --> src/solutions.rs:8:9
[INFO] [stderr]   |
[INFO] [stderr] 8 | pub use day01::Day01;
[INFO] [stderr]   |         ^^^^^^^^^^^^
[INFO] [stderr]   |
[INFO] [stderr]   = note: `#[warn(unused_imports)]` on by default
[INFO] [stderr] 
[INFO] [stderr] warning: unused import: `day02::Day02`
[INFO] [stderr]   --> src/solutions.rs:10:9
[INFO] [stderr]    |
[INFO] [stderr] 10 | pub use day02::Day02;
[INFO] [stderr]    |         ^^^^^^^^^^^^
[INFO] [stderr] 
[INFO] [stderr] warning: unused import: `day03::Day03`
[INFO] [stderr]   --> src/solutions.rs:12:9
[INFO] [stderr]    |
[INFO] [stderr] 12 | pub use day03::Day03;
[INFO] [stderr]    |         ^^^^^^^^^^^^
[INFO] [stderr] 
[INFO] [stderr] warning: unused import: `day04::Day04`
[INFO] [stderr]   --> src/solutions.rs:14:9
[INFO] [stderr]    |
[INFO] [stderr] 14 | pub use day04::Day04;
[INFO] [stderr]    |         ^^^^^^^^^^^^
[INFO] [stderr] 
[INFO] [stderr] warning: unused import: `day05::Day05`
[INFO] [stderr]   --> src/solutions.rs:16:9
[INFO] [stderr]    |
[INFO] [stderr] 16 | pub use day05::Day05;
[INFO] [stderr]    |         ^^^^^^^^^^^^
[INFO] [stderr] 
[INFO] [stderr] warning: unused import: `day06::Day06`
[INFO] [stderr]   --> src/solutions.rs:18:9
[INFO] [stderr]    |
[INFO] [stderr] 18 | pub use day06::Day06;
[INFO] [stderr]    |         ^^^^^^^^^^^^
[INFO] [stderr] 
[INFO] [stderr] warning: unused import: `day07::Day07`
[INFO] [stderr]   --> src/solutions.rs:20:9
[INFO] [stderr]    |
[INFO] [stderr] 20 | pub use day07::Day07;
[INFO] [stderr]    |         ^^^^^^^^^^^^
[INFO] [stderr] 
[INFO] [stderr] warning: unused import: `day08::Day08`
[INFO] [stderr]   --> src/solutions.rs:22:9
[INFO] [stderr]    |
[INFO] [stderr] 22 | pub use day08::Day08;
[INFO] [stderr]    |         ^^^^^^^^^^^^
[INFO] [stderr] 
[INFO] [stderr] warning: unused import: `day09::Day09`
[INFO] [stderr]   --> src/solutions.rs:24:9
[INFO] [stderr]    |
[INFO] [stderr] 24 | pub use day09::Day09;
[INFO] [stderr]    |         ^^^^^^^^^^^^
[INFO] [stderr] 
[INFO] [stderr] warning: unused import: `day10::Day10`
[INFO] [stderr]   --> src/solutions.rs:26:9
[INFO] [stderr]    |
[INFO] [stderr] 26 | pub use day10::Day10;
[INFO] [stderr]    |         ^^^^^^^^^^^^
[INFO] [stderr] 
[INFO] [stderr] warning: unused import: `day11::Day11`
[INFO] [stderr]   --> src/solutions.rs:28:9
[INFO] [stderr]    |
[INFO] [stderr] 28 | pub use day11::Day11;
[INFO] [stderr]    |         ^^^^^^^^^^^^
[INFO] [stderr] 
[INFO] [stderr] warning: unused import: `day12::Day12`
[INFO] [stderr]   --> src/solutions.rs:30:9
[INFO] [stderr]    |
[INFO] [stderr] 30 | pub use day12::Day12;
[INFO] [stderr]    |         ^^^^^^^^^^^^
[INFO] [stderr] 
[INFO] [stderr] warning: unused import: `day13::Day13`
[INFO] [stderr]   --> src/solutions.rs:32:9
[INFO] [stderr]    |
[INFO] [stderr] 32 | pub use day13::Day13;
[INFO] [stderr]    |         ^^^^^^^^^^^^
[INFO] [stderr] 
[INFO] [stderr] warning: unused import: `day14::Day14`
[INFO] [stderr]   --> src/solutions.rs:34:9
[INFO] [stderr]    |
[INFO] [stderr] 34 | pub use day14::Day14;
[INFO] [stderr]    |         ^^^^^^^^^^^^
[INFO] [stderr] 
[INFO] [stderr] warning: unused import: `day15::Day15`
[INFO] [stderr]   --> src/solutions.rs:36:9
[INFO] [stderr]    |
[INFO] [stderr] 36 | pub use day15::Day15;
[INFO] [stderr]    |         ^^^^^^^^^^^^
[INFO] [stderr] 
[INFO] [stderr] warning: unused import: `day16::Day16`
[INFO] [stderr]   --> src/solutions.rs:38:9
[INFO] [stderr]    |
[INFO] [stderr] 38 | pub use day16::Day16;
[INFO] [stderr]    |         ^^^^^^^^^^^^
[INFO] [stderr] 
[INFO] [stderr] warning: unused import: `day17::Day17`
[INFO] [stderr]   --> src/solutions.rs:40:9
[INFO] [stderr]    |
[INFO] [stderr] 40 | pub use day17::Day17;
[INFO] [stderr]    |         ^^^^^^^^^^^^
[INFO] [stderr] 
[INFO] [stderr] warning: unused import: `day18::Day18`
[INFO] [stderr]   --> src/solutions.rs:42:9
[INFO] [stderr]    |
[INFO] [stderr] 42 | pub use day18::Day18;
[INFO] [stderr]    |         ^^^^^^^^^^^^
[INFO] [stderr] 
[INFO] [stderr] warning: unused import: `day19::Day19`
[INFO] [stderr]   --> src/solutions.rs:44:9
[INFO] [stderr]    |
[INFO] [stderr] 44 | pub use day19::Day19;
[INFO] [stderr]    |         ^^^^^^^^^^^^
[INFO] [stderr] 
[INFO] [stderr] warning: unused import: `day20::Day20`
[INFO] [stderr]   --> src/solutions.rs:46:9
[INFO] [stderr]    |
[INFO] [stderr] 46 | pub use day20::Day20;
[INFO] [stderr]    |         ^^^^^^^^^^^^
[INFO] [stderr] 
[INFO] [stderr] warning: unused import: `day21::Day21`
[INFO] [stderr]   --> src/solutions.rs:48:9
[INFO] [stderr]    |
[INFO] [stderr] 48 | pub use day21::Day21;
[INFO] [stderr]    |         ^^^^^^^^^^^^
[INFO] [stderr] 
[INFO] [stderr] warning: unused import: `day22::Day22`
[INFO] [stderr]   --> src/solutions.rs:50:9
[INFO] [stderr]    |
[INFO] [stderr] 50 | pub use day22::Day22;
[INFO] [stderr]    |         ^^^^^^^^^^^^
[INFO] [stderr] 
[INFO] [stderr] warning: unused import: `day23::Day23`
[INFO] [stderr]   --> src/solutions.rs:52:9
[INFO] [stderr]    |
[INFO] [stderr] 52 | pub use day23::Day23;
[INFO] [stderr]    |         ^^^^^^^^^^^^
[INFO] [stderr] 
[INFO] [stderr] warning: unused import: `day24::Day24`
[INFO] [stderr]   --> src/solutions.rs:54:9
[INFO] [stderr]    |
[INFO] [stderr] 54 | pub use day24::Day24;
[INFO] [stderr]    |         ^^^^^^^^^^^^
[INFO] [stderr] 
[INFO] [stderr] warning: `adventofcode2023` (bin "adventofcode2023" test) generated 24 warnings (run `cargo fix --bin "adventofcode2023" --tests` to apply 24 suggestions)
[INFO] [stderr]     Finished test [unoptimized + debuginfo] target(s) in 0.00s
[INFO] [stderr]      Running unittests src/main.rs (/opt/rustwide/target/debug/deps/adventofcode2023-5bad7cf9ffce090d)
[INFO] [stdout] 
[INFO] [stdout] running 66 tests
[INFO] [stdout] test solutions::day01::day01_tests::test_part_1 ... ok
[INFO] [stdout] test solutions::day01::day01_tests::test_part_2 ... ok
[INFO] [stdout] test solutions::day02::day02_tests::test_part_2 ... ok
[INFO] [stdout] test solutions::day02::day02_tests::test_part_1 ... ok
[INFO] [stdout] test solutions::day03::day03_tests::test_part_2 ... ok
[INFO] [stdout] test solutions::day03::day03_tests::test_part_1 ... ok
[INFO] [stdout] test solutions::day04::day04_tests::test_part_1 ... ok
[INFO] [stdout] test solutions::day04::day04_tests::test_part_2 ... ok
[INFO] [stdout] test solutions::day05::day05_tests::test_apply_to ... ok
[INFO] [stdout] test solutions::day05::day05_tests::test_part_1 ... ok
[INFO] [stdout] test solutions::day05::day05_tests::test_part_2 ... ok
[INFO] [stdout] test solutions::day05::day05_tests::test_slice ... ok
[INFO] [stdout] test solutions::day06::day06_tests::test_part_1 ... ok
[INFO] [stdout] test solutions::day06::day06_tests::test_part_2 ... ok
[INFO] [stdout] test solutions::day07::day07_tests::test_hand_with_joker ... ok
[INFO] [stdout] test solutions::day07::day07_tests::test_ordering_card ... ok
[INFO] [stdout] test solutions::day07::day07_tests::test_parse_camel_hand ... ok
[INFO] [stdout] test solutions::day07::day07_tests::test_part_1 ... ok
[INFO] [stdout] test solutions::day07::day07_tests::test_part_2 ... ok
[INFO] [stdout] test solutions::day08::day08_tests::test_part_1 ... ok
[INFO] [stdout] test solutions::day08::day08_tests::test_part_2 ... ok
[INFO] [stdout] test solutions::day09::day09_tests::test_part_2 ... ok
[INFO] [stdout] test solutions::day09::day09_tests::test_part_1 ... ok
[INFO] [stdout] test solutions::day10::day10_tests::test_part_1 ... ok
[INFO] [stdout] test solutions::day10::day10_tests::test_animal_type ... ok
[INFO] [stdout] test solutions::day11::day11_tests::test_part_1 ... ok
[INFO] [stdout] test solutions::day11::day11_tests::test_part_2 ... ok
[INFO] [stdout] test solutions::day13::day13_tests::test_part_1 ... ok
[INFO] [stdout] test solutions::day14::day14_tests::test_cycles ... ok
[INFO] [stdout] test solutions::day10::day10_tests::test_part_2 ... ok
[INFO] [stdout] test solutions::day15::day15_tests::test_part_2 ... ok
[INFO] [stdout] test solutions::day13::day13_tests::test_part_2 ... ok
[INFO] [stdout] test solutions::day15::day15_tests::test_part_1 ... ok
[INFO] [stdout] test solutions::day18::day18_tests::test_part_1 ... ok
[INFO] [stdout] test solutions::day14::day14_tests::test_part_1 ... ok
[INFO] [stdout] test solutions::day20::day20_tests::test_broadcast ... ok
[INFO] [stdout] test solutions::day14::day14_tests::test_part_2 ... ok
[INFO] [stdout] test solutions::day16::day16_tests::test_part_1 ... ok
[INFO] [stdout] test solutions::day20::day20_tests::test_conjunction ... ok
[INFO] [stdout] test solutions::day18::day18_tests::test_part_2 ... ok
[INFO] [stdout] test solutions::day12::day12_tests::test_part_1 ... ok
[INFO] [stdout] test solutions::day19::day19_tests::test_part_1 ... ok
[INFO] [stdout] test solutions::day19::day19_tests::test_part_range ... ok
[INFO] [stdout] test solutions::day20::day20_tests::test_flip_flop ... ok
[INFO] [stdout] test solutions::day22::day22_tests::test_partial_ord ... ok
[INFO] [stdout] test solutions::day21::day21_tests::test_part_1 ... ok
[INFO] [stdout] test solutions::day22::day22_tests::test_collapse ... ok
[INFO] [stdout] test solutions::day16::day16_tests::test_part_2 ... ok
[INFO] [stdout] test solutions::day19::day19_tests::test_part_2 ... ok
[INFO] [stdout] test solutions::day24::day24_tests::test_parallel ... ok
[INFO] [stdout] test solutions::day22::day22_tests::test_topological_sort ... ok
[INFO] [stdout] test solutions::day22::day22_tests::test_part_2 ... ok
[INFO] [stdout] test solutions::day22::day22_tests::test_part_1 ... ok
[INFO] [stdout] test solutions::day24::day24_tests::test_part_1 ... ok
[INFO] [stdout] test solutions::day21::day21_tests::test_part_2 ... ok
[INFO] [stdout] test solutions::day25::day25_tests::test_merge ... ok
[INFO] [stdout] test solutions::day23::day23_tests::test_part_1 ... ok
[INFO] [stdout] test solutions::day23::day23_tests::test_part_2 ... ok
[INFO] [stdout] test solutions::day17::day17_tests::test_part_1 ... ok
[INFO] [stdout] test solutions::day25::day25_tests::test_part_1 ... ok
[INFO] [stdout] test solutions::day17::day17_tests::test_part_2 ... ok
[INFO] [stdout] test solutions::day12::day12_tests::test_part_2 ... ok
[INFO] [stdout] test solutions::day20::day20_tests::test_part_1 ... ok
[INFO] [stdout] test solutions::day25::day25_tests::test_min_cut ... FAILED
[INFO] [stdout] test solutions::day25::day25_tests::test_part_2 ... FAILED
[INFO] [stdout] test solutions::day24::day24_tests::test_part_2 ... ok
[INFO] [stdout] 
[INFO] [stdout] failures:
[INFO] [stdout] 
[INFO] [stdout] ---- solutions::day25::day25_tests::test_min_cut stdout ----
[INFO] [stdout] thread 'solutions::day25::day25_tests::test_min_cut' panicked at src/solutions/day25.rs:173:16:
[INFO] [stdout] attempt to calculate the remainder with a divisor of zero
[INFO] [stdout] stack backtrace:
[INFO] [stdout]    0:     0x55dc97e0be7c - std::backtrace_rs::backtrace::libunwind::trace::ha637c64ce894333a
[INFO] [stdout]                                at /rustc/82e1608dfa6e0b5569232559e3d385fea5a93112/library/std/src/../../backtrace/src/backtrace/libunwind.rs:104:5
[INFO] [stdout]    1:     0x55dc97e0be7c - std::backtrace_rs::backtrace::trace_unsynchronized::h47f62dea28e0c88d
[INFO] [stdout]                                at /rustc/82e1608dfa6e0b5569232559e3d385fea5a93112/library/std/src/../../backtrace/src/backtrace/mod.rs:66:5
[INFO] [stdout]    2:     0x55dc97e0be7c - std::sys_common::backtrace::_print_fmt::h9eef0abe20ede486
[INFO] [stdout]                                at /rustc/82e1608dfa6e0b5569232559e3d385fea5a93112/library/std/src/sys_common/backtrace.rs:67:5
[INFO] [stdout]    3:     0x55dc97e0be7c - <std::sys_common::backtrace::_print::DisplayBacktrace as core::fmt::Display>::fmt::hed7f999df88cc644
[INFO] [stdout]                                at /rustc/82e1608dfa6e0b5569232559e3d385fea5a93112/library/std/src/sys_common/backtrace.rs:44:22
[INFO] [stdout]    4:     0x55dc97e36440 - core::fmt::rt::Argument::fmt::h1539a9308b8d058d
[INFO] [stdout]                                at /rustc/82e1608dfa6e0b5569232559e3d385fea5a93112/library/core/src/fmt/rt.rs:142:9
[INFO] [stdout]    5:     0x55dc97e36440 - core::fmt::write::h3a39390d8560d9c9
[INFO] [stdout]                                at /rustc/82e1608dfa6e0b5569232559e3d385fea5a93112/library/core/src/fmt/mod.rs:1120:17
[INFO] [stdout]    6:     0x55dc97e0982f - std::io::Write::write_fmt::h040b369f3a0f9cbc
[INFO] [stdout]                                at /rustc/82e1608dfa6e0b5569232559e3d385fea5a93112/library/std/src/io/mod.rs:1762:15
[INFO] [stdout]    7:     0x55dc97e0bc64 - std::sys_common::backtrace::_print::h894006fb5c6f3d45
[INFO] [stdout]                                at /rustc/82e1608dfa6e0b5569232559e3d385fea5a93112/library/std/src/sys_common/backtrace.rs:47:5
[INFO] [stdout]    8:     0x55dc97e0bc64 - std::sys_common::backtrace::print::h23a2d212c6fff936
[INFO] [stdout]                                at /rustc/82e1608dfa6e0b5569232559e3d385fea5a93112/library/std/src/sys_common/backtrace.rs:34:9
[INFO] [stdout]    9:     0x55dc97e0d927 - std::panicking::default_hook::{{closure}}::h8a1d2ee00185001a
[INFO] [stdout]   10:     0x55dc97e0d613 - std::panicking::default_hook::h6038f2eba384e475
[INFO] [stdout]                                at /rustc/82e1608dfa6e0b5569232559e3d385fea5a93112/library/std/src/panicking.rs:289:9
[INFO] [stdout]   11:     0x55dc97dde027 - <alloc::boxed::Box<F,A> as core::ops::function::Fn<Args>>::call::h0ad024c9bdc6d768
[INFO] [stdout]                                at /rustc/82e1608dfa6e0b5569232559e3d385fea5a93112/library/alloc/src/boxed.rs:2021:9
[INFO] [stdout]   12:     0x55dc97dde027 - test::test_main::{{closure}}::h7500b54257359db6
[INFO] [stdout]                                at /rustc/82e1608dfa6e0b5569232559e3d385fea5a93112/library/test/src/lib.rs:138:21
[INFO] [stdout]   13:     0x55dc97e0df38 - <alloc::boxed::Box<F,A> as core::ops::function::Fn<Args>>::call::h1f8f335eaa9cfaee
[INFO] [stdout]                                at /rustc/82e1608dfa6e0b5569232559e3d385fea5a93112/library/alloc/src/boxed.rs:2021:9
[INFO] [stdout]   14:     0x55dc97e0df38 - std::panicking::rust_panic_with_hook::h2b5517d590cab22e
[INFO] [stdout]                                at /rustc/82e1608dfa6e0b5569232559e3d385fea5a93112/library/std/src/panicking.rs:783:13
[INFO] [stdout]   15:     0x55dc97e0dc59 - std::panicking::begin_panic_handler::{{closure}}::h233112c06e0ef43e
[INFO] [stdout]                                at /rustc/82e1608dfa6e0b5569232559e3d385fea5a93112/library/std/src/panicking.rs:649:13
[INFO] [stdout]   16:     0x55dc97e0c346 - std::sys_common::backtrace::__rust_end_short_backtrace::h6e893f24d7ebbff8
[INFO] [stdout]                                at /rustc/82e1608dfa6e0b5569232559e3d385fea5a93112/library/std/src/sys_common/backtrace.rs:170:18
[INFO] [stdout]   17:     0x55dc97e0d9f2 - rust_begin_unwind
[INFO] [stdout]                                at /rustc/82e1608dfa6e0b5569232559e3d385fea5a93112/library/std/src/panicking.rs:645:5
[INFO] [stdout]   18:     0x55dc97c8dd55 - core::panicking::panic_fmt::hbf0e066aabfa482c
[INFO] [stdout]                                at /rustc/82e1608dfa6e0b5569232559e3d385fea5a93112/library/core/src/panicking.rs:72:14
[INFO] [stdout]   19:     0x55dc97c8ddf3 - core::panicking::panic::h195fc2a96298d4c3
[INFO] [stdout]                                at /rustc/82e1608dfa6e0b5569232559e3d385fea5a93112/library/core/src/panicking.rs:127:5
[INFO] [stdout]   20:     0x55dc97d485f3 - adventofcode2023::solutions::day25::Graph::minimum_cut::ha30242de68fabfdb
[INFO] [stdout]                                at /opt/rustwide/workdir/src/solutions/day25.rs:173:16
[INFO] [stdout]   21:     0x55dc97d48a0b - adventofcode2023::solutions::day25::Graph::part_1::h9cc1b1bc63bb2cfc
[INFO] [stdout]                                at /opt/rustwide/workdir/src/solutions/day25.rs:193:37
[INFO] [stdout]   22:     0x55dc97daa4ed - adventofcode2023::solutions::day25::day25_tests::test_min_cut::h221927752381dbb1
[INFO] [stdout]                                at /opt/rustwide/workdir/src/solutions/day25.rs:322:20
[INFO] [stdout]   23:     0x55dc97da95f7 - adventofcode2023::solutions::day25::day25_tests::test_min_cut::{{closure}}::h901b3e6e8c90b054
[INFO] [stdout]                                at /opt/rustwide/workdir/src/solutions/day25.rs:289:22
[INFO] [stdout]   24:     0x55dc97d7af46 - core::ops::function::FnOnce::call_once::ha20fc5a4bff4176f
[INFO] [stdout]                                at /rustc/82e1608dfa6e0b5569232559e3d385fea5a93112/library/core/src/ops/function.rs:250:5
[INFO] [stdout]   25:     0x55dc97de367f - core::ops::function::FnOnce::call_once::h2b5d431d5046312d
[INFO] [stdout]                                at /rustc/82e1608dfa6e0b5569232559e3d385fea5a93112/library/core/src/ops/function.rs:250:5
[INFO] [stdout]   26:     0x55dc97de367f - test::__rust_begin_short_backtrace::h7714669af176e207
[INFO] [stdout]                                at /rustc/82e1608dfa6e0b5569232559e3d385fea5a93112/library/test/src/lib.rs:628:18
[INFO] [stdout]   27:     0x55dc97de2695 - test::run_test_in_process::{{closure}}::h85218797dcbcec12
[INFO] [stdout]                                at /rustc/82e1608dfa6e0b5569232559e3d385fea5a93112/library/test/src/lib.rs:651:60
[INFO] [stdout]   28:     0x55dc97de2695 - <core::panic::unwind_safe::AssertUnwindSafe<F> as core::ops::function::FnOnce<()>>::call_once::h76c106ea31c14d7b
[INFO] [stdout]                                at /rustc/82e1608dfa6e0b5569232559e3d385fea5a93112/library/core/src/panic/unwind_safe.rs:272:9
[INFO] [stdout]   29:     0x55dc97de2695 - std::panicking::try::do_call::h3bd5d0f6620ee946
[INFO] [stdout]                                at /rustc/82e1608dfa6e0b5569232559e3d385fea5a93112/library/std/src/panicking.rs:552:40
[INFO] [stdout]   30:     0x55dc97de2695 - std::panicking::try::h232e535e4744fe31
[INFO] [stdout]                                at /rustc/82e1608dfa6e0b5569232559e3d385fea5a93112/library/std/src/panicking.rs:516:19
[INFO] [stdout]   31:     0x55dc97de2695 - std::panic::catch_unwind::h3ce3bd6ca8dbac68
[INFO] [stdout]                                at /rustc/82e1608dfa6e0b5569232559e3d385fea5a93112/library/std/src/panic.rs:142:14
[INFO] [stdout]   32:     0x55dc97de2695 - test::run_test_in_process::hc97b257c9621286a
[INFO] [stdout]                                at /rustc/82e1608dfa6e0b5569232559e3d385fea5a93112/library/test/src/lib.rs:651:27
[INFO] [stdout]   33:     0x55dc97de2695 - test::run_test::{{closure}}::h2aa798823a438d38
[INFO] [stdout]                                at /rustc/82e1608dfa6e0b5569232559e3d385fea5a93112/library/test/src/lib.rs:574:43
[INFO] [stdout]   34:     0x55dc97daa956 - test::run_test::{{closure}}::h87d231c78fb59832
[INFO] [stdout]                                at /rustc/82e1608dfa6e0b5569232559e3d385fea5a93112/library/test/src/lib.rs:602:41
[INFO] [stdout]   35:     0x55dc97daa956 - std::sys_common::backtrace::__rust_begin_short_backtrace::he6df152596625789
[INFO] [stdout]                                at /rustc/82e1608dfa6e0b5569232559e3d385fea5a93112/library/std/src/sys_common/backtrace.rs:154:18
[INFO] [stdout]   36:     0x55dc97dafa07 - std::thread::Builder::spawn_unchecked_::{{closure}}::{{closure}}::ha94be15d1e0acf36
[INFO] [stdout]                                at /rustc/82e1608dfa6e0b5569232559e3d385fea5a93112/library/std/src/thread/mod.rs:529:17
[INFO] [stdout]   37:     0x55dc97dafa07 - <core::panic::unwind_safe::AssertUnwindSafe<F> as core::ops::function::FnOnce<()>>::call_once::h9dc6bd6372f16606
[INFO] [stdout]                                at /rustc/82e1608dfa6e0b5569232559e3d385fea5a93112/library/core/src/panic/unwind_safe.rs:272:9
[INFO] [stdout]   38:     0x55dc97dafa07 - std::panicking::try::do_call::h9057517f80303cd4
[INFO] [stdout]                                at /rustc/82e1608dfa6e0b5569232559e3d385fea5a93112/library/std/src/panicking.rs:552:40
[INFO] [stdout]   39:     0x55dc97dafa07 - std::panicking::try::he3a30b11ee45340c
[INFO] [stdout]                                at /rustc/82e1608dfa6e0b5569232559e3d385fea5a93112/library/std/src/panicking.rs:516:19
[INFO] [stdout]   40:     0x55dc97dafa07 - std::panic::catch_unwind::h410458cfd3528b8b
[INFO] [stdout]                                at /rustc/82e1608dfa6e0b5569232559e3d385fea5a93112/library/std/src/panic.rs:142:14
[INFO] [stdout]   41:     0x55dc97dafa07 - std::thread::Builder::spawn_unchecked_::{{closure}}::h72ac3bdb567b737b
[INFO] [stdout]                                at /rustc/82e1608dfa6e0b5569232559e3d385fea5a93112/library/std/src/thread/mod.rs:528:30
[INFO] [stdout]   42:     0x55dc97dafa07 - core::ops::function::FnOnce::call_once{{vtable.shim}}::h38f34da3654a8344
[INFO] [stdout]                                at /rustc/82e1608dfa6e0b5569232559e3d385fea5a93112/library/core/src/ops/function.rs:250:5
[INFO] [stdout]   43:     0x55dc97e129c5 - <alloc::boxed::Box<F,A> as core::ops::function::FnOnce<Args>>::call_once::hc7eafaff61e32df9
[INFO] [stdout]                                at /rustc/82e1608dfa6e0b5569232559e3d385fea5a93112/library/alloc/src/boxed.rs:2007:9
[INFO] [stdout]   44:     0x55dc97e129c5 - <alloc::boxed::Box<F,A> as core::ops::function::FnOnce<Args>>::call_once::h6ba4a5de48dd2304
[INFO] [stdout]                                at /rustc/82e1608dfa6e0b5569232559e3d385fea5a93112/library/alloc/src/boxed.rs:2007:9
[INFO] [stdout]   45:     0x55dc97e129c5 - std::sys::unix::thread::Thread::new::thread_start::he469335aef763e45
[INFO] [stdout]                                at /rustc/82e1608dfa6e0b5569232559e3d385fea5a93112/library/std/src/sys/unix/thread.rs:108:17
[INFO] [stdout]   46:     0x7f1e4a292ac3 - <unknown>
[INFO] [stdout]   47:     0x7f1e4a323bf4 - __clone
[INFO] [stdout]   48:                0x0 - <unknown>
[INFO] [stdout] 
[INFO] [stdout] ---- solutions::day25::day25_tests::test_part_2 stdout ----
[INFO] [stdout] thread 'solutions::day25::day25_tests::test_part_2' panicked at src/solutions/day25.rs:248:9:
[INFO] [stdout] assertion `left == right` failed
[INFO] [stdout]   left: "0"
[INFO] [stdout]  right: ""
[INFO] [stdout] stack backtrace:
[INFO] [stdout]    0:     0x55dc97e0be7c - std::backtrace_rs::backtrace::libunwind::trace::ha637c64ce894333a
[INFO] [stdout]                                at /rustc/82e1608dfa6e0b5569232559e3d385fea5a93112/library/std/src/../../backtrace/src/backtrace/libunwind.rs:104:5
[INFO] [stdout]    1:     0x55dc97e0be7c - std::backtrace_rs::backtrace::trace_unsynchronized::h47f62dea28e0c88d
[INFO] [stdout]                                at /rustc/82e1608dfa6e0b5569232559e3d385fea5a93112/library/std/src/../../backtrace/src/backtrace/mod.rs:66:5
[INFO] [stdout]    2:     0x55dc97e0be7c - std::sys_common::backtrace::_print_fmt::h9eef0abe20ede486
[INFO] [stdout]                                at /rustc/82e1608dfa6e0b5569232559e3d385fea5a93112/library/std/src/sys_common/backtrace.rs:67:5
[INFO] [stdout]    3:     0x55dc97e0be7c - <std::sys_common::backtrace::_print::DisplayBacktrace as core::fmt::Display>::fmt::hed7f999df88cc644
[INFO] [stdout]                                at /rustc/82e1608dfa6e0b5569232559e3d385fea5a93112/library/std/src/sys_common/backtrace.rs:44:22
[INFO] [stdout]    4:     0x55dc97e36440 - core::fmt::rt::Argument::fmt::h1539a9308b8d058d
[INFO] [stdout]                                at /rustc/82e1608dfa6e0b5569232559e3d385fea5a93112/library/core/src/fmt/rt.rs:142:9
[INFO] [stdout]    5:     0x55dc97e36440 - core::fmt::write::h3a39390d8560d9c9
[INFO] [stdout]                                at /rustc/82e1608dfa6e0b5569232559e3d385fea5a93112/library/core/src/fmt/mod.rs:1120:17
[INFO] [stdout]    6:     0x55dc97e0982f - std::io::Write::write_fmt::h040b369f3a0f9cbc
[INFO] [stdout]                                at /rustc/82e1608dfa6e0b5569232559e3d385fea5a93112/library/std/src/io/mod.rs:1762:15
[INFO] [stdout]    7:     0x55dc97e0bc64 - std::sys_common::backtrace::_print::h894006fb5c6f3d45
[INFO] [stdout]                                at /rustc/82e1608dfa6e0b5569232559e3d385fea5a93112/library/std/src/sys_common/backtrace.rs:47:5
[INFO] [stdout]    8:     0x55dc97e0bc64 - std::sys_common::backtrace::print::h23a2d212c6fff936
[INFO] [stdout]                                at /rustc/82e1608dfa6e0b5569232559e3d385fea5a93112/library/std/src/sys_common/backtrace.rs:34:9
[INFO] [stdout]    9:     0x55dc97e0d927 - std::panicking::default_hook::{{closure}}::h8a1d2ee00185001a
[INFO] [stdout]   10:     0x55dc97e0d613 - std::panicking::default_hook::h6038f2eba384e475
[INFO] [stdout]                                at /rustc/82e1608dfa6e0b5569232559e3d385fea5a93112/library/std/src/panicking.rs:289:9
[INFO] [stdout]   11:     0x55dc97dde027 - <alloc::boxed::Box<F,A> as core::ops::function::Fn<Args>>::call::h0ad024c9bdc6d768
[INFO] [stdout]                                at /rustc/82e1608dfa6e0b5569232559e3d385fea5a93112/library/alloc/src/boxed.rs:2021:9
[INFO] [stdout]   12:     0x55dc97dde027 - test::test_main::{{closure}}::h7500b54257359db6
[INFO] [stdout]                                at /rustc/82e1608dfa6e0b5569232559e3d385fea5a93112/library/test/src/lib.rs:138:21
[INFO] [stdout]   13:     0x55dc97e0df38 - <alloc::boxed::Box<F,A> as core::ops::function::Fn<Args>>::call::h1f8f335eaa9cfaee
[INFO] [stdout]                                at /rustc/82e1608dfa6e0b5569232559e3d385fea5a93112/library/alloc/src/boxed.rs:2021:9
[INFO] [stdout]   14:     0x55dc97e0df38 - std::panicking::rust_panic_with_hook::h2b5517d590cab22e
[INFO] [stdout]                                at /rustc/82e1608dfa6e0b5569232559e3d385fea5a93112/library/std/src/panicking.rs:783:13
[INFO] [stdout]   15:     0x55dc97e0dc8e - std::panicking::begin_panic_handler::{{closure}}::h233112c06e0ef43e
[INFO] [stdout]                                at /rustc/82e1608dfa6e0b5569232559e3d385fea5a93112/library/std/src/panicking.rs:657:13
[INFO] [stdout]   16:     0x55dc97e0c346 - std::sys_common::backtrace::__rust_end_short_backtrace::h6e893f24d7ebbff8
[INFO] [stdout]                                at /rustc/82e1608dfa6e0b5569232559e3d385fea5a93112/library/std/src/sys_common/backtrace.rs:170:18
[INFO] [stdout]   17:     0x55dc97e0d9f2 - rust_begin_unwind
[INFO] [stdout]                                at /rustc/82e1608dfa6e0b5569232559e3d385fea5a93112/library/std/src/panicking.rs:645:5
[INFO] [stdout]   18:     0x55dc97c8dd55 - core::panicking::panic_fmt::hbf0e066aabfa482c
[INFO] [stdout]                                at /rustc/82e1608dfa6e0b5569232559e3d385fea5a93112/library/core/src/panicking.rs:72:14
[INFO] [stdout]   19:     0x55dc97c8e16b - core::panicking::assert_failed_inner::h0bba8b7c26ee4492
[INFO] [stdout]   20:     0x55dc97da1bd2 - core::panicking::assert_failed::hc42ca4b016b531f7
[INFO] [stdout]                                at /rustc/82e1608dfa6e0b5569232559e3d385fea5a93112/library/core/src/panicking.rs:279:5
[INFO] [stdout]   21:     0x55dc97da8919 - adventofcode2023::solutions::day25::day25_tests::test_part_2::h363775b4d9679446
[INFO] [stdout]                                at /opt/rustwide/workdir/src/solutions/day25.rs:248:9
[INFO] [stdout]   22:     0x55dc97da8837 - adventofcode2023::solutions::day25::day25_tests::test_part_2::{{closure}}::h9bc463dd0249ee08
[INFO] [stdout]                                at /opt/rustwide/workdir/src/solutions/day25.rs:245:21
[INFO] [stdout]   23:     0x55dc97d797b6 - core::ops::function::FnOnce::call_once::h1129b8c7dbf0bb72
[INFO] [stdout]                                at /rustc/82e1608dfa6e0b5569232559e3d385fea5a93112/library/core/src/ops/function.rs:250:5
[INFO] [stdout]   24:     0x55dc97de367f - core::ops::function::FnOnce::call_once::h2b5d431d5046312d
[INFO] [stdout]                                at /rustc/82e1608dfa6e0b5569232559e3d385fea5a93112/library/core/src/ops/function.rs:250:5
[INFO] [stdout]   25:     0x55dc97de367f - test::__rust_begin_short_backtrace::h7714669af176e207
[INFO] [stdout]                                at /rustc/82e1608dfa6e0b5569232559e3d385fea5a93112/library/test/src/lib.rs:628:18
[INFO] [stdout]   26:     0x55dc97de2695 - test::run_test_in_process::{{closure}}::h85218797dcbcec12
[INFO] [stdout]                                at /rustc/82e1608dfa6e0b5569232559e3d385fea5a93112/library/test/src/lib.rs:651:60
[INFO] [stdout]   27:     0x55dc97de2695 - <core::panic::unwind_safe::AssertUnwindSafe<F> as core::ops::function::FnOnce<()>>::call_once::h76c106ea31c14d7b
[INFO] [stdout]                                at /rustc/82e1608dfa6e0b5569232559e3d385fea5a93112/library/core/src/panic/unwind_safe.rs:272:9
[INFO] [stdout]   28:     0x55dc97de2695 - std::panicking::try::do_call::h3bd5d0f6620ee946
[INFO] [stdout]                                at /rustc/82e1608dfa6e0b5569232559e3d385fea5a93112/library/std/src/panicking.rs:552:40
[INFO] [stdout]   29:     0x55dc97de2695 - std::panicking::try::h232e535e4744fe31
[INFO] [stdout]                                at /rustc/82e1608dfa6e0b5569232559e3d385fea5a93112/library/std/src/panicking.rs:516:19
[INFO] [stdout]   30:     0x55dc97de2695 - std::panic::catch_unwind::h3ce3bd6ca8dbac68
[INFO] [stdout]                                at /rustc/82e1608dfa6e0b5569232559e3d385fea5a93112/library/std/src/panic.rs:142:14
[INFO] [stdout]   31:     0x55dc97de2695 - test::run_test_in_process::hc97b257c9621286a
[INFO] [stdout]                                at /rustc/82e1608dfa6e0b5569232559e3d385fea5a93112/library/test/src/lib.rs:651:27
[INFO] [stdout]   32:     0x55dc97de2695 - test::run_test::{{closure}}::h2aa798823a438d38
[INFO] [stdout]                                at /rustc/82e1608dfa6e0b5569232559e3d385fea5a93112/library/test/src/lib.rs:574:43
[INFO] [stdout]   33:     0x55dc97daa956 - test::run_test::{{closure}}::h87d231c78fb59832
[INFO] [stdout]                                at /rustc/82e1608dfa6e0b5569232559e3d385fea5a93112/library/test/src/lib.rs:602:41
[INFO] [stdout]   34:     0x55dc97daa956 - std::sys_common::backtrace::__rust_begin_short_backtrace::he6df152596625789
[INFO] [stdout]                                at /rustc/82e1608dfa6e0b5569232559e3d385fea5a93112/library/std/src/sys_common/backtrace.rs:154:18
[INFO] [stdout]   35:     0x55dc97dafa07 - std::thread::Builder::spawn_unchecked_::{{closure}}::{{closure}}::ha94be15d1e0acf36
[INFO] [stdout]                                at /rustc/82e1608dfa6e0b5569232559e3d385fea5a93112/library/std/src/thread/mod.rs:529:17
[INFO] [stdout]   36:     0x55dc97dafa07 - <core::panic::unwind_safe::AssertUnwindSafe<F> as core::ops::function::FnOnce<()>>::call_once::h9dc6bd6372f16606
[INFO] [stdout]                                at /rustc/82e1608dfa6e0b5569232559e3d385fea5a93112/library/core/src/panic/unwind_safe.rs:272:9
[INFO] [stdout]   37:     0x55dc97dafa07 - std::panicking::try::do_call::h9057517f80303cd4
[INFO] [stdout]                                at /rustc/82e1608dfa6e0b5569232559e3d385fea5a93112/library/std/src/panicking.rs:552:40
[INFO] [stdout]   38:     0x55dc97dafa07 - std::panicking::try::he3a30b11ee45340c
[INFO] [stdout]                                at /rustc/82e1608dfa6e0b5569232559e3d385fea5a93112/library/std/src/panicking.rs:516:19
[INFO] [stdout]   39:     0x55dc97dafa07 - std::panic::catch_unwind::h410458cfd3528b8b
[INFO] [stdout]                                at /rustc/82e1608dfa6e0b5569232559e3d385fea5a93112/library/std/src/panic.rs:142:14
[INFO] [stdout]   40:     0x55dc97dafa07 - std::thread::Builder::spawn_unchecked_::{{closure}}::h72ac3bdb567b737b
[INFO] [stdout]                                at /rustc/82e1608dfa6e0b5569232559e3d385fea5a93112/library/std/src/thread/mod.rs:528:30
[INFO] [stdout]   41:     0x55dc97dafa07 - core::ops::function::FnOnce::call_once{{vtable.shim}}::h38f34da3654a8344
[INFO] [stdout]                                at /rustc/82e1608dfa6e0b5569232559e3d385fea5a93112/library/core/src/ops/function.rs:250:5
[INFO] [stdout]   42:     0x55dc97e129c5 - <alloc::boxed::Box<F,A> as core::ops::function::FnOnce<Args>>::call_once::hc7eafaff61e32df9
[INFO] [stdout]                                at /rustc/82e1608dfa6e0b5569232559e3d385fea5a93112/library/alloc/src/boxed.rs:2007:9
[INFO] [stdout]   43:     0x55dc97e129c5 - <alloc::boxed::Box<F,A> as core::ops::function::FnOnce<Args>>::call_once::h6ba4a5de48dd2304
[INFO] [stdout]                                at /rustc/82e1608dfa6e0b5569232559e3d385fea5a93112/library/alloc/src/boxed.rs:2007:9
[INFO] [stdout]   44:     0x55dc97e129c5 - std::sys::unix::thread::Thread::new::thread_start::he469335aef763e45
[INFO] [stdout]                                at /rustc/82e1608dfa6e0b5569232559e3d385fea5a93112/library/std/src/sys/unix/thread.rs:108:17
[INFO] [stdout]   45:     0x7f1e4a292ac3 - <unknown>
[INFO] [stdout]   46:     0x7f1e4a323bf4 - __clone
[INFO] [stdout]   47:                0x0 - <unknown>
[INFO] [stdout] 
[INFO] [stdout] 
[INFO] [stdout] failures:
[INFO] [stdout]     solutions::day25::day25_tests::test_min_cut
[INFO] [stdout]     solutions::day25::day25_tests::test_part_2
[INFO] [stdout] 
[INFO] [stdout] test result: FAILED. 64 passed; 2 failed; 0 ignored; 0 measured; 0 filtered out; finished in 2.59s
[INFO] [stdout] 
[INFO] [stderr] error: test failed, to rerun pass `--bin adventofcode2023`
[INFO] running `Command { std: "docker" "inspect" "af75876adae1f4d729da073495d6b07e5f803dce5f12ef1ead7be874e75bde61", kill_on_drop: false }`
[INFO] running `Command { std: "docker" "rm" "-f" "af75876adae1f4d729da073495d6b07e5f803dce5f12ef1ead7be874e75bde61", kill_on_drop: false }`
[INFO] [stdout] af75876adae1f4d729da073495d6b07e5f803dce5f12ef1ead7be874e75bde61
[INFO] testing hwoongkang/advent_of_code_2023 against beta-2023-12-22 for beta-1.76-1
[INFO] running `Command { std: "git" "clone" "/workspace/cache/git-repos/https%3A%2F%2Fgithub.com%2Fhwoongkang%2Fadvent_of_code_2023" "/workspace/builds/worker-4-tc2/source", kill_on_drop: false }`
[INFO] [stderr] Cloning into '/workspace/builds/worker-4-tc2/source'...
[INFO] [stderr] done.
[INFO] validating manifest of git repo https://github.com/hwoongkang/advent_of_code_2023 on toolchain beta-2023-12-22
[INFO] running `Command { std: CARGO_HOME="/workspace/cargo-home" RUSTUP_HOME="/workspace/rustup-home" "/workspace/cargo-home/bin/cargo" "+beta-2023-12-22" "metadata" "--manifest-path" "Cargo.toml" "--no-deps", kill_on_drop: false }`
[INFO] started tweaking git repo https://github.com/hwoongkang/advent_of_code_2023
[INFO] finished tweaking git repo https://github.com/hwoongkang/advent_of_code_2023
[INFO] tweaked toml for git repo https://github.com/hwoongkang/advent_of_code_2023 written to /workspace/builds/worker-4-tc2/source/Cargo.toml
[INFO] crate git repo https://github.com/hwoongkang/advent_of_code_2023 already has a lockfile, it will not be regenerated
[INFO] running `Command { std: CARGO_HOME="/workspace/cargo-home" RUSTUP_HOME="/workspace/rustup-home" "/workspace/cargo-home/bin/cargo" "+beta-2023-12-22" "fetch" "--manifest-path" "Cargo.toml", kill_on_drop: false }`
[INFO] running `Command { std: "docker" "create" "-v" "/var/lib/crater-agent-workspace/builds/worker-4-tc2/target:/opt/rustwide/target:rw,Z" "-v" "/var/lib/crater-agent-workspace/builds/worker-4-tc2/source:/opt/rustwide/workdir:ro,Z" "-v" "/var/lib/crater-agent-workspace/cargo-home:/opt/rustwide/cargo-home:ro,Z" "-v" "/var/lib/crater-agent-workspace/rustup-home:/opt/rustwide/rustup-home:ro,Z" "-e" "SOURCE_DIR=/opt/rustwide/workdir" "-e" "CARGO_TARGET_DIR=/opt/rustwide/target" "-e" "CARGO_HOME=/opt/rustwide/cargo-home" "-e" "RUSTUP_HOME=/opt/rustwide/rustup-home" "-w" "/opt/rustwide/workdir" "-m" "1610612736" "--user" "0:0" "--network" "none" "ghcr.io/rust-lang/crates-build-env/linux@sha256:2788e3201cd34a07e3172128adcd8b3090168a8e3bcc40d7c032b9dda1df7d1c" "/opt/rustwide/cargo-home/bin/cargo" "+beta-2023-12-22" "metadata" "--no-deps" "--format-version=1", kill_on_drop: false }`
[INFO] [stdout] 111316d665cb83f567b03fc7588128fd2617a546d2192f33a2533508d51286ac
[INFO] running `Command { std: "docker" "start" "-a" "111316d665cb83f567b03fc7588128fd2617a546d2192f33a2533508d51286ac", kill_on_drop: false }`
[INFO] running `Command { std: "docker" "inspect" "111316d665cb83f567b03fc7588128fd2617a546d2192f33a2533508d51286ac", kill_on_drop: false }`
[INFO] running `Command { std: "docker" "rm" "-f" "111316d665cb83f567b03fc7588128fd2617a546d2192f33a2533508d51286ac", kill_on_drop: false }`
[INFO] [stdout] 111316d665cb83f567b03fc7588128fd2617a546d2192f33a2533508d51286ac
[INFO] running `Command { std: "docker" "create" "-v" "/var/lib/crater-agent-workspace/builds/worker-4-tc2/target:/opt/rustwide/target:rw,Z" "-v" "/var/lib/crater-agent-workspace/builds/worker-4-tc2/source:/opt/rustwide/workdir:ro,Z" "-v" "/var/lib/crater-agent-workspace/cargo-home:/opt/rustwide/cargo-home:ro,Z" "-v" "/var/lib/crater-agent-workspace/rustup-home:/opt/rustwide/rustup-home:ro,Z" "-e" "SOURCE_DIR=/opt/rustwide/workdir" "-e" "CARGO_TARGET_DIR=/opt/rustwide/target" "-e" "CARGO_INCREMENTAL=0" "-e" "RUST_BACKTRACE=full" "-e" "RUSTFLAGS=--cap-lints=warn" "-e" "RUSTDOCFLAGS=--cap-lints=warn" "-e" "CARGO_HOME=/opt/rustwide/cargo-home" "-e" "RUSTUP_HOME=/opt/rustwide/rustup-home" "-w" "/opt/rustwide/workdir" "-m" "1610612736" "--user" "0:0" "--network" "none" "ghcr.io/rust-lang/crates-build-env/linux@sha256:2788e3201cd34a07e3172128adcd8b3090168a8e3bcc40d7c032b9dda1df7d1c" "/opt/rustwide/cargo-home/bin/cargo" "+beta-2023-12-22" "build" "--frozen" "--message-format=json", kill_on_drop: false }`
[INFO] [stdout] c159d369e86c55ddc35103663b30876e1e95f9fd765d991ea1f3948dd018a301
[INFO] running `Command { std: "docker" "start" "-a" "c159d369e86c55ddc35103663b30876e1e95f9fd765d991ea1f3948dd018a301", kill_on_drop: false }`
[INFO] [stderr]    Compiling adventofcode2023 v0.1.0 (/opt/rustwide/workdir)
[INFO] [stdout] warning: unused import: `day01::Day01`
[INFO] [stdout]  --> src/solutions.rs:8:9
[INFO] [stdout]   |
[INFO] [stdout] 8 | pub use day01::Day01;
[INFO] [stdout]   |         ^^^^^^^^^^^^
[INFO] [stdout]   |
[INFO] [stdout]   = note: `#[warn(unused_imports)]` on by default
[INFO] [stdout] 
[INFO] [stdout] 
[INFO] [stdout] warning: unused import: `day02::Day02`
[INFO] [stdout]   --> src/solutions.rs:10:9
[INFO] [stdout]    |
[INFO] [stdout] 10 | pub use day02::Day02;
[INFO] [stdout]    |         ^^^^^^^^^^^^
[INFO] [stdout] 
[INFO] [stdout] 
[INFO] [stdout] warning: unused import: `day03::Day03`
[INFO] [stdout]   --> src/solutions.rs:12:9
[INFO] [stdout]    |
[INFO] [stdout] 12 | pub use day03::Day03;
[INFO] [stdout]    |         ^^^^^^^^^^^^
[INFO] [stdout] 
[INFO] [stdout] 
[INFO] [stdout] warning: unused import: `day04::Day04`
[INFO] [stdout]   --> src/solutions.rs:14:9
[INFO] [stdout]    |
[INFO] [stdout] 14 | pub use day04::Day04;
[INFO] [stdout]    |         ^^^^^^^^^^^^
[INFO] [stdout] 
[INFO] [stdout] 
[INFO] [stdout] warning: unused import: `day05::Day05`
[INFO] [stdout]   --> src/solutions.rs:16:9
[INFO] [stdout]    |
[INFO] [stdout] 16 | pub use day05::Day05;
[INFO] [stdout]    |         ^^^^^^^^^^^^
[INFO] [stdout] 
[INFO] [stdout] 
[INFO] [stdout] warning: unused import: `day06::Day06`
[INFO] [stdout]   --> src/solutions.rs:18:9
[INFO] [stdout]    |
[INFO] [stdout] 18 | pub use day06::Day06;
[INFO] [stdout]    |         ^^^^^^^^^^^^
[INFO] [stdout] 
[INFO] [stdout] 
[INFO] [stdout] warning: unused import: `day07::Day07`
[INFO] [stdout]   --> src/solutions.rs:20:9
[INFO] [stdout]    |
[INFO] [stdout] 20 | pub use day07::Day07;
[INFO] [stdout]    |         ^^^^^^^^^^^^
[INFO] [stdout] 
[INFO] [stdout] 
[INFO] [stdout] warning: unused import: `day08::Day08`
[INFO] [stdout]   --> src/solutions.rs:22:9
[INFO] [stdout]    |
[INFO] [stdout] 22 | pub use day08::Day08;
[INFO] [stdout]    |         ^^^^^^^^^^^^
[INFO] [stdout] 
[INFO] [stdout] 
[INFO] [stdout] warning: unused import: `day09::Day09`
[INFO] [stdout]   --> src/solutions.rs:24:9
[INFO] [stdout]    |
[INFO] [stdout] 24 | pub use day09::Day09;
[INFO] [stdout]    |         ^^^^^^^^^^^^
[INFO] [stdout] 
[INFO] [stdout] 
[INFO] [stdout] warning: unused import: `day10::Day10`
[INFO] [stdout]   --> src/solutions.rs:26:9
[INFO] [stdout]    |
[INFO] [stdout] 26 | pub use day10::Day10;
[INFO] [stdout]    |         ^^^^^^^^^^^^
[INFO] [stdout] 
[INFO] [stdout] 
[INFO] [stdout] warning: unused import: `day11::Day11`
[INFO] [stdout]   --> src/solutions.rs:28:9
[INFO] [stdout]    |
[INFO] [stdout] 28 | pub use day11::Day11;
[INFO] [stdout]    |         ^^^^^^^^^^^^
[INFO] [stdout] 
[INFO] [stdout] 
[INFO] [stdout] warning: unused import: `day12::Day12`
[INFO] [stdout]   --> src/solutions.rs:30:9
[INFO] [stdout]    |
[INFO] [stdout] 30 | pub use day12::Day12;
[INFO] [stdout]    |         ^^^^^^^^^^^^
[INFO] [stdout] 
[INFO] [stdout] 
[INFO] [stdout] warning: unused import: `day13::Day13`
[INFO] [stdout]   --> src/solutions.rs:32:9
[INFO] [stdout]    |
[INFO] [stdout] 32 | pub use day13::Day13;
[INFO] [stdout]    |         ^^^^^^^^^^^^
[INFO] [stdout] 
[INFO] [stdout] 
[INFO] [stdout] warning: unused import: `day14::Day14`
[INFO] [stdout]   --> src/solutions.rs:34:9
[INFO] [stdout]    |
[INFO] [stdout] 34 | pub use day14::Day14;
[INFO] [stdout]    |         ^^^^^^^^^^^^
[INFO] [stdout] 
[INFO] [stdout] 
[INFO] [stdout] warning: unused import: `day15::Day15`
[INFO] [stdout]   --> src/solutions.rs:36:9
[INFO] [stdout]    |
[INFO] [stdout] 36 | pub use day15::Day15;
[INFO] [stdout]    |         ^^^^^^^^^^^^
[INFO] [stdout] 
[INFO] [stdout] 
[INFO] [stdout] warning: unused import: `day16::Day16`
[INFO] [stdout]   --> src/solutions.rs:38:9
[INFO] [stdout]    |
[INFO] [stdout] 38 | pub use day16::Day16;
[INFO] [stdout]    |         ^^^^^^^^^^^^
[INFO] [stdout] 
[INFO] [stdout] 
[INFO] [stdout] warning: unused import: `day17::Day17`
[INFO] [stdout]   --> src/solutions.rs:40:9
[INFO] [stdout]    |
[INFO] [stdout] 40 | pub use day17::Day17;
[INFO] [stdout]    |         ^^^^^^^^^^^^
[INFO] [stdout] 
[INFO] [stdout] 
[INFO] [stdout] warning: unused import: `day18::Day18`
[INFO] [stdout]   --> src/solutions.rs:42:9
[INFO] [stdout]    |
[INFO] [stdout] 42 | pub use day18::Day18;
[INFO] [stdout]    |         ^^^^^^^^^^^^
[INFO] [stdout] 
[INFO] [stdout] 
[INFO] [stdout] warning: unused import: `day19::Day19`
[INFO] [stdout]   --> src/solutions.rs:44:9
[INFO] [stdout]    |
[INFO] [stdout] 44 | pub use day19::Day19;
[INFO] [stdout]    |         ^^^^^^^^^^^^
[INFO] [stdout] 
[INFO] [stdout] 
[INFO] [stdout] warning: unused import: `day20::Day20`
[INFO] [stdout]   --> src/solutions.rs:46:9
[INFO] [stdout]    |
[INFO] [stdout] 46 | pub use day20::Day20;
[INFO] [stdout]    |         ^^^^^^^^^^^^
[INFO] [stdout] 
[INFO] [stdout] 
[INFO] [stdout] warning: unused import: `day21::Day21`
[INFO] [stdout]   --> src/solutions.rs:48:9
[INFO] [stdout]    |
[INFO] [stdout] 48 | pub use day21::Day21;
[INFO] [stdout]    |         ^^^^^^^^^^^^
[INFO] [stdout] 
[INFO] [stdout] 
[INFO] [stdout] warning: unused import: `day22::Day22`
[INFO] [stdout]   --> src/solutions.rs:50:9
[INFO] [stdout]    |
[INFO] [stdout] 50 | pub use day22::Day22;
[INFO] [stdout]    |         ^^^^^^^^^^^^
[INFO] [stdout] 
[INFO] [stdout] 
[INFO] [stdout] warning: unused import: `day23::Day23`
[INFO] [stdout]   --> src/solutions.rs:52:9
[INFO] [stdout]    |
[INFO] [stdout] 52 | pub use day23::Day23;
[INFO] [stdout]    |         ^^^^^^^^^^^^
[INFO] [stdout] 
[INFO] [stdout] 
[INFO] [stdout] warning: unused import: `day24::Day24`
[INFO] [stdout]   --> src/solutions.rs:54:9
[INFO] [stdout]    |
[INFO] [stdout] 54 | pub use day24::Day24;
[INFO] [stdout]    |         ^^^^^^^^^^^^
[INFO] [stdout] 
[INFO] [stdout] 
[INFO] [stdout] warning: 24 warnings emitted
[INFO] [stdout] 
[INFO] [stdout] 
[INFO] [stderr]     Finished dev [unoptimized + debuginfo] target(s) in 0.69s
[INFO] running `Command { std: "docker" "inspect" "c159d369e86c55ddc35103663b30876e1e95f9fd765d991ea1f3948dd018a301", kill_on_drop: false }`
[INFO] running `Command { std: "docker" "rm" "-f" "c159d369e86c55ddc35103663b30876e1e95f9fd765d991ea1f3948dd018a301", kill_on_drop: false }`
[INFO] [stdout] c159d369e86c55ddc35103663b30876e1e95f9fd765d991ea1f3948dd018a301
[INFO] running `Command { std: "docker" "create" "-v" "/var/lib/crater-agent-workspace/builds/worker-4-tc2/target:/opt/rustwide/target:rw,Z" "-v" "/var/lib/crater-agent-workspace/builds/worker-4-tc2/source:/opt/rustwide/workdir:ro,Z" "-v" "/var/lib/crater-agent-workspace/cargo-home:/opt/rustwide/cargo-home:ro,Z" "-v" "/var/lib/crater-agent-workspace/rustup-home:/opt/rustwide/rustup-home:ro,Z" "-e" "SOURCE_DIR=/opt/rustwide/workdir" "-e" "CARGO_TARGET_DIR=/opt/rustwide/target" "-e" "CARGO_INCREMENTAL=0" "-e" "RUST_BACKTRACE=full" "-e" "RUSTFLAGS=--cap-lints=warn" "-e" "RUSTDOCFLAGS=--cap-lints=warn" "-e" "CARGO_HOME=/opt/rustwide/cargo-home" "-e" "RUSTUP_HOME=/opt/rustwide/rustup-home" "-w" "/opt/rustwide/workdir" "-m" "1610612736" "--user" "0:0" "--network" "none" "ghcr.io/rust-lang/crates-build-env/linux@sha256:2788e3201cd34a07e3172128adcd8b3090168a8e3bcc40d7c032b9dda1df7d1c" "/opt/rustwide/cargo-home/bin/cargo" "+beta-2023-12-22" "test" "--frozen" "--no-run" "--message-format=json", kill_on_drop: false }`
[INFO] [stdout] 3473f3967de25ae9f129f52d7af700b0c1ecaff1c9f85d06aa48d4ddab55f81e
[INFO] running `Command { std: "docker" "start" "-a" "3473f3967de25ae9f129f52d7af700b0c1ecaff1c9f85d06aa48d4ddab55f81e", kill_on_drop: false }`
[INFO] [stderr]    Compiling adventofcode2023 v0.1.0 (/opt/rustwide/workdir)
[INFO] [stdout] warning: unused import: `day01::Day01`
[INFO] [stdout]  --> src/solutions.rs:8:9
[INFO] [stdout]   |
[INFO] [stdout] 8 | pub use day01::Day01;
[INFO] [stdout]   |         ^^^^^^^^^^^^
[INFO] [stdout]   |
[INFO] [stdout]   = note: `#[warn(unused_imports)]` on by default
[INFO] [stdout] 
[INFO] [stdout] 
[INFO] [stdout] warning: unused import: `day02::Day02`
[INFO] [stdout]   --> src/solutions.rs:10:9
[INFO] [stdout]    |
[INFO] [stdout] 10 | pub use day02::Day02;
[INFO] [stdout]    |         ^^^^^^^^^^^^
[INFO] [stdout] 
[INFO] [stdout] 
[INFO] [stdout] warning: unused import: `day03::Day03`
[INFO] [stdout]   --> src/solutions.rs:12:9
[INFO] [stdout]    |
[INFO] [stdout] 12 | pub use day03::Day03;
[INFO] [stdout]    |         ^^^^^^^^^^^^
[INFO] [stdout] 
[INFO] [stdout] 
[INFO] [stdout] warning: unused import: `day04::Day04`
[INFO] [stdout]   --> src/solutions.rs:14:9
[INFO] [stdout]    |
[INFO] [stdout] 14 | pub use day04::Day04;
[INFO] [stdout]    |         ^^^^^^^^^^^^
[INFO] [stdout] 
[INFO] [stdout] 
[INFO] [stdout] warning: unused import: `day05::Day05`
[INFO] [stdout]   --> src/solutions.rs:16:9
[INFO] [stdout]    |
[INFO] [stdout] 16 | pub use day05::Day05;
[INFO] [stdout]    |         ^^^^^^^^^^^^
[INFO] [stdout] 
[INFO] [stdout] 
[INFO] [stdout] warning: unused import: `day06::Day06`
[INFO] [stdout]   --> src/solutions.rs:18:9
[INFO] [stdout]    |
[INFO] [stdout] 18 | pub use day06::Day06;
[INFO] [stdout]    |         ^^^^^^^^^^^^
[INFO] [stdout] 
[INFO] [stdout] 
[INFO] [stdout] warning: unused import: `day07::Day07`
[INFO] [stdout]   --> src/solutions.rs:20:9
[INFO] [stdout]    |
[INFO] [stdout] 20 | pub use day07::Day07;
[INFO] [stdout]    |         ^^^^^^^^^^^^
[INFO] [stdout] 
[INFO] [stdout] 
[INFO] [stdout] warning: unused import: `day08::Day08`
[INFO] [stdout]   --> src/solutions.rs:22:9
[INFO] [stdout]    |
[INFO] [stdout] 22 | pub use day08::Day08;
[INFO] [stdout]    |         ^^^^^^^^^^^^
[INFO] [stdout] 
[INFO] [stdout] 
[INFO] [stdout] warning: unused import: `day09::Day09`
[INFO] [stdout]   --> src/solutions.rs:24:9
[INFO] [stdout]    |
[INFO] [stdout] 24 | pub use day09::Day09;
[INFO] [stdout]    |         ^^^^^^^^^^^^
[INFO] [stdout] 
[INFO] [stdout] 
[INFO] [stdout] warning: unused import: `day10::Day10`
[INFO] [stdout]   --> src/solutions.rs:26:9
[INFO] [stdout]    |
[INFO] [stdout] 26 | pub use day10::Day10;
[INFO] [stdout]    |         ^^^^^^^^^^^^
[INFO] [stdout] 
[INFO] [stdout] 
[INFO] [stdout] warning: unused import: `day11::Day11`
[INFO] [stdout]   --> src/solutions.rs:28:9
[INFO] [stdout]    |
[INFO] [stdout] 28 | pub use day11::Day11;
[INFO] [stdout]    |         ^^^^^^^^^^^^
[INFO] [stdout] 
[INFO] [stdout] 
[INFO] [stdout] warning: unused import: `day12::Day12`
[INFO] [stdout]   --> src/solutions.rs:30:9
[INFO] [stdout]    |
[INFO] [stdout] 30 | pub use day12::Day12;
[INFO] [stdout]    |         ^^^^^^^^^^^^
[INFO] [stdout] 
[INFO] [stdout] 
[INFO] [stdout] warning: unused import: `day13::Day13`
[INFO] [stdout]   --> src/solutions.rs:32:9
[INFO] [stdout]    |
[INFO] [stdout] 32 | pub use day13::Day13;
[INFO] [stdout]    |         ^^^^^^^^^^^^
[INFO] [stdout] 
[INFO] [stdout] 
[INFO] [stdout] warning: unused import: `day14::Day14`
[INFO] [stdout]   --> src/solutions.rs:34:9
[INFO] [stdout]    |
[INFO] [stdout] 34 | pub use day14::Day14;
[INFO] [stdout]    |         ^^^^^^^^^^^^
[INFO] [stdout] 
[INFO] [stdout] 
[INFO] [stdout] warning: unused import: `day15::Day15`
[INFO] [stdout]   --> src/solutions.rs:36:9
[INFO] [stdout]    |
[INFO] [stdout] 36 | pub use day15::Day15;
[INFO] [stdout]    |         ^^^^^^^^^^^^
[INFO] [stdout] 
[INFO] [stdout] 
[INFO] [stdout] warning: unused import: `day16::Day16`
[INFO] [stdout]   --> src/solutions.rs:38:9
[INFO] [stdout]    |
[INFO] [stdout] 38 | pub use day16::Day16;
[INFO] [stdout]    |         ^^^^^^^^^^^^
[INFO] [stdout] 
[INFO] [stdout] 
[INFO] [stdout] warning: unused import: `day17::Day17`
[INFO] [stdout]   --> src/solutions.rs:40:9
[INFO] [stdout]    |
[INFO] [stdout] 40 | pub use day17::Day17;
[INFO] [stdout]    |         ^^^^^^^^^^^^
[INFO] [stdout] 
[INFO] [stdout] 
[INFO] [stdout] warning: unused import: `day18::Day18`
[INFO] [stdout]   --> src/solutions.rs:42:9
[INFO] [stdout]    |
[INFO] [stdout] 42 | pub use day18::Day18;
[INFO] [stdout]    |         ^^^^^^^^^^^^
[INFO] [stdout] 
[INFO] [stdout] 
[INFO] [stdout] warning: unused import: `day19::Day19`
[INFO] [stdout]   --> src/solutions.rs:44:9
[INFO] [stdout]    |
[INFO] [stdout] 44 | pub use day19::Day19;
[INFO] [stdout]    |         ^^^^^^^^^^^^
[INFO] [stdout] 
[INFO] [stdout] 
[INFO] [stdout] warning: unused import: `day20::Day20`
[INFO] [stdout]   --> src/solutions.rs:46:9
[INFO] [stdout]    |
[INFO] [stdout] 46 | pub use day20::Day20;
[INFO] [stdout]    |         ^^^^^^^^^^^^
[INFO] [stdout] 
[INFO] [stdout] 
[INFO] [stdout] warning: unused import: `day21::Day21`
[INFO] [stdout]   --> src/solutions.rs:48:9
[INFO] [stdout]    |
[INFO] [stdout] 48 | pub use day21::Day21;
[INFO] [stdout]    |         ^^^^^^^^^^^^
[INFO] [stdout] 
[INFO] [stdout] 
[INFO] [stdout] warning: unused import: `day22::Day22`
[INFO] [stdout]   --> src/solutions.rs:50:9
[INFO] [stdout]    |
[INFO] [stdout] 50 | pub use day22::Day22;
[INFO] [stdout]    |         ^^^^^^^^^^^^
[INFO] [stdout] 
[INFO] [stdout] 
[INFO] [stdout] warning: unused import: `day23::Day23`
[INFO] [stdout]   --> src/solutions.rs:52:9
[INFO] [stdout]    |
[INFO] [stdout] 52 | pub use day23::Day23;
[INFO] [stdout]    |         ^^^^^^^^^^^^
[INFO] [stdout] 
[INFO] [stdout] 
[INFO] [stdout] warning: unused import: `day24::Day24`
[INFO] [stdout]   --> src/solutions.rs:54:9
[INFO] [stdout]    |
[INFO] [stdout] 54 | pub use day24::Day24;
[INFO] [stdout]    |         ^^^^^^^^^^^^
[INFO] [stdout] 
[INFO] [stdout] 
[INFO] [stdout] warning: 24 warnings emitted
[INFO] [stdout] 
[INFO] [stdout] 
[INFO] [stderr]     Finished test [unoptimized + debuginfo] target(s) in 1.82s
[INFO] running `Command { std: "docker" "inspect" "3473f3967de25ae9f129f52d7af700b0c1ecaff1c9f85d06aa48d4ddab55f81e", kill_on_drop: false }`
[INFO] running `Command { std: "docker" "rm" "-f" "3473f3967de25ae9f129f52d7af700b0c1ecaff1c9f85d06aa48d4ddab55f81e", kill_on_drop: false }`
[INFO] [stdout] 3473f3967de25ae9f129f52d7af700b0c1ecaff1c9f85d06aa48d4ddab55f81e
[INFO] running `Command { std: "docker" "create" "-v" "/var/lib/crater-agent-workspace/builds/worker-4-tc2/target:/opt/rustwide/target:rw,Z" "-v" "/var/lib/crater-agent-workspace/builds/worker-4-tc2/source:/opt/rustwide/workdir:ro,Z" "-v" "/var/lib/crater-agent-workspace/cargo-home:/opt/rustwide/cargo-home:ro,Z" "-v" "/var/lib/crater-agent-workspace/rustup-home:/opt/rustwide/rustup-home:ro,Z" "-e" "SOURCE_DIR=/opt/rustwide/workdir" "-e" "CARGO_TARGET_DIR=/opt/rustwide/target" "-e" "CARGO_INCREMENTAL=0" "-e" "RUST_BACKTRACE=full" "-e" "RUSTFLAGS=--cap-lints=warn" "-e" "RUSTDOCFLAGS=--cap-lints=warn" "-e" "CARGO_HOME=/opt/rustwide/cargo-home" "-e" "RUSTUP_HOME=/opt/rustwide/rustup-home" "-w" "/opt/rustwide/workdir" "-m" "1610612736" "--user" "0:0" "--network" "none" "ghcr.io/rust-lang/crates-build-env/linux@sha256:2788e3201cd34a07e3172128adcd8b3090168a8e3bcc40d7c032b9dda1df7d1c" "/opt/rustwide/cargo-home/bin/cargo" "+beta-2023-12-22" "test" "--frozen", kill_on_drop: false }`
[INFO] [stdout] 40514530bd73eab3247c06741cf77b6710da413b45342d7b32e7a286071732b3
[INFO] running `Command { std: "docker" "start" "-a" "40514530bd73eab3247c06741cf77b6710da413b45342d7b32e7a286071732b3", kill_on_drop: false }`
[INFO] [stderr] warning: unused import: `day01::Day01`
[INFO] [stderr]  --> src/solutions.rs:8:9
[INFO] [stderr]   |
[INFO] [stderr] 8 | pub use day01::Day01;
[INFO] [stderr]   |         ^^^^^^^^^^^^
[INFO] [stderr]   |
[INFO] [stderr]   = note: `#[warn(unused_imports)]` on by default
[INFO] [stderr] 
[INFO] [stderr] warning: unused import: `day02::Day02`
[INFO] [stderr]   --> src/solutions.rs:10:9
[INFO] [stderr]    |
[INFO] [stderr] 10 | pub use day02::Day02;
[INFO] [stderr]    |         ^^^^^^^^^^^^
[INFO] [stderr] 
[INFO] [stderr] warning: unused import: `day03::Day03`
[INFO] [stderr]   --> src/solutions.rs:12:9
[INFO] [stderr]    |
[INFO] [stderr] 12 | pub use day03::Day03;
[INFO] [stderr]    |         ^^^^^^^^^^^^
[INFO] [stderr] 
[INFO] [stderr] warning: unused import: `day04::Day04`
[INFO] [stderr]   --> src/solutions.rs:14:9
[INFO] [stderr]    |
[INFO] [stderr] 14 | pub use day04::Day04;
[INFO] [stderr]    |         ^^^^^^^^^^^^
[INFO] [stderr] 
[INFO] [stderr] warning: unused import: `day05::Day05`
[INFO] [stderr]   --> src/solutions.rs:16:9
[INFO] [stderr]    |
[INFO] [stderr] 16 | pub use day05::Day05;
[INFO] [stderr]    |         ^^^^^^^^^^^^
[INFO] [stderr] 
[INFO] [stderr] warning: unused import: `day06::Day06`
[INFO] [stderr]   --> src/solutions.rs:18:9
[INFO] [stderr]    |
[INFO] [stderr] 18 | pub use day06::Day06;
[INFO] [stderr]    |         ^^^^^^^^^^^^
[INFO] [stderr] 
[INFO] [stderr] warning: unused import: `day07::Day07`
[INFO] [stderr]   --> src/solutions.rs:20:9
[INFO] [stderr]    |
[INFO] [stderr] 20 | pub use day07::Day07;
[INFO] [stderr]    |         ^^^^^^^^^^^^
[INFO] [stderr] 
[INFO] [stderr] warning: unused import: `day08::Day08`
[INFO] [stderr]   --> src/solutions.rs:22:9
[INFO] [stderr]    |
[INFO] [stderr] 22 | pub use day08::Day08;
[INFO] [stderr]    |         ^^^^^^^^^^^^
[INFO] [stderr] 
[INFO] [stderr] warning: unused import: `day09::Day09`
[INFO] [stderr]   --> src/solutions.rs:24:9
[INFO] [stderr]    |
[INFO] [stderr] 24 | pub use day09::Day09;
[INFO] [stderr]    |         ^^^^^^^^^^^^
[INFO] [stderr] 
[INFO] [stderr] warning: unused import: `day10::Day10`
[INFO] [stderr]   --> src/solutions.rs:26:9
[INFO] [stderr]    |
[INFO] [stderr] 26 | pub use day10::Day10;
[INFO] [stderr]    |         ^^^^^^^^^^^^
[INFO] [stderr] 
[INFO] [stderr] warning: unused import: `day11::Day11`
[INFO] [stderr]   --> src/solutions.rs:28:9
[INFO] [stderr]    |
[INFO] [stderr] 28 | pub use day11::Day11;
[INFO] [stderr]    |         ^^^^^^^^^^^^
[INFO] [stderr] 
[INFO] [stderr] warning: unused import: `day12::Day12`
[INFO] [stderr]   --> src/solutions.rs:30:9
[INFO] [stderr]    |
[INFO] [stderr] 30 | pub use day12::Day12;
[INFO] [stderr]    |         ^^^^^^^^^^^^
[INFO] [stderr] 
[INFO] [stderr] warning: unused import: `day13::Day13`
[INFO] [stderr]   --> src/solutions.rs:32:9
[INFO] [stderr]    |
[INFO] [stderr] 32 | pub use day13::Day13;
[INFO] [stderr]    |         ^^^^^^^^^^^^
[INFO] [stderr] 
[INFO] [stderr] warning: unused import: `day14::Day14`
[INFO] [stderr]   --> src/solutions.rs:34:9
[INFO] [stderr]    |
[INFO] [stderr] 34 | pub use day14::Day14;
[INFO] [stderr]    |         ^^^^^^^^^^^^
[INFO] [stderr] 
[INFO] [stderr] warning: unused import: `day15::Day15`
[INFO] [stderr]   --> src/solutions.rs:36:9
[INFO] [stderr]    |
[INFO] [stderr] 36 | pub use day15::Day15;
[INFO] [stderr]    |         ^^^^^^^^^^^^
[INFO] [stderr] 
[INFO] [stderr] warning: unused import: `day16::Day16`
[INFO] [stderr]   --> src/solutions.rs:38:9
[INFO] [stderr]    |
[INFO] [stderr] 38 | pub use day16::Day16;
[INFO] [stderr]    |         ^^^^^^^^^^^^
[INFO] [stderr] 
[INFO] [stderr] warning: unused import: `day17::Day17`
[INFO] [stderr]   --> src/solutions.rs:40:9
[INFO] [stderr]    |
[INFO] [stderr] 40 | pub use day17::Day17;
[INFO] [stderr]    |         ^^^^^^^^^^^^
[INFO] [stderr] 
[INFO] [stderr] warning: unused import: `day18::Day18`
[INFO] [stderr]   --> src/solutions.rs:42:9
[INFO] [stderr]    |
[INFO] [stderr] 42 | pub use day18::Day18;
[INFO] [stderr]    |         ^^^^^^^^^^^^
[INFO] [stderr] 
[INFO] [stderr] warning: unused import: `day19::Day19`
[INFO] [stderr]   --> src/solutions.rs:44:9
[INFO] [stderr]    |
[INFO] [stderr] 44 | pub use day19::Day19;
[INFO] [stderr]    |         ^^^^^^^^^^^^
[INFO] [stderr] 
[INFO] [stderr] warning: unused import: `day20::Day20`
[INFO] [stderr]   --> src/solutions.rs:46:9
[INFO] [stderr]    |
[INFO] [stderr] 46 | pub use day20::Day20;
[INFO] [stderr]    |         ^^^^^^^^^^^^
[INFO] [stderr] 
[INFO] [stderr] warning: unused import: `day21::Day21`
[INFO] [stderr]   --> src/solutions.rs:48:9
[INFO] [stderr]    |
[INFO] [stderr] 48 | pub use day21::Day21;
[INFO] [stderr]    |         ^^^^^^^^^^^^
[INFO] [stderr] 
[INFO] [stderr] warning: unused import: `day22::Day22`
[INFO] [stderr]   --> src/solutions.rs:50:9
[INFO] [stderr]    |
[INFO] [stderr] 50 | pub use day22::Day22;
[INFO] [stderr]    |         ^^^^^^^^^^^^
[INFO] [stderr] 
[INFO] [stderr] warning: unused import: `day23::Day23`
[INFO] [stderr]   --> src/solutions.rs:52:9
[INFO] [stderr]    |
[INFO] [stderr] 52 | pub use day23::Day23;
[INFO] [stderr]    |         ^^^^^^^^^^^^
[INFO] [stderr] 
[INFO] [stderr] warning: unused import: `day24::Day24`
[INFO] [stderr]   --> src/solutions.rs:54:9
[INFO] [stderr]    |
[INFO] [stderr] 54 | pub use day24::Day24;
[INFO] [stderr]    |         ^^^^^^^^^^^^
[INFO] [stderr] 
[INFO] [stderr] warning: `adventofcode2023` (bin "adventofcode2023" test) generated 24 warnings (run `cargo fix --bin "adventofcode2023" --tests` to apply 24 suggestions)
[INFO] [stderr]     Finished test [unoptimized + debuginfo] target(s) in 0.00s
[INFO] [stderr]      Running unittests src/main.rs (/opt/rustwide/target/debug/deps/adventofcode2023-97c478a6622a6cd7)
[INFO] [stdout] 
[INFO] [stdout] running 66 tests
[INFO] [stdout] test solutions::day01::day01_tests::test_part_1 ... ok
[INFO] [stdout] test solutions::day01::day01_tests::test_part_2 ... ok
[INFO] [stdout] test solutions::day02::day02_tests::test_part_2 ... ok
[INFO] [stdout] test solutions::day02::day02_tests::test_part_1 ... ok
[INFO] [stdout] test solutions::day03::day03_tests::test_part_1 ... ok
[INFO] [stdout] test solutions::day03::day03_tests::test_part_2 ... ok
[INFO] [stdout] test solutions::day04::day04_tests::test_part_1 ... ok
[INFO] [stdout] test solutions::day05::day05_tests::test_apply_to ... ok
[INFO] [stdout] test solutions::day05::day05_tests::test_part_1 ... ok
[INFO] [stdout] test solutions::day04::day04_tests::test_part_2 ... ok
[INFO] [stdout] test solutions::day05::day05_tests::test_part_2 ... ok
[INFO] [stdout] test solutions::day05::day05_tests::test_slice ... ok
[INFO] [stdout] test solutions::day06::day06_tests::test_part_1 ... ok
[INFO] [stdout] test solutions::day06::day06_tests::test_part_2 ... ok
[INFO] [stdout] test solutions::day07::day07_tests::test_hand_with_joker ... ok
[INFO] [stdout] test solutions::day07::day07_tests::test_ordering_card ... ok
[INFO] [stdout] test solutions::day07::day07_tests::test_parse_camel_hand ... ok
[INFO] [stdout] test solutions::day07::day07_tests::test_part_1 ... ok
[INFO] [stdout] test solutions::day07::day07_tests::test_part_2 ... ok
[INFO] [stdout] test solutions::day08::day08_tests::test_part_1 ... ok
[INFO] [stdout] test solutions::day08::day08_tests::test_part_2 ... ok
[INFO] [stdout] test solutions::day09::day09_tests::test_part_2 ... ok
[INFO] [stdout] test solutions::day10::day10_tests::test_animal_type ... ok
[INFO] [stdout] test solutions::day09::day09_tests::test_part_1 ... ok
[INFO] [stdout] test solutions::day10::day10_tests::test_part_1 ... ok
[INFO] [stdout] test solutions::day11::day11_tests::test_part_1 ... ok
[INFO] [stdout] test solutions::day11::day11_tests::test_part_2 ... ok
[INFO] [stdout] test solutions::day13::day13_tests::test_part_2 ... ok
[INFO] [stdout] test solutions::day13::day13_tests::test_part_1 ... ok
[INFO] [stdout] test solutions::day14::day14_tests::test_cycles ... ok
[INFO] [stdout] test solutions::day12::day12_tests::test_part_1 ... ok
[INFO] [stdout] test solutions::day10::day10_tests::test_part_2 ... ok
[INFO] [stdout] test solutions::day14::day14_tests::test_part_1 ... ok
[INFO] [stdout] test solutions::day15::day15_tests::test_part_1 ... ok
[INFO] [stdout] test solutions::day16::day16_tests::test_part_1 ... ok
[INFO] [stdout] test solutions::day15::day15_tests::test_part_2 ... ok
[INFO] [stdout] test solutions::day18::day18_tests::test_part_2 ... ok
[INFO] [stdout] test solutions::day19::day19_tests::test_part_1 ... ok
[INFO] [stdout] test solutions::day19::day19_tests::test_part_range ... ok
[INFO] [stdout] test solutions::day19::day19_tests::test_part_2 ... ok
[INFO] [stdout] test solutions::day18::day18_tests::test_part_1 ... ok
[INFO] [stdout] test solutions::day20::day20_tests::test_broadcast ... ok
[INFO] [stdout] test solutions::day20::day20_tests::test_conjunction ... ok
[INFO] [stdout] test solutions::day14::day14_tests::test_part_2 ... ok
[INFO] [stdout] test solutions::day21::day21_tests::test_part_1 ... ok
[INFO] [stdout] test solutions::day22::day22_tests::test_collapse ... ok
[INFO] [stdout] test solutions::day22::day22_tests::test_partial_ord ... ok
[INFO] [stdout] test solutions::day22::day22_tests::test_part_1 ... ok
[INFO] [stdout] test solutions::day22::day22_tests::test_part_2 ... ok
[INFO] [stdout] test solutions::day24::day24_tests::test_parallel ... ok
[INFO] [stdout] test solutions::day21::day21_tests::test_part_2 ... ok
[INFO] [stdout] test solutions::day20::day20_tests::test_flip_flop ... ok
[INFO] [stdout] test solutions::day24::day24_tests::test_part_1 ... ok
[INFO] [stdout] test solutions::day22::day22_tests::test_topological_sort ... ok
[INFO] [stdout] test solutions::day16::day16_tests::test_part_2 ... ok
[INFO] [stdout] test solutions::day25::day25_tests::test_merge ... ok
[INFO] [stdout] test solutions::day23::day23_tests::test_part_1 ... ok
[INFO] [stdout] test solutions::day23::day23_tests::test_part_2 ... ok
[INFO] [stdout] test solutions::day17::day17_tests::test_part_1 ... ok
[INFO] [stdout] test solutions::day25::day25_tests::test_part_1 ... ok
[INFO] [stdout] test solutions::day17::day17_tests::test_part_2 ... ok
[INFO] [stdout] test solutions::day12::day12_tests::test_part_2 ... ok
[INFO] [stdout] test solutions::day20::day20_tests::test_part_1 ... ok
[INFO] [stdout] test solutions::day25::day25_tests::test_min_cut ... FAILED
[INFO] [stdout] test solutions::day25::day25_tests::test_part_2 ... FAILED
[INFO] [stdout] test solutions::day24::day24_tests::test_part_2 ... ok
[INFO] [stdout] 
[INFO] [stdout] failures:
[INFO] [stdout] 
[INFO] [stdout] ---- solutions::day25::day25_tests::test_min_cut stdout ----
[INFO] [stdout] thread 'solutions::day25::day25_tests::test_min_cut' panicked at src/solutions/day25.rs:173:16:
[INFO] [stdout] attempt to calculate the remainder with a divisor of zero
[INFO] [stdout] stack backtrace:
[INFO] [stdout]    0:     0x5625c0ec5fe6 - std::backtrace_rs::backtrace::libunwind::trace::h261606ad26a499c1
[INFO] [stdout]                                at /rustc/0e09125c6c3c2fd70d7de961bcf0e51575235fad/library/std/src/../../backtrace/src/backtrace/libunwind.rs:104:5
[INFO] [stdout]    1:     0x5625c0ec5fe6 - std::backtrace_rs::backtrace::trace_unsynchronized::hd183f0625477fb28
[INFO] [stdout]                                at /rustc/0e09125c6c3c2fd70d7de961bcf0e51575235fad/library/std/src/../../backtrace/src/backtrace/mod.rs:66:5
[INFO] [stdout]    2:     0x5625c0ec5fe6 - std::sys_common::backtrace::_print_fmt::hd7f8fef21b4eda67
[INFO] [stdout]                                at /rustc/0e09125c6c3c2fd70d7de961bcf0e51575235fad/library/std/src/sys_common/backtrace.rs:68:5
[INFO] [stdout]    3:     0x5625c0ec5fe6 - <std::sys_common::backtrace::_print::DisplayBacktrace as core::fmt::Display>::fmt::h623d9b51f2f453f1
[INFO] [stdout]                                at /rustc/0e09125c6c3c2fd70d7de961bcf0e51575235fad/library/std/src/sys_common/backtrace.rs:44:22
[INFO] [stdout]    4:     0x5625c0eef8a0 - core::fmt::rt::Argument::fmt::h9f417ac76a86f368
[INFO] [stdout]                                at /rustc/0e09125c6c3c2fd70d7de961bcf0e51575235fad/library/core/src/fmt/rt.rs:142:9
[INFO] [stdout]    5:     0x5625c0eef8a0 - core::fmt::write::hc9b6faf4ac2aeff7
[INFO] [stdout]                                at /rustc/0e09125c6c3c2fd70d7de961bcf0e51575235fad/library/core/src/fmt/mod.rs:1120:17
[INFO] [stdout]    6:     0x5625c0ec3a4f - std::io::Write::write_fmt::he04625a3a989fec3
[INFO] [stdout]                                at /rustc/0e09125c6c3c2fd70d7de961bcf0e51575235fad/library/std/src/io/mod.rs:1810:15
[INFO] [stdout]    7:     0x5625c0ec5dc4 - std::sys_common::backtrace::_print::hd5d66399c7df88a2
[INFO] [stdout]                                at /rustc/0e09125c6c3c2fd70d7de961bcf0e51575235fad/library/std/src/sys_common/backtrace.rs:47:5
[INFO] [stdout]    8:     0x5625c0ec5dc4 - std::sys_common::backtrace::print::he81ed2da642d37e5
[INFO] [stdout]                                at /rustc/0e09125c6c3c2fd70d7de961bcf0e51575235fad/library/std/src/sys_common/backtrace.rs:34:9
[INFO] [stdout]    9:     0x5625c0ec7b37 - std::panicking::default_hook::{{closure}}::h85773f4fa117163d
[INFO] [stdout]   10:     0x5625c0ec781d - std::panicking::default_hook::h6a1694a91d09b278
[INFO] [stdout]                                at /rustc/0e09125c6c3c2fd70d7de961bcf0e51575235fad/library/std/src/panicking.rs:289:9
[INFO] [stdout]   11:     0x5625c0e979f7 - <alloc::boxed::Box<F,A> as core::ops::function::Fn<Args>>::call::h616ac37fa3cd6c8f
[INFO] [stdout]                                at /rustc/0e09125c6c3c2fd70d7de961bcf0e51575235fad/library/alloc/src/boxed.rs:2029:9
[INFO] [stdout]   12:     0x5625c0e979f7 - test::test_main::{{closure}}::h00d84697cefdcbb6
[INFO] [stdout]                                at /rustc/0e09125c6c3c2fd70d7de961bcf0e51575235fad/library/test/src/lib.rs:138:21
[INFO] [stdout]   13:     0x5625c0ec8156 - <alloc::boxed::Box<F,A> as core::ops::function::Fn<Args>>::call::hcb3fe3b9bb537ba8
[INFO] [stdout]                                at /rustc/0e09125c6c3c2fd70d7de961bcf0e51575235fad/library/alloc/src/boxed.rs:2029:9
[INFO] [stdout]   14:     0x5625c0ec8156 - std::panicking::rust_panic_with_hook::h0a7ad96e90f7145b
[INFO] [stdout]                                at /rustc/0e09125c6c3c2fd70d7de961bcf0e51575235fad/library/std/src/panicking.rs:783:13
[INFO] [stdout]   15:     0x5625c0ec7e69 - std::panicking::begin_panic_handler::{{closure}}::h7919090525c6485e
[INFO] [stdout]                                at /rustc/0e09125c6c3c2fd70d7de961bcf0e51575235fad/library/std/src/panicking.rs:649:13
[INFO] [stdout]   16:     0x5625c0ec64e6 - std::sys_common::backtrace::__rust_end_short_backtrace::hf3289479464f7dfe
[INFO] [stdout]                                at /rustc/0e09125c6c3c2fd70d7de961bcf0e51575235fad/library/std/src/sys_common/backtrace.rs:171:18
[INFO] [stdout]   17:     0x5625c0ec7c00 - rust_begin_unwind
[INFO] [stdout]                                at /rustc/0e09125c6c3c2fd70d7de961bcf0e51575235fad/library/std/src/panicking.rs:645:5
[INFO] [stdout]   18:     0x5625c0d43d35 - core::panicking::panic_fmt::hcc9f77c5c132af55
[INFO] [stdout]                                at /rustc/0e09125c6c3c2fd70d7de961bcf0e51575235fad/library/core/src/panicking.rs:72:14
[INFO] [stdout]   19:     0x5625c0d43df3 - core::panicking::panic::h5a1259c1164bd480
[INFO] [stdout]                                at /rustc/0e09125c6c3c2fd70d7de961bcf0e51575235fad/library/core/src/panicking.rs:144:5
[INFO] [stdout]   20:     0x5625c0e4c513 - adventofcode2023::solutions::day25::Graph::minimum_cut::hc8e9a975c7bde953
[INFO] [stdout]                                at /opt/rustwide/workdir/src/solutions/day25.rs:173:16
[INFO] [stdout]   21:     0x5625c0e4c92b - adventofcode2023::solutions::day25::Graph::part_1::hc9035e95a737f09b
[INFO] [stdout]                                at /opt/rustwide/workdir/src/solutions/day25.rs:193:37
[INFO] [stdout]   22:     0x5625c0e1d3b5 - adventofcode2023::solutions::day25::day25_tests::test_min_cut::hea9013dea9dd10af
[INFO] [stdout]                                at /opt/rustwide/workdir/src/solutions/day25.rs:322:20
[INFO] [stdout]   23:     0x5625c0e1c4c7 - adventofcode2023::solutions::day25::day25_tests::test_min_cut::{{closure}}::h5db5752f744dc61c
[INFO] [stdout]                                at /opt/rustwide/workdir/src/solutions/day25.rs:289:22
[INFO] [stdout]   24:     0x5625c0e504b6 - core::ops::function::FnOnce::call_once::h5e2cd35d5b7f976d
[INFO] [stdout]                                at /rustc/0e09125c6c3c2fd70d7de961bcf0e51575235fad/library/core/src/ops/function.rs:250:5
[INFO] [stdout]   25:     0x5625c0e9d2cf - core::ops::function::FnOnce::call_once::hd64d26f405258157
[INFO] [stdout]                                at /rustc/0e09125c6c3c2fd70d7de961bcf0e51575235fad/library/core/src/ops/function.rs:250:5
[INFO] [stdout]   26:     0x5625c0e9d2cf - test::__rust_begin_short_backtrace::he21b0b7a6d731bf9
[INFO] [stdout]                                at /rustc/0e09125c6c3c2fd70d7de961bcf0e51575235fad/library/test/src/lib.rs:627:18
[INFO] [stdout]   27:     0x5625c0e9c051 - test::run_test_in_process::{{closure}}::hf5c73986d7bdfde2
[INFO] [stdout]                                at /rustc/0e09125c6c3c2fd70d7de961bcf0e51575235fad/library/test/src/lib.rs:650:60
[INFO] [stdout]   28:     0x5625c0e9c051 - <core::panic::unwind_safe::AssertUnwindSafe<F> as core::ops::function::FnOnce<()>>::call_once::h330011ad032aadc0
[INFO] [stdout]                                at /rustc/0e09125c6c3c2fd70d7de961bcf0e51575235fad/library/core/src/panic/unwind_safe.rs:272:9
[INFO] [stdout]   29:     0x5625c0e9c051 - std::panicking::try::do_call::he61b0a958b795a41
[INFO] [stdout]                                at /rustc/0e09125c6c3c2fd70d7de961bcf0e51575235fad/library/std/src/panicking.rs:552:40
[INFO] [stdout]   30:     0x5625c0e9c051 - std::panicking::try::h7309da130f906eb7
[INFO] [stdout]                                at /rustc/0e09125c6c3c2fd70d7de961bcf0e51575235fad/library/std/src/panicking.rs:516:19
[INFO] [stdout]   31:     0x5625c0e9c051 - std::panic::catch_unwind::hc5c3a06fdaf0a92a
[INFO] [stdout]                                at /rustc/0e09125c6c3c2fd70d7de961bcf0e51575235fad/library/std/src/panic.rs:142:14
[INFO] [stdout]   32:     0x5625c0e9c051 - test::run_test_in_process::h7e7b7c71c3324e0f
[INFO] [stdout]                                at /rustc/0e09125c6c3c2fd70d7de961bcf0e51575235fad/library/test/src/lib.rs:650:27
[INFO] [stdout]   33:     0x5625c0e9c051 - test::run_test::{{closure}}::h1f509f28f5cf20b1
[INFO] [stdout]                                at /rustc/0e09125c6c3c2fd70d7de961bcf0e51575235fad/library/test/src/lib.rs:573:43
[INFO] [stdout]   34:     0x5625c0e63386 - test::run_test::{{closure}}::h1754218abf443f6d
[INFO] [stdout]                                at /rustc/0e09125c6c3c2fd70d7de961bcf0e51575235fad/library/test/src/lib.rs:601:41
[INFO] [stdout]   35:     0x5625c0e63386 - std::sys_common::backtrace::__rust_begin_short_backtrace::h2ee174b9d5954948
[INFO] [stdout]                                at /rustc/0e09125c6c3c2fd70d7de961bcf0e51575235fad/library/std/src/sys_common/backtrace.rs:155:18
[INFO] [stdout]   36:     0x5625c0e683e7 - std::thread::Builder::spawn_unchecked_::{{closure}}::{{closure}}::hf60bee9c1a17ef09
[INFO] [stdout]                                at /rustc/0e09125c6c3c2fd70d7de961bcf0e51575235fad/library/std/src/thread/mod.rs:529:17
[INFO] [stdout]   37:     0x5625c0e683e7 - <core::panic::unwind_safe::AssertUnwindSafe<F> as core::ops::function::FnOnce<()>>::call_once::h33d0dddec5216160
[INFO] [stdout]                                at /rustc/0e09125c6c3c2fd70d7de961bcf0e51575235fad/library/core/src/panic/unwind_safe.rs:272:9
[INFO] [stdout]   38:     0x5625c0e683e7 - std::panicking::try::do_call::h144b3048b546f835
[INFO] [stdout]                                at /rustc/0e09125c6c3c2fd70d7de961bcf0e51575235fad/library/std/src/panicking.rs:552:40
[INFO] [stdout]   39:     0x5625c0e683e7 - std::panicking::try::h978244d04646189f
[INFO] [stdout]                                at /rustc/0e09125c6c3c2fd70d7de961bcf0e51575235fad/library/std/src/panicking.rs:516:19
[INFO] [stdout]   40:     0x5625c0e683e7 - std::panic::catch_unwind::hdf436369d188fe86
[INFO] [stdout]                                at /rustc/0e09125c6c3c2fd70d7de961bcf0e51575235fad/library/std/src/panic.rs:142:14
[INFO] [stdout]   41:     0x5625c0e683e7 - std::thread::Builder::spawn_unchecked_::{{closure}}::h87329cbdd33c79ec
[INFO] [stdout]                                at /rustc/0e09125c6c3c2fd70d7de961bcf0e51575235fad/library/std/src/thread/mod.rs:528:30
[INFO] [stdout]   42:     0x5625c0e683e7 - core::ops::function::FnOnce::call_once{{vtable.shim}}::h401abbe67897d450
[INFO] [stdout]                                at /rustc/0e09125c6c3c2fd70d7de961bcf0e51575235fad/library/core/src/ops/function.rs:250:5
[INFO] [stdout]   43:     0x5625c0eccc05 - <alloc::boxed::Box<F,A> as core::ops::function::FnOnce<Args>>::call_once::h5d7c8f150ab9c84c
[INFO] [stdout]                                at /rustc/0e09125c6c3c2fd70d7de961bcf0e51575235fad/library/alloc/src/boxed.rs:2015:9
[INFO] [stdout]   44:     0x5625c0eccc05 - <alloc::boxed::Box<F,A> as core::ops::function::FnOnce<Args>>::call_once::h570d5b005c242c15
[INFO] [stdout]                                at /rustc/0e09125c6c3c2fd70d7de961bcf0e51575235fad/library/alloc/src/boxed.rs:2015:9
[INFO] [stdout]   45:     0x5625c0eccc05 - std::sys::unix::thread::Thread::new::thread_start::h36b0a20c0b2361ad
[INFO] [stdout]                                at /rustc/0e09125c6c3c2fd70d7de961bcf0e51575235fad/library/std/src/sys/unix/thread.rs:108:17
[INFO] [stdout]   46:     0x7f4528464ac3 - <unknown>
[INFO] [stdout]   47:     0x7f45284f5bf4 - __clone
[INFO] [stdout]   48:                0x0 - <unknown>
[INFO] [stdout] 
[INFO] [stdout] ---- solutions::day25::day25_tests::test_part_2 stdout ----
[INFO] [stdout] thread 'solutions::day25::day25_tests::test_part_2' panicked at src/solutions/day25.rs:248:9:
[INFO] [stdout] assertion `left == right` failed
[INFO] [stdout]   left: "0"
[INFO] [stdout]  right: ""
[INFO] [stdout] stack backtrace:
[INFO] [stdout]    0:     0x5625c0ec5fe6 - std::backtrace_rs::backtrace::libunwind::trace::h261606ad26a499c1
[INFO] [stdout]                                at /rustc/0e09125c6c3c2fd70d7de961bcf0e51575235fad/library/std/src/../../backtrace/src/backtrace/libunwind.rs:104:5
[INFO] [stdout]    1:     0x5625c0ec5fe6 - std::backtrace_rs::backtrace::trace_unsynchronized::hd183f0625477fb28
[INFO] [stdout]                                at /rustc/0e09125c6c3c2fd70d7de961bcf0e51575235fad/library/std/src/../../backtrace/src/backtrace/mod.rs:66:5
[INFO] [stdout]    2:     0x5625c0ec5fe6 - std::sys_common::backtrace::_print_fmt::hd7f8fef21b4eda67
[INFO] [stdout]                                at /rustc/0e09125c6c3c2fd70d7de961bcf0e51575235fad/library/std/src/sys_common/backtrace.rs:68:5
[INFO] [stdout]    3:     0x5625c0ec5fe6 - <std::sys_common::backtrace::_print::DisplayBacktrace as core::fmt::Display>::fmt::h623d9b51f2f453f1
[INFO] [stdout]                                at /rustc/0e09125c6c3c2fd70d7de961bcf0e51575235fad/library/std/src/sys_common/backtrace.rs:44:22
[INFO] [stdout]    4:     0x5625c0eef8a0 - core::fmt::rt::Argument::fmt::h9f417ac76a86f368
[INFO] [stdout]                                at /rustc/0e09125c6c3c2fd70d7de961bcf0e51575235fad/library/core/src/fmt/rt.rs:142:9
[INFO] [stdout]    5:     0x5625c0eef8a0 - core::fmt::write::hc9b6faf4ac2aeff7
[INFO] [stdout]                                at /rustc/0e09125c6c3c2fd70d7de961bcf0e51575235fad/library/core/src/fmt/mod.rs:1120:17
[INFO] [stdout]    6:     0x5625c0ec3a4f - std::io::Write::write_fmt::he04625a3a989fec3
[INFO] [stdout]                                at /rustc/0e09125c6c3c2fd70d7de961bcf0e51575235fad/library/std/src/io/mod.rs:1810:15
[INFO] [stdout]    7:     0x5625c0ec5dc4 - std::sys_common::backtrace::_print::hd5d66399c7df88a2
[INFO] [stdout]                                at /rustc/0e09125c6c3c2fd70d7de961bcf0e51575235fad/library/std/src/sys_common/backtrace.rs:47:5
[INFO] [stdout]    8:     0x5625c0ec5dc4 - std::sys_common::backtrace::print::he81ed2da642d37e5
[INFO] [stdout]                                at /rustc/0e09125c6c3c2fd70d7de961bcf0e51575235fad/library/std/src/sys_common/backtrace.rs:34:9
[INFO] [stdout]    9:     0x5625c0ec7b37 - std::panicking::default_hook::{{closure}}::h85773f4fa117163d
[INFO] [stdout]   10:     0x5625c0ec781d - std::panicking::default_hook::h6a1694a91d09b278
[INFO] [stdout]                                at /rustc/0e09125c6c3c2fd70d7de961bcf0e51575235fad/library/std/src/panicking.rs:289:9
[INFO] [stdout]   11:     0x5625c0e979f7 - <alloc::boxed::Box<F,A> as core::ops::function::Fn<Args>>::call::h616ac37fa3cd6c8f
[INFO] [stdout]                                at /rustc/0e09125c6c3c2fd70d7de961bcf0e51575235fad/library/alloc/src/boxed.rs:2029:9
[INFO] [stdout]   12:     0x5625c0e979f7 - test::test_main::{{closure}}::h00d84697cefdcbb6
[INFO] [stdout]                                at /rustc/0e09125c6c3c2fd70d7de961bcf0e51575235fad/library/test/src/lib.rs:138:21
[INFO] [stdout]   13:     0x5625c0ec8156 - <alloc::boxed::Box<F,A> as core::ops::function::Fn<Args>>::call::hcb3fe3b9bb537ba8
[INFO] [stdout]                                at /rustc/0e09125c6c3c2fd70d7de961bcf0e51575235fad/library/alloc/src/boxed.rs:2029:9
[INFO] [stdout]   14:     0x5625c0ec8156 - std::panicking::rust_panic_with_hook::h0a7ad96e90f7145b
[INFO] [stdout]                                at /rustc/0e09125c6c3c2fd70d7de961bcf0e51575235fad/library/std/src/panicking.rs:783:13
[INFO] [stdout]   15:     0x5625c0ec7ea2 - std::panicking::begin_panic_handler::{{closure}}::h7919090525c6485e
[INFO] [stdout]                                at /rustc/0e09125c6c3c2fd70d7de961bcf0e51575235fad/library/std/src/panicking.rs:657:13
[INFO] [stdout]   16:     0x5625c0ec64e6 - std::sys_common::backtrace::__rust_end_short_backtrace::hf3289479464f7dfe
[INFO] [stdout]                                at /rustc/0e09125c6c3c2fd70d7de961bcf0e51575235fad/library/std/src/sys_common/backtrace.rs:171:18
[INFO] [stdout]   17:     0x5625c0ec7c00 - rust_begin_unwind
[INFO] [stdout]                                at /rustc/0e09125c6c3c2fd70d7de961bcf0e51575235fad/library/std/src/panicking.rs:645:5
[INFO] [stdout]   18:     0x5625c0d43d35 - core::panicking::panic_fmt::hcc9f77c5c132af55
[INFO] [stdout]                                at /rustc/0e09125c6c3c2fd70d7de961bcf0e51575235fad/library/core/src/panicking.rs:72:14
[INFO] [stdout]   19:     0x5625c0d4416b - core::panicking::assert_failed_inner::h9f13e27dd63c3a08
[INFO] [stdout]                                at /rustc/0e09125c6c3c2fd70d7de961bcf0e51575235fad/library/core/src/panicking.rs:342:17
[INFO] [stdout]   20:     0x5625c0e2b5d2 - core::panicking::assert_failed::hd77a57e17c77cbfc
[INFO] [stdout]                                at /rustc/0e09125c6c3c2fd70d7de961bcf0e51575235fad/library/core/src/panicking.rs:297:5
[INFO] [stdout]   21:     0x5625c0e1b7e9 - adventofcode2023::solutions::day25::day25_tests::test_part_2::h213942bd9cd4e890
[INFO] [stdout]                                at /opt/rustwide/workdir/src/solutions/day25.rs:248:9
[INFO] [stdout]   22:     0x5625c0e1b707 - adventofcode2023::solutions::day25::day25_tests::test_part_2::{{closure}}::h63e5a34e19983da3
[INFO] [stdout]                                at /opt/rustwide/workdir/src/solutions/day25.rs:245:21
[INFO] [stdout]   23:     0x5625c0e4fd46 - core::ops::function::FnOnce::call_once::h298618fe5e3909cd
[INFO] [stdout]                                at /rustc/0e09125c6c3c2fd70d7de961bcf0e51575235fad/library/core/src/ops/function.rs:250:5
[INFO] [stdout]   24:     0x5625c0e9d2cf - core::ops::function::FnOnce::call_once::hd64d26f405258157
[INFO] [stdout]                                at /rustc/0e09125c6c3c2fd70d7de961bcf0e51575235fad/library/core/src/ops/function.rs:250:5
[INFO] [stdout]   25:     0x5625c0e9d2cf - test::__rust_begin_short_backtrace::he21b0b7a6d731bf9
[INFO] [stdout]                                at /rustc/0e09125c6c3c2fd70d7de961bcf0e51575235fad/library/test/src/lib.rs:627:18
[INFO] [stdout]   26:     0x5625c0e9c051 - test::run_test_in_process::{{closure}}::hf5c73986d7bdfde2
[INFO] [stdout]                                at /rustc/0e09125c6c3c2fd70d7de961bcf0e51575235fad/library/test/src/lib.rs:650:60
[INFO] [stdout]   27:     0x5625c0e9c051 - <core::panic::unwind_safe::AssertUnwindSafe<F> as core::ops::function::FnOnce<()>>::call_once::h330011ad032aadc0
[INFO] [stdout]                                at /rustc/0e09125c6c3c2fd70d7de961bcf0e51575235fad/library/core/src/panic/unwind_safe.rs:272:9
[INFO] [stdout]   28:     0x5625c0e9c051 - std::panicking::try::do_call::he61b0a958b795a41
[INFO] [stdout]                                at /rustc/0e09125c6c3c2fd70d7de961bcf0e51575235fad/library/std/src/panicking.rs:552:40
[INFO] [stdout]   29:     0x5625c0e9c051 - std::panicking::try::h7309da130f906eb7
[INFO] [stdout]                                at /rustc/0e09125c6c3c2fd70d7de961bcf0e51575235fad/library/std/src/panicking.rs:516:19
[INFO] [stdout]   30:     0x5625c0e9c051 - std::panic::catch_unwind::hc5c3a06fdaf0a92a
[INFO] [stdout]                                at /rustc/0e09125c6c3c2fd70d7de961bcf0e51575235fad/library/std/src/panic.rs:142:14
[INFO] [stdout]   31:     0x5625c0e9c051 - test::run_test_in_process::h7e7b7c71c3324e0f
[INFO] [stdout]                                at /rustc/0e09125c6c3c2fd70d7de961bcf0e51575235fad/library/test/src/lib.rs:650:27
[INFO] [stdout]   32:     0x5625c0e9c051 - test::run_test::{{closure}}::h1f509f28f5cf20b1
[INFO] [stdout]                                at /rustc/0e09125c6c3c2fd70d7de961bcf0e51575235fad/library/test/src/lib.rs:573:43
[INFO] [stdout]   33:     0x5625c0e63386 - test::run_test::{{closure}}::h1754218abf443f6d
[INFO] [stdout]                                at /rustc/0e09125c6c3c2fd70d7de961bcf0e51575235fad/library/test/src/lib.rs:601:41
[INFO] [stdout]   34:     0x5625c0e63386 - std::sys_common::backtrace::__rust_begin_short_backtrace::h2ee174b9d5954948
[INFO] [stdout]                                at /rustc/0e09125c6c3c2fd70d7de961bcf0e51575235fad/library/std/src/sys_common/backtrace.rs:155:18
[INFO] [stdout]   35:     0x5625c0e683e7 - std::thread::Builder::spawn_unchecked_::{{closure}}::{{closure}}::hf60bee9c1a17ef09
[INFO] [stdout]                                at /rustc/0e09125c6c3c2fd70d7de961bcf0e51575235fad/library/std/src/thread/mod.rs:529:17
[INFO] [stdout]   36:     0x5625c0e683e7 - <core::panic::unwind_safe::AssertUnwindSafe<F> as core::ops::function::FnOnce<()>>::call_once::h33d0dddec5216160
[INFO] [stdout]                                at /rustc/0e09125c6c3c2fd70d7de961bcf0e51575235fad/library/core/src/panic/unwind_safe.rs:272:9
[INFO] [stdout]   37:     0x5625c0e683e7 - std::panicking::try::do_call::h144b3048b546f835
[INFO] [stdout]                                at /rustc/0e09125c6c3c2fd70d7de961bcf0e51575235fad/library/std/src/panicking.rs:552:40
[INFO] [stdout]   38:     0x5625c0e683e7 - std::panicking::try::h978244d04646189f
[INFO] [stdout]                                at /rustc/0e09125c6c3c2fd70d7de961bcf0e51575235fad/library/std/src/panicking.rs:516:19
[INFO] [stdout]   39:     0x5625c0e683e7 - std::panic::catch_unwind::hdf436369d188fe86
[INFO] [stdout]                                at /rustc/0e09125c6c3c2fd70d7de961bcf0e51575235fad/library/std/src/panic.rs:142:14
[INFO] [stdout]   40:     0x5625c0e683e7 - std::thread::Builder::spawn_unchecked_::{{closure}}::h87329cbdd33c79ec
[INFO] [stdout]                                at /rustc/0e09125c6c3c2fd70d7de961bcf0e51575235fad/library/std/src/thread/mod.rs:528:30
[INFO] [stdout]   41:     0x5625c0e683e7 - core::ops::function::FnOnce::call_once{{vtable.shim}}::h401abbe67897d450
[INFO] [stdout]                                at /rustc/0e09125c6c3c2fd70d7de961bcf0e51575235fad/library/core/src/ops/function.rs:250:5
[INFO] [stdout]   42:     0x5625c0eccc05 - <alloc::boxed::Box<F,A> as core::ops::function::FnOnce<Args>>::call_once::h5d7c8f150ab9c84c
[INFO] [stdout]                                at /rustc/0e09125c6c3c2fd70d7de961bcf0e51575235fad/library/alloc/src/boxed.rs:2015:9
[INFO] [stdout]   43:     0x5625c0eccc05 - <alloc::boxed::Box<F,A> as core::ops::function::FnOnce<Args>>::call_once::h570d5b005c242c15
[INFO] [stdout]                                at /rustc/0e09125c6c3c2fd70d7de961bcf0e51575235fad/library/alloc/src/boxed.rs:2015:9
[INFO] [stdout]   44:     0x5625c0eccc05 - std::sys::unix::thread::Thread::new::thread_start::h36b0a20c0b2361ad
[INFO] [stdout]                                at /rustc/0e09125c6c3c2fd70d7de961bcf0e51575235fad/library/std/src/sys/unix/thread.rs:108:17
[INFO] [stdout]   45:     0x7f4528464ac3 - <unknown>
[INFO] [stdout]   46:     0x7f45284f5bf4 - __clone
[INFO] [stdout]   47:                0x0 - <unknown>
[INFO] [stdout] 
[INFO] [stdout] 
[INFO] [stdout] failures:
[INFO] [stdout]     solutions::day25::day25_tests::test_min_cut
[INFO] [stdout]     solutions::day25::day25_tests::test_part_2
[INFO] [stdout] 
[INFO] [stdout] test result: FAILED. 64 passed; 2 failed; 0 ignored; 0 measured; 0 filtered out; finished in 2.53s
[INFO] [stdout] 
[INFO] [stderr] error: test failed, to rerun pass `--bin adventofcode2023`
[INFO] running `Command { std: "docker" "inspect" "40514530bd73eab3247c06741cf77b6710da413b45342d7b32e7a286071732b3", kill_on_drop: false }`
[INFO] running `Command { std: "docker" "rm" "-f" "40514530bd73eab3247c06741cf77b6710da413b45342d7b32e7a286071732b3", kill_on_drop: false }`
[INFO] [stdout] 40514530bd73eab3247c06741cf77b6710da413b45342d7b32e7a286071732b3
