[INFO] cloning repository https://github.com/hung12A2/lib_prj_rust
[INFO] running `Command { std: "git" "-c" "credential.helper=" "-c" "credential.helper=/workspace/cargo-home/bin/git-credential-null" "clone" "--bare" "https://github.com/hung12A2/lib_prj_rust" "/workspace/cache/git-repos/https%3A%2F%2Fgithub.com%2Fhung12A2%2Flib_prj_rust", kill_on_drop: false }`
[INFO] [stderr] Cloning into bare repository '/workspace/cache/git-repos/https%3A%2F%2Fgithub.com%2Fhung12A2%2Flib_prj_rust'...
[INFO] running `Command { std: "git" "rev-parse" "HEAD", kill_on_drop: false }`
[INFO] [stdout] 4e80061efabd4e21f421581425b70634d4351c1d
[INFO] testing hung12A2/lib_prj_rust against 1.75.0 for beta-1.76-1
[INFO] running `Command { std: "git" "clone" "/workspace/cache/git-repos/https%3A%2F%2Fgithub.com%2Fhung12A2%2Flib_prj_rust" "/workspace/builds/worker-5-tc1/source", kill_on_drop: false }`
[INFO] [stderr] Cloning into '/workspace/builds/worker-5-tc1/source'...
[INFO] [stderr] done.
[INFO] validating manifest of git repo https://github.com/hung12A2/lib_prj_rust on toolchain 1.75.0
[INFO] running `Command { std: CARGO_HOME="/workspace/cargo-home" RUSTUP_HOME="/workspace/rustup-home" "/workspace/cargo-home/bin/cargo" "+1.75.0" "metadata" "--manifest-path" "Cargo.toml" "--no-deps", kill_on_drop: false }`
[INFO] started tweaking git repo https://github.com/hung12A2/lib_prj_rust
[INFO] finished tweaking git repo https://github.com/hung12A2/lib_prj_rust
[INFO] tweaked toml for git repo https://github.com/hung12A2/lib_prj_rust written to /workspace/builds/worker-5-tc1/source/Cargo.toml
[INFO] crate git repo https://github.com/hung12A2/lib_prj_rust already has a lockfile, it will not be regenerated
[INFO] running `Command { std: CARGO_HOME="/workspace/cargo-home" RUSTUP_HOME="/workspace/rustup-home" "/workspace/cargo-home/bin/cargo" "+1.75.0" "fetch" "--manifest-path" "Cargo.toml", kill_on_drop: false }`
[INFO] [stderr]     Updating crates.io index
[INFO] [stderr]  Downloading crates ...
[INFO] [stderr]   Downloaded indoc v2.0.0
[INFO] [stderr]   Downloaded serde_stacker v0.1.7
[INFO] [stderr]   Downloaded trybuild v1.0.77
[INFO] [stderr]   Downloaded basic-toml v0.1.1
[INFO] [stderr]   Downloaded ref-cast-impl v1.0.14
[INFO] [stderr]   Downloaded ref-cast v1.0.14
[INFO] [stderr]   Downloaded automod v1.0.6
[INFO] running `Command { std: "docker" "create" "-v" "/var/lib/crater-agent-workspace/builds/worker-5-tc1/target:/opt/rustwide/target:rw,Z" "-v" "/var/lib/crater-agent-workspace/builds/worker-5-tc1/source:/opt/rustwide/workdir:ro,Z" "-v" "/var/lib/crater-agent-workspace/cargo-home:/opt/rustwide/cargo-home:ro,Z" "-v" "/var/lib/crater-agent-workspace/rustup-home:/opt/rustwide/rustup-home:ro,Z" "-e" "SOURCE_DIR=/opt/rustwide/workdir" "-e" "CARGO_TARGET_DIR=/opt/rustwide/target" "-e" "CARGO_HOME=/opt/rustwide/cargo-home" "-e" "RUSTUP_HOME=/opt/rustwide/rustup-home" "-w" "/opt/rustwide/workdir" "-m" "1610612736" "--user" "0:0" "--network" "none" "ghcr.io/rust-lang/crates-build-env/linux@sha256:2788e3201cd34a07e3172128adcd8b3090168a8e3bcc40d7c032b9dda1df7d1c" "/opt/rustwide/cargo-home/bin/cargo" "+1.75.0" "metadata" "--no-deps" "--format-version=1", kill_on_drop: false }`
[INFO] [stdout] a32a60db836bd7e8b29b0223667684b140d89e95f0ad8339300ca5411b20e09a
[INFO] running `Command { std: "docker" "start" "-a" "a32a60db836bd7e8b29b0223667684b140d89e95f0ad8339300ca5411b20e09a", kill_on_drop: false }`
[INFO] running `Command { std: "docker" "inspect" "a32a60db836bd7e8b29b0223667684b140d89e95f0ad8339300ca5411b20e09a", kill_on_drop: false }`
[INFO] running `Command { std: "docker" "rm" "-f" "a32a60db836bd7e8b29b0223667684b140d89e95f0ad8339300ca5411b20e09a", kill_on_drop: false }`
[INFO] [stdout] a32a60db836bd7e8b29b0223667684b140d89e95f0ad8339300ca5411b20e09a
[INFO] running `Command { std: "docker" "create" "-v" "/var/lib/crater-agent-workspace/builds/worker-5-tc1/target:/opt/rustwide/target:rw,Z" "-v" "/var/lib/crater-agent-workspace/builds/worker-5-tc1/source:/opt/rustwide/workdir:ro,Z" "-v" "/var/lib/crater-agent-workspace/cargo-home:/opt/rustwide/cargo-home:ro,Z" "-v" "/var/lib/crater-agent-workspace/rustup-home:/opt/rustwide/rustup-home:ro,Z" "-e" "SOURCE_DIR=/opt/rustwide/workdir" "-e" "CARGO_TARGET_DIR=/opt/rustwide/target" "-e" "CARGO_INCREMENTAL=0" "-e" "RUST_BACKTRACE=full" "-e" "RUSTFLAGS=--cap-lints=warn" "-e" "RUSTDOCFLAGS=--cap-lints=warn" "-e" "CARGO_HOME=/opt/rustwide/cargo-home" "-e" "RUSTUP_HOME=/opt/rustwide/rustup-home" "-w" "/opt/rustwide/workdir" "-m" "1610612736" "--user" "0:0" "--network" "none" "ghcr.io/rust-lang/crates-build-env/linux@sha256:2788e3201cd34a07e3172128adcd8b3090168a8e3bcc40d7c032b9dda1df7d1c" "/opt/rustwide/cargo-home/bin/cargo" "+1.75.0" "build" "--frozen" "--message-format=json", kill_on_drop: false }`
[INFO] [stdout] 58e55a3d76abd181ebceaea7e9c2f1b51adc9fdafb89ae33813d90e951e08415
[INFO] running `Command { std: "docker" "start" "-a" "58e55a3d76abd181ebceaea7e9c2f1b51adc9fdafb89ae33813d90e951e08415", kill_on_drop: false }`
[INFO] [stderr]    Compiling serde v1.0.152
[INFO] [stderr]    Compiling serde_json v1.0.92 (/opt/rustwide/workdir)
[INFO] [stderr]    Compiling ryu v1.0.12
[INFO] [stderr]    Compiling itoa v1.0.5
[INFO] [stderr]     Finished dev [unoptimized + debuginfo] target(s) in 3.56s
[INFO] running `Command { std: "docker" "inspect" "58e55a3d76abd181ebceaea7e9c2f1b51adc9fdafb89ae33813d90e951e08415", kill_on_drop: false }`
[INFO] running `Command { std: "docker" "rm" "-f" "58e55a3d76abd181ebceaea7e9c2f1b51adc9fdafb89ae33813d90e951e08415", kill_on_drop: false }`
[INFO] [stdout] 58e55a3d76abd181ebceaea7e9c2f1b51adc9fdafb89ae33813d90e951e08415
[INFO] running `Command { std: "docker" "create" "-v" "/var/lib/crater-agent-workspace/builds/worker-5-tc1/target:/opt/rustwide/target:rw,Z" "-v" "/var/lib/crater-agent-workspace/builds/worker-5-tc1/source:/opt/rustwide/workdir:ro,Z" "-v" "/var/lib/crater-agent-workspace/cargo-home:/opt/rustwide/cargo-home:ro,Z" "-v" "/var/lib/crater-agent-workspace/rustup-home:/opt/rustwide/rustup-home:ro,Z" "-e" "SOURCE_DIR=/opt/rustwide/workdir" "-e" "CARGO_TARGET_DIR=/opt/rustwide/target" "-e" "CARGO_INCREMENTAL=0" "-e" "RUST_BACKTRACE=full" "-e" "RUSTFLAGS=--cap-lints=warn" "-e" "RUSTDOCFLAGS=--cap-lints=warn" "-e" "CARGO_HOME=/opt/rustwide/cargo-home" "-e" "RUSTUP_HOME=/opt/rustwide/rustup-home" "-w" "/opt/rustwide/workdir" "-m" "1610612736" "--user" "0:0" "--network" "none" "ghcr.io/rust-lang/crates-build-env/linux@sha256:2788e3201cd34a07e3172128adcd8b3090168a8e3bcc40d7c032b9dda1df7d1c" "/opt/rustwide/cargo-home/bin/cargo" "+1.75.0" "test" "--frozen" "--no-run" "--message-format=json", kill_on_drop: false }`
[INFO] [stdout] f2a192760cbeba8897238bc89dcda727985230b4826e50a6de12e8bd87e7e7ee
[INFO] running `Command { std: "docker" "start" "-a" "f2a192760cbeba8897238bc89dcda727985230b4826e50a6de12e8bd87e7e7ee", kill_on_drop: false }`
[INFO] [stderr]    Compiling proc-macro2 v1.0.51
[INFO] [stderr]    Compiling quote v1.0.23
[INFO] [stderr]    Compiling unicode-ident v1.0.6
[INFO] [stderr]    Compiling syn v1.0.107
[INFO] [stderr]    Compiling serde_derive v1.0.152
[INFO] [stderr]    Compiling serde v1.0.152
[INFO] [stderr]    Compiling cc v1.0.79
[INFO] [stderr]    Compiling libc v0.2.139
[INFO] [stderr]    Compiling serde_json v1.0.93
[INFO] [stderr]    Compiling trybuild v1.0.77
[INFO] [stderr]    Compiling rustversion v1.0.11
[INFO] [stderr]    Compiling ref-cast v1.0.14
[INFO] [stderr]    Compiling termcolor v1.2.0
[INFO] [stderr]    Compiling dissimilar v1.0.6
[INFO] [stderr]    Compiling glob v0.3.1
[INFO] [stderr]    Compiling once_cell v1.17.0
[INFO] [stderr]    Compiling indoc v2.0.0
[INFO] [stderr]    Compiling psm v0.1.21
[INFO] [stderr]    Compiling stacker v0.1.15
[INFO] [stderr]    Compiling ref-cast-impl v1.0.14
[INFO] [stderr]    Compiling automod v1.0.6
[INFO] [stderr]    Compiling basic-toml v0.1.1
[INFO] [stderr]    Compiling serde_stacker v0.1.7
[INFO] [stderr]    Compiling serde_bytes v0.11.9
[INFO] [stderr]    Compiling serde_json v1.0.92 (/opt/rustwide/workdir)
[INFO] [stderr]     Finished test [unoptimized + debuginfo] target(s) in 9.60s
[INFO] running `Command { std: "docker" "inspect" "f2a192760cbeba8897238bc89dcda727985230b4826e50a6de12e8bd87e7e7ee", kill_on_drop: false }`
[INFO] running `Command { std: "docker" "rm" "-f" "f2a192760cbeba8897238bc89dcda727985230b4826e50a6de12e8bd87e7e7ee", kill_on_drop: false }`
[INFO] [stdout] f2a192760cbeba8897238bc89dcda727985230b4826e50a6de12e8bd87e7e7ee
[INFO] running `Command { std: "docker" "create" "-v" "/var/lib/crater-agent-workspace/builds/worker-5-tc1/target:/opt/rustwide/target:rw,Z" "-v" "/var/lib/crater-agent-workspace/builds/worker-5-tc1/source:/opt/rustwide/workdir:ro,Z" "-v" "/var/lib/crater-agent-workspace/cargo-home:/opt/rustwide/cargo-home:ro,Z" "-v" "/var/lib/crater-agent-workspace/rustup-home:/opt/rustwide/rustup-home:ro,Z" "-e" "SOURCE_DIR=/opt/rustwide/workdir" "-e" "CARGO_TARGET_DIR=/opt/rustwide/target" "-e" "CARGO_INCREMENTAL=0" "-e" "RUST_BACKTRACE=full" "-e" "RUSTFLAGS=--cap-lints=warn" "-e" "RUSTDOCFLAGS=--cap-lints=warn" "-e" "CARGO_HOME=/opt/rustwide/cargo-home" "-e" "RUSTUP_HOME=/opt/rustwide/rustup-home" "-w" "/opt/rustwide/workdir" "-m" "1610612736" "--user" "0:0" "--network" "none" "ghcr.io/rust-lang/crates-build-env/linux@sha256:2788e3201cd34a07e3172128adcd8b3090168a8e3bcc40d7c032b9dda1df7d1c" "/opt/rustwide/cargo-home/bin/cargo" "+1.75.0" "test" "--frozen", kill_on_drop: false }`
[INFO] [stdout] 6df68c08009e09c925e07a645443ee6bebac5712527b8c130f6b42101cff5639
[INFO] running `Command { std: "docker" "start" "-a" "6df68c08009e09c925e07a645443ee6bebac5712527b8c130f6b42101cff5639", kill_on_drop: false }`
[INFO] [stderr]     Finished test [unoptimized + debuginfo] target(s) in 0.02s
[INFO] [stderr]      Running unittests src/lib.rs (/opt/rustwide/target/debug/deps/serde_json-a66fde92bd3300f5)
[INFO] [stdout] 
[INFO] [stdout] running 0 tests
[INFO] [stdout] 
[INFO] [stdout] test result: ok. 0 passed; 0 failed; 0 ignored; 0 measured; 0 filtered out; finished in 0.00s
[INFO] [stdout] 
[INFO] [stderr]      Running tests/debug.rs (/opt/rustwide/target/debug/deps/debug-ace108ea8edfe6ae)
[INFO] [stdout] 
[INFO] [stdout] running 8 tests
[INFO] [stdout] test number ... ok
[INFO] [stdout] test value_array ... ok
[INFO] [stdout] test value_bool ... ok
[INFO] [stdout] test error ... ok
[INFO] [stdout] test value_null ... ok
[INFO] [stdout] test value_number ... ok
[INFO] [stdout] test value_object ... ok
[INFO] [stdout] test value_string ... ok
[INFO] [stdout] 
[INFO] [stdout] test result: ok. 8 passed; 0 failed; 0 ignored; 0 measured; 0 filtered out; finished in 0.00s
[INFO] [stdout] 
[INFO] [stderr]      Running tests/map.rs (/opt/rustwide/target/debug/deps/map-95d1bb0ed0bac54a)
[INFO] [stdout] 
[INFO] [stdout] running 3 tests
[INFO] [stdout] test test_preserve_order ... ok
[INFO] [stdout] test test_append ... ok
[INFO] [stdout] test test_retain ... ok
[INFO] [stdout] 
[INFO] [stdout] test result: ok. 3 passed; 0 failed; 0 ignored; 0 measured; 0 filtered out; finished in 0.00s
[INFO] [stdout] 
[INFO] [stderr]      Running tests/regression.rs (/opt/rustwide/target/debug/deps/regression-f0149088740f16c5)
[INFO] [stdout] 
[INFO] [stdout] running 0 tests
[INFO] [stdout] 
[INFO] [stdout] test result: ok. 0 passed; 0 failed; 0 ignored; 0 measured; 0 filtered out; finished in 0.00s
[INFO] [stdout] 
[INFO] [stderr]      Running tests/stream.rs (/opt/rustwide/target/debug/deps/stream-7affd7c17825adfe)
[INFO] [stdout] 
[INFO] [stdout] running 11 tests
[INFO] [stdout] test test_error ... ok
[INFO] [stdout] test test_json_stream_invalid_literal ... ok
[INFO] [stdout] test test_json_stream_invalid_number ... ok
[INFO] [stdout] test test_json_stream_empty ... ok
[INFO] [stdout] test test_json_stream_newlines ... ok
[INFO] [stdout] test test_json_stream_primitive ... ok
[INFO] [stdout] test test_json_stream_trailing_whitespaces ... ok
[INFO] [stdout] test test_json_stream_truncated_decimal ... ok
[INFO] [stdout] test test_json_stream_truncated ... ok
[INFO] [stdout] test test_json_stream_truncated_exponent ... ok
[INFO] [stdout] test test_json_stream_truncated_negative ... ok
[INFO] [stdout] 
[INFO] [stdout] test result: ok. 11 passed; 0 failed; 0 ignored; 0 measured; 0 filtered out; finished in 0.00s
[INFO] [stdout] 
[INFO] [stderr]    Doc-tests serde_json
[INFO] [stdout] 
[INFO] [stdout] running 96 tests
[INFO] [stdout] test src/lib.rs - (line 112) ... FAILED
[INFO] [stdout] test src/lib.rs - (line 122) ... ok
[INFO] [stdout] test src/de.rs - de::from_reader (line 2398) ... ok
[INFO] [stdout] test src/lib.rs - (line 42) ... ok
[INFO] [stdout] test src/error.rs - error::io::Error::from (line 122) ... ok
[INFO] [stdout] test src/de.rs - de::from_reader (line 2434) ... ok
[INFO] [stdout] test src/macros.rs - macros::json_internal_vec (line 3) ... ok
[INFO] [stdout] test src/macros.rs - macros::json_internal_vec (line 25) ... ok
[INFO] [stdout] test src/macros.rs - macros::json_internal_vec (line 40) ... ok
[INFO] [stdout] test src/lib.rs - (line 62) ... ok
[INFO] [stdout] test src/de.rs - de::StreamDeserializer (line 2198) ... ok
[INFO] [stdout] test src/de.rs - de::&'amutDeserializer<R>::deserialize_bytes (line 1556) ... ok
[INFO] [stdout] test src/de.rs - de::StreamDeserializer<'de,R,T>::byte_offset (line 2248) ... ok
[INFO] [stdout] test src/de.rs - de::&'amutDeserializer<R>::deserialize_bytes (line 1535) ... ok
[INFO] [stdout] test src/de.rs - de::from_slice (line 2487) ... ok
[INFO] [stdout] test src/de.rs - de::from_str (line 2528) ... ok
[INFO] [stdout] test src/map.rs - map::Entry<'a>::and_modify (line 526) ... ok
[INFO] [stdout] test src/map.rs - map::Map<String,Value> (line 265) ... ok
[INFO] [stdout] test src/map.rs - map::Entry<'a>::or_insert (line 483) ... ok
[INFO] [stdout] test src/map.rs - map::Entry<'a>::or_insert_with (line 503) ... ok
[INFO] [stdout] test src/map.rs - map::Map<String,Value> (line 293) ... ok
[INFO] [stdout] test src/map.rs - map::Entry<'a>::key (line 467) ... ok
[INFO] [stdout] test src/map.rs - map::OccupiedEntry<'a>::into_mut (line 690) ... ok
[INFO] [stdout] test src/map.rs - map::VacantEntry<'a>::key (line 568) ... ok
[INFO] [stdout] test src/map.rs - map::OccupiedEntry<'a>::insert (line 718) ... ok
[INFO] [stdout] test src/map.rs - map::OccupiedEntry<'a>::get_mut (line 663) ... ok
[INFO] [stdout] test src/map.rs - map::OccupiedEntry<'a>::get (line 639) ... ok
[INFO] [stdout] test src/map.rs - map::VacantEntry<'a>::insert (line 590) ... ok
[INFO] [stdout] test src/map.rs - map::OccupiedEntry<'a>::key (line 615) ... ok
[INFO] [stdout] test src/map.rs - map::OccupiedEntry<'a>::remove (line 743) ... ok
[INFO] [stdout] test src/number.rs - number::Number::as_f64 (line 182) ... ok
[INFO] [stdout] test src/number.rs - number::Number::as_i64 (line 135) ... ok
[INFO] [stdout] test src/number.rs - number::Number::from_f64 (line 203) ... ok
[INFO] [stdout] test src/number.rs - number::Number::as_u64 (line 164) ... ok
[INFO] [stdout] test src/number.rs - number::Number::is_i64 (line 63) ... ok
[INFO] [stdout] test src/number.rs - number::Number::is_u64 (line 90) ... ok
[INFO] [stdout] test src/value/from.rs - value::from::Value::from (line 100) ... ok
[INFO] [stdout] test src/value/from.rs - value::from::Value::from (line 116) ... ok
[INFO] [stdout] test src/value/from.rs - value::from::Value::from (line 124) ... ok
[INFO] [stdout] test src/number.rs - number::Number::is_f64 (line 113) ... ok
[INFO] [stdout] test src/value/from.rs - value::from::Value::from (line 157) ... ok
[INFO] [stdout] test src/value/from.rs - value::from::Value::from (line 141) ... ok
[INFO] [stdout] test src/value/from.rs - value::from::Value::from (line 190) ... ok
[INFO] [stdout] test src/value/from.rs - value::from::Value::from (line 254) ... ok
[INFO] [stdout] test src/value/from.rs - value::from::Value::from (line 174) ... ok
[INFO] [stdout] test src/value/from.rs - value::from::Value::from (line 36) ... ok
[INFO] [stdout] test src/value/from.rs - value::from::Value::from (line 52) ... ok
[INFO] [stdout] test src/value/from.rs - value::from::Value::from (line 68) ... ok
[INFO] [stdout] test src/value/from.rs - value::from::Value::from (line 84) ... ok
[INFO] [stdout] test src/value/from.rs - value::from::Value::from_iter (line 205) ... ok
[INFO] [stdout] test src/value/from.rs - value::from::Value::from_iter (line 219) ... ok
[INFO] [stdout] test src/value/from.rs - value::from::Value::from_iter (line 212) ... ok
[INFO] [stdout] test src/value/mod.rs - value (line 34) ... ok
[INFO] [stdout] test src/value/index.rs - value::index::Value::index_mut (line 191) ... ok
[INFO] [stdout] test src/value/from.rs - value::from::Value::from_iter (line 234) ... ok
[INFO] [stdout] test src/value/index.rs - value::index::Index (line 16) ... ok
[INFO] [stdout] test src/value/index.rs - value::index::Value::index (line 162) ... ok
[INFO] [stdout] test src/value/mod.rs - value (line 8) ... ok
[INFO] [stdout] test src/value/mod.rs - value::Value::Bool (line 123) ... ok
[INFO] [stdout] test src/value/mod.rs - value::Value::Array (line 150) ... ok
[INFO] [stdout] test src/value/mod.rs - value (line 58) ... ok
[INFO] [stdout] test src/value/mod.rs - value::Value::Null (line 114) ... ok
[INFO] [stdout] test src/value/mod.rs - value::Value (line 818) ... ok
[INFO] [stdout] test src/value/mod.rs - value::Value::Number (line 132) ... ok
[INFO] [stdout] test src/value/mod.rs - value::Value::Object (line 162) ... ok
[INFO] [stdout] test src/value/mod.rs - value::Value::String (line 141) ... ok
[INFO] [stdout] test src/value/mod.rs - value::Value::as_f64 (line 626) ... ok
[INFO] [stdout] test src/value/mod.rs - value::Value::as_null (line 702) ... ok
[INFO] [stdout] test src/value/mod.rs - value::Value::as_array_mut (line 424) ... ok
[INFO] [stdout] test src/value/mod.rs - value::Value::as_bool (line 664) ... ok
[INFO] [stdout] test src/value/mod.rs - value::Value::as_array (line 403) ... ok
[INFO] [stdout] test src/value/mod.rs - value::Value::as_i64 (line 587) ... ok
[INFO] [stdout] test src/value/mod.rs - value::Value::as_object (line 345) ... ok
[INFO] [stdout] test src/value/mod.rs - value::Value::as_object_mut (line 366) ... ok
[INFO] [stdout] test src/value/mod.rs - value::Value::as_str (line 461) ... ok
[INFO] [stdout] test src/value/mod.rs - value::Value::fmt (line 192) ... ok
[INFO] [stdout] test src/value/mod.rs - value::Value::get (line 268) ... ok
[INFO] [stdout] test src/value/mod.rs - value::Value::as_u64 (line 607) ... ok
[INFO] [stdout] test src/value/mod.rs - value::Value::get (line 282) ... ok
[INFO] [stdout] test src/value/mod.rs - value::Value::get_mut (line 309) ... ok
[INFO] [stdout] test src/value/mod.rs - value::to_value (line 857) ... FAILED
[INFO] [stdout] test src/value/mod.rs - value::Value::is_array (line 386) ... ok
[INFO] [stdout] test src/value/mod.rs - value::Value::is_null (line 686) ... ok
[INFO] [stdout] test src/value/mod.rs - value::Value::is_boolean (line 647) ... ok
[INFO] [stdout] test src/value/mod.rs - value::Value::is_number (line 490) ... ok
[INFO] [stdout] test src/value/mod.rs - value::Value::is_f64 (line 566) ... ok
[INFO] [stdout] test src/value/mod.rs - value::Value::is_object (line 327) ... ok
[INFO] [stdout] test src/value/mod.rs - value::Value::is_string (line 444) ... ok
[INFO] [stdout] test src/value/mod.rs - value::Value::is_i64 (line 513) ... ok
[INFO] [stdout] test src/value/mod.rs - value::Value::is_u64 (line 539) ... ok
[INFO] [stdout] test src/value/mod.rs - value::Value::pointer (line 727) ... ok
[INFO] [stdout] test src/value/ser.rs - value::ser::Serializer (line 42) ... ok
[INFO] [stdout] test src/value/mod.rs - value::Value::take (line 800) ... ok
[INFO] [stdout] test src/value/mod.rs - value::Value::pointer_mut (line 758) ... ok
[INFO] [stdout] test src/value/mod.rs - value::from_value (line 919) ... ok
[INFO] [stdout] test src/value/mod.rs - value::to_value (line 895) ... ok
[INFO] [stdout] 
[INFO] [stdout] failures:
[INFO] [stdout] 
[INFO] [stdout] ---- src/lib.rs - (line 112) stdout ----
[INFO] [stdout] error[E0412]: cannot find type `Person` in this scope
[INFO] [stdout]  --> src/lib.rs:114:8
[INFO] [stdout]   |
[INFO] [stdout] 5 | let p: Person = serde_json::from_str(data)?;
[INFO] [stdout]   |        ^^^^^^ not found in this scope
[INFO] [stdout] 
[INFO] [stdout] error[E0425]: cannot find value `data` in this scope
[INFO] [stdout]  --> src/lib.rs:114:38
[INFO] [stdout]   |
[INFO] [stdout] 5 | let p: Person = serde_json::from_str(data)?;
[INFO] [stdout]   |                                      ^^^^ not found in this scope
[INFO] [stdout] 
[INFO] [stdout] error: aborting due to 2 previous errors
[INFO] [stdout] 
[INFO] [stdout] Some errors have detailed explanations: E0412, E0425.
[INFO] [stdout] For more information about an error, try `rustc --explain E0412`.
[INFO] [stdout] Couldn't compile the test.
[INFO] [stdout] ---- src/value/mod.rs - value::to_value (line 857) stdout ----
[INFO] [stdout] error[E0782]: trait objects must include the `dyn` keyword
[INFO] [stdout]   --> src/value/mod.rs:870:44
[INFO] [stdout]    |
[INFO] [stdout] 16 | fn compare_json_values() -> Result<(), Box<Error>> {
[INFO] [stdout]    |                                            ^^^^^
[INFO] [stdout]    |
[INFO] [stdout] help: add `dyn` keyword before this trait
[INFO] [stdout]    |
[INFO] [stdout] 16 | fn compare_json_values() -> Result<(), Box<dyn Error>> {
[INFO] [stdout]    |                                            +++
[INFO] [stdout] 
[INFO] [stdout] error: aborting due to previous error
[INFO] [stdout] 
[INFO] [stdout] For more information about this error, try `rustc --explain E0782`.
[INFO] [stdout] Couldn't compile the test.
[INFO] [stdout] 
[INFO] [stdout] failures:
[INFO] [stdout]     src/lib.rs - (line 112)
[INFO] [stdout]     src/value/mod.rs - value::to_value (line 857)
[INFO] [stdout] 
[INFO] [stdout] test result: FAILED. 94 passed; 2 failed; 0 ignored; 0 measured; 0 filtered out; finished in 2.06s
[INFO] [stdout] 
[INFO] [stderr] error: doctest failed, to rerun pass `--doc`
[INFO] running `Command { std: "docker" "inspect" "6df68c08009e09c925e07a645443ee6bebac5712527b8c130f6b42101cff5639", kill_on_drop: false }`
[INFO] running `Command { std: "docker" "rm" "-f" "6df68c08009e09c925e07a645443ee6bebac5712527b8c130f6b42101cff5639", kill_on_drop: false }`
[INFO] [stdout] 6df68c08009e09c925e07a645443ee6bebac5712527b8c130f6b42101cff5639
