[INFO] cloning repository https://github.com/huboles/metaforge
[INFO] running `Command { std: "git" "-c" "credential.helper=" "-c" "credential.helper=/workspace/cargo-home/bin/git-credential-null" "clone" "--bare" "https://github.com/huboles/metaforge" "/workspace/cache/git-repos/https%3A%2F%2Fgithub.com%2Fhuboles%2Fmetaforge", kill_on_drop: false }`
[INFO] [stderr] Cloning into bare repository '/workspace/cache/git-repos/https%3A%2F%2Fgithub.com%2Fhuboles%2Fmetaforge'...
[INFO] running `Command { std: "git" "rev-parse" "HEAD", kill_on_drop: false }`
[INFO] [stdout] 38df1063ffc8ccb7666038f0d7d289d647cca767
[INFO] testing huboles/metaforge against 1.75.0 for beta-1.76-1
[INFO] running `Command { std: "git" "clone" "/workspace/cache/git-repos/https%3A%2F%2Fgithub.com%2Fhuboles%2Fmetaforge" "/workspace/builds/worker-1-tc1/source", kill_on_drop: false }`
[INFO] [stderr] Cloning into '/workspace/builds/worker-1-tc1/source'...
[INFO] [stderr] done.
[INFO] validating manifest of git repo https://github.com/huboles/metaforge on toolchain 1.75.0
[INFO] running `Command { std: CARGO_HOME="/workspace/cargo-home" RUSTUP_HOME="/workspace/rustup-home" "/workspace/cargo-home/bin/cargo" "+1.75.0" "metadata" "--manifest-path" "Cargo.toml" "--no-deps", kill_on_drop: false }`
[INFO] started tweaking git repo https://github.com/huboles/metaforge
[INFO] finished tweaking git repo https://github.com/huboles/metaforge
[INFO] tweaked toml for git repo https://github.com/huboles/metaforge written to /workspace/builds/worker-1-tc1/source/Cargo.toml
[INFO] crate git repo https://github.com/huboles/metaforge already has a lockfile, it will not be regenerated
[INFO] running `Command { std: CARGO_HOME="/workspace/cargo-home" RUSTUP_HOME="/workspace/rustup-home" "/workspace/cargo-home/bin/cargo" "+1.75.0" "fetch" "--manifest-path" "Cargo.toml", kill_on_drop: false }`
[INFO] [stderr]     Updating crates.io index
[INFO] [stderr]  Downloading crates ...
[INFO] [stderr]   Downloaded css-minify v0.3.1
[INFO] [stderr]   Downloaded parse-js v0.10.3
[INFO] [stderr]   Downloaded minify-html v0.11.1
[INFO] [stderr]   Downloaded pandoc v0.8.10
[INFO] [stderr]   Downloaded minify-js v0.4.3
[INFO] running `Command { std: "docker" "create" "-v" "/var/lib/crater-agent-workspace/builds/worker-1-tc1/target:/opt/rustwide/target:rw,Z" "-v" "/var/lib/crater-agent-workspace/builds/worker-1-tc1/source:/opt/rustwide/workdir:ro,Z" "-v" "/var/lib/crater-agent-workspace/cargo-home:/opt/rustwide/cargo-home:ro,Z" "-v" "/var/lib/crater-agent-workspace/rustup-home:/opt/rustwide/rustup-home:ro,Z" "-e" "SOURCE_DIR=/opt/rustwide/workdir" "-e" "CARGO_TARGET_DIR=/opt/rustwide/target" "-e" "CARGO_HOME=/opt/rustwide/cargo-home" "-e" "RUSTUP_HOME=/opt/rustwide/rustup-home" "-w" "/opt/rustwide/workdir" "-m" "1610612736" "--user" "0:0" "--network" "none" "ghcr.io/rust-lang/crates-build-env/linux@sha256:2788e3201cd34a07e3172128adcd8b3090168a8e3bcc40d7c032b9dda1df7d1c" "/opt/rustwide/cargo-home/bin/cargo" "+1.75.0" "metadata" "--no-deps" "--format-version=1", kill_on_drop: false }`
[INFO] [stdout] 3dfdebbba2a0f93cc4f09a8851e30392360a0342fa58447837cdd013e3df016f
[INFO] running `Command { std: "docker" "start" "-a" "3dfdebbba2a0f93cc4f09a8851e30392360a0342fa58447837cdd013e3df016f", kill_on_drop: false }`
[INFO] running `Command { std: "docker" "inspect" "3dfdebbba2a0f93cc4f09a8851e30392360a0342fa58447837cdd013e3df016f", kill_on_drop: false }`
[INFO] running `Command { std: "docker" "rm" "-f" "3dfdebbba2a0f93cc4f09a8851e30392360a0342fa58447837cdd013e3df016f", kill_on_drop: false }`
[INFO] [stdout] 3dfdebbba2a0f93cc4f09a8851e30392360a0342fa58447837cdd013e3df016f
[INFO] running `Command { std: "docker" "create" "-v" "/var/lib/crater-agent-workspace/builds/worker-1-tc1/target:/opt/rustwide/target:rw,Z" "-v" "/var/lib/crater-agent-workspace/builds/worker-1-tc1/source:/opt/rustwide/workdir:ro,Z" "-v" "/var/lib/crater-agent-workspace/cargo-home:/opt/rustwide/cargo-home:ro,Z" "-v" "/var/lib/crater-agent-workspace/rustup-home:/opt/rustwide/rustup-home:ro,Z" "-e" "SOURCE_DIR=/opt/rustwide/workdir" "-e" "CARGO_TARGET_DIR=/opt/rustwide/target" "-e" "CARGO_INCREMENTAL=0" "-e" "RUST_BACKTRACE=full" "-e" "RUSTFLAGS=--cap-lints=warn" "-e" "RUSTDOCFLAGS=--cap-lints=warn" "-e" "CARGO_HOME=/opt/rustwide/cargo-home" "-e" "RUSTUP_HOME=/opt/rustwide/rustup-home" "-w" "/opt/rustwide/workdir" "-m" "1610612736" "--user" "0:0" "--network" "none" "ghcr.io/rust-lang/crates-build-env/linux@sha256:2788e3201cd34a07e3172128adcd8b3090168a8e3bcc40d7c032b9dda1df7d1c" "/opt/rustwide/cargo-home/bin/cargo" "+1.75.0" "build" "--frozen" "--message-format=json", kill_on_drop: false }`
[INFO] [stdout] 0852a2a5cbc9b1d6ac6c7c750a221d6df6d192ca48131ff0570682d87d33d506
[INFO] running `Command { std: "docker" "start" "-a" "0852a2a5cbc9b1d6ac6c7c750a221d6df6d192ca48131ff0570682d87d33d506", kill_on_drop: false }`
[INFO] [stderr]    Compiling proc-macro2 v1.0.59
[INFO] [stderr]    Compiling quote v1.0.28
[INFO] [stderr]    Compiling unicode-ident v1.0.9
[INFO] [stderr]    Compiling autocfg v1.1.0
[INFO] [stderr]    Compiling libc v0.2.144
[INFO] [stderr]    Compiling memchr v2.5.0
[INFO] [stderr]    Compiling crossbeam-utils v0.8.15
[INFO] [stderr]    Compiling io-lifetimes v1.0.11
[INFO] [stderr]    Compiling cfg-if v1.0.0
[INFO] [stderr]    Compiling rustix v0.37.19
[INFO] [stderr]    Compiling thiserror v1.0.40
[INFO] [stderr]    Compiling once_cell v1.17.2
[INFO] [stderr]    Compiling syn v1.0.109
[INFO] [stderr]    Compiling bitflags v1.3.2
[INFO] [stderr]    Compiling linux-raw-sys v0.3.8
[INFO] [stderr]    Compiling scopeguard v1.1.0
[INFO] [stderr]    Compiling utf8parse v0.2.1
[INFO] [stderr]    Compiling ucd-trie v0.1.5
[INFO] [stderr]    Compiling minimal-lexical v0.2.1
[INFO] [stderr]    Compiling hashbrown v0.12.3
[INFO] [stderr]    Compiling anstyle-parse v0.2.0
[INFO] [stderr]    Compiling convert_case v0.4.0
[INFO] [stderr]    Compiling anstyle v1.0.0
[INFO] [stderr]    Compiling either v1.8.1
[INFO] [stderr]    Compiling lazy_static v1.4.0
[INFO] [stderr]    Compiling memoffset v0.8.0
[INFO] [stderr]    Compiling crossbeam-epoch v0.9.14
[INFO] [stderr]    Compiling indexmap v1.9.3
[INFO] [stderr]    Compiling colorchoice v1.0.0
[INFO] [stderr]    Compiling rayon-core v1.11.0
[INFO] [stderr]    Compiling anstyle-query v1.0.0
[INFO] [stderr]    Compiling heck v0.4.1
[INFO] [stderr]    Compiling clap_lex v0.5.0
[INFO] [stderr]    Compiling strsim v0.10.0
[INFO] [stderr]    Compiling eyre v0.6.8
[INFO] [stderr]    Compiling itertools v0.8.2
[INFO] [stderr]    Compiling indenter v0.3.3
[INFO] [stderr]    Compiling crossbeam-channel v0.5.8
[INFO] [stderr]    Compiling rustc-hash v1.1.0
[INFO] [stderr]    Compiling aho-corasick v0.7.20
[INFO] [stderr]    Compiling nom v7.1.3
[INFO] [stderr]    Compiling syn v2.0.18
[INFO] [stderr]    Compiling crossbeam-deque v0.8.3
[INFO] [stderr]    Compiling pandoc v0.8.10
[INFO] [stderr]    Compiling parse-js v0.10.3
[INFO] [stderr]    Compiling num_cpus v1.15.0
[INFO] [stderr]    Compiling minify-js v0.4.3
[INFO] [stderr]    Compiling rayon v1.7.0
[INFO] [stderr]    Compiling is-terminal v0.4.7
[INFO] [stderr]    Compiling anstream v0.3.2
[INFO] [stderr]    Compiling clap_builder v4.3.1
[INFO] [stderr]    Compiling derive_more v0.99.17
[INFO] [stderr]    Compiling thiserror-impl v1.0.40
[INFO] [stderr]    Compiling clap_derive v4.3.1
[INFO] [stderr]    Compiling pest v2.6.0
[INFO] [stderr]    Compiling css-minify v0.3.1
[INFO] [stderr]    Compiling clap v4.3.1
[INFO] [stderr]    Compiling minify-html v0.11.1
[INFO] [stderr]    Compiling pest_meta v2.6.0
[INFO] [stderr]    Compiling pest_generator v2.6.0
[INFO] [stderr]    Compiling pest_derive v2.6.0
[INFO] [stderr]    Compiling metaforge v0.1.3 (/opt/rustwide/workdir)
[INFO] [stdout] warning: unused import: `node::*`
[INFO] [stdout]  --> src/metafile/dir.rs:4:9
[INFO] [stdout]   |
[INFO] [stdout] 4 | pub use node::*;
[INFO] [stdout]   |         ^^^^^^^
[INFO] [stdout]   |
[INFO] [stdout]   = note: `#[warn(unused_imports)]` on by default
[INFO] [stdout] 
[INFO] [stdout] 
[INFO] [stdout] warning: unused import: `parallel::*`
[INFO] [stdout]  --> src/metafile/dir.rs:5:9
[INFO] [stdout]   |
[INFO] [stdout] 5 | pub use parallel::*;
[INFO] [stdout]   |         ^^^^^^^^^^^
[INFO] [stdout] 
[INFO] [stdout] 
[INFO] [stdout] warning: 2 warnings emitted
[INFO] [stdout] 
[INFO] [stdout] 
[INFO] [stderr]     Finished dev [unoptimized + debuginfo] target(s) in 10.34s
[INFO] running `Command { std: "docker" "inspect" "0852a2a5cbc9b1d6ac6c7c750a221d6df6d192ca48131ff0570682d87d33d506", kill_on_drop: false }`
[INFO] running `Command { std: "docker" "rm" "-f" "0852a2a5cbc9b1d6ac6c7c750a221d6df6d192ca48131ff0570682d87d33d506", kill_on_drop: false }`
[INFO] [stdout] 0852a2a5cbc9b1d6ac6c7c750a221d6df6d192ca48131ff0570682d87d33d506
[INFO] running `Command { std: "docker" "create" "-v" "/var/lib/crater-agent-workspace/builds/worker-1-tc1/target:/opt/rustwide/target:rw,Z" "-v" "/var/lib/crater-agent-workspace/builds/worker-1-tc1/source:/opt/rustwide/workdir:ro,Z" "-v" "/var/lib/crater-agent-workspace/cargo-home:/opt/rustwide/cargo-home:ro,Z" "-v" "/var/lib/crater-agent-workspace/rustup-home:/opt/rustwide/rustup-home:ro,Z" "-e" "SOURCE_DIR=/opt/rustwide/workdir" "-e" "CARGO_TARGET_DIR=/opt/rustwide/target" "-e" "CARGO_INCREMENTAL=0" "-e" "RUST_BACKTRACE=full" "-e" "RUSTFLAGS=--cap-lints=warn" "-e" "RUSTDOCFLAGS=--cap-lints=warn" "-e" "CARGO_HOME=/opt/rustwide/cargo-home" "-e" "RUSTUP_HOME=/opt/rustwide/rustup-home" "-w" "/opt/rustwide/workdir" "-m" "1610612736" "--user" "0:0" "--network" "none" "ghcr.io/rust-lang/crates-build-env/linux@sha256:2788e3201cd34a07e3172128adcd8b3090168a8e3bcc40d7c032b9dda1df7d1c" "/opt/rustwide/cargo-home/bin/cargo" "+1.75.0" "test" "--frozen" "--no-run" "--message-format=json", kill_on_drop: false }`
[INFO] [stdout] 6770e7e8d7151df2026351c81317b30d09091f781739ab1745b5e0cc9db8e7b5
[INFO] running `Command { std: "docker" "start" "-a" "6770e7e8d7151df2026351c81317b30d09091f781739ab1745b5e0cc9db8e7b5", kill_on_drop: false }`
[INFO] [stderr]    Compiling either v1.8.1
[INFO] [stderr]    Compiling indexmap v1.9.3
[INFO] [stderr]    Compiling serde v1.0.163
[INFO] [stderr]    Compiling num-traits v0.2.15
[INFO] [stderr]    Compiling serde_derive v1.0.163
[INFO] [stderr]    Compiling serde_json v1.0.96
[INFO] [stderr]    Compiling ciborium-io v0.2.1
[INFO] [stderr]    Compiling os_str_bytes v6.5.0
[INFO] [stderr]    Compiling plotters-backend v0.3.4
[INFO] [stderr]    Compiling ryu v1.0.13
[INFO] [stderr]    Compiling half v1.8.2
[INFO] [stderr]    Compiling itoa v1.0.6
[INFO] [stderr]    Compiling cast v0.3.0
[INFO] [stderr]    Compiling textwrap v0.16.0
[INFO] [stderr]    Compiling regex-syntax v0.7.2
[INFO] [stderr]    Compiling same-file v1.0.6
[INFO] [stderr]    Compiling atty v0.2.14
[INFO] [stderr]    Compiling walkdir v2.3.3
[INFO] [stderr]    Compiling itertools v0.8.2
[INFO] [stderr]    Compiling rayon v1.7.0
[INFO] [stderr]    Compiling itertools v0.10.5
[INFO] [stderr]    Compiling anes v0.1.6
[INFO] [stderr]    Compiling oorandom v11.1.3
[INFO] [stderr]    Compiling plotters-svg v0.3.3
[INFO] [stderr]    Compiling ciborium-ll v0.2.1
[INFO] [stderr]    Compiling clap_lex v0.2.4
[INFO] [stderr]    Compiling css-minify v0.3.1
[INFO] [stderr]    Compiling clap v3.2.25
[INFO] [stderr]    Compiling pandoc v0.8.10
[INFO] [stderr]    Compiling minify-html v0.11.1
[INFO] [stderr]    Compiling regex v1.8.3
[INFO] [stderr]    Compiling plotters v0.3.4
[INFO] [stderr]    Compiling criterion-plot v0.5.0
[INFO] [stderr]    Compiling ciborium v0.2.1
[INFO] [stderr]    Compiling metaforge v0.1.3 (/opt/rustwide/workdir)
[INFO] [stdout] warning: unused import: `node::*`
[INFO] [stdout]  --> src/metafile/dir.rs:4:9
[INFO] [stdout]   |
[INFO] [stdout] 4 | pub use node::*;
[INFO] [stdout]   |         ^^^^^^^
[INFO] [stdout]   |
[INFO] [stdout]   = note: `#[warn(unused_imports)]` on by default
[INFO] [stdout] 
[INFO] [stdout] 
[INFO] [stdout] warning: unused import: `parallel::*`
[INFO] [stdout]  --> src/metafile/dir.rs:5:9
[INFO] [stdout]   |
[INFO] [stdout] 5 | pub use parallel::*;
[INFO] [stdout]   |         ^^^^^^^^^^^
[INFO] [stdout] 
[INFO] [stdout] 
[INFO] [stderr]    Compiling tinytemplate v1.2.1
[INFO] [stderr]    Compiling criterion v0.4.0
[INFO] [stdout] warning: 2 warnings emitted
[INFO] [stdout] 
[INFO] [stdout] 
[INFO] [stdout] warning: unused import: `node::*`
[INFO] [stdout]  --> src/metafile/dir.rs:4:9
[INFO] [stdout]   |
[INFO] [stdout] 4 | pub use node::*;
[INFO] [stdout]   |         ^^^^^^^
[INFO] [stdout]   |
[INFO] [stdout]   = note: `#[warn(unused_imports)]` on by default
[INFO] [stdout] 
[INFO] [stdout] 
[INFO] [stdout] warning: unused import: `parallel::*`
[INFO] [stdout]  --> src/metafile/dir.rs:5:9
[INFO] [stdout]   |
[INFO] [stdout] 5 | pub use parallel::*;
[INFO] [stdout]   |         ^^^^^^^^^^^
[INFO] [stdout] 
[INFO] [stdout] 
[INFO] [stdout] warning: 2 warnings emitted
[INFO] [stdout] 
[INFO] [stdout] 
[INFO] [stderr]     Finished test [unoptimized + debuginfo] target(s) in 12.21s
[INFO] running `Command { std: "docker" "inspect" "6770e7e8d7151df2026351c81317b30d09091f781739ab1745b5e0cc9db8e7b5", kill_on_drop: false }`
[INFO] running `Command { std: "docker" "rm" "-f" "6770e7e8d7151df2026351c81317b30d09091f781739ab1745b5e0cc9db8e7b5", kill_on_drop: false }`
[INFO] [stdout] 6770e7e8d7151df2026351c81317b30d09091f781739ab1745b5e0cc9db8e7b5
[INFO] running `Command { std: "docker" "create" "-v" "/var/lib/crater-agent-workspace/builds/worker-1-tc1/target:/opt/rustwide/target:rw,Z" "-v" "/var/lib/crater-agent-workspace/builds/worker-1-tc1/source:/opt/rustwide/workdir:ro,Z" "-v" "/var/lib/crater-agent-workspace/cargo-home:/opt/rustwide/cargo-home:ro,Z" "-v" "/var/lib/crater-agent-workspace/rustup-home:/opt/rustwide/rustup-home:ro,Z" "-e" "SOURCE_DIR=/opt/rustwide/workdir" "-e" "CARGO_TARGET_DIR=/opt/rustwide/target" "-e" "CARGO_INCREMENTAL=0" "-e" "RUST_BACKTRACE=full" "-e" "RUSTFLAGS=--cap-lints=warn" "-e" "RUSTDOCFLAGS=--cap-lints=warn" "-e" "CARGO_HOME=/opt/rustwide/cargo-home" "-e" "RUSTUP_HOME=/opt/rustwide/rustup-home" "-w" "/opt/rustwide/workdir" "-m" "1610612736" "--user" "0:0" "--network" "none" "ghcr.io/rust-lang/crates-build-env/linux@sha256:2788e3201cd34a07e3172128adcd8b3090168a8e3bcc40d7c032b9dda1df7d1c" "/opt/rustwide/cargo-home/bin/cargo" "+1.75.0" "test" "--frozen", kill_on_drop: false }`
[INFO] [stdout] 90bfe8ef89f0518b417ca1a073202bc6d519330554ff98c63a2ef597fc1754e1
[INFO] running `Command { std: "docker" "start" "-a" "90bfe8ef89f0518b417ca1a073202bc6d519330554ff98c63a2ef597fc1754e1", kill_on_drop: false }`
[INFO] [stderr] warning: unused import: `node::*`
[INFO] [stderr]  --> src/metafile/dir.rs:4:9
[INFO] [stderr]   |
[INFO] [stderr] 4 | pub use node::*;
[INFO] [stderr]   |         ^^^^^^^
[INFO] [stderr]   |
[INFO] [stderr]   = note: `#[warn(unused_imports)]` on by default
[INFO] [stderr] 
[INFO] [stderr] warning: unused import: `parallel::*`
[INFO] [stderr]  --> src/metafile/dir.rs:5:9
[INFO] [stderr]   |
[INFO] [stderr] 5 | pub use parallel::*;
[INFO] [stderr]   |         ^^^^^^^^^^^
[INFO] [stderr] 
[INFO] [stderr] warning: `metaforge` (lib) generated 2 warnings (run `cargo fix --lib -p metaforge` to apply 2 suggestions)
[INFO] [stderr] warning: `metaforge` (lib test) generated 2 warnings (2 duplicates)
[INFO] [stderr]     Finished test [unoptimized + debuginfo] target(s) in 0.07s
[INFO] [stderr]      Running unittests src/lib.rs (/opt/rustwide/target/debug/deps/metaforge-7cd556f8cd2e611d)
[INFO] [stdout] 
[INFO] [stdout] running 38 tests
[INFO] [stdout] test parser::tests::just_source_string ... ok
[INFO] [stdout] test metafile::tests::test_name ... ok
[INFO] [stdout] test parser::tests::newlines_in_array ... ok
[INFO] [stdout] test parser::tests::no_spaces_in_def ... ok
[INFO] [stdout] test parser::tests::one_line ... ok
[INFO] [stdout] test parser::tests::trailing_commas ... ok
[INFO] [stdout] test tests::blank_pattern ... ok
[INFO] [stdout] test tests::blank_variable ... ok
[INFO] [stdout] test tests::blank_comment ... ok
[INFO] [stdout] test tests::blank_array ... ok
[INFO] [stdout] test tests::expand_arr_in_pat ... ok
[INFO] [stdout] test tests::expand_arr_in_src ... FAILED
[INFO] [stdout] test tests::direct_call ... FAILED
[INFO] [stdout] test tests::expand_pat_in_pat ... ok
[INFO] [stdout] test tests::expand_spaces ... FAILED
[INFO] [stdout] test tests::expand_var_in_src ... FAILED
[INFO] [stdout] test tests::expand_var_in_pat ... ok
[INFO] [stdout] test tests::expand_pat_in_src ... FAILED
[INFO] [stdout] test tests::header_blank ... ok
[INFO] [stdout] test tests::header_no_pandoc ... ok
[INFO] [stdout] test tests::expandoc ... FAILED
[INFO] [stdout] test tests::inline_comment ... FAILED
[INFO] [stdout] test tests::override_var ... FAILED
[INFO] [stdout] test tests::test_global ... FAILED
[INFO] [stdout] test tests::pat_file ... FAILED
[INFO] [stdout] test tests::test_filetype_header ... ok
[INFO] [stdout] test tests::include_source ... FAILED
[INFO] [stdout] test tests::override_pat ... ok
[INFO] [stdout] test parser::tests::header_not_first - should panic ... ok
[INFO] [stdout] test parser::tests::key_with_spaces - should panic ... ok
[INFO] [stdout] test parser::tests::map_in_source - should panic ... ok
[INFO] [stdout] test parser::tests::map_source_map - should panic ... ok
[INFO] [stdout] test parser::tests::missing_closing_brace - should panic ... ok
[INFO] [stdout] test parser::tests::mixed_quotes - should panic ... ok
[INFO] [stdout] test parser::tests::spaces_in_substitution - should panic ... ok
[INFO] [stdout] test parser::tests::value_missing_quote - should panic ... ok
[INFO] [stdout] test tests::copy_header ... FAILED
[INFO] [stdout] test tests::ignore - should panic ... ok
[INFO] [stdout] 
[INFO] [stdout] failures:
[INFO] [stdout] 
[INFO] [stdout] ---- tests::expand_arr_in_src stdout ----
[INFO] [stdout] Error: Pandoc not found, did you forget to install pandoc?
[INFO] [stdout] 
[INFO] [stdout] Location:
[INFO] [stdout]     /rustc/82e1608dfa6e0b5569232559e3d385fea5a93112/library/core/src/convert/mod.rs:757:9
[INFO] [stdout] 
[INFO] [stdout] ---- tests::direct_call stdout ----
[INFO] [stdout] Error: Pandoc not found, did you forget to install pandoc?
[INFO] [stdout] 
[INFO] [stdout] Location:
[INFO] [stdout]     /rustc/82e1608dfa6e0b5569232559e3d385fea5a93112/library/core/src/convert/mod.rs:757:9
[INFO] [stdout] 
[INFO] [stdout] ---- tests::expand_spaces stdout ----
[INFO] [stdout] Error: Pandoc not found, did you forget to install pandoc?
[INFO] [stdout] 
[INFO] [stdout] Location:
[INFO] [stdout]     /rustc/82e1608dfa6e0b5569232559e3d385fea5a93112/library/core/src/convert/mod.rs:757:9
[INFO] [stdout] 
[INFO] [stdout] ---- tests::expand_var_in_src stdout ----
[INFO] [stdout] Error: Pandoc not found, did you forget to install pandoc?
[INFO] [stdout] 
[INFO] [stdout] Location:
[INFO] [stdout]     /rustc/82e1608dfa6e0b5569232559e3d385fea5a93112/library/core/src/convert/mod.rs:757:9
[INFO] [stdout] 
[INFO] [stdout] ---- tests::expand_pat_in_src stdout ----
[INFO] [stdout] Error: Pandoc not found, did you forget to install pandoc?
[INFO] [stdout] 
[INFO] [stdout] Location:
[INFO] [stdout]     /rustc/82e1608dfa6e0b5569232559e3d385fea5a93112/library/core/src/convert/mod.rs:757:9
[INFO] [stdout] 
[INFO] [stdout] ---- tests::expandoc stdout ----
[INFO] [stdout] Error: Pandoc not found, did you forget to install pandoc?
[INFO] [stdout] 
[INFO] [stdout] Location:
[INFO] [stdout]     /rustc/82e1608dfa6e0b5569232559e3d385fea5a93112/library/core/src/convert/mod.rs:757:9
[INFO] [stdout] 
[INFO] [stdout] ---- tests::inline_comment stdout ----
[INFO] [stdout] Error: Pandoc not found, did you forget to install pandoc?
[INFO] [stdout] 
[INFO] [stdout] Location:
[INFO] [stdout]     /rustc/82e1608dfa6e0b5569232559e3d385fea5a93112/library/core/src/convert/mod.rs:757:9
[INFO] [stdout] 
[INFO] [stdout] ---- tests::override_var stdout ----
[INFO] [stdout] Error: Pandoc not found, did you forget to install pandoc?
[INFO] [stdout] 
[INFO] [stdout] Location:
[INFO] [stdout]     /rustc/82e1608dfa6e0b5569232559e3d385fea5a93112/library/core/src/convert/mod.rs:757:9
[INFO] [stdout] 
[INFO] [stdout] ---- tests::test_global stdout ----
[INFO] [stdout] Error: Read-only file system (os error 30)
[INFO] [stdout] 
[INFO] [stdout] Location:
[INFO] [stdout]     src/metafile/dir/node.rs:31:13
[INFO] [stdout] 
[INFO] [stdout] ---- tests::pat_file stdout ----
[INFO] [stdout] Error: Pandoc not found, did you forget to install pandoc?
[INFO] [stdout] 
[INFO] [stdout] Location:
[INFO] [stdout]     /rustc/82e1608dfa6e0b5569232559e3d385fea5a93112/library/core/src/convert/mod.rs:757:9
[INFO] [stdout] 
[INFO] [stdout] ---- tests::include_source stdout ----
[INFO] [stdout] Error: Pandoc not found, did you forget to install pandoc?
[INFO] [stdout] 
[INFO] [stdout] Location:
[INFO] [stdout]     /rustc/82e1608dfa6e0b5569232559e3d385fea5a93112/library/core/src/convert/mod.rs:757:9
[INFO] [stdout] 
[INFO] [stdout] ---- tests::copy_header stdout ----
[INFO] [stdout] thread 'tests::copy_header' panicked at src/metafile/file.rs:69:42:
[INFO] [stdout] called `Result::unwrap()` on an `Err` value: Os { code: 2, kind: NotFound, message: "No such file or directory" }
[INFO] [stdout] stack backtrace:
[INFO] [stdout]    0:     0x5574523ac27c - std::backtrace_rs::backtrace::libunwind::trace::ha637c64ce894333a
[INFO] [stdout]                                at /rustc/82e1608dfa6e0b5569232559e3d385fea5a93112/library/std/src/../../backtrace/src/backtrace/libunwind.rs:104:5
[INFO] [stdout]    1:     0x5574523ac27c - std::backtrace_rs::backtrace::trace_unsynchronized::h47f62dea28e0c88d
[INFO] [stdout]                                at /rustc/82e1608dfa6e0b5569232559e3d385fea5a93112/library/std/src/../../backtrace/src/backtrace/mod.rs:66:5
[INFO] [stdout]    2:     0x5574523ac27c - std::sys_common::backtrace::_print_fmt::h9eef0abe20ede486
[INFO] [stdout]                                at /rustc/82e1608dfa6e0b5569232559e3d385fea5a93112/library/std/src/sys_common/backtrace.rs:67:5
[INFO] [stdout]    3:     0x5574523ac27c - <std::sys_common::backtrace::_print::DisplayBacktrace as core::fmt::Display>::fmt::hed7f999df88cc644
[INFO] [stdout]                                at /rustc/82e1608dfa6e0b5569232559e3d385fea5a93112/library/std/src/sys_common/backtrace.rs:44:22
[INFO] [stdout]    4:     0x5574523d9260 - core::fmt::rt::Argument::fmt::h1539a9308b8d058d
[INFO] [stdout]                                at /rustc/82e1608dfa6e0b5569232559e3d385fea5a93112/library/core/src/fmt/rt.rs:142:9
[INFO] [stdout]    5:     0x5574523d9260 - core::fmt::write::h3a39390d8560d9c9
[INFO] [stdout]                                at /rustc/82e1608dfa6e0b5569232559e3d385fea5a93112/library/core/src/fmt/mod.rs:1120:17
[INFO] [stdout]    6:     0x5574523a922f - std::io::Write::write_fmt::h040b369f3a0f9cbc
[INFO] [stdout]                                at /rustc/82e1608dfa6e0b5569232559e3d385fea5a93112/library/std/src/io/mod.rs:1762:15
[INFO] [stdout]    7:     0x5574523ac064 - std::sys_common::backtrace::_print::h894006fb5c6f3d45
[INFO] [stdout]                                at /rustc/82e1608dfa6e0b5569232559e3d385fea5a93112/library/std/src/sys_common/backtrace.rs:47:5
[INFO] [stdout]    8:     0x5574523ac064 - std::sys_common::backtrace::print::h23a2d212c6fff936
[INFO] [stdout]                                at /rustc/82e1608dfa6e0b5569232559e3d385fea5a93112/library/std/src/sys_common/backtrace.rs:34:9
[INFO] [stdout]    9:     0x5574523adda7 - std::panicking::default_hook::{{closure}}::h8a1d2ee00185001a
[INFO] [stdout]   10:     0x5574523ada93 - std::panicking::default_hook::h6038f2eba384e475
[INFO] [stdout]                                at /rustc/82e1608dfa6e0b5569232559e3d385fea5a93112/library/std/src/panicking.rs:289:9
[INFO] [stdout]   11:     0x5574521281b7 - <alloc::boxed::Box<F,A> as core::ops::function::Fn<Args>>::call::h0ad024c9bdc6d768
[INFO] [stdout]                                at /rustc/82e1608dfa6e0b5569232559e3d385fea5a93112/library/alloc/src/boxed.rs:2021:9
[INFO] [stdout]   12:     0x5574521281b7 - test::test_main::{{closure}}::h7500b54257359db6
[INFO] [stdout]                                at /rustc/82e1608dfa6e0b5569232559e3d385fea5a93112/library/test/src/lib.rs:138:21
[INFO] [stdout]   13:     0x5574523ae3b8 - <alloc::boxed::Box<F,A> as core::ops::function::Fn<Args>>::call::h1f8f335eaa9cfaee
[INFO] [stdout]                                at /rustc/82e1608dfa6e0b5569232559e3d385fea5a93112/library/alloc/src/boxed.rs:2021:9
[INFO] [stdout]   14:     0x5574523ae3b8 - std::panicking::rust_panic_with_hook::h2b5517d590cab22e
[INFO] [stdout]                                at /rustc/82e1608dfa6e0b5569232559e3d385fea5a93112/library/std/src/panicking.rs:783:13
[INFO] [stdout]   15:     0x5574523ae10e - std::panicking::begin_panic_handler::{{closure}}::h233112c06e0ef43e
[INFO] [stdout]                                at /rustc/82e1608dfa6e0b5569232559e3d385fea5a93112/library/std/src/panicking.rs:657:13
[INFO] [stdout]   16:     0x5574523ac746 - std::sys_common::backtrace::__rust_end_short_backtrace::h6e893f24d7ebbff8
[INFO] [stdout]                                at /rustc/82e1608dfa6e0b5569232559e3d385fea5a93112/library/std/src/sys_common/backtrace.rs:170:18
[INFO] [stdout]   17:     0x5574523ade72 - rust_begin_unwind
[INFO] [stdout]                                at /rustc/82e1608dfa6e0b5569232559e3d385fea5a93112/library/std/src/panicking.rs:645:5
[INFO] [stdout]   18:     0x55745207a375 - core::panicking::panic_fmt::hbf0e066aabfa482c
[INFO] [stdout]                                at /rustc/82e1608dfa6e0b5569232559e3d385fea5a93112/library/core/src/panicking.rs:72:14
[INFO] [stdout]   19:     0x55745207a943 - core::result::unwrap_failed::hddb4fea594200c52
[INFO] [stdout]                                at /rustc/82e1608dfa6e0b5569232559e3d385fea5a93112/library/core/src/result.rs:1653:5
[INFO] [stdout]   20:     0x557452155d1d - core::result::Result<T,E>::unwrap::h194d40711b98d8c6
[INFO] [stdout]                                at /rustc/82e1608dfa6e0b5569232559e3d385fea5a93112/library/core/src/result.rs:1077:23
[INFO] [stdout]   21:     0x5574520cb06e - metaforge::metafile::file::MetaFile::construct::h0f3016f775906fea
[INFO] [stdout]                                at /opt/rustwide/workdir/src/metafile/file.rs:69:13
[INFO] [stdout]   22:     0x5574520b8357 - metaforge::tests::copy_header::h7f3b021c157caad8
[INFO] [stdout]                                at /opt/rustwide/workdir/src/tests.rs:22:29
[INFO] [stdout]   23:     0x5574520b7cc7 - metaforge::tests::copy_header::{{closure}}::h2487fa716d3f16f7
[INFO] [stdout]                                at /opt/rustwide/workdir/src/tests.rs:8:23
[INFO] [stdout]   24:     0x5574520e6c56 - core::ops::function::FnOnce::call_once::h5038ca38b66f3241
[INFO] [stdout]                                at /rustc/82e1608dfa6e0b5569232559e3d385fea5a93112/library/core/src/ops/function.rs:250:5
[INFO] [stdout]   25:     0x55745212d80f - core::ops::function::FnOnce::call_once::h2b5d431d5046312d
[INFO] [stdout]                                at /rustc/82e1608dfa6e0b5569232559e3d385fea5a93112/library/core/src/ops/function.rs:250:5
[INFO] [stdout]   26:     0x55745212d80f - test::__rust_begin_short_backtrace::h7714669af176e207
[INFO] [stdout]                                at /rustc/82e1608dfa6e0b5569232559e3d385fea5a93112/library/test/src/lib.rs:628:18
[INFO] [stdout]   27:     0x55745212c825 - test::run_test_in_process::{{closure}}::h85218797dcbcec12
[INFO] [stdout]                                at /rustc/82e1608dfa6e0b5569232559e3d385fea5a93112/library/test/src/lib.rs:651:60
[INFO] [stdout]   28:     0x55745212c825 - <core::panic::unwind_safe::AssertUnwindSafe<F> as core::ops::function::FnOnce<()>>::call_once::h76c106ea31c14d7b
[INFO] [stdout]                                at /rustc/82e1608dfa6e0b5569232559e3d385fea5a93112/library/core/src/panic/unwind_safe.rs:272:9
[INFO] [stdout]   29:     0x55745212c825 - std::panicking::try::do_call::h3bd5d0f6620ee946
[INFO] [stdout]                                at /rustc/82e1608dfa6e0b5569232559e3d385fea5a93112/library/std/src/panicking.rs:552:40
[INFO] [stdout]   30:     0x55745212c825 - std::panicking::try::h232e535e4744fe31
[INFO] [stdout]                                at /rustc/82e1608dfa6e0b5569232559e3d385fea5a93112/library/std/src/panicking.rs:516:19
[INFO] [stdout]   31:     0x55745212c825 - std::panic::catch_unwind::h3ce3bd6ca8dbac68
[INFO] [stdout]                                at /rustc/82e1608dfa6e0b5569232559e3d385fea5a93112/library/std/src/panic.rs:142:14
[INFO] [stdout]   32:     0x55745212c825 - test::run_test_in_process::hc97b257c9621286a
[INFO] [stdout]                                at /rustc/82e1608dfa6e0b5569232559e3d385fea5a93112/library/test/src/lib.rs:651:27
[INFO] [stdout]   33:     0x55745212c825 - test::run_test::{{closure}}::h2aa798823a438d38
[INFO] [stdout]                                at /rustc/82e1608dfa6e0b5569232559e3d385fea5a93112/library/test/src/lib.rs:574:43
[INFO] [stdout]   34:     0x5574520f4ae6 - test::run_test::{{closure}}::h87d231c78fb59832
[INFO] [stdout]                                at /rustc/82e1608dfa6e0b5569232559e3d385fea5a93112/library/test/src/lib.rs:602:41
[INFO] [stdout]   35:     0x5574520f4ae6 - std::sys_common::backtrace::__rust_begin_short_backtrace::he6df152596625789
[INFO] [stdout]                                at /rustc/82e1608dfa6e0b5569232559e3d385fea5a93112/library/std/src/sys_common/backtrace.rs:154:18
[INFO] [stdout]   36:     0x5574520f9b97 - std::thread::Builder::spawn_unchecked_::{{closure}}::{{closure}}::ha94be15d1e0acf36
[INFO] [stdout]                                at /rustc/82e1608dfa6e0b5569232559e3d385fea5a93112/library/std/src/thread/mod.rs:529:17
[INFO] [stdout]   37:     0x5574520f9b97 - <core::panic::unwind_safe::AssertUnwindSafe<F> as core::ops::function::FnOnce<()>>::call_once::h9dc6bd6372f16606
[INFO] [stdout]                                at /rustc/82e1608dfa6e0b5569232559e3d385fea5a93112/library/core/src/panic/unwind_safe.rs:272:9
[INFO] [stdout]   38:     0x5574520f9b97 - std::panicking::try::do_call::h9057517f80303cd4
[INFO] [stdout]                                at /rustc/82e1608dfa6e0b5569232559e3d385fea5a93112/library/std/src/panicking.rs:552:40
[INFO] [stdout]   39:     0x5574520f9b97 - std::panicking::try::he3a30b11ee45340c
[INFO] [stdout]                                at /rustc/82e1608dfa6e0b5569232559e3d385fea5a93112/library/std/src/panicking.rs:516:19
[INFO] [stdout]   40:     0x5574520f9b97 - std::panic::catch_unwind::h410458cfd3528b8b
[INFO] [stdout]                                at /rustc/82e1608dfa6e0b5569232559e3d385fea5a93112/library/std/src/panic.rs:142:14
[INFO] [stdout]   41:     0x5574520f9b97 - std::thread::Builder::spawn_unchecked_::{{closure}}::h72ac3bdb567b737b
[INFO] [stdout]                                at /rustc/82e1608dfa6e0b5569232559e3d385fea5a93112/library/std/src/thread/mod.rs:528:30
[INFO] [stdout]   42:     0x5574520f9b97 - core::ops::function::FnOnce::call_once{{vtable.shim}}::h38f34da3654a8344
[INFO] [stdout]                                at /rustc/82e1608dfa6e0b5569232559e3d385fea5a93112/library/core/src/ops/function.rs:250:5
[INFO] [stdout]   43:     0x5574523b44d5 - <alloc::boxed::Box<F,A> as core::ops::function::FnOnce<Args>>::call_once::hc7eafaff61e32df9
[INFO] [stdout]                                at /rustc/82e1608dfa6e0b5569232559e3d385fea5a93112/library/alloc/src/boxed.rs:2007:9
[INFO] [stdout]   44:     0x5574523b44d5 - <alloc::boxed::Box<F,A> as core::ops::function::FnOnce<Args>>::call_once::h6ba4a5de48dd2304
[INFO] [stdout]                                at /rustc/82e1608dfa6e0b5569232559e3d385fea5a93112/library/alloc/src/boxed.rs:2007:9
[INFO] [stdout]   45:     0x5574523b44d5 - std::sys::unix::thread::Thread::new::thread_start::he469335aef763e45
[INFO] [stdout]                                at /rustc/82e1608dfa6e0b5569232559e3d385fea5a93112/library/std/src/sys/unix/thread.rs:108:17
[INFO] [stdout]   46:     0x7fbd600e7ac3 - <unknown>
[INFO] [stdout]   47:     0x7fbd60178bf4 - __clone
[INFO] [stdout]   48:                0x0 - <unknown>
[INFO] [stdout] 
[INFO] [stdout] 
[INFO] [stdout] failures:
[INFO] [stdout]     tests::copy_header
[INFO] [stdout]     tests::direct_call
[INFO] [stdout]     tests::expand_arr_in_src
[INFO] [stdout]     tests::expand_pat_in_src
[INFO] [stdout]     tests::expand_spaces
[INFO] [stdout]     tests::expand_var_in_src
[INFO] [stdout]     tests::expandoc
[INFO] [stdout]     tests::include_source
[INFO] [stdout]     tests::inline_comment
[INFO] [stdout]     tests::override_var
[INFO] [stdout]     tests::pat_file
[INFO] [stdout]     tests::test_global
[INFO] [stdout] 
[INFO] [stdout] test result: FAILED. 26 passed; 12 failed; 0 ignored; 0 measured; 0 filtered out; finished in 0.05s
[INFO] [stdout] 
[INFO] [stderr] error: test failed, to rerun pass `--lib`
[INFO] running `Command { std: "docker" "inspect" "90bfe8ef89f0518b417ca1a073202bc6d519330554ff98c63a2ef597fc1754e1", kill_on_drop: false }`
[INFO] running `Command { std: "docker" "rm" "-f" "90bfe8ef89f0518b417ca1a073202bc6d519330554ff98c63a2ef597fc1754e1", kill_on_drop: false }`
[INFO] [stdout] 90bfe8ef89f0518b417ca1a073202bc6d519330554ff98c63a2ef597fc1754e1
