[INFO] cloning repository https://github.com/hs-duesseldorf/ccntool
[INFO] running `Command { std: "git" "-c" "credential.helper=" "-c" "credential.helper=/workspace/cargo-home/bin/git-credential-null" "clone" "--bare" "https://github.com/hs-duesseldorf/ccntool" "/workspace/cache/git-repos/https%3A%2F%2Fgithub.com%2Fhs-duesseldorf%2Fccntool", kill_on_drop: false }`
[INFO] [stderr] Cloning into bare repository '/workspace/cache/git-repos/https%3A%2F%2Fgithub.com%2Fhs-duesseldorf%2Fccntool'...
[INFO] running `Command { std: "git" "rev-parse" "HEAD", kill_on_drop: false }`
[INFO] [stdout] f2212b012263ba56b671bc705c22de61580d08dd
[INFO] testing hs-duesseldorf/ccntool against 1.75.0 for beta-1.76-1
[INFO] running `Command { std: "git" "clone" "/workspace/cache/git-repos/https%3A%2F%2Fgithub.com%2Fhs-duesseldorf%2Fccntool" "/workspace/builds/worker-4-tc1/source", kill_on_drop: false }`
[INFO] [stderr] Cloning into '/workspace/builds/worker-4-tc1/source'...
[INFO] [stderr] done.
[INFO] validating manifest of git repo https://github.com/hs-duesseldorf/ccntool on toolchain 1.75.0
[INFO] running `Command { std: CARGO_HOME="/workspace/cargo-home" RUSTUP_HOME="/workspace/rustup-home" "/workspace/cargo-home/bin/cargo" "+1.75.0" "metadata" "--manifest-path" "Cargo.toml" "--no-deps", kill_on_drop: false }`
[INFO] started tweaking git repo https://github.com/hs-duesseldorf/ccntool
[INFO] finished tweaking git repo https://github.com/hs-duesseldorf/ccntool
[INFO] tweaked toml for git repo https://github.com/hs-duesseldorf/ccntool written to /workspace/builds/worker-4-tc1/source/Cargo.toml
[INFO] crate git repo https://github.com/hs-duesseldorf/ccntool already has a lockfile, it will not be regenerated
[INFO] running `Command { std: CARGO_HOME="/workspace/cargo-home" RUSTUP_HOME="/workspace/rustup-home" "/workspace/cargo-home/bin/cargo" "+1.75.0" "fetch" "--manifest-path" "Cargo.toml", kill_on_drop: false }`
[INFO] [stderr]     Updating crates.io index
[INFO] [stderr]     Updating git repository `https://github.com/tauri-apps/winres`
[INFO] [stderr]  Downloading crates ...
[INFO] [stderr]   Downloaded embed-resource v2.3.0
[INFO] [stderr]   Downloaded ring v0.17.2
[INFO] [stderr]   Downloaded egui-dropdown v0.4.0
[INFO] running `Command { std: "docker" "create" "-v" "/var/lib/crater-agent-workspace/builds/worker-4-tc1/target:/opt/rustwide/target:rw,Z" "-v" "/var/lib/crater-agent-workspace/builds/worker-4-tc1/source:/opt/rustwide/workdir:ro,Z" "-v" "/var/lib/crater-agent-workspace/cargo-home:/opt/rustwide/cargo-home:ro,Z" "-v" "/var/lib/crater-agent-workspace/rustup-home:/opt/rustwide/rustup-home:ro,Z" "-e" "SOURCE_DIR=/opt/rustwide/workdir" "-e" "CARGO_TARGET_DIR=/opt/rustwide/target" "-e" "CARGO_HOME=/opt/rustwide/cargo-home" "-e" "RUSTUP_HOME=/opt/rustwide/rustup-home" "-w" "/opt/rustwide/workdir" "-m" "1610612736" "--user" "0:0" "--network" "none" "ghcr.io/rust-lang/crates-build-env/linux@sha256:2788e3201cd34a07e3172128adcd8b3090168a8e3bcc40d7c032b9dda1df7d1c" "/opt/rustwide/cargo-home/bin/cargo" "+1.75.0" "metadata" "--no-deps" "--format-version=1", kill_on_drop: false }`
[INFO] [stdout] 8421b3fe81b0f0cdd2e99de18ac5537dccbd0d4688e00df6d76fc3fd5994cef7
[INFO] running `Command { std: "docker" "start" "-a" "8421b3fe81b0f0cdd2e99de18ac5537dccbd0d4688e00df6d76fc3fd5994cef7", kill_on_drop: false }`
[INFO] running `Command { std: "docker" "inspect" "8421b3fe81b0f0cdd2e99de18ac5537dccbd0d4688e00df6d76fc3fd5994cef7", kill_on_drop: false }`
[INFO] running `Command { std: "docker" "rm" "-f" "8421b3fe81b0f0cdd2e99de18ac5537dccbd0d4688e00df6d76fc3fd5994cef7", kill_on_drop: false }`
[INFO] [stdout] 8421b3fe81b0f0cdd2e99de18ac5537dccbd0d4688e00df6d76fc3fd5994cef7
[INFO] running `Command { std: "docker" "create" "-v" "/var/lib/crater-agent-workspace/builds/worker-4-tc1/target:/opt/rustwide/target:rw,Z" "-v" "/var/lib/crater-agent-workspace/builds/worker-4-tc1/source:/opt/rustwide/workdir:ro,Z" "-v" "/var/lib/crater-agent-workspace/cargo-home:/opt/rustwide/cargo-home:ro,Z" "-v" "/var/lib/crater-agent-workspace/rustup-home:/opt/rustwide/rustup-home:ro,Z" "-e" "SOURCE_DIR=/opt/rustwide/workdir" "-e" "CARGO_TARGET_DIR=/opt/rustwide/target" "-e" "CARGO_INCREMENTAL=0" "-e" "RUST_BACKTRACE=full" "-e" "RUSTFLAGS=--cap-lints=warn" "-e" "RUSTDOCFLAGS=--cap-lints=warn" "-e" "CARGO_HOME=/opt/rustwide/cargo-home" "-e" "RUSTUP_HOME=/opt/rustwide/rustup-home" "-w" "/opt/rustwide/workdir" "-m" "1610612736" "--user" "0:0" "--network" "none" "ghcr.io/rust-lang/crates-build-env/linux@sha256:2788e3201cd34a07e3172128adcd8b3090168a8e3bcc40d7c032b9dda1df7d1c" "/opt/rustwide/cargo-home/bin/cargo" "+1.75.0" "build" "--frozen" "--message-format=json", kill_on_drop: false }`
[INFO] [stdout] e62ec6c5be54b454978be7aaa033d3b05633ce3d3c1a9216319515ddb7d5ce4b
[INFO] running `Command { std: "docker" "start" "-a" "e62ec6c5be54b454978be7aaa033d3b05633ce3d3c1a9216319515ddb7d5ce4b", kill_on_drop: false }`
[INFO] [stderr]    Compiling cfg-if v1.0.0
[INFO] [stderr]    Compiling autocfg v1.1.0
[INFO] [stderr]    Compiling libc v0.2.149
[INFO] [stderr]    Compiling proc-macro2 v1.0.69
[INFO] [stderr]    Compiling unicode-ident v1.0.12
[INFO] [stderr]    Compiling version_check v0.9.4
[INFO] [stderr]    Compiling once_cell v1.18.0
[INFO] [stderr]    Compiling spin v0.5.2
[INFO] [stderr]    Compiling smallvec v1.11.1
[INFO] [stderr]    Compiling scopeguard v1.2.0
[INFO] [stderr]    Compiling log v0.4.20
[INFO] [stderr]    Compiling lazy_static v1.4.0
[INFO] [stderr]    Compiling bitflags v1.3.2
[INFO] [stderr]    Compiling libm v0.2.8
[INFO] [stderr]    Compiling xml-rs v0.8.19
[INFO] [stderr]    Compiling pkg-config v0.3.27
[INFO] [stderr]    Compiling lock_api v0.4.10
[INFO] [stderr]    Compiling num-traits v0.2.17
[INFO] [stderr]    Compiling quote v1.0.33
[INFO] [stderr]    Compiling num-integer v0.1.45
[INFO] [stderr]    Compiling typenum v1.17.0
[INFO] [stderr]    Compiling syn v2.0.38
[INFO] [stderr]    Compiling cc v1.0.83
[INFO] [stderr]    Compiling serde v1.0.188
[INFO] [stderr]    Compiling generic-array v0.14.7
[INFO] [stderr]    Compiling crossbeam-utils v0.8.16
[INFO] [stderr]    Compiling memoffset v0.6.5
[INFO] [stderr]    Compiling getrandom v0.2.10
[INFO] [stderr]    Compiling untrusted v0.9.0
[INFO] [stderr]    Compiling ahash v0.8.3
[INFO] [stderr]    Compiling thiserror v1.0.49
[INFO] [stderr]    Compiling minimal-lexical v0.2.1
[INFO] [stderr]    Compiling untrusted v0.7.1
[INFO] [stderr]    Compiling memchr v2.6.4
[INFO] [stderr]    Compiling mio v0.8.8
[INFO] [stderr]    Compiling tinyvec_macros v0.1.1
[INFO] [stderr]    Compiling pin-project-lite v0.2.13
[INFO] [stderr]    Compiling ring v0.17.2
[INFO] [stderr]    Compiling ring v0.16.20
[INFO] [stderr]    Compiling tinyvec v1.6.0
[INFO] [stderr]    Compiling wayland-scanner v0.29.5
[INFO] [stderr]    Compiling nom v7.1.3
[INFO] [stderr]    Compiling spin v0.9.8
[INFO] [stderr]    Compiling futures-core v0.3.28
[INFO] [stderr]    Compiling bytes v1.5.0
[INFO] [stderr]    Compiling ppv-lite86 v0.2.17
[INFO] [stderr]    Compiling percent-encoding v2.3.0
[INFO] [stderr]    Compiling unicode-normalization v0.1.22
[INFO] [stderr]    Compiling libloading v0.8.1
[INFO] [stderr]    Compiling parking_lot_core v0.8.6
[INFO] [stderr]    Compiling either v1.9.0
[INFO] [stderr]    Compiling subtle v2.5.0
[INFO] [stderr]    Compiling rustls v0.20.9
[INFO] [stderr]    Compiling base64 v0.21.4
[INFO] [stderr]    Compiling base64ct v1.6.0
[INFO] [stderr]    Compiling unicode-bidi v0.3.13
[INFO] [stderr]    Compiling crypto-bigint v0.3.2
[INFO] [stderr]    Compiling pem-rfc7468 v0.3.1
[INFO] [stderr]    Compiling dlib v0.5.2
[INFO] [stderr]    Compiling nix v0.24.3
[INFO] [stderr]    Compiling const-oid v0.7.1
[INFO] [stderr]    Compiling zeroize v1.6.0
[INFO] [stderr]    Compiling parking_lot_core v0.9.8
[INFO] [stderr]    Compiling der v0.5.1
[INFO] [stderr]    Compiling idna v0.4.0
[INFO] [stderr]    Compiling form_urlencoded v1.2.0
[INFO] [stderr]    Compiling crypto-common v0.1.6
[INFO] [stderr]    Compiling block-buffer v0.10.4
[INFO] [stderr]    Compiling wayland-sys v0.29.5
[INFO] [stderr]    Compiling num-iter v0.1.43
[INFO] [stderr]    Compiling instant v0.1.12
[INFO] [stderr]    Compiling num-bigint-dig v0.8.4
[INFO] [stderr]    Compiling khronos_api v3.1.0
[INFO] [stderr]    Compiling digest v0.10.7
[INFO] [stderr]    Compiling spki v0.5.4
[INFO] [stderr]    Compiling memoffset v0.9.0
[INFO] [stderr]    Compiling allocator-api2 v0.2.16
[INFO] [stderr]    Compiling cfg_aliases v0.1.1
[INFO] [stderr]    Compiling parking_lot v0.12.1
[INFO] [stderr]    Compiling pkcs8 v0.8.0
[INFO] [stderr]    Compiling wayland-client v0.29.5
[INFO] [stderr]    Compiling rand_core v0.6.4
[INFO] [stderr]    Compiling webpki v0.22.4
[INFO] [stderr]    Compiling socket2 v0.5.4
[INFO] [stderr]    Compiling serde_derive v1.0.188
[INFO] [stderr]    Compiling thiserror-impl v1.0.49
[INFO] [stderr]    Compiling bytemuck_derive v1.5.0
[INFO] [stderr]    Compiling num_cpus v1.16.0
[INFO] [stderr]    Compiling crossbeam-epoch v0.9.15
[INFO] [stderr]    Compiling ahash v0.7.6
[INFO] [stderr]    Compiling crossbeam-queue v0.3.8
[INFO] [stderr]    Compiling futures-task v0.3.28
[INFO] [stderr]    Compiling bytemuck v1.14.0
[INFO] [stderr]    Compiling itoa v1.0.9
[INFO] [stderr]    Compiling wayland-commons v0.29.5
[INFO] [stderr]    Compiling tokio v1.32.0
[INFO] [stderr]    Compiling sct v0.7.0
[INFO] [stderr]    Compiling tokio-macros v2.1.0
[INFO] [stderr]    Compiling rand_chacha v0.3.1
[INFO] [stderr]    Compiling pkcs1 v0.3.3
[INFO] [stderr]    Compiling gl_generator v0.14.0
[INFO] [stderr]    Compiling indexmap v1.9.3
[INFO] [stderr]    Compiling num-bigint v0.4.4
[INFO] [stderr]    Compiling slotmap v1.0.6
[INFO] [stderr]    Compiling scoped-tls v1.0.1
[INFO] [stderr]    Compiling cpufeatures v0.2.9
[INFO] [stderr]    Compiling futures-util v0.3.28
[INFO] [stderr]    Compiling futures-channel v0.3.28
[INFO] [stderr]    Compiling futures-sink v0.3.28
[INFO] [stderr]    Compiling simd-adler32 v0.3.7
[INFO] [stderr]    Compiling paste v1.0.14
[INFO] [stderr]    Compiling byteorder v1.5.0
[INFO] [stderr]    Compiling downcast-rs v1.2.0
[INFO] [stderr]    Compiling rand v0.8.5
[INFO] [stderr]    Compiling url v2.4.1
[INFO] [stderr]    Compiling itertools v0.11.0
[INFO] [stderr]    Compiling wayland-protocols v0.29.5
[INFO] [stderr]    Compiling x11-dl v2.21.0
[INFO] [stderr]    Compiling num-rational v0.4.1
[INFO] [stderr]    Compiling unicode_categories v0.1.1
[INFO] [stderr]    Compiling pin-utils v0.1.0
[INFO] [stderr]    Compiling finl_unicode v1.2.0
[INFO] [stderr]    Compiling unicode-segmentation v1.10.1
[INFO] [stderr]    Compiling hashbrown v0.12.3
[INFO] [stderr]    Compiling ttf-parser v0.19.2
[INFO] [stderr]    Compiling rayon-core v1.12.0
[INFO] [stderr]    Compiling tokio-rustls v0.23.4
[INFO] [stderr]    Compiling stringprep v0.1.4
[INFO] [stderr]    Compiling sqlformat v0.2.2
[INFO] [stderr]    Compiling hashbrown v0.14.1
[INFO] [stderr]    Compiling owned_ttf_parser v0.19.0
[INFO] [stderr]    Compiling crossbeam-deque v0.8.3
[INFO] [stderr]    Compiling parking_lot v0.11.2
[INFO] [stderr]    Compiling sha2 v0.10.8
[INFO] [stderr]    Compiling sha1 v0.10.6
[INFO] [stderr]    Compiling xcursor v0.3.4
[INFO] [stderr]    Compiling rustls-pemfile v1.0.3
[INFO] [stderr]    Compiling atoi v1.0.0
[INFO] [stderr]    Compiling nix v0.25.1
[INFO] [stderr]    Compiling smithay-client-toolkit v0.16.1
[INFO] [stderr]    Compiling ab_glyph_rasterizer v0.1.8
[INFO] [stderr]    Compiling hex v0.4.3
[INFO] [stderr]    Compiling crc32fast v1.3.2
[INFO] [stderr]    Compiling dotenvy v0.15.7
[INFO] [stderr]    Compiling syn v1.0.109
[INFO] [stderr]    Compiling adler v1.0.2
[INFO] [stderr]    Compiling vec_map v0.8.2
[INFO] [stderr]    Compiling event-listener v2.5.3
[INFO] [stderr]    Compiling miniz_oxide v0.7.1
[INFO] [stderr]    Compiling ab_glyph v0.2.22
[INFO] [stderr]    Compiling wayland-cursor v0.29.5
[INFO] [stderr]    Compiling futures-intrusive v0.4.2
[INFO] [stderr]    Compiling calloop v0.10.6
[INFO] [stderr]    Compiling rsa v0.6.1
[INFO] [stderr]    Compiling hashlink v0.8.4
[INFO] [stderr]    Compiling ecolor v0.23.0
[INFO] [stderr]    Compiling emath v0.23.0
[INFO] [stderr]    Compiling bitflags v2.4.0
[INFO] [stderr]    Compiling sqlx-rt v0.6.3
[INFO] [stderr]    Compiling tokio-stream v0.1.14
[INFO] [stderr]    Compiling webpki-roots v0.22.6
[INFO] [stderr]    Compiling memmap2 v0.5.10
[INFO] [stderr]    Compiling nohash-hasher v0.2.0
[INFO] [stderr]    Compiling ident_case v1.0.1
[INFO] [stderr]    Compiling fnv v1.0.7
[INFO] [stderr]    Compiling darling_core v0.20.3
[INFO] [stderr]    Compiling epaint v0.23.0
[INFO] [stderr]    Compiling ron v0.8.1
[INFO] [stderr]    Compiling sqlx-core v0.6.3
[INFO] [stderr]    Compiling heck v0.4.1
[INFO] [stderr]    Compiling glutin_glx_sys v0.4.0
[INFO] [stderr]    Compiling glutin_egl_sys v0.5.1
[INFO] [stderr]    Compiling winit v0.28.7
[INFO] [stderr]    Compiling wayland-sys v0.30.1
[INFO] [stderr]    Compiling raw-window-handle v0.5.2
[INFO] [stderr]    Compiling darling_macro v0.20.3
[INFO] [stderr]    Compiling egui v0.23.0
[INFO] [stderr]    Compiling flate2 v1.0.27
[INFO] [stderr]    Compiling rayon v1.8.0
[INFO] [stderr]    Compiling x11rb-protocol v0.10.0
[INFO] [stderr]    Compiling glutin v0.30.10
[INFO] [stderr]    Compiling gethostname v0.2.3
[INFO] [stderr]    Compiling signal-hook v0.3.17
[INFO] [stderr]    Compiling weezl v0.1.7
[INFO] [stderr]    Compiling darling v0.20.3
[INFO] [stderr]    Compiling fdeflate v0.3.0
[INFO] [stderr]    Compiling sqlx-macros v0.6.3
[INFO] [stderr]    Compiling jpeg-decoder v0.3.0
[INFO] [stderr]    Compiling zune-inflate v0.2.54
[INFO] [stderr]    Compiling glutin-winit v0.3.0
[INFO] [stderr]    Compiling flume v0.11.0
[INFO] [stderr]    Compiling signal-hook-registry v1.4.1
[INFO] [stderr]    Compiling libloading v0.7.4
[INFO] [stderr]    Compiling half v2.2.1
[INFO] [stderr]    Compiling home v0.5.5
[INFO] [stderr]    Compiling color_quant v1.1.0
[INFO] [stderr]    Compiling bit_field v0.10.2
[INFO] [stderr]    Compiling lebe v0.5.2
[INFO] [stderr]    Compiling gif v0.12.0
[INFO] [stderr]    Compiling webbrowser v0.8.11
[INFO] [stderr]    Compiling exr v1.71.0
[INFO] [stderr]    Compiling tiff v0.9.0
[INFO] [stderr]    Compiling x11rb v0.10.1
[INFO] [stderr]    Compiling png v0.17.10
[INFO] [stderr]    Compiling arboard v3.2.1
[INFO] [stderr]    Compiling enumset_derive v0.8.1
[INFO] [stderr]    Compiling qoi v0.4.1
[INFO] [stderr]    Compiling enum-map-derive v0.14.0
[INFO] [stderr]    Compiling num-complex v0.4.4
[INFO] [stderr]    Compiling dirs-sys-next v0.1.2
[INFO] [stderr]    Compiling tracing-core v0.1.31
[INFO] [stderr]    Compiling web-time v0.2.2
[INFO] [stderr]    Compiling deranged v0.3.8
[INFO] [stderr]    Compiling time-core v0.1.2
[INFO] [stderr]    Compiling sqlx v0.6.3
[INFO] [stderr]    Compiling num_threads v0.1.6
[INFO] [stderr]    Compiling ccntool_core v0.3.0 (/opt/rustwide/workdir/ccntool_core)
[INFO] [stderr]    Compiling glow v0.12.3
[INFO] [stderr]    Compiling overload v0.1.1
[INFO] [stderr]    Compiling stable_deref_trait v1.2.0
[INFO] [stderr]    Compiling owning_ref v0.4.1
[INFO] [stderr]    Compiling nu-ansi-term v0.46.0
[INFO] [stderr]    Compiling tracing-log v0.1.3
[INFO] [stderr]    Compiling enum-map v2.6.3
[INFO] [stderr]    Compiling time v0.3.29
[INFO] [stderr]    Compiling directories-next v2.0.0
[INFO] [stderr]    Compiling num v0.4.1
[INFO] [stderr]    Compiling enumset v1.1.2
[INFO] [stderr]    Compiling image v0.24.7
[INFO] [stderr]    Compiling signal-hook-mio v0.2.3
[INFO] [stderr]    Compiling crossbeam-channel v0.5.8
[INFO] [stderr]    Compiling sharded-slab v0.1.7
[INFO] [stderr]    Compiling thread_local v1.1.7
[INFO] [stderr]    Compiling egui_glow v0.23.0
[INFO] [stderr]    Compiling xi-unicode v0.3.0
[INFO] [stderr]    Compiling ccntool_gui v0.2.4 (/opt/rustwide/workdir/ccntool_gui)
[INFO] [stderr]    Compiling static_assertions v1.1.0
[INFO] [stderr]    Compiling unicode-width v0.1.11
[INFO] [stderr]    Compiling tracing-subscriber v0.3.17
[INFO] [stderr]    Compiling crossterm v0.25.0
[INFO] [stderr]    Compiling cursive_core v0.3.7
[INFO] [stderr]    Compiling egui-dropdown v0.4.0
[INFO] [stderr]    Compiling ccntool_cli v0.2.0 (/opt/rustwide/workdir/ccntool_cli)
[INFO] [stderr]    Compiling cursive v0.20.0
[INFO] [stderr]    Compiling ccntool_tui v0.0.1 (/opt/rustwide/workdir/ccntool_tui)
[INFO] [stderr]    Compiling smithay-clipboard v0.6.6
[INFO] [stderr]    Compiling egui-winit v0.23.0
[INFO] [stderr]    Compiling eframe v0.23.0
[INFO] [stderr]     Finished dev [unoptimized + debuginfo] target(s) in 1m 17s
[INFO] running `Command { std: "docker" "inspect" "e62ec6c5be54b454978be7aaa033d3b05633ce3d3c1a9216319515ddb7d5ce4b", kill_on_drop: false }`
[INFO] running `Command { std: "docker" "rm" "-f" "e62ec6c5be54b454978be7aaa033d3b05633ce3d3c1a9216319515ddb7d5ce4b", kill_on_drop: false }`
[INFO] [stdout] e62ec6c5be54b454978be7aaa033d3b05633ce3d3c1a9216319515ddb7d5ce4b
[INFO] running `Command { std: "docker" "create" "-v" "/var/lib/crater-agent-workspace/builds/worker-4-tc1/target:/opt/rustwide/target:rw,Z" "-v" "/var/lib/crater-agent-workspace/builds/worker-4-tc1/source:/opt/rustwide/workdir:ro,Z" "-v" "/var/lib/crater-agent-workspace/cargo-home:/opt/rustwide/cargo-home:ro,Z" "-v" "/var/lib/crater-agent-workspace/rustup-home:/opt/rustwide/rustup-home:ro,Z" "-e" "SOURCE_DIR=/opt/rustwide/workdir" "-e" "CARGO_TARGET_DIR=/opt/rustwide/target" "-e" "CARGO_INCREMENTAL=0" "-e" "RUST_BACKTRACE=full" "-e" "RUSTFLAGS=--cap-lints=warn" "-e" "RUSTDOCFLAGS=--cap-lints=warn" "-e" "CARGO_HOME=/opt/rustwide/cargo-home" "-e" "RUSTUP_HOME=/opt/rustwide/rustup-home" "-w" "/opt/rustwide/workdir" "-m" "1610612736" "--user" "0:0" "--network" "none" "ghcr.io/rust-lang/crates-build-env/linux@sha256:2788e3201cd34a07e3172128adcd8b3090168a8e3bcc40d7c032b9dda1df7d1c" "/opt/rustwide/cargo-home/bin/cargo" "+1.75.0" "test" "--frozen" "--no-run" "--message-format=json", kill_on_drop: false }`
[INFO] [stdout] 0348f7d7c5d993988992f430c54fabadfd4a3303dba8c26d5a4f7fd44d86f3a0
[INFO] running `Command { std: "docker" "start" "-a" "0348f7d7c5d993988992f430c54fabadfd4a3303dba8c26d5a4f7fd44d86f3a0", kill_on_drop: false }`
[INFO] [stderr]    Compiling ccntool_gui v0.2.4 (/opt/rustwide/workdir/ccntool_gui)
[INFO] [stderr]    Compiling ccntool_cli v0.2.0 (/opt/rustwide/workdir/ccntool_cli)
[INFO] [stderr]    Compiling ccntool_core v0.3.0 (/opt/rustwide/workdir/ccntool_core)
[INFO] [stderr]    Compiling ccntool_tui v0.0.1 (/opt/rustwide/workdir/ccntool_tui)
[INFO] [stderr]     Finished test [unoptimized + debuginfo] target(s) in 1.63s
[INFO] running `Command { std: "docker" "inspect" "0348f7d7c5d993988992f430c54fabadfd4a3303dba8c26d5a4f7fd44d86f3a0", kill_on_drop: false }`
[INFO] running `Command { std: "docker" "rm" "-f" "0348f7d7c5d993988992f430c54fabadfd4a3303dba8c26d5a4f7fd44d86f3a0", kill_on_drop: false }`
[INFO] [stdout] 0348f7d7c5d993988992f430c54fabadfd4a3303dba8c26d5a4f7fd44d86f3a0
[INFO] running `Command { std: "docker" "create" "-v" "/var/lib/crater-agent-workspace/builds/worker-4-tc1/target:/opt/rustwide/target:rw,Z" "-v" "/var/lib/crater-agent-workspace/builds/worker-4-tc1/source:/opt/rustwide/workdir:ro,Z" "-v" "/var/lib/crater-agent-workspace/cargo-home:/opt/rustwide/cargo-home:ro,Z" "-v" "/var/lib/crater-agent-workspace/rustup-home:/opt/rustwide/rustup-home:ro,Z" "-e" "SOURCE_DIR=/opt/rustwide/workdir" "-e" "CARGO_TARGET_DIR=/opt/rustwide/target" "-e" "CARGO_INCREMENTAL=0" "-e" "RUST_BACKTRACE=full" "-e" "RUSTFLAGS=--cap-lints=warn" "-e" "RUSTDOCFLAGS=--cap-lints=warn" "-e" "CARGO_HOME=/opt/rustwide/cargo-home" "-e" "RUSTUP_HOME=/opt/rustwide/rustup-home" "-w" "/opt/rustwide/workdir" "-m" "1610612736" "--user" "0:0" "--network" "none" "ghcr.io/rust-lang/crates-build-env/linux@sha256:2788e3201cd34a07e3172128adcd8b3090168a8e3bcc40d7c032b9dda1df7d1c" "/opt/rustwide/cargo-home/bin/cargo" "+1.75.0" "test" "--frozen", kill_on_drop: false }`
[INFO] [stdout] 35c350c7ca29962fc042749f947921cfe6448cd6eedcc5b87adfce0e334da879
[INFO] running `Command { std: "docker" "start" "-a" "35c350c7ca29962fc042749f947921cfe6448cd6eedcc5b87adfce0e334da879", kill_on_drop: false }`
[INFO] [stderr]     Finished test [unoptimized + debuginfo] target(s) in 0.16s
[INFO] [stderr]      Running unittests src/main.rs (/opt/rustwide/target/debug/deps/ccntool_cli-0e3314cd5f55cf84)
[INFO] [stdout] 
[INFO] [stdout] running 0 tests
[INFO] [stdout] 
[INFO] [stdout] test result: ok. 0 passed; 0 failed; 0 ignored; 0 measured; 0 filtered out; finished in 0.00s
[INFO] [stdout] 
[INFO] [stderr]      Running unittests src/lib.rs (/opt/rustwide/target/debug/deps/ccntool_core-0e5de342ad802cb0)
[INFO] [stdout] 
[INFO] [stdout] running 0 tests
[INFO] [stdout] 
[INFO] [stdout] test result: ok. 0 passed; 0 failed; 0 ignored; 0 measured; 0 filtered out; finished in 0.00s
[INFO] [stdout] 
[INFO] [stderr]      Running unittests src/lib.rs (/opt/rustwide/target/debug/deps/ccntool_gui-9c1166f89a00badb)
[INFO] [stdout] 
[INFO] [stdout] running 0 tests
[INFO] [stdout] 
[INFO] [stdout] test result: ok. 0 passed; 0 failed; 0 ignored; 0 measured; 0 filtered out; finished in 0.00s
[INFO] [stdout] 
[INFO] [stderr]      Running unittests src/main.rs (/opt/rustwide/target/debug/deps/ccntool_gui-5ed86c37817a1ddf)
[INFO] [stdout] 
[INFO] [stdout] running 0 tests
[INFO] [stdout] 
[INFO] [stdout] test result: ok. 0 passed; 0 failed; 0 ignored; 0 measured; 0 filtered out; finished in 0.00s
[INFO] [stdout] 
[INFO] [stderr]      Running unittests src/main.rs (/opt/rustwide/target/debug/deps/ccntool_tui-ac7065f17eb82c72)
[INFO] [stdout] 
[INFO] [stdout] running 0 tests
[INFO] [stdout] 
[INFO] [stdout] test result: ok. 0 passed; 0 failed; 0 ignored; 0 measured; 0 filtered out; finished in 0.00s
[INFO] [stdout] 
[INFO] [stderr]    Doc-tests ccntool_core
[INFO] [stdout] 
[INFO] [stdout] running 4 tests
[INFO] [stdout] test ccntool_core/src/lib.rs - (line 10) ... FAILED
[INFO] [stdout] test ccntool_core/src/lib.rs - queryall (line 139) ... FAILED
[INFO] [stdout] test ccntool_core/src/lib.rs - connectdb (line 49) ... FAILED
[INFO] [stdout] test ccntool_core/src/lib.rs - myquery (line 208) ... FAILED
[INFO] [stdout] 
[INFO] [stdout] failures:
[INFO] [stdout] 
[INFO] [stdout] ---- ccntool_core/src/lib.rs - (line 10) stdout ----
[INFO] [stdout] error[E0061]: this function takes 3 arguments but 0 arguments were supplied
[INFO] [stdout]   --> ccntool_core/src/lib.rs:15:16
[INFO] [stdout]    |
[INFO] [stdout] 8  |     let pool = connectdb().expect("Can't connect to database");
[INFO] [stdout]    |                ^^^^^^^^^-- three arguments of type `Option<String>`, `Option<String>`, and `Option<String>` are missing
[INFO] [stdout]    |
[INFO] [stdout] note: function defined here
[INFO] [stdout]   --> /opt/rustwide/workdir/ccntool_core/src/lib.rs:68:14
[INFO] [stdout]    |
[INFO] [stdout] 68 | pub async fn connectdb(
[INFO] [stdout]    |              ^^^^^^^^^
[INFO] [stdout] help: provide the arguments
[INFO] [stdout]    |
[INFO] [stdout] 8  |     let pool = connectdb(/* Option<String> */, /* Option<String> */, /* Option<String> */).expect("Can't connect to database");
[INFO] [stdout]    |                         ~~~~~~~~~~~~~~~~~~~~~~~~~~~~~~~~~~~~~~~~~~~~~~~~~~~~~~~~~~~~~~~~~~
[INFO] [stdout] 
[INFO] [stdout] error: aborting due to previous error
[INFO] [stdout] 
[INFO] [stdout] For more information about this error, try `rustc --explain E0061`.
[INFO] [stdout] Couldn't compile the test.
[INFO] [stdout] ---- ccntool_core/src/lib.rs - queryall (line 139) stdout ----
[INFO] [stdout] error[E0425]: cannot find function `queryall` in this scope
[INFO] [stdout]  --> ccntool_core/src/lib.rs:142:21
[INFO] [stdout]   |
[INFO] [stdout] 4 |     let all_ports = queryall(connectdb(None, None, None)
[INFO] [stdout]   |                     ^^^^^^^^ not found in this scope
[INFO] [stdout]   |
[INFO] [stdout] help: consider importing this function
[INFO] [stdout]   |
[INFO] [stdout] 2 + use ccntool_core::queryall;
[INFO] [stdout]   |
[INFO] [stdout] 
[INFO] [stdout] error[E0425]: cannot find function `connectdb` in this scope
[INFO] [stdout]  --> ccntool_core/src/lib.rs:142:30
[INFO] [stdout]   |
[INFO] [stdout] 4 |     let all_ports = queryall(connectdb(None, None, None)
[INFO] [stdout]   |                              ^^^^^^^^^ not found in this scope
[INFO] [stdout]   |
[INFO] [stdout] help: consider importing this function
[INFO] [stdout]   |
[INFO] [stdout] 2 + use ccntool_core::connectdb;
[INFO] [stdout]   |
[INFO] [stdout] 
[INFO] [stdout] error: aborting due to 2 previous errors
[INFO] [stdout] 
[INFO] [stdout] For more information about this error, try `rustc --explain E0425`.
[INFO] [stdout] Couldn't compile the test.
[INFO] [stdout] ---- ccntool_core/src/lib.rs - connectdb (line 49) stdout ----
[INFO] [stdout] error[E0424]: expected value, found module `self`
[INFO] [stdout]   --> ccntool_core/src/lib.rs:60:13
[INFO] [stdout]    |
[INFO] [stdout] 7  | async fn main() {
[INFO] [stdout]    |          ---- this function can't have a `self` parameter
[INFO] [stdout] ...
[INFO] [stdout] 13 |             self.error = error_message;
[INFO] [stdout]    |             ^^^^ `self` value is a keyword only available in methods with a `self` parameter
[INFO] [stdout] 
[INFO] [stdout] error[E0308]: mismatched types
[INFO] [stdout]   --> ccntool_core/src/lib.rs:65:5
[INFO] [stdout]    |
[INFO] [stdout] 18 |     ..
[INFO] [stdout]    |     ^^ expected `()`, found `RangeFull`
[INFO] [stdout]    |
[INFO] [stdout] note: return type inferred to be `()` here
[INFO] [stdout]   --> ccntool_core/src/lib.rs:62:13
[INFO] [stdout]    |
[INFO] [stdout] 15 |             return;
[INFO] [stdout]    |             ^^^^^^
[INFO] [stdout] 
[INFO] [stdout] error: aborting due to 2 previous errors
[INFO] [stdout] 
[INFO] [stdout] Some errors have detailed explanations: E0308, E0424.
[INFO] [stdout] For more information about an error, try `rustc --explain E0308`.
[INFO] [stdout] Couldn't compile the test.
[INFO] [stdout] ---- ccntool_core/src/lib.rs - myquery (line 208) stdout ----
[INFO] [stdout] error[E0425]: cannot find function `myquery` in this scope
[INFO] [stdout]  --> ccntool_core/src/lib.rs:210:25
[INFO] [stdout]   |
[INFO] [stdout] 3 |     let results = match myquery(connectdb(None, None, None), "01.1.001-1") {
[INFO] [stdout]   |                         ^^^^^^^ not found in this scope
[INFO] [stdout]   |
[INFO] [stdout] help: consider importing this function
[INFO] [stdout]   |
[INFO] [stdout] 2 + use ccntool_core::myquery;
[INFO] [stdout]   |
[INFO] [stdout] 
[INFO] [stdout] error[E0425]: cannot find function `connectdb` in this scope
[INFO] [stdout]  --> ccntool_core/src/lib.rs:210:33
[INFO] [stdout]   |
[INFO] [stdout] 3 |     let results = match myquery(connectdb(None, None, None), "01.1.001-1") {
[INFO] [stdout]   |                                 ^^^^^^^^^ not found in this scope
[INFO] [stdout]   |
[INFO] [stdout] help: consider importing this function
[INFO] [stdout]   |
[INFO] [stdout] 2 + use ccntool_core::connectdb;
[INFO] [stdout]   |
[INFO] [stdout] 
[INFO] [stdout] error[E0424]: expected value, found module `self`
[INFO] [stdout]  --> ccntool_core/src/lib.rs:212:12
[INFO] [stdout]   |
[INFO] [stdout] 2 | fn main() {
[INFO] [stdout]   |    ---- this function can't have a `self` parameter
[INFO] [stdout] ...
[INFO] [stdout] 5 |            self.error.clear();
[INFO] [stdout]   |            ^^^^ `self` value is a keyword only available in methods with a `self` parameter
[INFO] [stdout] 
[INFO] [stdout] error[E0424]: expected value, found module `self`
[INFO] [stdout]   --> ccntool_core/src/lib.rs:217:12
[INFO] [stdout]    |
[INFO] [stdout] 2  | fn main() {
[INFO] [stdout]    |    ---- this function can't have a `self` parameter
[INFO] [stdout] ...
[INFO] [stdout] 10 |            self.error = error_message;
[INFO] [stdout]    |            ^^^^ `self` value is a keyword only available in methods with a `self` parameter
[INFO] [stdout] 
[INFO] [stdout] error[E0308]: mismatched types
[INFO] [stdout]   --> ccntool_core/src/lib.rs:222:5
[INFO] [stdout]    |
[INFO] [stdout] 2  | fn main() {
[INFO] [stdout]    |          - expected `()` because of default return type
[INFO] [stdout] ...
[INFO] [stdout] 15 |     ..
[INFO] [stdout]    |     ^^ expected `()`, found `RangeFull`
[INFO] [stdout] 
[INFO] [stdout] error: aborting due to 5 previous errors
[INFO] [stdout] 
[INFO] [stdout] Some errors have detailed explanations: E0308, E0424, E0425.
[INFO] [stdout] For more information about an error, try `rustc --explain E0308`.
[INFO] [stdout] Couldn't compile the test.
[INFO] [stdout] 
[INFO] [stdout] failures:
[INFO] [stdout]     ccntool_core/src/lib.rs - (line 10)
[INFO] [stdout]     ccntool_core/src/lib.rs - connectdb (line 49)
[INFO] [stdout]     ccntool_core/src/lib.rs - myquery (line 208)
[INFO] [stdout]     ccntool_core/src/lib.rs - queryall (line 139)
[INFO] [stdout] 
[INFO] [stdout] test result: FAILED. 0 passed; 4 failed; 0 ignored; 0 measured; 0 filtered out; finished in 0.21s
[INFO] [stdout] 
[INFO] [stderr] error: doctest failed, to rerun pass `-p ccntool_core --doc`
[INFO] running `Command { std: "docker" "inspect" "35c350c7ca29962fc042749f947921cfe6448cd6eedcc5b87adfce0e334da879", kill_on_drop: false }`
[INFO] running `Command { std: "docker" "rm" "-f" "35c350c7ca29962fc042749f947921cfe6448cd6eedcc5b87adfce0e334da879", kill_on_drop: false }`
[INFO] [stdout] 35c350c7ca29962fc042749f947921cfe6448cd6eedcc5b87adfce0e334da879
