[INFO] cloning repository https://github.com/home-anthill/register
[INFO] running `Command { std: "git" "-c" "credential.helper=" "-c" "credential.helper=/workspace/cargo-home/bin/git-credential-null" "clone" "--bare" "https://github.com/home-anthill/register" "/workspace/cache/git-repos/https%3A%2F%2Fgithub.com%2Fhome-anthill%2Fregister", kill_on_drop: false }`
[INFO] [stderr] Cloning into bare repository '/workspace/cache/git-repos/https%3A%2F%2Fgithub.com%2Fhome-anthill%2Fregister'...
[INFO] running `Command { std: "git" "rev-parse" "HEAD", kill_on_drop: false }`
[INFO] [stdout] 867723971b806e0a02839043fe6b2aff2f375cf5
[INFO] testing home-anthill/register against 1.75.0 for beta-1.76-1
[INFO] running `Command { std: "git" "clone" "/workspace/cache/git-repos/https%3A%2F%2Fgithub.com%2Fhome-anthill%2Fregister" "/workspace/builds/worker-4-tc1/source", kill_on_drop: false }`
[INFO] [stderr] Cloning into '/workspace/builds/worker-4-tc1/source'...
[INFO] [stderr] done.
[INFO] validating manifest of git repo https://github.com/home-anthill/register on toolchain 1.75.0
[INFO] running `Command { std: CARGO_HOME="/workspace/cargo-home" RUSTUP_HOME="/workspace/rustup-home" "/workspace/cargo-home/bin/cargo" "+1.75.0" "metadata" "--manifest-path" "Cargo.toml" "--no-deps", kill_on_drop: false }`
[INFO] started tweaking git repo https://github.com/home-anthill/register
[INFO] finished tweaking git repo https://github.com/home-anthill/register
[INFO] tweaked toml for git repo https://github.com/home-anthill/register written to /workspace/builds/worker-4-tc1/source/Cargo.toml
[INFO] crate git repo https://github.com/home-anthill/register already has a lockfile, it will not be regenerated
[INFO] running `Command { std: CARGO_HOME="/workspace/cargo-home" RUSTUP_HOME="/workspace/rustup-home" "/workspace/cargo-home/bin/cargo" "+1.75.0" "fetch" "--manifest-path" "Cargo.toml", kill_on_drop: false }`
[INFO] [stderr]  Downloading crates ...
[INFO] [stderr]   Downloaded bson v2.5.0
[INFO] running `Command { std: "docker" "create" "-v" "/var/lib/crater-agent-workspace/builds/worker-4-tc1/target:/opt/rustwide/target:rw,Z" "-v" "/var/lib/crater-agent-workspace/builds/worker-4-tc1/source:/opt/rustwide/workdir:ro,Z" "-v" "/var/lib/crater-agent-workspace/cargo-home:/opt/rustwide/cargo-home:ro,Z" "-v" "/var/lib/crater-agent-workspace/rustup-home:/opt/rustwide/rustup-home:ro,Z" "-e" "SOURCE_DIR=/opt/rustwide/workdir" "-e" "CARGO_TARGET_DIR=/opt/rustwide/target" "-e" "CARGO_HOME=/opt/rustwide/cargo-home" "-e" "RUSTUP_HOME=/opt/rustwide/rustup-home" "-w" "/opt/rustwide/workdir" "-m" "1610612736" "--user" "0:0" "--network" "none" "ghcr.io/rust-lang/crates-build-env/linux@sha256:2788e3201cd34a07e3172128adcd8b3090168a8e3bcc40d7c032b9dda1df7d1c" "/opt/rustwide/cargo-home/bin/cargo" "+1.75.0" "metadata" "--no-deps" "--format-version=1", kill_on_drop: false }`
[INFO] [stdout] 3c194a66dd2005c84a848bec0d09be55083576a79fcfda8021d4d8fdc3436594
[INFO] running `Command { std: "docker" "start" "-a" "3c194a66dd2005c84a848bec0d09be55083576a79fcfda8021d4d8fdc3436594", kill_on_drop: false }`
[INFO] running `Command { std: "docker" "inspect" "3c194a66dd2005c84a848bec0d09be55083576a79fcfda8021d4d8fdc3436594", kill_on_drop: false }`
[INFO] running `Command { std: "docker" "rm" "-f" "3c194a66dd2005c84a848bec0d09be55083576a79fcfda8021d4d8fdc3436594", kill_on_drop: false }`
[INFO] [stdout] 3c194a66dd2005c84a848bec0d09be55083576a79fcfda8021d4d8fdc3436594
[INFO] running `Command { std: "docker" "create" "-v" "/var/lib/crater-agent-workspace/builds/worker-4-tc1/target:/opt/rustwide/target:rw,Z" "-v" "/var/lib/crater-agent-workspace/builds/worker-4-tc1/source:/opt/rustwide/workdir:ro,Z" "-v" "/var/lib/crater-agent-workspace/cargo-home:/opt/rustwide/cargo-home:ro,Z" "-v" "/var/lib/crater-agent-workspace/rustup-home:/opt/rustwide/rustup-home:ro,Z" "-e" "SOURCE_DIR=/opt/rustwide/workdir" "-e" "CARGO_TARGET_DIR=/opt/rustwide/target" "-e" "CARGO_INCREMENTAL=0" "-e" "RUST_BACKTRACE=full" "-e" "RUSTFLAGS=--cap-lints=warn" "-e" "RUSTDOCFLAGS=--cap-lints=warn" "-e" "CARGO_HOME=/opt/rustwide/cargo-home" "-e" "RUSTUP_HOME=/opt/rustwide/rustup-home" "-w" "/opt/rustwide/workdir" "-m" "1610612736" "--user" "0:0" "--network" "none" "ghcr.io/rust-lang/crates-build-env/linux@sha256:2788e3201cd34a07e3172128adcd8b3090168a8e3bcc40d7c032b9dda1df7d1c" "/opt/rustwide/cargo-home/bin/cargo" "+1.75.0" "build" "--frozen" "--message-format=json", kill_on_drop: false }`
[INFO] [stdout] edb8079d1c8106e173f3affb7f09a13dabbad102d39000dea51e5429d889a7a7
[INFO] running `Command { std: "docker" "start" "-a" "edb8079d1c8106e173f3affb7f09a13dabbad102d39000dea51e5429d889a7a7", kill_on_drop: false }`
[INFO] [stderr]    Compiling libc v0.2.139
[INFO] [stderr]    Compiling proc-macro2 v1.0.51
[INFO] [stderr]    Compiling unicode-ident v1.0.6
[INFO] [stderr]    Compiling quote v1.0.23
[INFO] [stderr]    Compiling syn v1.0.107
[INFO] [stderr]    Compiling cfg-if v1.0.0
[INFO] [stderr]    Compiling version_check v0.9.4
[INFO] [stderr]    Compiling autocfg v1.1.0
[INFO] [stderr]    Compiling serde_derive v1.0.152
[INFO] [stderr]    Compiling serde v1.0.152
[INFO] [stderr]    Compiling typenum v1.16.0
[INFO] [stderr]    Compiling pin-project-lite v0.2.9
[INFO] [stderr]    Compiling memchr v2.5.0
[INFO] [stderr]    Compiling once_cell v1.17.1
[INFO] [stderr]    Compiling log v0.4.17
[INFO] [stderr]    Compiling subtle v2.4.1
[INFO] [stderr]    Compiling futures-channel v0.3.26
[INFO] [stderr]    Compiling itoa v1.0.5
[INFO] [stderr]    Compiling fnv v1.0.7
[INFO] [stderr]    Compiling bytes v1.4.0
[INFO] [stderr]    Compiling futures-core v0.3.26
[INFO] [stderr]    Compiling pin-utils v0.1.0
[INFO] [stderr]    Compiling hashbrown v0.12.3
[INFO] [stderr]    Compiling futures-task v0.3.26
[INFO] [stderr]    Compiling cpufeatures v0.2.5
[INFO] [stderr]    Compiling generic-array v0.14.6
[INFO] [stderr]    Compiling futures-sink v0.3.26
[INFO] [stderr]    Compiling ppv-lite86 v0.2.17
[INFO] [stderr]    Compiling proc-macro2-diagnostics v0.9.1
[INFO] [stderr]    Compiling futures-util v0.3.26
[INFO] [stderr]    Compiling tracing-core v0.1.30
[INFO] [stderr]    Compiling yansi v0.5.1
[INFO] [stderr]    Compiling percent-encoding v2.2.0
[INFO] [stderr]    Compiling slab v0.4.7
[INFO] [stderr]    Compiling tokio v1.25.0
[INFO] [stderr]    Compiling indexmap v1.9.2
[INFO] [stderr]    Compiling futures-io v0.3.26
[INFO] [stderr]    Compiling time-core v0.1.0
[INFO] [stderr]    Compiling cc v1.0.79
[INFO] [stderr]    Compiling time-macros v0.2.6
[INFO] [stderr]    Compiling smallvec v1.10.0
[INFO] [stderr]    Compiling http v0.2.8
[INFO] [stderr]    Compiling tinyvec_macros v0.1.1
[INFO] [stderr]    Compiling opaque-debug v0.3.0
[INFO] [stderr]    Compiling tracing v0.1.37
[INFO] [stderr]    Compiling httparse v1.8.0
[INFO] [stderr]    Compiling tinyvec v1.6.0
[INFO] [stderr]    Compiling num-traits v0.2.15
[INFO] [stderr]    Compiling getrandom v0.2.8
[INFO] [stderr]    Compiling socket2 v0.4.7
[INFO] [stderr]    Compiling signal-hook-registry v1.4.1
[INFO] [stderr]    Compiling num_cpus v1.15.0
[INFO] [stderr]    Compiling try-lock v0.2.4
[INFO] [stderr]    Compiling rand_core v0.6.4
[INFO] [stderr]    Compiling lock_api v0.4.9
[INFO] [stderr]    Compiling cookie v0.16.2
[INFO] [stderr]    Compiling rand_chacha v0.3.1
[INFO] [stderr]    Compiling spin v0.5.2
[INFO] [stderr]    Compiling parking_lot_core v0.9.7
[INFO] [stderr]    Compiling untrusted v0.7.1
[INFO] [stderr]    Compiling unicode-bidi v0.3.10
[INFO] [stderr]    Compiling rand v0.8.5
[INFO] [stderr]    Compiling unicode-normalization v0.1.22
[INFO] [stderr]    Compiling http-body v0.4.5
[INFO] [stderr]    Compiling httpdate v1.0.2
[INFO] [stderr]    Compiling serde_json v1.0.93
[INFO] [stderr]    Compiling ref-cast v1.0.14
[INFO] [stderr]    Compiling tower-service v0.3.2
[INFO] [stderr]    Compiling base64 v0.20.0
[INFO] [stderr]    Compiling ryu v1.0.12
[INFO] [stderr]    Compiling ring v0.16.20
[INFO] [stderr]    Compiling strsim v0.10.0
[INFO] [stderr]    Compiling semver-parser v0.7.0
[INFO] [stderr]    Compiling bitflags v1.3.2
[INFO] [stderr]    Compiling scopeguard v1.1.0
[INFO] [stderr]    Compiling crypto-common v0.1.6
[INFO] [stderr]    Compiling block-buffer v0.10.3
[INFO] [stderr]    Compiling inout v0.1.3
[INFO] [stderr]    Compiling ident_case v1.0.1
[INFO] [stderr]    Compiling universal-hash v0.5.0
[INFO] [stderr]    Compiling aead v0.5.1
[INFO] [stderr]    Compiling linked-hash-map v0.5.6
[INFO] [stderr]    Compiling digest v0.10.6
[INFO] [stderr]    Compiling cipher v0.4.3
[INFO] [stderr]    Compiling polyval v0.6.0
[INFO] [stderr]    Compiling async-trait v0.1.64
[INFO] [stderr]    Compiling thiserror v1.0.38
[INFO] [stderr]    Compiling inlinable_string v0.1.15
[INFO] [stderr]    Compiling semver v0.9.0
[INFO] [stderr]    Compiling time v0.3.18
[INFO] [stderr]    Compiling hmac v0.12.1
[INFO] [stderr]    Compiling ctr v0.9.2
[INFO] [stderr]    Compiling ghash v0.5.0
[INFO] [stderr]    Compiling aes v0.8.2
[INFO] [stderr]    Compiling sha2 v0.10.6
[INFO] [stderr]    Compiling hkdf v0.12.3
[INFO] [stderr]    Compiling mio v0.8.6
[INFO] [stderr]    Compiling num-integer v0.1.45
[INFO] [stderr]    Compiling uncased v0.9.7
[INFO] [stderr]    Compiling rustc_version v0.2.3
[INFO] [stderr]    Compiling idna v0.3.0
[INFO] [stderr]    Compiling parking_lot v0.12.1
[INFO] [stderr]    Compiling want v0.3.0
[INFO] [stderr]    Compiling stable-pattern v0.1.0
[INFO] [stderr]    Compiling form_urlencoded v1.1.0
[INFO] [stderr]    Compiling ahash v0.7.6
[INFO] [stderr]    Compiling heck v0.4.1
[INFO] [stderr]    Compiling aes-gcm v0.10.1
[INFO] [stderr]    Compiling state v0.5.3
[INFO] [stderr]    Compiling matches v0.1.10
[INFO] [stderr]    Compiling either v1.8.1
[INFO] [stderr]    Compiling match_cfg v0.1.0
[INFO] [stderr]    Compiling rustls v0.20.8
[INFO] [stderr]    Compiling hostname v0.3.1
[INFO] [stderr]    Compiling idna v0.2.3
[INFO] [stderr]    Compiling url v2.3.1
[INFO] [stderr]    Compiling rustc_version_runtime v0.2.1
[INFO] [stderr]    Compiling time v0.1.45
[INFO] [stderr]    Compiling atomic v0.5.1
[INFO] [stderr]    Compiling figment v0.10.8
[INFO] [stderr]    Compiling multer v2.0.4
[INFO] [stderr]    Compiling base64 v0.13.1
[INFO] [stderr]    Compiling ipnet v2.7.1
[INFO] [stderr]    Compiling data-encoding v2.3.3
[INFO] [stderr]    Compiling iana-time-zone v0.1.53
[INFO] [stderr]    Compiling destructure_traitobject v0.2.0
[INFO] [stderr]    Compiling anyhow v1.0.69
[INFO] [stderr]    Compiling quick-error v1.2.3
[INFO] [stderr]    Compiling resolv-conf v0.7.0
[INFO] [stderr]    Compiling unsafe-any-ors v1.0.0
[INFO] [stderr]    Compiling chrono v0.4.23
[INFO] [stderr]    Compiling futures v0.3.26
[INFO] [stderr]    Compiling ordered-float v2.10.0
[INFO] [stderr]    Compiling lru-cache v0.1.2
[INFO] [stderr]    Compiling yaml-rust v0.4.5
[INFO] [stderr]    Compiling rocket v0.5.0-rc.2
[INFO] [stderr]    Compiling encoding_rs v0.8.32
[INFO] [stderr]    Compiling fastrand v1.9.0
[INFO] [stderr]    Compiling unicode-xid v0.2.4
[INFO] [stderr]    Compiling remove_dir_all v0.5.3
[INFO] [stderr]    Compiling mime v0.3.16
[INFO] [stderr]    Compiling glob v0.3.1
[INFO] [stderr]    Compiling spin v0.9.5
[INFO] [stderr]    Compiling hex v0.4.3
[INFO] [stderr]    Compiling tempfile v3.3.0
[INFO] [stderr]    Compiling darling_core v0.13.4
[INFO] [stderr]    Compiling devise_core v0.3.1
[INFO] [stderr]    Compiling typemap-ors v1.0.0
[INFO] [stderr]    Compiling rustls-pemfile v0.3.0
[INFO] [stderr]    Compiling pbkdf2 v0.10.1
[INFO] [stderr]    Compiling md-5 v0.10.5
[INFO] [stderr]    Compiling sha-1 v0.10.1
[INFO] [stderr]    Compiling stringprep v0.1.2
[INFO] [stderr]    Compiling uuid v0.8.2
[INFO] [stderr]    Compiling atty v0.2.14
[INFO] [stderr]    Compiling thread-id v4.0.0
[INFO] [stderr]    Compiling binascii v0.1.4
[INFO] [stderr]    Compiling arc-swap v1.6.0
[INFO] [stderr]    Compiling log-mdc v0.1.0
[INFO] [stderr]    Compiling humantime v2.1.0
[INFO] [stderr]    Compiling take_mut v0.2.2
[INFO] [stderr]    Compiling dotenvy v0.15.6
[INFO] [stderr]    Compiling hyper v0.14.24
[INFO] [stderr]    Compiling webpki v0.22.0
[INFO] [stderr]    Compiling sct v0.7.0
[INFO] [stderr]    Compiling tokio-macros v1.8.2
[INFO] [stderr]    Compiling futures-macro v0.3.26
[INFO] [stderr]    Compiling pear_codegen v0.2.3
[INFO] [stderr]    Compiling ref-cast-impl v1.0.14
[INFO] [stderr]    Compiling thiserror-impl v1.0.38
[INFO] [stderr]    Compiling devise_codegen v0.3.1
[INFO] [stderr]    Compiling enum-as-inner v0.4.0
[INFO] [stderr]    Compiling async-stream-impl v0.3.3
[INFO] [stderr]    Compiling darling_macro v0.13.4
[INFO] [stderr]    Compiling derivative v2.2.0
[INFO] [stderr]    Compiling webpki-roots v0.22.6
[INFO] [stderr]    Compiling typed-builder v0.10.0
[INFO] [stderr]    Compiling async-stream v0.3.3
[INFO] [stderr]    Compiling devise v0.3.1
[INFO] [stderr]    Compiling pear v0.2.3
[INFO] [stderr]    Compiling darling v0.13.4
[INFO] [stderr]    Compiling serde_with_macros v1.5.2
[INFO] [stderr]    Compiling rocket_http v0.5.0-rc.2
[INFO] [stderr]    Compiling rocket_codegen v0.5.0-rc.2
[INFO] [stderr]    Compiling futures-executor v0.3.26
[INFO] [stderr]    Compiling uuid v1.3.0
[INFO] [stderr]    Compiling serde_bytes v0.11.9
[INFO] [stderr]    Compiling toml v0.5.11
[INFO] [stderr]    Compiling serde-value v0.7.0
[INFO] [stderr]    Compiling serde_with v1.14.0
[INFO] [stderr]    Compiling ubyte v0.10.3
[INFO] [stderr]    Compiling envy v0.4.2
[INFO] [stderr]    Compiling os_info v3.6.0
[INFO] [stderr]    Compiling serde_yaml v0.8.26
[INFO] [stderr]    Compiling bson v2.5.0
[INFO] [stderr]    Compiling log4rs v1.2.0
[INFO] [stderr]    Compiling tokio-util v0.7.7
[INFO] [stderr]    Compiling trust-dns-proto v0.21.2
[INFO] [stderr]    Compiling tokio-stream v0.1.11
[INFO] [stderr]    Compiling tokio-rustls v0.23.4
[INFO] [stderr]    Compiling h2 v0.3.15
[INFO] [stderr]    Compiling trust-dns-resolver v0.21.2
[INFO] [stderr]    Compiling mongodb v2.3.1
[INFO] [stderr]    Compiling ks89-register v1.0.0 (/opt/rustwide/workdir)
[INFO] [stderr]     Finished dev [unoptimized + debuginfo] target(s) in 41.24s
[INFO] running `Command { std: "docker" "inspect" "edb8079d1c8106e173f3affb7f09a13dabbad102d39000dea51e5429d889a7a7", kill_on_drop: false }`
[INFO] running `Command { std: "docker" "rm" "-f" "edb8079d1c8106e173f3affb7f09a13dabbad102d39000dea51e5429d889a7a7", kill_on_drop: false }`
[INFO] [stdout] edb8079d1c8106e173f3affb7f09a13dabbad102d39000dea51e5429d889a7a7
[INFO] running `Command { std: "docker" "create" "-v" "/var/lib/crater-agent-workspace/builds/worker-4-tc1/target:/opt/rustwide/target:rw,Z" "-v" "/var/lib/crater-agent-workspace/builds/worker-4-tc1/source:/opt/rustwide/workdir:ro,Z" "-v" "/var/lib/crater-agent-workspace/cargo-home:/opt/rustwide/cargo-home:ro,Z" "-v" "/var/lib/crater-agent-workspace/rustup-home:/opt/rustwide/rustup-home:ro,Z" "-e" "SOURCE_DIR=/opt/rustwide/workdir" "-e" "CARGO_TARGET_DIR=/opt/rustwide/target" "-e" "CARGO_INCREMENTAL=0" "-e" "RUST_BACKTRACE=full" "-e" "RUSTFLAGS=--cap-lints=warn" "-e" "RUSTDOCFLAGS=--cap-lints=warn" "-e" "CARGO_HOME=/opt/rustwide/cargo-home" "-e" "RUSTUP_HOME=/opt/rustwide/rustup-home" "-w" "/opt/rustwide/workdir" "-m" "1610612736" "--user" "0:0" "--network" "none" "ghcr.io/rust-lang/crates-build-env/linux@sha256:2788e3201cd34a07e3172128adcd8b3090168a8e3bcc40d7c032b9dda1df7d1c" "/opt/rustwide/cargo-home/bin/cargo" "+1.75.0" "test" "--frozen" "--no-run" "--message-format=json", kill_on_drop: false }`
[INFO] [stdout] b2a0e5bc0b0c1da723362f546e4a480ccf37e85a8d4c4f94b8ed9a338624bdd3
[INFO] running `Command { std: "docker" "start" "-a" "b2a0e5bc0b0c1da723362f546e4a480ccf37e85a8d4c4f94b8ed9a338624bdd3", kill_on_drop: false }`
[INFO] [stderr]    Compiling proc-macro2 v1.0.51
[INFO] [stderr]    Compiling diff v0.1.13
[INFO] [stderr]    Compiling pretty_assertions v1.3.0
[INFO] [stderr]    Compiling quote v1.0.23
[INFO] [stderr]    Compiling syn v1.0.107
[INFO] [stderr]    Compiling proc-macro2-diagnostics v0.9.1
[INFO] [stderr]    Compiling darling_core v0.13.4
[INFO] [stderr]    Compiling devise_core v0.3.1
[INFO] [stderr]    Compiling serde_derive v1.0.152
[INFO] [stderr]    Compiling tokio-macros v1.8.2
[INFO] [stderr]    Compiling futures-macro v0.3.26
[INFO] [stderr]    Compiling pear_codegen v0.2.3
[INFO] [stderr]    Compiling uuid-macro-internal v1.3.0
[INFO] [stderr]    Compiling ref-cast-impl v1.0.14
[INFO] [stderr]    Compiling thiserror-impl v1.0.38
[INFO] [stderr]    Compiling async-trait v0.1.64
[INFO] [stderr]    Compiling enum-as-inner v0.4.0
[INFO] [stderr]    Compiling derivative v2.2.0
[INFO] [stderr]    Compiling async-stream-impl v0.3.3
[INFO] [stderr]    Compiling typed-builder v0.10.0
[INFO] [stderr]    Compiling devise_codegen v0.3.1
[INFO] [stderr]    Compiling ref-cast v1.0.14
[INFO] [stderr]    Compiling async-stream v0.3.3
[INFO] [stderr]    Compiling devise v0.3.1
[INFO] [stderr]    Compiling pear v0.2.3
[INFO] [stderr]    Compiling futures-util v0.3.26
[INFO] [stderr]    Compiling darling_macro v0.13.4
[INFO] [stderr]    Compiling thiserror v1.0.38
[INFO] [stderr]    Compiling rocket_http v0.5.0-rc.2
[INFO] [stderr]    Compiling darling v0.13.4
[INFO] [stderr]    Compiling serde_with_macros v1.5.2
[INFO] [stderr]    Compiling serde v1.0.152
[INFO] [stderr]    Compiling futures-executor v0.3.26
[INFO] [stderr]    Compiling rocket_codegen v0.5.0-rc.2
[INFO] [stderr]    Compiling futures v0.3.26
[INFO] [stderr]    Compiling log v0.4.17
[INFO] [stderr]    Compiling indexmap v1.9.2
[INFO] [stderr]    Compiling uuid v1.3.0
[INFO] [stderr]    Compiling uncased v0.9.7
[INFO] [stderr]    Compiling serde_bytes v0.11.9
[INFO] [stderr]    Compiling toml v0.5.11
[INFO] [stderr]    Compiling serde-value v0.7.0
[INFO] [stderr]    Compiling serde_with v1.14.0
[INFO] [stderr]    Compiling ubyte v0.10.3
[INFO] [stderr]    Compiling envy v0.4.2
[INFO] [stderr]    Compiling mio v0.8.6
[INFO] [stderr]    Compiling want v0.3.0
[INFO] [stderr]    Compiling rustls v0.20.8
[INFO] [stderr]    Compiling os_info v3.6.0
[INFO] [stderr]    Compiling serde_json v1.0.93
[INFO] [stderr]    Compiling serde_yaml v0.8.26
[INFO] [stderr]    Compiling tokio v1.25.0
[INFO] [stderr]    Compiling figment v0.10.8
[INFO] [stderr]    Compiling bson v2.5.0
[INFO] [stderr]    Compiling log4rs v1.2.0
[INFO] [stderr]    Compiling tokio-util v0.7.7
[INFO] [stderr]    Compiling trust-dns-proto v0.21.2
[INFO] [stderr]    Compiling tokio-stream v0.1.11
[INFO] [stderr]    Compiling tokio-rustls v0.23.4
[INFO] [stderr]    Compiling h2 v0.3.15
[INFO] [stderr]    Compiling multer v2.0.4
[INFO] [stderr]    Compiling trust-dns-resolver v0.21.2
[INFO] [stderr]    Compiling mongodb v2.3.1
[INFO] [stderr]    Compiling hyper v0.14.24
[INFO] [stderr]    Compiling rocket v0.5.0-rc.2
[INFO] [stderr]    Compiling ks89-register v1.0.0 (/opt/rustwide/workdir)
[INFO] [stderr]     Finished test [unoptimized + debuginfo] target(s) in 38.24s
[INFO] running `Command { std: "docker" "inspect" "b2a0e5bc0b0c1da723362f546e4a480ccf37e85a8d4c4f94b8ed9a338624bdd3", kill_on_drop: false }`
[INFO] running `Command { std: "docker" "rm" "-f" "b2a0e5bc0b0c1da723362f546e4a480ccf37e85a8d4c4f94b8ed9a338624bdd3", kill_on_drop: false }`
[INFO] [stdout] b2a0e5bc0b0c1da723362f546e4a480ccf37e85a8d4c4f94b8ed9a338624bdd3
[INFO] running `Command { std: "docker" "create" "-v" "/var/lib/crater-agent-workspace/builds/worker-4-tc1/target:/opt/rustwide/target:rw,Z" "-v" "/var/lib/crater-agent-workspace/builds/worker-4-tc1/source:/opt/rustwide/workdir:ro,Z" "-v" "/var/lib/crater-agent-workspace/cargo-home:/opt/rustwide/cargo-home:ro,Z" "-v" "/var/lib/crater-agent-workspace/rustup-home:/opt/rustwide/rustup-home:ro,Z" "-e" "SOURCE_DIR=/opt/rustwide/workdir" "-e" "CARGO_TARGET_DIR=/opt/rustwide/target" "-e" "CARGO_INCREMENTAL=0" "-e" "RUST_BACKTRACE=full" "-e" "RUSTFLAGS=--cap-lints=warn" "-e" "RUSTDOCFLAGS=--cap-lints=warn" "-e" "CARGO_HOME=/opt/rustwide/cargo-home" "-e" "RUSTUP_HOME=/opt/rustwide/rustup-home" "-w" "/opt/rustwide/workdir" "-m" "1610612736" "--user" "0:0" "--network" "none" "ghcr.io/rust-lang/crates-build-env/linux@sha256:2788e3201cd34a07e3172128adcd8b3090168a8e3bcc40d7c032b9dda1df7d1c" "/opt/rustwide/cargo-home/bin/cargo" "+1.75.0" "test" "--frozen", kill_on_drop: false }`
[INFO] [stdout] d347aed845d52def93956cbca95d1b62e34c09617eaa1fd0a43b642ae46267fe
[INFO] running `Command { std: "docker" "start" "-a" "d347aed845d52def93956cbca95d1b62e34c09617eaa1fd0a43b642ae46267fe", kill_on_drop: false }`
[INFO] [stderr]     Finished test [unoptimized + debuginfo] target(s) in 0.36s
[INFO] [stderr]      Running unittests src/lib.rs (/opt/rustwide/target/debug/deps/register-9820760faad3910b)
[INFO] [stdout] 
[INFO] [stdout] running 0 tests
[INFO] [stdout] 
[INFO] [stdout] test result: ok. 0 passed; 0 failed; 0 ignored; 0 measured; 0 filtered out; finished in 0.00s
[INFO] [stdout] 
[INFO] [stderr]      Running unittests src/main.rs (/opt/rustwide/target/debug/deps/register-66f66300742062ce)
[INFO] [stdout] 
[INFO] [stdout] running 7 tests
[INFO] [stderr] log4rs: error deserializing appender app: Read-only file system (os error 30)
[INFO] [stderr] log4rs: error deserializing appender app: Read-only file system (os error 30)
[INFO] [stderr] log4rs: Reference to nonexistent appender: `app`
[INFO] [stderr] log4rs: error deserializing appender app: Read-only file system (os error 30)
[INFO] [stderr] log4rs: Reference to nonexistent appender: `app`
[INFO] [stderr] log4rs: error deserializing appender app: Read-only file system (os error 30)
[INFO] [stderr] log4rs: error deserializing appender app: Read-only file system (os error 30)
[INFO] [stderr] log4rs: Reference to nonexistent appender: `app`
[INFO] [stderr] log4rs: error deserializing appender app: Read-only file system (os error 30)
[INFO] [stderr] log4rs: Reference to nonexistent appender: `app`
[INFO] [stderr] log4rs: Reference to nonexistent appender: `app`
[INFO] [stderr] log4rs: error deserializing appender app: Read-only file system (os error 30)
[INFO] [stderr] log4rs: Reference to nonexistent appender: `app`
[INFO] [stderr] log4rs: Reference to nonexistent appender: `app`
[INFO] [stdout] 2024-01-06T03:04:04.391694337+00:00 INFO app - Starting application...
[INFO] [stdout] 2024-01-06T03:04:04.392378627+00:00 INFO app - Starting application...
[INFO] [stdout] 2024-01-06T03:04:04.392509517+00:00 INFO app - Starting application...
[INFO] [stdout] 2024-01-06T03:04:04.392593437+00:00 INFO app - env = Env { mongo_uri: "mongodb://localhost:27017", mongo_db_name: "sensors" }
[INFO] [stdout] 2024-01-06T03:04:04.392644077+00:00 INFO app - mongo_uri = mongodb://localhost:27017
[INFO] [stdout] 2024-01-06T03:04:04.392667827+00:00 INFO app - mongo_db_name = sensors
[INFO] [stdout] 2024-01-06T03:04:04.392700287+00:00 INFO app - Starting Rocket...
[INFO] [stdout] 2024-01-06T03:04:04.392720947+00:00 INFO app - env = Env { mongo_uri: "mongodb://localhost:27017", mongo_db_name: "sensors" }
[INFO] [stdout] 2024-01-06T03:04:04.392750257+00:00 INFO app - env = Env { mongo_uri: "mongodb://localhost:27017", mongo_db_name: "sensors" }
[INFO] [stdout] 2024-01-06T03:04:04.392820957+00:00 INFO app - mongo_uri = mongodb://localhost:27017
[INFO] [stdout] 2024-01-06T03:04:04.392852687+00:00 INFO app - mongo_db_name = sensors
[INFO] [stdout] 2024-01-06T03:04:04.392881837+00:00 INFO app - Starting Rocket...
[INFO] [stdout] 2024-01-06T03:04:04.392935147+00:00 INFO app - Starting application...
[INFO] [stdout] 2024-01-06T03:04:04.393075437+00:00 INFO app - mongo_uri = mongodb://localhost:27017
[INFO] [stdout] 2024-01-06T03:04:04.393128667+00:00 INFO app - Starting application...
[INFO] [stdout] 2024-01-06T03:04:04.393272947+00:00 INFO app - Starting application...
[INFO] [stdout] 2024-01-06T03:04:04.393402867+00:00 INFO app - Starting application...
[INFO] [stdout] 2024-01-06T03:04:04.393543487+00:00 INFO app - mongo_db_name = sensors
[INFO] [stdout] 2024-01-06T03:04:04.393598657+00:00 INFO app - Starting Rocket...
[INFO] [stdout] 2024-01-06T03:04:04.393652677+00:00 INFO app - env = Env { mongo_uri: "mongodb://localhost:27017", mongo_db_name: "sensors" }
[INFO] [stdout] 2024-01-06T03:04:04.393713727+00:00 INFO app - mongo_uri = mongodb://localhost:27017
[INFO] [stdout] 2024-01-06T03:04:04.393729917+00:00 INFO app - mongo_db_name = sensors
[INFO] [stdout] 2024-01-06T03:04:04.393762867+00:00 INFO app - Starting Rocket...
[INFO] [stdout] 2024-01-06T03:04:04.393783537+00:00 INFO app - env = Env { mongo_uri: "mongodb://localhost:27017", mongo_db_name: "sensors" }
[INFO] [stdout] 2024-01-06T03:04:04.393866587+00:00 INFO app - env = Env { mongo_uri: "mongodb://localhost:27017", mongo_db_name: "sensors" }
[INFO] [stdout] 2024-01-06T03:04:04.393968387+00:00 INFO app - env = Env { mongo_uri: "mongodb://localhost:27017", mongo_db_name: "sensors" }
[INFO] [stdout] 2024-01-06T03:04:04.394047887+00:00 INFO app - mongo_uri = mongodb://localhost:27017
[INFO] [stdout] 2024-01-06T03:04:04.394072987+00:00 INFO app - mongo_db_name = sensors
[INFO] [stdout] 2024-01-06T03:04:04.394114367+00:00 INFO app - Starting Rocket...
[INFO] [stdout] 2024-01-06T03:04:04.394158307+00:00 INFO app - mongo_uri = mongodb://localhost:27017
[INFO] [stdout] 2024-01-06T03:04:04.394211377+00:00 INFO app - mongo_uri = mongodb://localhost:27017
[INFO] [stdout] 2024-01-06T03:04:04.394284197+00:00 INFO app - mongo_db_name = sensors
[INFO] [stdout] 2024-01-06T03:04:04.394370717+00:00 INFO app - mongo_db_name = sensors
[INFO] [stdout] 2024-01-06T03:04:04.394449627+00:00 INFO app - Starting Rocket...
[INFO] [stdout] 2024-01-06T03:04:04.394491937+00:00 INFO app - Starting Rocket...
[INFO] [stdout] 2024-01-06T03:04:04.399436877+00:00 DEBUG os_info::imp::lsb_release - lsb_release command failed with Os { code: 2, kind: NotFound, message: "No such file or directory" }
[INFO] [stdout] 2024-01-06T03:04:04.404115456+00:00 INFO app - MongoDB connected!
[INFO] [stdout] 2024-01-06T03:04:04.404346056+00:00 INFO app - MongoDB connected!
[INFO] [stdout] 2024-01-06T03:04:04.404432746+00:00 INFO app - MongoDB connected!
[INFO] [stdout] 2024-01-06T03:04:04.404527736+00:00 INFO app - MongoDB connected!
[INFO] [stdout] 2024-01-06T03:04:04.404701656+00:00 INFO app - MongoDB connected!
[INFO] [stdout] 2024-01-06T03:04:04.405326626+00:00 INFO app - MongoDB connected!
[INFO] [stdout] 2024-01-06T03:04:04.405374106+00:00 INFO app - MongoDB connected!
[INFO] [stdout] 2024-01-06T03:04:04.405913536+00:00 INFO rocket::launch - 🔧 Configured for debug.
[INFO] [stdout] 2024-01-06T03:04:04.405985636+00:00 INFO rocket::launch_ - address: [1;49;39m127.0.0.1[0m
[INFO] [stdout] 2024-01-06T03:04:04.406018266+00:00 INFO rocket::launch_ - port: [1;49;39m8000[0m
[INFO] [stdout] 2024-01-06T03:04:04.406030106+00:00 INFO rocket::launch_ - workers: [1;49;39m16[0m
[INFO] [stdout] 2024-01-06T03:04:04.406037126+00:00 INFO rocket::launch_ - ident: [1;49;39mRocket[0m
[INFO] [stdout] 2024-01-06T03:04:04.406044546+00:00 INFO rocket::launch_ - limits: [1;49;39mbytes = 8KiB, data-form = 2MiB, file = 1MiB, form = 32KiB, json = 1MiB, msgpack = 1MiB, string = 8KiB[0m
[INFO] [stdout] 2024-01-06T03:04:04.406067796+00:00 INFO rocket::launch_ - temp dir: [1;49;39m/tmp[0m
[INFO] [stdout] 2024-01-06T03:04:04.406076386+00:00 INFO rocket::launch_ - http/2: [1;49;39mtrue[0m
[INFO] [stdout] 2024-01-06T03:04:04.406090556+00:00 INFO rocket::launch_ - keep-alive: [1;49;39m5[0m[1;49;39ms[0m
[INFO] [stdout] 2024-01-06T03:04:04.406098766+00:00 INFO rocket::launch_ - tls: [1;49;39mdisabled[0m
[INFO] [stdout] 2024-01-06T03:04:04.406105926+00:00 INFO rocket::launch_ - secret key: [1;49;39m[provided][0m
[INFO] [stdout] 2024-01-06T03:04:04.406127366+00:00 INFO rocket::launch_ - shutdown: [1;49;39mctrlc = true, force = true, signals = [SIGTERM], grace = 2s, mercy = 3s[0m
[INFO] [stdout] 2024-01-06T03:04:04.406138226+00:00 INFO rocket::launch_ - log level: [1;49;39mnormal[0m
[INFO] [stdout] 2024-01-06T03:04:04.406152216+00:00 INFO rocket::launch_ - cli colors: [1;49;39mtrue[0m
[INFO] [stdout] 2024-01-06T03:04:04.406320536+00:00 INFO rocket::launch - 🔧 Configured for debug.
[INFO] [stdout] 2024-01-06T03:04:04.406364716+00:00 INFO rocket::launch - 📬 [35mRoutes[0m:
[INFO] [stdout] 2024-01-06T03:04:04.406450336+00:00 INFO rocket::launch - 🔧 Configured for debug.
[INFO] [stdout] 2024-01-06T03:04:04.406524346+00:00 INFO rocket::launch_ - [36m([0m[37mkeep_alive[0m[36m)[0m [32mGET[0m [34m/keepalive[0m
[INFO] [stdout] 2024-01-06T03:04:04.406612106+00:00 INFO rocket::launch_ - [36m([0m[37mpost_register_light[0m[36m)[0m [32mPOST[0m [34m/sensors/register/light[0m
[INFO] [stdout] 2024-01-06T03:04:04.406668136+00:00 INFO rocket::launch_ - address: [1;49;39m127.0.0.1[0m
[INFO] [stdout] 2024-01-06T03:04:04.406777646+00:00 INFO rocket::launch_ - address: [1;49;39m127.0.0.1[0m
[INFO] [stdout] 2024-01-06T03:04:04.406830226+00:00 INFO rocket::launch_ - port: [1;49;39m8000[0m
[INFO] [stdout] 2024-01-06T03:04:04.406859286+00:00 INFO rocket::launch - 🔧 Configured for debug.
[INFO] [stdout] 2024-01-06T03:04:04.407051506+00:00 INFO rocket::launch_ - [36m([0m[37mpost_register_motion[0m[36m)[0m [32mPOST[0m [34m/sensors/register/motion[0m
[INFO] [stdout] 2024-01-06T03:04:04.407125206+00:00 INFO rocket::launch_ - [36m([0m[37mpost_register_humidity[0m[36m)[0m [32mPOST[0m [34m/sensors/register/humidity[0m
[INFO] [stdout] 2024-01-06T03:04:04.407154766+00:00 INFO rocket::launch_ - [36m([0m[37mpost_register_airquality[0m[36m)[0m [32mPOST[0m [34m/sensors/register/airquality[0m
[INFO] [stdout] 2024-01-06T03:04:04.407193526+00:00 INFO rocket::launch_ - [36m([0m[37mpost_register_temperature[0m[36m)[0m [32mPOST[0m [34m/sensors/register/temperature[0m
[INFO] [stdout] 2024-01-06T03:04:04.407229556+00:00 INFO rocket::launch_ - [36m([0m[37mpost_register_airpressure[0m[36m)[0m [32mPOST[0m [34m/sensors/register/airpressure[0m
[INFO] [stdout] 2024-01-06T03:04:04.407255566+00:00 INFO rocket::launch_ - [36m([0m[37mget_sensor_value[0m[36m)[0m [32mGET[0m [34m/sensors/<uuid>/<sensor_type>[0m
[INFO] [stdout] 2024-01-06T03:04:04.407298916+00:00 INFO rocket::launch - 🥅 [35mCatchers[0m:
[INFO] [stdout] 2024-01-06T03:04:04.407329646+00:00 INFO rocket::launch - 🔧 Configured for debug.
[INFO] [stdout] 2024-01-06T03:04:04.407391176+00:00 INFO rocket::launch_ - port: [1;49;39m8000[0m
[INFO] [stdout] 2024-01-06T03:04:04.407474686+00:00 INFO rocket::launch_ - workers: [1;49;39m16[0m
[INFO] [stdout] 2024-01-06T03:04:04.407536066+00:00 INFO rocket::launch - 🔧 Configured for debug.
[INFO] [stdout] 2024-01-06T03:04:04.407595696+00:00 INFO rocket::launch - 🔧 Configured for debug.
[INFO] [stdout] 2024-01-06T03:04:04.407641626+00:00 INFO rocket::launch_ - address: [1;49;39m127.0.0.1[0m
[INFO] [stdout] 2024-01-06T03:04:04.407679356+00:00 INFO rocket::launch_ - port: [1;49;39m8000[0m
[INFO] [stdout] 2024-01-06T03:04:04.407726006+00:00 INFO rocket::launch_ - workers: [1;49;39m16[0m
[INFO] [stdout] 2024-01-06T03:04:04.407753296+00:00 INFO rocket::launch_ - ident: [1;49;39mRocket[0m
[INFO] [stdout] 2024-01-06T03:04:04.407787866+00:00 INFO rocket::launch_ - limits: [1;49;39mbytes = 8KiB, data-form = 2MiB, file = 1MiB, form = 32KiB, json = 1MiB, msgpack = 1MiB, string = 8KiB[0m
[INFO] [stdout] 2024-01-06T03:04:04.407837916+00:00 INFO rocket::launch_ - temp dir: [1;49;39m/tmp[0m
[INFO] [stdout] 2024-01-06T03:04:04.407873356+00:00 INFO rocket::launch_ - http/2: [1;49;39mtrue[0m
[INFO] [stdout] 2024-01-06T03:04:04.407906886+00:00 INFO rocket::launch_ - keep-alive: [1;49;39m5[0m[1;49;39ms[0m
[INFO] [stdout] 2024-01-06T03:04:04.407945416+00:00 INFO rocket::launch_ - tls: [1;49;39mdisabled[0m
[INFO] [stdout] 2024-01-06T03:04:04.407968306+00:00 INFO rocket::launch_ - secret key: [1;49;39m[provided][0m
[INFO] [stdout] 2024-01-06T03:04:04.408007016+00:00 INFO rocket::launch_ - shutdown: [1;49;39mctrlc = true, force = true, signals = [SIGTERM], grace = 2s, mercy = 3s[0m
[INFO] [stdout] 2024-01-06T03:04:04.408038116+00:00 INFO rocket::launch_ - log level: [1;49;39mnormal[0m
[INFO] [stdout] 2024-01-06T03:04:04.408060246+00:00 INFO rocket::launch_ - cli colors: [1;49;39mtrue[0m
[INFO] [stdout] 2024-01-06T03:04:04.408089716+00:00 INFO rocket::launch_ - address: [1;49;39m127.0.0.1[0m
[INFO] [stdout] 2024-01-06T03:04:04.408140736+00:00 INFO rocket::launch_ - [36m([0m[37mbad_request[0m[36m)[0m [34m400[0m
[INFO] [stdout] 2024-01-06T03:04:04.408193936+00:00 INFO rocket::launch_ - [36m([0m[37mnot_found[0m[36m)[0m [34m404[0m
[INFO] [stdout] 2024-01-06T03:04:04.408240306+00:00 INFO rocket::launch_ - [36m([0m[37minternal_server_error[0m[36m)[0m [34m500[0m
[INFO] [stdout] 2024-01-06T03:04:04.408294926+00:00 INFO rocket::launch_ - ident: [1;49;39mRocket[0m
[INFO] [stdout] 2024-01-06T03:04:04.408343256+00:00 INFO rocket::launch_ - limits: [1;49;39mbytes = 8KiB, data-form = 2MiB, file = 1MiB, form = 32KiB, json = 1MiB, msgpack = 1MiB, string = 8KiB[0m
[INFO] [stdout] 2024-01-06T03:04:04.408382876+00:00 INFO rocket::launch_ - temp dir: [1;49;39m/tmp[0m
[INFO] [stdout] 2024-01-06T03:04:04.408415816+00:00 INFO rocket::launch_ - http/2: [1;49;39mtrue[0m
[INFO] [stdout] 2024-01-06T03:04:04.408453236+00:00 INFO rocket::launch_ - keep-alive: [1;49;39m5[0m[1;49;39ms[0m
[INFO] [stdout] 2024-01-06T03:04:04.408483056+00:00 INFO rocket::launch_ - tls: [1;49;39mdisabled[0m
[INFO] [stdout] 2024-01-06T03:04:04.408514346+00:00 INFO rocket::launch_ - secret key: [1;49;39m[provided][0m
[INFO] [stdout] 2024-01-06T03:04:04.408556446+00:00 INFO rocket::launch_ - address: [1;49;39m127.0.0.1[0m
[INFO] [stdout] 2024-01-06T03:04:04.408612906+00:00 INFO rocket::launch_ - port: [1;49;39m8000[0m
[INFO] [stdout] 2024-01-06T03:04:04.408677086+00:00 INFO rocket::launch_ - address: [1;49;39m127.0.0.1[0m
[INFO] [stdout] 2024-01-06T03:04:04.408734626+00:00 INFO rocket::launch_ - port: [1;49;39m8000[0m
[INFO] [stdout] 2024-01-06T03:04:04.408769216+00:00 INFO rocket::launch_ - workers: [1;49;39m16[0m
[INFO] [stdout] 2024-01-06T03:04:04.408792045+00:00 INFO rocket::launch_ - workers: [1;49;39m16[0m
[INFO] [stdout] 2024-01-06T03:04:04.408875336+00:00 INFO rocket::launch_ - ident: [1;49;39mRocket[0m
[INFO] [stdout] 2024-01-06T03:04:04.408926845+00:00 INFO rocket::launch_ - limits: [1;49;39mbytes = 8KiB, data-form = 2MiB, file = 1MiB, form = 32KiB, json = 1MiB, msgpack = 1MiB, string = 8KiB[0m
[INFO] [stdout] 2024-01-06T03:04:04.408977736+00:00 INFO rocket::launch - 📡 [35mFairings[0m:
[INFO] [stdout] 2024-01-06T03:04:04.409055416+00:00 INFO rocket::launch_ - shutdown: [1;49;39mctrlc = true, force = true, signals = [SIGTERM], grace = 2s, mercy = 3s[0m
[INFO] [stdout] 2024-01-06T03:04:04.409168176+00:00 INFO rocket::launch_ - log level: [1;49;39mnormal[0m
[INFO] [stdout] 2024-01-06T03:04:04.409252165+00:00 INFO rocket::launch_ - cli colors: [1;49;39mtrue[0m
[INFO] [stdout] 2024-01-06T03:04:04.409586585+00:00 INFO rocket::launch_ - [1;49;39mShield[0m ([1;34mliftoff, response, singleton[0m)
[INFO] [stdout] 2024-01-06T03:04:04.409692485+00:00 INFO rocket::launch_ - [1;49;39mConnecting to MongoDB[0m ([1;34mignite[0m)
[INFO] [stdout] 2024-01-06T03:04:04.409748905+00:00 INFO rocket::launch_ - ident: [1;49;39mRocket[0m
[INFO] [stdout] 2024-01-06T03:04:04.409817376+00:00 INFO rocket::launch_ - limits: [1;49;39mbytes = 8KiB, data-form = 2MiB, file = 1MiB, form = 32KiB, json = 1MiB, msgpack = 1MiB, string = 8KiB[0m
[INFO] [stdout] 2024-01-06T03:04:04.409859725+00:00 INFO rocket::launch_ - temp dir: [1;49;39m/tmp[0m
[INFO] [stdout] 2024-01-06T03:04:04.409893636+00:00 INFO rocket::launch_ - http/2: [1;49;39mtrue[0m
[INFO] [stdout] 2024-01-06T03:04:04.409918576+00:00 INFO rocket::launch_ - keep-alive: [1;49;39m5[0m[1;49;39ms[0m
[INFO] [stdout] 2024-01-06T03:04:04.409938596+00:00 INFO rocket::launch_ - tls: [1;49;39mdisabled[0m
[INFO] [stdout] 2024-01-06T03:04:04.409962825+00:00 INFO rocket::launch_ - secret key: [1;49;39m[provided][0m
[INFO] [stdout] 2024-01-06T03:04:04.410008336+00:00 INFO rocket::launch_ - shutdown: [1;49;39mctrlc = true, force = true, signals = [SIGTERM], grace = 2s, mercy = 3s[0m
[INFO] [stdout] 2024-01-06T03:04:04.410033056+00:00 INFO rocket::launch_ - log level: [1;49;39mnormal[0m
[INFO] [stdout] 2024-01-06T03:04:04.410060656+00:00 INFO rocket::launch_ - cli colors: [1;49;39mtrue[0m
[INFO] [stdout] 2024-01-06T03:04:04.410074905+00:00 INFO rocket::launch_ - port: [1;49;39m8000[0m
[INFO] [stdout] 2024-01-06T03:04:04.410129785+00:00 INFO rocket::launch_ - workers: [1;49;39m16[0m
[INFO] [stdout] 2024-01-06T03:04:04.410184236+00:00 INFO rocket::launch_ - ident: [1;49;39mRocket[0m
[INFO] [stdout] 2024-01-06T03:04:04.410220505+00:00 INFO rocket::launch_ - limits: [1;49;39mbytes = 8KiB, data-form = 2MiB, file = 1MiB, form = 32KiB, json = 1MiB, msgpack = 1MiB, string = 8KiB[0m
[INFO] [stdout] 2024-01-06T03:04:04.410259825+00:00 INFO rocket::launch_ - temp dir: [1;49;39m/tmp[0m
[INFO] [stdout] 2024-01-06T03:04:04.410287296+00:00 INFO rocket::launch_ - http/2: [1;49;39mtrue[0m
[INFO] [stdout] 2024-01-06T03:04:04.410303116+00:00 INFO rocket::launch_ - keep-alive: [1;49;39m5[0m[1;49;39ms[0m
[INFO] [stdout] 2024-01-06T03:04:04.410342156+00:00 INFO rocket::launch_ - tls: [1;49;39mdisabled[0m
[INFO] [stdout] 2024-01-06T03:04:04.410375905+00:00 INFO rocket::launch_ - secret key: [1;49;39m[provided][0m
[INFO] [stdout] 2024-01-06T03:04:04.410414125+00:00 INFO rocket::launch_ - shutdown: [1;49;39mctrlc = true, force = true, signals = [SIGTERM], grace = 2s, mercy = 3s[0m
[INFO] [stdout] 2024-01-06T03:04:04.410455236+00:00 INFO rocket::launch_ - log level: [1;49;39mnormal[0m
[INFO] [stdout] 2024-01-06T03:04:04.410491045+00:00 INFO rocket::launch_ - cli colors: [1;49;39mtrue[0m
[INFO] [stdout] 2024-01-06T03:04:04.410529325+00:00 INFO rocket::shield::shield - 🛡️ [35mShield[0m:
[INFO] [stdout] 2024-01-06T03:04:04.410582585+00:00 INFO rocket::launch_ - workers: [1;49;39m16[0m
[INFO] [stdout] 2024-01-06T03:04:04.410654445+00:00 INFO rocket::launch_ - ident: [1;49;39mRocket[0m
[INFO] [stdout] 2024-01-06T03:04:04.410679136+00:00 INFO rocket::launch_ - limits: [1;49;39mbytes = 8KiB, data-form = 2MiB, file = 1MiB, form = 32KiB, json = 1MiB, msgpack = 1MiB, string = 8KiB[0m
[INFO] [stdout] 2024-01-06T03:04:04.410703625+00:00 INFO rocket::launch - 📬 [35mRoutes[0m:
[INFO] [stdout] 2024-01-06T03:04:04.410749285+00:00 INFO rocket::launch_ - temp dir: [1;49;39m/tmp[0m
[INFO] [stdout] 2024-01-06T03:04:04.410804136+00:00 INFO rocket::launch_ - [36m([0m[37mkeep_alive[0m[36m)[0m [32mGET[0m [34m/keepalive[0m
[INFO] [stdout] 2024-01-06T03:04:04.410849656+00:00 INFO rocket::launch_ - [36m([0m[37mpost_register_light[0m[36m)[0m [32mPOST[0m [34m/sensors/register/light[0m
[INFO] [stdout] 2024-01-06T03:04:04.410887925+00:00 INFO rocket::launch_ - [36m([0m[37mpost_register_motion[0m[36m)[0m [32mPOST[0m [34m/sensors/register/motion[0m
[INFO] [stdout] 2024-01-06T03:04:04.410932516+00:00 INFO rocket::launch_ - [36m([0m[37mpost_register_humidity[0m[36m)[0m [32mPOST[0m [34m/sensors/register/humidity[0m
[INFO] [stdout] 2024-01-06T03:04:04.410972336+00:00 INFO rocket::launch_ - [36m([0m[37mpost_register_airquality[0m[36m)[0m [32mPOST[0m [34m/sensors/register/airquality[0m
[INFO] [stdout] 2024-01-06T03:04:04.411008156+00:00 INFO rocket::launch_ - [36m([0m[37mpost_register_temperature[0m[36m)[0m [32mPOST[0m [34m/sensors/register/temperature[0m
[INFO] [stdout] 2024-01-06T03:04:04.411043396+00:00 INFO rocket::launch_ - [36m([0m[37mpost_register_airpressure[0m[36m)[0m [32mPOST[0m [34m/sensors/register/airpressure[0m
[INFO] [stdout] 2024-01-06T03:04:04.411077865+00:00 INFO rocket::launch_ - [36m([0m[37mget_sensor_value[0m[36m)[0m [32mGET[0m [34m/sensors/<uuid>/<sensor_type>[0m
[INFO] [stdout] 2024-01-06T03:04:04.411117745+00:00 INFO rocket::launch - 🥅 [35mCatchers[0m:
[INFO] [stdout] 2024-01-06T03:04:04.411155085+00:00 INFO rocket::launch_ - temp dir: [1;49;39m/tmp[0m
[INFO] [stdout] 2024-01-06T03:04:04.411196465+00:00 INFO rocket::launch_ - http/2: [1;49;39mtrue[0m
[INFO] [stdout] 2024-01-06T03:04:04.411225855+00:00 INFO rocket::launch_ - keep-alive: [1;49;39m5[0m[1;49;39ms[0m
[INFO] [stdout] 2024-01-06T03:04:04.411256505+00:00 INFO rocket::launch_ - tls: [1;49;39mdisabled[0m
[INFO] [stdout] 2024-01-06T03:04:04.411413165+00:00 INFO rocket::launch_ - secret key: [1;49;39m[provided][0m
[INFO] [stdout] 2024-01-06T03:04:04.411428795+00:00 INFO rocket::launch - 📬 [35mRoutes[0m:
[INFO] [stdout] 2024-01-06T03:04:04.411483885+00:00 INFO rocket::launch - 📬 [35mRoutes[0m:
[INFO] [stdout] 2024-01-06T03:04:04.411539345+00:00 INFO rocket::launch_ - [36m([0m[37mkeep_alive[0m[36m)[0m [32mGET[0m [34m/keepalive[0m
[INFO] [stdout] 2024-01-06T03:04:04.411591125+00:00 INFO rocket::launch_ - [36m([0m[37mpost_register_light[0m[36m)[0m [32mPOST[0m [34m/sensors/register/light[0m
[INFO] [stdout] 2024-01-06T03:04:04.411632175+00:00 INFO rocket::launch_ - [36m([0m[37mpost_register_motion[0m[36m)[0m [32mPOST[0m [34m/sensors/register/motion[0m
[INFO] [stdout] 2024-01-06T03:04:04.411675655+00:00 INFO rocket::launch_ - [36m([0m[37mpost_register_humidity[0m[36m)[0m [32mPOST[0m [34m/sensors/register/humidity[0m
[INFO] [stdout] 2024-01-06T03:04:04.411715555+00:00 INFO rocket::launch_ - [36m([0m[37mpost_register_airquality[0m[36m)[0m [32mPOST[0m [34m/sensors/register/airquality[0m
[INFO] [stdout] 2024-01-06T03:04:04.411750775+00:00 INFO rocket::launch_ - [36m([0m[37mpost_register_temperature[0m[36m)[0m [32mPOST[0m [34m/sensors/register/temperature[0m
[INFO] [stdout] 2024-01-06T03:04:04.411790975+00:00 INFO rocket::launch_ - [36m([0m[37mpost_register_airpressure[0m[36m)[0m [32mPOST[0m [34m/sensors/register/airpressure[0m
[INFO] [stdout] 2024-01-06T03:04:04.411823185+00:00 INFO rocket::launch_ - [36m([0m[37mget_sensor_value[0m[36m)[0m [32mGET[0m [34m/sensors/<uuid>/<sensor_type>[0m
[INFO] [stdout] 2024-01-06T03:04:04.411858225+00:00 INFO rocket::launch - 🥅 [35mCatchers[0m:
[INFO] [stdout] 2024-01-06T03:04:04.411897265+00:00 INFO _ - X-Frame-Options: [49;39mSAMEORIGIN[0m
[INFO] [stdout] 2024-01-06T03:04:04.411951905+00:00 INFO rocket::launch_ - shutdown: [1;49;39mctrlc = true, force = true, signals = [SIGTERM], grace = 2s, mercy = 3s[0m
[INFO] [stdout] 2024-01-06T03:04:04.411996125+00:00 INFO rocket::launch_ - [36m([0m[37mbad_request[0m[36m)[0m [34m400[0m
[INFO] [stdout] 2024-01-06T03:04:04.412084435+00:00 INFO rocket::launch_ - [36m([0m[37mnot_found[0m[36m)[0m [34m404[0m
[INFO] [stdout] 2024-01-06T03:04:04.412124375+00:00 INFO rocket::launch_ - [36m([0m[37minternal_server_error[0m[36m)[0m [34m500[0m
[INFO] [stdout] 2024-01-06T03:04:04.412162265+00:00 INFO rocket::launch_ - http/2: [1;49;39mtrue[0m
[INFO] [stdout] 2024-01-06T03:04:04.412215725+00:00 INFO rocket::launch_ - keep-alive: [1;49;39m5[0m[1;49;39ms[0m
[INFO] [stdout] 2024-01-06T03:04:04.412241605+00:00 INFO rocket::launch_ - tls: [1;49;39mdisabled[0m
[INFO] [stdout] 2024-01-06T03:04:04.412265805+00:00 INFO rocket::launch_ - secret key: [1;49;39m[provided][0m
[INFO] [stdout] 2024-01-06T03:04:04.412304755+00:00 INFO rocket::launch_ - log level: [1;49;39mnormal[0m
[INFO] [stdout] 2024-01-06T03:04:04.412349325+00:00 INFO rocket::launch_ - cli colors: [1;49;39mtrue[0m
[INFO] [stdout] 2024-01-06T03:04:04.412383165+00:00 INFO rocket::launch_ - [36m([0m[37mkeep_alive[0m[36m)[0m [32mGET[0m [34m/keepalive[0m
[INFO] [stdout] 2024-01-06T03:04:04.412453325+00:00 INFO rocket::launch - 📡 [35mFairings[0m:
[INFO] [stdout] 2024-01-06T03:04:04.412508235+00:00 INFO rocket::launch_ - [36m([0m[37mbad_request[0m[36m)[0m [34m400[0m
[INFO] [stdout] 2024-01-06T03:04:04.412597775+00:00 INFO _ - X-Content-Type-Options: [49;39mnosniff[0m
[INFO] [stdout] 2024-01-06T03:04:04.412646445+00:00 INFO rocket::launch_ - shutdown: [1;49;39mctrlc = true, force = true, signals = [SIGTERM], grace = 2s, mercy = 3s[0m
[INFO] [stdout] 2024-01-06T03:04:04.412708105+00:00 INFO rocket::launch - 📬 [35mRoutes[0m:
[INFO] [stdout] 2024-01-06T03:04:04.412749685+00:00 INFO rocket::launch_ - [36m([0m[37mpost_register_light[0m[36m)[0m [32mPOST[0m [34m/sensors/register/light[0m
[INFO] [stdout] 2024-01-06T03:04:04.412794395+00:00 INFO rocket::launch_ - [36m([0m[37mpost_register_motion[0m[36m)[0m [32mPOST[0m [34m/sensors/register/motion[0m
[INFO] [stdout] 2024-01-06T03:04:04.412833085+00:00 INFO rocket::launch_ - [36m([0m[37mpost_register_humidity[0m[36m)[0m [32mPOST[0m [34m/sensors/register/humidity[0m
[INFO] [stdout] 2024-01-06T03:04:04.412870525+00:00 INFO rocket::launch_ - [36m([0m[37mpost_register_airquality[0m[36m)[0m [32mPOST[0m [34m/sensors/register/airquality[0m
[INFO] [stdout] 2024-01-06T03:04:04.412915935+00:00 INFO _ - Permissions-Policy: [49;39minterest-cohort=()[0m
[INFO] [stdout] 2024-01-06T03:04:04.412991715+00:00 INFO rocket::launch_ - log level: [1;49;39mnormal[0m
[INFO] [stdout] 2024-01-06T03:04:04.413030025+00:00 INFO rocket::launch_ - [36m([0m[37mkeep_alive[0m[36m)[0m [32mGET[0m [34m/keepalive[0m
[INFO] [stdout] 2024-01-06T03:04:04.413085105+00:00 INFO rocket::launch_ - [36m([0m[37mpost_register_light[0m[36m)[0m [32mPOST[0m [34m/sensors/register/light[0m
[INFO] [stdout] 2024-01-06T03:04:04.413125885+00:00 INFO rocket::launch_ - [36m([0m[37mpost_register_motion[0m[36m)[0m [32mPOST[0m [34m/sensors/register/motion[0m
[INFO] [stdout] 2024-01-06T03:04:04.413162995+00:00 INFO rocket::launch_ - [36m([0m[37mpost_register_humidity[0m[36m)[0m [32mPOST[0m [34m/sensors/register/humidity[0m
[INFO] [stdout] 2024-01-06T03:04:04.413200315+00:00 INFO rocket::launch_ - [36m([0m[37mpost_register_airquality[0m[36m)[0m [32mPOST[0m [34m/sensors/register/airquality[0m
[INFO] [stdout] 2024-01-06T03:04:04.413235435+00:00 INFO rocket::launch_ - [36m([0m[37mpost_register_temperature[0m[36m)[0m [32mPOST[0m [34m/sensors/register/temperature[0m
[INFO] [stdout] 2024-01-06T03:04:04.413273175+00:00 INFO rocket::launch_ - [36m([0m[37mpost_register_airpressure[0m[36m)[0m [32mPOST[0m [34m/sensors/register/airpressure[0m
[INFO] [stdout] 2024-01-06T03:04:04.413310725+00:00 INFO rocket::launch_ - [36m([0m[37mget_sensor_value[0m[36m)[0m [32mGET[0m [34m/sensors/<uuid>/<sensor_type>[0m
[INFO] [stdout] 2024-01-06T03:04:04.413352575+00:00 INFO rocket::launch - 🥅 [35mCatchers[0m:
[INFO] [stdout] 2024-01-06T03:04:04.413392965+00:00 INFO rocket::launch_ - [36m([0m[37mnot_found[0m[36m)[0m [34m404[0m
[INFO] [stdout] 2024-01-06T03:04:04.413465125+00:00 INFO rocket::launch_ - [36m([0m[37mpost_register_temperature[0m[36m)[0m [32mPOST[0m [34m/sensors/register/temperature[0m
[INFO] [stdout] 2024-01-06T03:04:04.413571865+00:00 INFO rocket::launch - 🚀 [1;49;39mRocket has launched into local orbit[0m
[INFO] [stdout] 2024-01-06T03:04:04.413629735+00:00 INFO rocket::launch_ - cli colors: [1;49;39mtrue[0m
[INFO] [stdout] 2024-01-06T03:04:04.413682865+00:00 INFO rocket::launch_ - [1;49;39mConnecting to MongoDB[0m ([1;34mignite[0m)
[INFO] [stdout] 2024-01-06T03:04:04.413743565+00:00 INFO rocket::launch - 📬 [35mRoutes[0m:
[INFO] [stdout] 2024-01-06T03:04:04.413832695+00:00 INFO rocket::launch_ - [36m([0m[37mbad_request[0m[36m)[0m [34m400[0m
[INFO] [stdout] 2024-01-06T03:04:04.413888475+00:00 INFO rocket::launch_ - [36m([0m[37mkeep_alive[0m[36m)[0m [32mGET[0m [34m/keepalive[0m
[INFO] [stdout] 2024-01-06T03:04:04.413954575+00:00 INFO rocket::launch_ - [36m([0m[37mpost_register_light[0m[36m)[0m [32mPOST[0m [34m/sensors/register/light[0m
[INFO] [stdout] 2024-01-06T03:04:04.414003455+00:00 INFO rocket::launch_ - [36m([0m[37mpost_register_airpressure[0m[36m)[0m [32mPOST[0m [34m/sensors/register/airpressure[0m
[INFO] [stdout] 2024-01-06T03:04:04.414080195+00:00 INFO rocket::launch_ - [36m([0m[37mget_sensor_value[0m[36m)[0m [32mGET[0m [34m/sensors/<uuid>/<sensor_type>[0m
[INFO] [stdout] 2024-01-06T03:04:04.414124915+00:00 INFO rocket::launch - 🥅 [35mCatchers[0m:
[INFO] [stdout] 2024-01-06T03:04:04.414173175+00:00 INFO rocket::launch_ - [36m([0m[37mnot_found[0m[36m)[0m [34m404[0m
[INFO] [stdout] 2024-01-06T03:04:04.414254885+00:00 INFO rocket::launch_ - [36m([0m[37minternal_server_error[0m[36m)[0m [34m500[0m
[INFO] [stdout] 2024-01-06T03:04:04.414305195+00:00 INFO rocket::launch - 📡 [35mFairings[0m:
[INFO] [stdout] 2024-01-06T03:04:04.414352465+00:00 INFO register::tests_integration::db_utils - MongoDB testing connected!
[INFO] [stdout] 2024-01-06T03:04:04.414417805+00:00 INFO rocket::launch_ - [1;49;39mShield[0m ([1;34mliftoff, response, singleton[0m)
[INFO] [stdout] 2024-01-06T03:04:04.414495915+00:00 INFO rocket::launch - 📬 [35mRoutes[0m:
[INFO] [stdout] 2024-01-06T03:04:04.414557855+00:00 INFO rocket::launch_ - [36m([0m[37mbad_request[0m[36m)[0m [34m400[0m
[INFO] [stdout] 2024-01-06T03:04:04.414669325+00:00 INFO rocket::launch_ - [36m([0m[37minternal_server_error[0m[36m)[0m [34m500[0m
[INFO] [stdout] 2024-01-06T03:04:04.414723315+00:00 INFO rocket::launch_ - [36m([0m[37mpost_register_motion[0m[36m)[0m [32mPOST[0m [34m/sensors/register/motion[0m
[INFO] [stdout] 2024-01-06T03:04:04.414781705+00:00 INFO rocket::launch_ - [1;49;39mConnecting to MongoDB[0m ([1;34mignite[0m)
[INFO] [stdout] 2024-01-06T03:04:04.414856025+00:00 INFO rocket::shield::shield - 🛡️ [35mShield[0m:
[INFO] [stdout] 2024-01-06T03:04:04.414925735+00:00 INFO _ - X-Frame-Options: [49;39mSAMEORIGIN[0m
[INFO] [stdout] 2024-01-06T03:04:04.414976535+00:00 INFO _ - Permissions-Policy: [49;39minterest-cohort=()[0m
[INFO] [stdout] 2024-01-06T03:04:04.415011575+00:00 INFO _ - X-Content-Type-Options: [49;39mnosniff[0m
[INFO] [stdout] 2024-01-06T03:04:04.415053085+00:00 INFO rocket::launch - 🚀 [1;49;39mRocket has launched into local orbit[0m
[INFO] [stdout] 2024-01-06T03:04:04.415113375+00:00 INFO rocket::launch_ - [1;49;39mShield[0m ([1;34mliftoff, response, singleton[0m)
[INFO] [stdout] 2024-01-06T03:04:04.415179825+00:00 INFO rocket::launch_ - [36m([0m[37mkeep_alive[0m[36m)[0m [32mGET[0m [34m/keepalive[0m
[INFO] [stdout] 2024-01-06T03:04:04.415256075+00:00 INFO rocket::launch_ - [36m([0m[37mpost_register_light[0m[36m)[0m [32mPOST[0m [34m/sensors/register/light[0m
[INFO] [stdout] 2024-01-06T03:04:04.415284685+00:00 INFO rocket::launch_ - [36m([0m[37mnot_found[0m[36m)[0m [34m404[0m
[INFO] [stdout] 2024-01-06T03:04:04.415342455+00:00 INFO rocket::launch_ - [36m([0m[37mpost_register_humidity[0m[36m)[0m [32mPOST[0m [34m/sensors/register/humidity[0m
[INFO] [stdout] 2024-01-06T03:04:04.415404925+00:00 INFO rocket::server - [32mGET[0m [34m/unknownpath[0m:
[INFO] [stdout] 2024-01-06T03:04:04.415492975+00:00 INFO rocket::shield::shield - 🛡️ [35mShield[0m:
[INFO] [stdout] 2024-01-06T03:04:04.415553025+00:00 INFO rocket::launch_ - [36m([0m[37mpost_register_motion[0m[36m)[0m [32mPOST[0m [34m/sensors/register/motion[0m
[INFO] [stdout] 2024-01-06T03:04:04.415603945+00:00 INFO rocket::launch_ - [36m([0m[37mpost_register_humidity[0m[36m)[0m [32mPOST[0m [34m/sensors/register/humidity[0m
[INFO] [stdout] 2024-01-06T03:04:04.415648705+00:00 INFO rocket::launch_ - [36m([0m[37mpost_register_airquality[0m[36m)[0m [32mPOST[0m [34m/sensors/register/airquality[0m
[INFO] [stdout] 2024-01-06T03:04:04.415677855+00:00 INFO rocket::launch_ - [36m([0m[37mpost_register_temperature[0m[36m)[0m [32mPOST[0m [34m/sensors/register/temperature[0m
[INFO] [stdout] 2024-01-06T03:04:04.415705295+00:00 INFO rocket::launch_ - [36m([0m[37mpost_register_airquality[0m[36m)[0m [32mPOST[0m [34m/sensors/register/airquality[0m
[INFO] [stdout] 2024-01-06T03:04:04.415751005+00:00 INFO rocket::launch_ - [36m([0m[37mpost_register_temperature[0m[36m)[0m [32mPOST[0m [34m/sensors/register/temperature[0m
[INFO] [stdout] 2024-01-06T03:04:04.415788115+00:00 INFO rocket::launch_ - [36m([0m[37mpost_register_airpressure[0m[36m)[0m [32mPOST[0m [34m/sensors/register/airpressure[0m
[INFO] [stdout] 2024-01-06T03:04:04.415827165+00:00 INFO rocket::launch_ - [36m([0m[37mget_sensor_value[0m[36m)[0m [32mGET[0m [34m/sensors/<uuid>/<sensor_type>[0m
[INFO] [stdout] 2024-01-06T03:04:04.415857645+00:00 INFO rocket::launch - 🥅 [35mCatchers[0m:
[INFO] [stdout] 2024-01-06T03:04:04.415890575+00:00 INFO rocket::launch_ - [36m([0m[37mpost_register_airpressure[0m[36m)[0m [32mPOST[0m [34m/sensors/register/airpressure[0m
[INFO] [stdout] 2024-01-06T03:04:04.415945255+00:00 INFO rocket::launch_ - [36m([0m[37mget_sensor_value[0m[36m)[0m [32mGET[0m [34m/sensors/<uuid>/<sensor_type>[0m
[INFO] [stdout] 2024-01-06T03:04:04.415985235+00:00 INFO _ - X-Frame-Options: [49;39mSAMEORIGIN[0m
[INFO] [stdout] 2024-01-06T03:04:04.416056325+00:00 INFO rocket::launch - 📡 [35mFairings[0m:
[INFO] [stdout] 2024-01-06T03:04:04.416136265+00:00 INFO rocket::launch_ - [1;49;39mShield[0m ([1;34mliftoff, response, singleton[0m)
[INFO] [stdout] 2024-01-06T03:04:04.416169015+00:00 INFO rocket::launch_ - [1;49;39mConnecting to MongoDB[0m ([1;34mignite[0m)
[INFO] [stdout] 2024-01-06T03:04:04.416182985+00:00 INFO rocket::launch_ - [36m([0m[37mbad_request[0m[36m)[0m [34m400[0m
[INFO] [stdout] 2024-01-06T03:04:04.416235175+00:00 ERROR _ - No matching routes for [32mGET[0m [34m/unknownpath[0m.
[INFO] [stdout] 2024-01-06T03:04:04.416296185+00:00 INFO rocket::launch - 🥅 [35mCatchers[0m:
[INFO] [stdout] 2024-01-06T03:04:04.416369465+00:00 INFO _ - Permissions-Policy: [49;39minterest-cohort=()[0m
[INFO] [stdout] 2024-01-06T03:04:04.416417015+00:00 INFO _ - X-Content-Type-Options: [49;39mnosniff[0m
[INFO] [stdout] 2024-01-06T03:04:04.416462755+00:00 INFO rocket::launch - 🚀 [1;49;39mRocket has launched into local orbit[0m
[INFO] [stdout] 2024-01-06T03:04:04.416518655+00:00 INFO rocket::shield::shield - 🛡️ [35mShield[0m:
[INFO] [stdout] 2024-01-06T03:04:04.416569695+00:00 WARN _ - Responding with registered [36m([0m[37mnot_found[0m[36m)[0m [34m404[0m catcher.
[INFO] [stdout] 2024-01-06T03:04:04.416626475+00:00 INFO rocket::launch_ - [36m([0m[37mbad_request[0m[36m)[0m [34m400[0m
[INFO] [stdout] 2024-01-06T03:04:04.416685525+00:00 INFO rocket::launch_ - [36m([0m[37minternal_server_error[0m[36m)[0m [34m500[0m
[INFO] [stdout] 2024-01-06T03:04:04.416727035+00:00 INFO rocket::launch_ - [36m([0m[37mnot_found[0m[36m)[0m [34m404[0m
[INFO] [stdout] 2024-01-06T03:04:04.416786855+00:00 INFO rocket::server - [32mGET[0m [34m/keepalive[0m:
[INFO] [stdout] 2024-01-06T03:04:04.416865295+00:00 INFO _ - X-Content-Type-Options: [49;39mnosniff[0m
[INFO] [stdout] 2024-01-06T03:04:04.416918195+00:00 ERROR app - catcher 404 - not_found
[INFO] [stdout] 2024-01-06T03:04:04.416967165+00:00 INFO rocket::launch_ - [36m([0m[37mnot_found[0m[36m)[0m [34m404[0m
[INFO] [stdout] 2024-01-06T03:04:04.417026605+00:00 INFO rocket::launch_ - [36m([0m[37minternal_server_error[0m[36m)[0m [34m500[0m
[INFO] [stdout] 2024-01-06T03:04:04.417079785+00:00 INFO rocket::launch_ - [36m([0m[37minternal_server_error[0m[36m)[0m [34m500[0m
[INFO] [stdout] 2024-01-06T03:04:04.417141875+00:00 INFO rocket::launch - 📡 [35mFairings[0m:
[INFO] [stdout] 2024-01-06T03:04:04.417175695+00:00 INFO _ - Matched: [36m([0m[37mkeep_alive[0m[36m)[0m [32mGET[0m [34m/keepalive[0m
[INFO] [stdout] 2024-01-06T03:04:04.417245805+00:00 INFO _ - X-Frame-Options: [49;39mSAMEORIGIN[0m
[INFO] [stdout] 2024-01-06T03:04:04.417300095+00:00 INFO rocket::launch - 📡 [35mFairings[0m:
[INFO] [stdout] 2024-01-06T03:04:04.417363344+00:00 INFO rocket::launch - 📡 [35mFairings[0m:
[INFO] [stdout] 2024-01-06T03:04:04.417440855+00:00 INFO rocket::launch_ - [1;49;39mShield[0m ([1;34mliftoff, response, singleton[0m)
[INFO] [stdout] 2024-01-06T03:04:04.417467164+00:00 INFO rocket::launch_ - [1;49;39mConnecting to MongoDB[0m ([1;34mignite[0m)
[INFO] [stdout] 2024-01-06T03:04:04.417557644+00:00 INFO app - REST - GET - keep_alive
[INFO] [stdout] 2024-01-06T03:04:04.417623444+00:00 INFO _ - Permissions-Policy: [49;39minterest-cohort=()[0m
[INFO] [stdout] test tests_integration::errors_catchers::error_catcher_not_found ... ok2024-01-06T03:04:04.417685564+00:00 INFO rocket::launch_ - [1;49;39mConnecting to MongoDB[0m ([1;34mignite[0m)
[INFO] [stdout] 2024-01-06T03:04:04.417761124+00:00 INFO rocket::launch_ - [1;49;39mConnecting to MongoDB[0m ([1;34mignite[0m)
[INFO] [stdout] 2024-01-06T03:04:04.417859484+00:00 INFO rocket::launch_ - [1;49;39mShield[0m ([1;34mliftoff, response, singleton[0m)
[INFO] [stdout] 2024-01-06T03:04:04.417904055+00:00 INFO rocket::shield::shield - 🛡️ [35mShield[0m:
[INFO] [stdout] 
[INFO] [stdout] 2024-01-06T03:04:04.418086215+00:00 INFO _ - X-Content-Type-Options: [49;39mnosniff[0m
[INFO] [stdout] 2024-01-06T03:04:04.418147415+00:00 INFO _ - Permissions-Policy: [49;39minterest-cohort=()[0m
[INFO] [stdout] 2024-01-06T03:04:04.418204264+00:00 INFO _ - X-Frame-Options: [49;39mSAMEORIGIN[0m
[INFO] [stdout] 2024-01-06T03:04:04.418276315+00:00 INFO rocket::launch - 🚀 [1;49;39mRocket has launched into local orbit[0m
[INFO] [stdout] 2024-01-06T03:04:04.418335235+00:00 INFO _ - [1;49;39mOutcome:[0m [49;32mSuccess[0m
[INFO] [stdout] 2024-01-06T03:04:04.418391084+00:00 INFO rocket::launch - 🚀 [1;49;39mRocket has launched into local orbit[0m
[INFO] [stdout] 2024-01-06T03:04:04.418457755+00:00 INFO rocket::launch_ - [1;49;39mShield[0m ([1;34mliftoff, response, singleton[0m)
[INFO] [stdout] 2024-01-06T03:04:04.418530844+00:00 INFO rocket::shield::shield - 🛡️ [35mShield[0m:
[INFO] [stdout] 2024-01-06T03:04:04.418594864+00:00 INFO rocket::server - [32mPOST[0m [34m/sensors/register/temperature[0m [33mapplication[0m[33m/[0m[33mjson[0m:
[INFO] [stdout] 2024-01-06T03:04:04.418670355+00:00 INFO _ - X-Content-Type-Options: [49;39mnosniff[0m
[INFO] [stdout] 2024-01-06T03:04:04.418716935+00:00 INFO _ - Matched: [36m([0m[37mpost_register_temperature[0m[36m)[0m [32mPOST[0m [34m/sensors/register/temperature[0m
[INFO] [stdout] 2024-01-06T03:04:04.418786335+00:00 INFO _ - X-Frame-Options: [49;39mSAMEORIGIN[0m
[INFO] [stdout] 2024-01-06T03:04:04.418852835+00:00 WARN _ - Data guard `Json < RegisterInput >` failed: Parse("bad-input", Error("expected value", line: 1, column: 1)).
[INFO] [stdout] 2024-01-06T03:04:04.418915035+00:00 INFO _ - [1;49;39mOutcome:[0m [49;31mFailure[0m
[INFO] [stdout] 2024-01-06T03:04:04.418985535+00:00 INFO rocket::shield::shield - 🛡️ [35mShield[0m:
[INFO] [stdout] 2024-01-06T03:04:04.419047895+00:00 INFO register::tests_integration::db_utils - MongoDB testing connected!
[INFO] [stdout] 2024-01-06T03:04:04.419178155+00:00 INFO _ - Permissions-Policy: [49;39minterest-cohort=()[0m
[INFO] [stdout] 2024-01-06T03:04:04.419238784+00:00 WARN _ - Responding with registered [36m([0m[37mbad_request[0m[36m)[0m [34m400[0m catcher.
[INFO] [stdout] 2024-01-06T03:04:04.419308975+00:00 INFO _ - X-Content-Type-Options: [49;39mnosniff[0m
[INFO] [stdout] 2024-01-06T03:04:04.419346524+00:00 INFO _ - X-Frame-Options: [49;39mSAMEORIGIN[0m
[INFO] [stdout] 2024-01-06T03:04:04.419384635+00:00 INFO _ - Permissions-Policy: [49;39minterest-cohort=()[0m
[INFO] [stdout] 2024-01-06T03:04:04.419408175+00:00 INFO rocket::launch - 🚀 [1;49;39mRocket has launched into local orbit[0m
[INFO] [stdout] 2024-01-06T03:04:04.419493064+00:00 ERROR app - catcher 400 - bad_request
[INFO] [stdout] test tests_integration::keepalive::keepalive ... ok
[INFO] [stdout] 2024-01-06T03:04:04.419570184+00:00 INFO rocket::launch - 🚀 [1;49;39mRocket has launched into local orbit[0m
[INFO] [stdout] 2024-01-06T03:04:04.419780755+00:00 INFO register::tests_integration::db_utils - MongoDB testing connected!
[INFO] [stdout] test tests_integration::errors_catchers::error_catcher_bad_request ... ok
[INFO] [stdout] 2024-01-06T03:04:04.420308084+00:00 INFO register::tests_integration::db_utils - MongoDB testing connected!
[INFO] [stdout] test tests_integration::register::register_sensor_error ... FAILED
[INFO] [stdout] test tests_integration::register::get_int_sensor_value ... FAILED
[INFO] [stdout] test tests_integration::register::get_float_sensor_value ... FAILED
[INFO] [stdout] test tests_integration::register::register_sensor ... FAILED
[INFO] [stdout] 
[INFO] [stdout] failures:
[INFO] [stdout] 
[INFO] [stdout] ---- tests_integration::register::register_sensor_error stdout ----
[INFO] [stdout] thread 'tests_integration::register::register_sensor_error' panicked at src/tests_integration/db_utils.rs:28:10:
[INFO] [stdout] drop 'temperature' collection: Error { kind: ServerSelection { message: "Server selection timeout: No available servers. Topology: { Type: Unknown, Servers: [ { Address: localhost:27017, Type: Unknown, Error: Cannot assign requested address (os error 99) }, ] }" }, labels: {}, wire_version: None, source: None }
[INFO] [stdout] stack backtrace:
[INFO] [stdout]    0:     0x55a42e42139c - std::backtrace_rs::backtrace::libunwind::trace::ha637c64ce894333a
[INFO] [stdout]                                at /rustc/82e1608dfa6e0b5569232559e3d385fea5a93112/library/std/src/../../backtrace/src/backtrace/libunwind.rs:104:5
[INFO] [stdout]    1:     0x55a42e42139c - std::backtrace_rs::backtrace::trace_unsynchronized::h47f62dea28e0c88d
[INFO] [stdout]                                at /rustc/82e1608dfa6e0b5569232559e3d385fea5a93112/library/std/src/../../backtrace/src/backtrace/mod.rs:66:5
[INFO] [stdout]    2:     0x55a42e42139c - std::sys_common::backtrace::_print_fmt::h9eef0abe20ede486
[INFO] [stdout]                                at /rustc/82e1608dfa6e0b5569232559e3d385fea5a93112/library/std/src/sys_common/backtrace.rs:67:5
[INFO] [stdout]    3:     0x55a42e42139c - <std::sys_common::backtrace::_print::DisplayBacktrace as core::fmt::Display>::fmt::hed7f999df88cc644
[INFO] [stdout]                                at /rustc/82e1608dfa6e0b5569232559e3d385fea5a93112/library/std/src/sys_common/backtrace.rs:44:22
[INFO] [stdout]    4:     0x55a42e452b80 - core::fmt::rt::Argument::fmt::h1539a9308b8d058d
[INFO] [stdout]                                at /rustc/82e1608dfa6e0b5569232559e3d385fea5a93112/library/core/src/fmt/rt.rs:142:9
[INFO] [stdout]    5:     0x55a42e452b80 - core::fmt::write::h3a39390d8560d9c9
[INFO] [stdout]                                at /rustc/82e1608dfa6e0b5569232559e3d385fea5a93112/library/core/src/fmt/mod.rs:1120:17
[INFO] [stdout]    6:     0x55a42e41e13f - std::io::Write::write_fmt::h040b369f3a0f9cbc
[INFO] [stdout]                                at /rustc/82e1608dfa6e0b5569232559e3d385fea5a93112/library/std/src/io/mod.rs:1762:15
[INFO] [stdout]    7:     0x55a42e421184 - std::sys_common::backtrace::_print::h894006fb5c6f3d45
[INFO] [stdout]                                at /rustc/82e1608dfa6e0b5569232559e3d385fea5a93112/library/std/src/sys_common/backtrace.rs:47:5
[INFO] [stdout]    8:     0x55a42e421184 - std::sys_common::backtrace::print::h23a2d212c6fff936
[INFO] [stdout]                                at /rustc/82e1608dfa6e0b5569232559e3d385fea5a93112/library/std/src/sys_common/backtrace.rs:34:9
[INFO] [stdout]    9:     0x55a42e422e47 - std::panicking::default_hook::{{closure}}::h8a1d2ee00185001a
[INFO] [stdout]   10:     0x55a42e422b33 - std::panicking::default_hook::h6038f2eba384e475
[INFO] [stdout]                                at /rustc/82e1608dfa6e0b5569232559e3d385fea5a93112/library/std/src/panicking.rs:289:9
[INFO] [stdout]   11:     0x55a42d3ae9b7 - <alloc::boxed::Box<F,A> as core::ops::function::Fn<Args>>::call::h0ad024c9bdc6d768
[INFO] [stdout]                                at /rustc/82e1608dfa6e0b5569232559e3d385fea5a93112/library/alloc/src/boxed.rs:2021:9
[INFO] [stdout]   12:     0x55a42d3ae9b7 - test::test_main::{{closure}}::h7500b54257359db6
[INFO] [stdout]                                at /rustc/82e1608dfa6e0b5569232559e3d385fea5a93112/library/test/src/lib.rs:138:21
[INFO] [stdout]   13:     0x55a42e423458 - <alloc::boxed::Box<F,A> as core::ops::function::Fn<Args>>::call::h1f8f335eaa9cfaee
[INFO] [stdout]                                at /rustc/82e1608dfa6e0b5569232559e3d385fea5a93112/library/alloc/src/boxed.rs:2021:9
[INFO] [stdout]   14:     0x55a42e423458 - std::panicking::rust_panic_with_hook::h2b5517d590cab22e
[INFO] [stdout]                                at /rustc/82e1608dfa6e0b5569232559e3d385fea5a93112/library/std/src/panicking.rs:783:13
[INFO] [stdout]   15:     0x55a42e4231ae - std::panicking::begin_panic_handler::{{closure}}::h233112c06e0ef43e
[INFO] [stdout]                                at /rustc/82e1608dfa6e0b5569232559e3d385fea5a93112/library/std/src/panicking.rs:657:13
[INFO] [stdout]   16:     0x55a42e421866 - std::sys_common::backtrace::__rust_end_short_backtrace::h6e893f24d7ebbff8
[INFO] [stdout]                                at /rustc/82e1608dfa6e0b5569232559e3d385fea5a93112/library/std/src/sys_common/backtrace.rs:170:18
[INFO] [stdout]   17:     0x55a42e422f12 - rust_begin_unwind
[INFO] [stdout]                                at /rustc/82e1608dfa6e0b5569232559e3d385fea5a93112/library/std/src/panicking.rs:645:5
[INFO] [stdout]   18:     0x55a42d2f1c35 - core::panicking::panic_fmt::hbf0e066aabfa482c
[INFO] [stdout]                                at /rustc/82e1608dfa6e0b5569232559e3d385fea5a93112/library/core/src/panicking.rs:72:14
[INFO] [stdout]   19:     0x55a42d2f2203 - core::result::unwrap_failed::hddb4fea594200c52
[INFO] [stdout]                                at /rustc/82e1608dfa6e0b5569232559e3d385fea5a93112/library/core/src/result.rs:1653:5
[INFO] [stdout]   20:     0x55a42d34d687 - core::result::Result<T,E>::expect::h7d0eb3ceeefede87
[INFO] [stdout]                                at /rustc/82e1608dfa6e0b5569232559e3d385fea5a93112/library/core/src/result.rs:1034:23
[INFO] [stdout]   21:     0x55a42d33b6b3 - register::tests_integration::db_utils::drop_all_collections::{{closure}}::h5c1196827b3a50b7
[INFO] [stdout]                                at /opt/rustwide/workdir/src/tests_integration/db_utils.rs:25:5
[INFO] [stdout]   22:     0x55a42d36eaa7 - register::tests_integration::register::register_sensor_error::{{closure}}::h153b932d58b56ef3
[INFO] [stdout]                                at /opt/rustwide/workdir/src/tests_integration/register.rs:69:31
[INFO] [stdout]   23:     0x55a42d368b44 - tokio::runtime::park::CachedParkThread::block_on::{{closure}}::h494f64513e67479e
[INFO] [stdout]                                at /opt/rustwide/cargo-home/registry/src/index.crates.io-6f17d22bba15001f/tokio-1.25.0/src/runtime/park.rs:283:63
[INFO] [stdout]   24:     0x55a42d367031 - tokio::runtime::coop::with_budget::hb1c892e76bb74f6f
[INFO] [stdout]                                at /opt/rustwide/cargo-home/registry/src/index.crates.io-6f17d22bba15001f/tokio-1.25.0/src/runtime/coop.rs:102:5
[INFO] [stdout]   25:     0x55a42d367031 - tokio::runtime::coop::budget::h902690ceb892da78
[INFO] [stdout]                                at /opt/rustwide/cargo-home/registry/src/index.crates.io-6f17d22bba15001f/tokio-1.25.0/src/runtime/coop.rs:68:5
[INFO] [stdout]   26:     0x55a42d367031 - tokio::runtime::park::CachedParkThread::block_on::h77e0e127a8a98928
[INFO] [stdout]                                at /opt/rustwide/cargo-home/registry/src/index.crates.io-6f17d22bba15001f/tokio-1.25.0/src/runtime/park.rs:283:31
[INFO] [stdout]   27:     0x55a42d341ff2 - tokio::runtime::context::BlockingRegionGuard::block_on::h8c8d4cf2af00b00b
[INFO] [stdout]                                at /opt/rustwide/cargo-home/registry/src/index.crates.io-6f17d22bba15001f/tokio-1.25.0/src/runtime/context.rs:315:13
[INFO] [stdout]   28:     0x55a42d3434ea - tokio::runtime::scheduler::multi_thread::MultiThread::block_on::hdfe6ec4686c35458
[INFO] [stdout]                                at /opt/rustwide/cargo-home/registry/src/index.crates.io-6f17d22bba15001f/tokio-1.25.0/src/runtime/scheduler/multi_thread/mod.rs:66:9
[INFO] [stdout]   29:     0x55a42d350ec1 - tokio::runtime::runtime::Runtime::block_on::ha6f840f96b480032
[INFO] [stdout]                                at /opt/rustwide/cargo-home/registry/src/index.crates.io-6f17d22bba15001f/tokio-1.25.0/src/runtime/runtime.rs:284:45
[INFO] [stdout]   30:     0x55a42d333c72 - rocket::async_run::h61452b05ea66a94e
[INFO] [stdout]                                at /opt/rustwide/cargo-home/registry/src/index.crates.io-6f17d22bba15001f/rocket-0.5.0-rc.2/src/lib.rs:246:18
[INFO] [stdout]   31:     0x55a42d33300d - rocket::async_test::h133eecffcfd77e2d
[INFO] [stdout]                                at /opt/rustwide/cargo-home/registry/src/index.crates.io-6f17d22bba15001f/rocket-0.5.0-rc.2/src/lib.rs:257:5
[INFO] [stdout]   32:     0x55a42d36e4b6 - register::tests_integration::register::register_sensor_error::hdf6481b23168b1ed
[INFO] [stdout]                                at /opt/rustwide/workdir/src/tests_integration/register.rs:65:34
[INFO] [stdout]   33:     0x55a42d36e477 - register::tests_integration::register::register_sensor_error::{{closure}}::hd6ab9611765ff831
[INFO] [stdout]                                at /opt/rustwide/workdir/src/tests_integration/register.rs:65:33
[INFO] [stdout]   34:     0x55a42d3085e6 - core::ops::function::FnOnce::call_once::he759ee00754d17ed
[INFO] [stdout]                                at /rustc/82e1608dfa6e0b5569232559e3d385fea5a93112/library/core/src/ops/function.rs:250:5
[INFO] [stdout]   35:     0x55a42d3b400f - core::ops::function::FnOnce::call_once::h2b5d431d5046312d
[INFO] [stdout]                                at /rustc/82e1608dfa6e0b5569232559e3d385fea5a93112/library/core/src/ops/function.rs:250:5
[INFO] [stdout]   36:     0x55a42d3b400f - test::__rust_begin_short_backtrace::h7714669af176e207
[INFO] [stdout]                                at /rustc/82e1608dfa6e0b5569232559e3d385fea5a93112/library/test/src/lib.rs:628:18
[INFO] [stdout]   37:     0x55a42d3b3025 - test::run_test_in_process::{{closure}}::h85218797dcbcec12
[INFO] [stdout]                                at /rustc/82e1608dfa6e0b5569232559e3d385fea5a93112/library/test/src/lib.rs:651:60
[INFO] [stdout]   38:     0x55a42d3b3025 - <core::panic::unwind_safe::AssertUnwindSafe<F> as core::ops::function::FnOnce<()>>::call_once::h76c106ea31c14d7b
[INFO] [stdout]                                at /rustc/82e1608dfa6e0b5569232559e3d385fea5a93112/library/core/src/panic/unwind_safe.rs:272:9
[INFO] [stdout]   39:     0x55a42d3b3025 - std::panicking::try::do_call::h3bd5d0f6620ee946
[INFO] [stdout]                                at /rustc/82e1608dfa6e0b5569232559e3d385fea5a93112/library/std/src/panicking.rs:552:40
[INFO] [stdout]   40:     0x55a42d3b3025 - std::panicking::try::h232e535e4744fe31
[INFO] [stdout]                                at /rustc/82e1608dfa6e0b5569232559e3d385fea5a93112/library/std/src/panicking.rs:516:19
[INFO] [stdout]   41:     0x55a42d3b3025 - std::panic::catch_unwind::h3ce3bd6ca8dbac68
[INFO] [stdout]                                at /rustc/82e1608dfa6e0b5569232559e3d385fea5a93112/library/std/src/panic.rs:142:14
[INFO] [stdout]   42:     0x55a42d3b3025 - test::run_test_in_process::hc97b257c9621286a
[INFO] [stdout]                                at /rustc/82e1608dfa6e0b5569232559e3d385fea5a93112/library/test/src/lib.rs:651:27
[INFO] [stdout]   43:     0x55a42d3b3025 - test::run_test::{{closure}}::h2aa798823a438d38
[INFO] [stdout]                                at /rustc/82e1608dfa6e0b5569232559e3d385fea5a93112/library/test/src/lib.rs:574:43
[INFO] [stdout]   44:     0x55a42d37b2e6 - test::run_test::{{closure}}::h87d231c78fb59832
[INFO] [stdout]                                at /rustc/82e1608dfa6e0b5569232559e3d385fea5a93112/library/test/src/lib.rs:602:41
[INFO] [stdout]   45:     0x55a42d37b2e6 - std::sys_common::backtrace::__rust_begin_short_backtrace::he6df152596625789
[INFO] [stdout]                                at /rustc/82e1608dfa6e0b5569232559e3d385fea5a93112/library/std/src/sys_common/backtrace.rs:154:18
[INFO] [stdout]   46:     0x55a42d380397 - std::thread::Builder::spawn_unchecked_::{{closure}}::{{closure}}::ha94be15d1e0acf36
[INFO] [stdout]                                at /rustc/82e1608dfa6e0b5569232559e3d385fea5a93112/library/std/src/thread/mod.rs:529:17
[INFO] [stdout]   47:     0x55a42d380397 - <core::panic::unwind_safe::AssertUnwindSafe<F> as core::ops::function::FnOnce<()>>::call_once::h9dc6bd6372f16606
[INFO] [stdout]                                at /rustc/82e1608dfa6e0b5569232559e3d385fea5a93112/library/core/src/panic/unwind_safe.rs:272:9
[INFO] [stdout]   48:     0x55a42d380397 - std::panicking::try::do_call::h9057517f80303cd4
[INFO] [stdout]                                at /rustc/82e1608dfa6e0b5569232559e3d385fea5a93112/library/std/src/panicking.rs:552:40
[INFO] [stdout]   49:     0x55a42d380397 - std::panicking::try::he3a30b11ee45340c
[INFO] [stdout]                                at /rustc/82e1608dfa6e0b5569232559e3d385fea5a93112/library/std/src/panicking.rs:516:19
[INFO] [stdout]   50:     0x55a42d380397 - std::panic::catch_unwind::h410458cfd3528b8b
[INFO] [stdout]                                at /rustc/82e1608dfa6e0b5569232559e3d385fea5a93112/library/std/src/panic.rs:142:14
[INFO] [stdout]   51:     0x55a42d380397 - std::thread::Builder::spawn_unchecked_::{{closure}}::h72ac3bdb567b737b
[INFO] [stdout]                                at /rustc/82e1608dfa6e0b5569232559e3d385fea5a93112/library/std/src/thread/mod.rs:528:30
[INFO] [stdout]   52:     0x55a42d380397 - core::ops::function::FnOnce::call_once{{vtable.shim}}::h38f34da3654a8344
[INFO] [stdout]                                at /rustc/82e1608dfa6e0b5569232559e3d385fea5a93112/library/core/src/ops/function.rs:250:5
[INFO] [stdout]   53:     0x55a42e429145 - <alloc::boxed::Box<F,A> as core::ops::function::FnOnce<Args>>::call_once::hc7eafaff61e32df9
[INFO] [stdout]                                at /rustc/82e1608dfa6e0b5569232559e3d385fea5a93112/library/alloc/src/boxed.rs:2007:9
[INFO] [stdout]   54:     0x55a42e429145 - <alloc::boxed::Box<F,A> as core::ops::function::FnOnce<Args>>::call_once::h6ba4a5de48dd2304
[INFO] [stdout]                                at /rustc/82e1608dfa6e0b5569232559e3d385fea5a93112/library/alloc/src/boxed.rs:2007:9
[INFO] [stdout]   55:     0x55a42e429145 - std::sys::unix::thread::Thread::new::thread_start::he469335aef763e45
[INFO] [stdout]                                at /rustc/82e1608dfa6e0b5569232559e3d385fea5a93112/library/std/src/sys/unix/thread.rs:108:17
[INFO] [stdout]   56:     0x7f1797d0dac3 - <unknown>
[INFO] [stdout]   57:     0x7f1797d9ebf4 - __clone
[INFO] [stdout]   58:                0x0 - <unknown>
[INFO] [stdout] 
[INFO] [stdout] ---- tests_integration::register::get_int_sensor_value stdout ----
[INFO] [stdout] thread 'tests_integration::register::get_int_sensor_value' panicked at src/tests_integration/db_utils.rs:28:10:
[INFO] [stdout] drop 'temperature' collection: Error { kind: ServerSelection { message: "Server selection timeout: No available servers. Topology: { Type: Unknown, Servers: [ { Address: localhost:27017, Type: Unknown, Error: Cannot assign requested address (os error 99) }, ] }" }, labels: {}, wire_version: None, source: None }
[INFO] [stdout] stack backtrace:
[INFO] [stdout]    0:     0x55a42e42139c - std::backtrace_rs::backtrace::libunwind::trace::ha637c64ce894333a
[INFO] [stdout]                                at /rustc/82e1608dfa6e0b5569232559e3d385fea5a93112/library/std/src/../../backtrace/src/backtrace/libunwind.rs:104:5
[INFO] [stdout]    1:     0x55a42e42139c - std::backtrace_rs::backtrace::trace_unsynchronized::h47f62dea28e0c88d
[INFO] [stdout]                                at /rustc/82e1608dfa6e0b5569232559e3d385fea5a93112/library/std/src/../../backtrace/src/backtrace/mod.rs:66:5
[INFO] [stdout]    2:     0x55a42e42139c - std::sys_common::backtrace::_print_fmt::h9eef0abe20ede486
[INFO] [stdout]                                at /rustc/82e1608dfa6e0b5569232559e3d385fea5a93112/library/std/src/sys_common/backtrace.rs:67:5
[INFO] [stdout]    3:     0x55a42e42139c - <std::sys_common::backtrace::_print::DisplayBacktrace as core::fmt::Display>::fmt::hed7f999df88cc644
[INFO] [stdout]                                at /rustc/82e1608dfa6e0b5569232559e3d385fea5a93112/library/std/src/sys_common/backtrace.rs:44:22
[INFO] [stdout]    4:     0x55a42e452b80 - core::fmt::rt::Argument::fmt::h1539a9308b8d058d
[INFO] [stdout]                                at /rustc/82e1608dfa6e0b5569232559e3d385fea5a93112/library/core/src/fmt/rt.rs:142:9
[INFO] [stdout]    5:     0x55a42e452b80 - core::fmt::write::h3a39390d8560d9c9
[INFO] [stdout]                                at /rustc/82e1608dfa6e0b5569232559e3d385fea5a93112/library/core/src/fmt/mod.rs:1120:17
[INFO] [stdout]    6:     0x55a42e41e13f - std::io::Write::write_fmt::h040b369f3a0f9cbc
[INFO] [stdout]                                at /rustc/82e1608dfa6e0b5569232559e3d385fea5a93112/library/std/src/io/mod.rs:1762:15
[INFO] [stdout]    7:     0x55a42e421184 - std::sys_common::backtrace::_print::h894006fb5c6f3d45
[INFO] [stdout]                                at /rustc/82e1608dfa6e0b5569232559e3d385fea5a93112/library/std/src/sys_common/backtrace.rs:47:5
[INFO] [stdout]    8:     0x55a42e421184 - std::sys_common::backtrace::print::h23a2d212c6fff936
[INFO] [stdout]                                at /rustc/82e1608dfa6e0b5569232559e3d385fea5a93112/library/std/src/sys_common/backtrace.rs:34:9
[INFO] [stdout]    9:     0x55a42e422e47 - std::panicking::default_hook::{{closure}}::h8a1d2ee00185001a
[INFO] [stdout]   10:     0x55a42e422b33 - std::panicking::default_hook::h6038f2eba384e475
[INFO] [stdout]                                at /rustc/82e1608dfa6e0b5569232559e3d385fea5a93112/library/std/src/panicking.rs:289:9
[INFO] [stdout]   11:     0x55a42d3ae9b7 - <alloc::boxed::Box<F,A> as core::ops::function::Fn<Args>>::call::h0ad024c9bdc6d768
[INFO] [stdout]                                at /rustc/82e1608dfa6e0b5569232559e3d385fea5a93112/library/alloc/src/boxed.rs:2021:9
[INFO] [stdout]   12:     0x55a42d3ae9b7 - test::test_main::{{closure}}::h7500b54257359db6
[INFO] [stdout]                                at /rustc/82e1608dfa6e0b5569232559e3d385fea5a93112/library/test/src/lib.rs:138:21
[INFO] [stdout]   13:     0x55a42e423458 - <alloc::boxed::Box<F,A> as core::ops::function::Fn<Args>>::call::h1f8f335eaa9cfaee
[INFO] [stdout]                                at /rustc/82e1608dfa6e0b5569232559e3d385fea5a93112/library/alloc/src/boxed.rs:2021:9
[INFO] [stdout]   14:     0x55a42e423458 - std::panicking::rust_panic_with_hook::h2b5517d590cab22e
[INFO] [stdout]                                at /rustc/82e1608dfa6e0b5569232559e3d385fea5a93112/library/std/src/panicking.rs:783:13
[INFO] [stdout]   15:     0x55a42e4231ae - std::panicking::begin_panic_handler::{{closure}}::h233112c06e0ef43e
[INFO] [stdout]                                at /rustc/82e1608dfa6e0b5569232559e3d385fea5a93112/library/std/src/panicking.rs:657:13
[INFO] [stdout]   16:     0x55a42e421866 - std::sys_common::backtrace::__rust_end_short_backtrace::h6e893f24d7ebbff8
[INFO] [stdout]                                at /rustc/82e1608dfa6e0b5569232559e3d385fea5a93112/library/std/src/sys_common/backtrace.rs:170:18
[INFO] [stdout]   17:     0x55a42e422f12 - rust_begin_unwind
[INFO] [stdout]                                at /rustc/82e1608dfa6e0b5569232559e3d385fea5a93112/library/std/src/panicking.rs:645:5
[INFO] [stdout]   18:     0x55a42d2f1c35 - core::panicking::panic_fmt::hbf0e066aabfa482c
[INFO] [stdout]                                at /rustc/82e1608dfa6e0b5569232559e3d385fea5a93112/library/core/src/panicking.rs:72:14
[INFO] [stdout]   19:     0x55a42d2f2203 - core::result::unwrap_failed::hddb4fea594200c52
[INFO] [stdout]                                at /rustc/82e1608dfa6e0b5569232559e3d385fea5a93112/library/core/src/result.rs:1653:5
[INFO] [stdout]   20:     0x55a42d34d687 - core::result::Result<T,E>::expect::h7d0eb3ceeefede87
[INFO] [stdout]                                at /rustc/82e1608dfa6e0b5569232559e3d385fea5a93112/library/core/src/result.rs:1034:23
[INFO] [stdout]   21:     0x55a42d33b6b3 - register::tests_integration::db_utils::drop_all_collections::{{closure}}::h5c1196827b3a50b7
[INFO] [stdout]                                at /opt/rustwide/workdir/src/tests_integration/db_utils.rs:25:5
[INFO] [stdout]   22:     0x55a42d372256 - register::tests_integration::register::get_int_sensor_value::{{closure}}::h36ed685e842bb586
[INFO] [stdout]                                at /opt/rustwide/workdir/src/tests_integration/register.rs:167:31
[INFO] [stdout]   23:     0x55a42d368ac4 - tokio::runtime::park::CachedParkThread::block_on::{{closure}}::h412bbd5fdcbe66f8
[INFO] [stdout]                                at /opt/rustwide/cargo-home/registry/src/index.crates.io-6f17d22bba15001f/tokio-1.25.0/src/runtime/park.rs:283:63
[INFO] [stdout]   24:     0x55a42d364e57 - tokio::runtime::coop::with_budget::h8396712a712da8e7
[INFO] [stdout]                                at /opt/rustwide/cargo-home/registry/src/index.crates.io-6f17d22bba15001f/tokio-1.25.0/src/runtime/coop.rs:102:5
[INFO] [stdout]   25:     0x55a42d364e57 - tokio::runtime::coop::budget::h7ab9b9abc8e4d13e
[INFO] [stdout]                                at /opt/rustwide/cargo-home/registry/src/index.crates.io-6f17d22bba15001f/tokio-1.25.0/src/runtime/coop.rs:68:5
[INFO] [stdout]   26:     0x55a42d364e57 - tokio::runtime::park::CachedParkThread::block_on::h15fa72ea7fee2ec9
[INFO] [stdout]                                at /opt/rustwide/cargo-home/registry/src/index.crates.io-6f17d22bba15001f/tokio-1.25.0/src/runtime/park.rs:283:31
[INFO] [stdout]   27:     0x55a42d342163 - tokio::runtime::context::BlockingRegionGuard::block_on::hd65b3942ffba35cc
[INFO] [stdout]                                at /opt/rustwide/cargo-home/registry/src/index.crates.io-6f17d22bba15001f/tokio-1.25.0/src/runtime/context.rs:315:13
[INFO] [stdout]   28:     0x55a42d342f6b - tokio::runtime::scheduler::multi_thread::MultiThread::block_on::h220d56636d84b8b9
[INFO] [stdout]                                at /opt/rustwide/cargo-home/registry/src/index.crates.io-6f17d22bba15001f/tokio-1.25.0/src/runtime/scheduler/multi_thread/mod.rs:66:9
[INFO] [stdout]   29:     0x55a42d3508f7 - tokio::runtime::runtime::Runtime::block_on::h560cc5ef7ad7738a
[INFO] [stdout]                                at /opt/rustwide/cargo-home/registry/src/index.crates.io-6f17d22bba15001f/tokio-1.25.0/src/runtime/runtime.rs:284:45
[INFO] [stdout]   30:     0x55a42d333fd2 - rocket::async_run::h767ed6e34af38683
[INFO] [stdout]                                at /opt/rustwide/cargo-home/registry/src/index.crates.io-6f17d22bba15001f/rocket-0.5.0-rc.2/src/lib.rs:246:18
[INFO] [stdout]   31:     0x55a42d33302d - rocket::async_test::h2c9b892a9f097d3e
[INFO] [stdout]                                at /opt/rustwide/cargo-home/registry/src/index.crates.io-6f17d22bba15001f/rocket-0.5.0-rc.2/src/lib.rs:257:5
[INFO] [stdout]   32:     0x55a42d371bd7 - register::tests_integration::register::get_int_sensor_value::hba7fe4413d91483a
[INFO] [stdout]                                at /opt/rustwide/workdir/src/tests_integration/register.rs:163:33
[INFO] [stdout]   33:     0x55a42d371b87 - register::tests_integration::register::get_int_sensor_value::{{closure}}::hcf4e3bd2efa958c2
[INFO] [stdout]                                at /opt/rustwide/workdir/src/tests_integration/register.rs:163:32
[INFO] [stdout]   34:     0x55a42d308486 - core::ops::function::FnOnce::call_once::h9754c277b1b87e64
[INFO] [stdout]                                at /rustc/82e1608dfa6e0b5569232559e3d385fea5a93112/library/core/src/ops/function.rs:250:5
[INFO] [stdout]   35:     0x55a42d3b400f - core::ops::function::FnOnce::call_once::h2b5d431d5046312d
[INFO] [stdout]                                at /rustc/82e1608dfa6e0b5569232559e3d385fea5a93112/library/core/src/ops/function.rs:250:5
[INFO] [stdout]   36:     0x55a42d3b400f - test::__rust_begin_short_backtrace::h7714669af176e207
[INFO] [stdout]                                at /rustc/82e1608dfa6e0b5569232559e3d385fea5a93112/library/test/src/lib.rs:628:18
[INFO] [stdout]   37:     0x55a42d3b3025 - test::run_test_in_process::{{closure}}::h85218797dcbcec12
[INFO] [stdout]                                at /rustc/82e1608dfa6e0b5569232559e3d385fea5a93112/library/test/src/lib.rs:651:60
[INFO] [stdout]   38:     0x55a42d3b3025 - <core::panic::unwind_safe::AssertUnwindSafe<F> as core::ops::function::FnOnce<()>>::call_once::h76c106ea31c14d7b
[INFO] [stdout]                                at /rustc/82e1608dfa6e0b5569232559e3d385fea5a93112/library/core/src/panic/unwind_safe.rs:272:9
[INFO] [stdout]   39:     0x55a42d3b3025 - std::panicking::try::do_call::h3bd5d0f6620ee946
[INFO] [stdout]                                at /rustc/82e1608dfa6e0b5569232559e3d385fea5a93112/library/std/src/panicking.rs:552:40
[INFO] [stdout]   40:     0x55a42d3b3025 - std::panicking::try::h232e535e4744fe31
[INFO] [stdout]                                at /rustc/82e1608dfa6e0b5569232559e3d385fea5a93112/library/std/src/panicking.rs:516:19
[INFO] [stdout]   41:     0x55a42d3b3025 - std::panic::catch_unwind::h3ce3bd6ca8dbac68
[INFO] [stdout]                                at /rustc/82e1608dfa6e0b5569232559e3d385fea5a93112/library/std/src/panic.rs:142:14
[INFO] [stdout]   42:     0x55a42d3b3025 - test::run_test_in_process::hc97b257c9621286a
[INFO] [stdout]                                at /rustc/82e1608dfa6e0b5569232559e3d385fea5a93112/library/test/src/lib.rs:651:27
[INFO] [stdout]   43:     0x55a42d3b3025 - test::run_test::{{closure}}::h2aa798823a438d38
[INFO] [stdout]                                at /rustc/82e1608dfa6e0b5569232559e3d385fea5a93112/library/test/src/lib.rs:574:43
[INFO] [stdout]   44:     0x55a42d37b2e6 - test::run_test::{{closure}}::h87d231c78fb59832
[INFO] [stdout]                                at /rustc/82e1608dfa6e0b5569232559e3d385fea5a93112/library/test/src/lib.rs:602:41
[INFO] [stdout]   45:     0x55a42d37b2e6 - std::sys_common::backtrace::__rust_begin_short_backtrace::he6df152596625789
[INFO] [stdout]                                at /rustc/82e1608dfa6e0b5569232559e3d385fea5a93112/library/std/src/sys_common/backtrace.rs:154:18
[INFO] [stdout]   46:     0x55a42d380397 - std::thread::Builder::spawn_unchecked_::{{closure}}::{{closure}}::ha94be15d1e0acf36
[INFO] [stdout]                                at /rustc/82e1608dfa6e0b5569232559e3d385fea5a93112/library/std/src/thread/mod.rs:529:17
[INFO] [stdout]   47:     0x55a42d380397 - <core::panic::unwind_safe::AssertUnwindSafe<F> as core::ops::function::FnOnce<()>>::call_once::h9dc6bd6372f16606
[INFO] [stdout]                                at /rustc/82e1608dfa6e0b5569232559e3d385fea5a93112/library/core/src/panic/unwind_safe.rs:272:9
[INFO] [stdout]   48:     0x55a42d380397 - std::panicking::try::do_call::h9057517f80303cd4
[INFO] [stdout]                                at /rustc/82e1608dfa6e0b5569232559e3d385fea5a93112/library/std/src/panicking.rs:552:40
[INFO] [stdout]   49:     0x55a42d380397 - std::panicking::try::he3a30b11ee45340c
[INFO] [stdout]                                at /rustc/82e1608dfa6e0b5569232559e3d385fea5a93112/library/std/src/panicking.rs:516:19
[INFO] [stdout]   50:     0x55a42d380397 - std::panic::catch_unwind::h410458cfd3528b8b
[INFO] [stdout]                                at /rustc/82e1608dfa6e0b5569232559e3d385fea5a93112/library/std/src/panic.rs:142:14
[INFO] [stdout]   51:     0x55a42d380397 - std::thread::Builder::spawn_unchecked_::{{closure}}::h72ac3bdb567b737b
[INFO] [stdout]                                at /rustc/82e1608dfa6e0b5569232559e3d385fea5a93112/library/std/src/thread/mod.rs:528:30
[INFO] [stdout]   52:     0x55a42d380397 - core::ops::function::FnOnce::call_once{{vtable.shim}}::h38f34da3654a8344
[INFO] [stdout]                                at /rustc/82e1608dfa6e0b5569232559e3d385fea5a93112/library/core/src/ops/function.rs:250:5
[INFO] [stdout]   53:     0x55a42e429145 - <alloc::boxed::Box<F,A> as core::ops::function::FnOnce<Args>>::call_once::hc7eafaff61e32df9
[INFO] [stdout]                                at /rustc/82e1608dfa6e0b5569232559e3d385fea5a93112/library/alloc/src/boxed.rs:2007:9
[INFO] [stdout]   54:     0x55a42e429145 - <alloc::boxed::Box<F,A> as core::ops::function::FnOnce<Args>>::call_once::h6ba4a5de48dd2304
[INFO] [stdout]                                at /rustc/82e1608dfa6e0b5569232559e3d385fea5a93112/library/alloc/src/boxed.rs:2007:9
[INFO] [stdout]   55:     0x55a42e429145 - std::sys::unix::thread::Thread::new::thread_start::he469335aef763e45
[INFO] [stdout]                                at /rustc/82e1608dfa6e0b5569232559e3d385fea5a93112/library/std/src/sys/unix/thread.rs:108:17
[INFO] [stdout]   56:     0x7f1797d0dac3 - <unknown>
[INFO] [stdout]   57:     0x7f1797d9ebf4 - __clone
[INFO] [stdout]   58:                0x0 - <unknown>
[INFO] [stdout] 
[INFO] [stdout] ---- tests_integration::register::get_float_sensor_value stdout ----
[INFO] [stdout] thread 'tests_integration::register::get_float_sensor_value' panicked at src/tests_integration/db_utils.rs:28:10:
[INFO] [stdout] drop 'temperature' collection: Error { kind: ServerSelection { message: "Server selection timeout: No available servers. Topology: { Type: Unknown, Servers: [ { Address: localhost:27017, Type: Unknown, Error: Cannot assign requested address (os error 99) }, ] }" }, labels: {}, wire_version: None, source: None }
[INFO] [stdout] stack backtrace:
[INFO] [stdout]    0:     0x55a42e42139c - std::backtrace_rs::backtrace::libunwind::trace::ha637c64ce894333a
[INFO] [stdout]                                at /rustc/82e1608dfa6e0b5569232559e3d385fea5a93112/library/std/src/../../backtrace/src/backtrace/libunwind.rs:104:5
[INFO] [stdout]    1:     0x55a42e42139c - std::backtrace_rs::backtrace::trace_unsynchronized::h47f62dea28e0c88d
[INFO] [stdout]                                at /rustc/82e1608dfa6e0b5569232559e3d385fea5a93112/library/std/src/../../backtrace/src/backtrace/mod.rs:66:5
[INFO] [stdout]    2:     0x55a42e42139c - std::sys_common::backtrace::_print_fmt::h9eef0abe20ede486
[INFO] [stdout]                                at /rustc/82e1608dfa6e0b5569232559e3d385fea5a93112/library/std/src/sys_common/backtrace.rs:67:5
[INFO] [stdout]    3:     0x55a42e42139c - <std::sys_common::backtrace::_print::DisplayBacktrace as core::fmt::Display>::fmt::hed7f999df88cc644
[INFO] [stdout]                                at /rustc/82e1608dfa6e0b5569232559e3d385fea5a93112/library/std/src/sys_common/backtrace.rs:44:22
[INFO] [stdout]    4:     0x55a42e452b80 - core::fmt::rt::Argument::fmt::h1539a9308b8d058d
[INFO] [stdout]                                at /rustc/82e1608dfa6e0b5569232559e3d385fea5a93112/library/core/src/fmt/rt.rs:142:9
[INFO] [stdout]    5:     0x55a42e452b80 - core::fmt::write::h3a39390d8560d9c9
[INFO] [stdout]                                at /rustc/82e1608dfa6e0b5569232559e3d385fea5a93112/library/core/src/fmt/mod.rs:1120:17
[INFO] [stdout]    6:     0x55a42e41e13f - std::io::Write::write_fmt::h040b369f3a0f9cbc
[INFO] [stdout]                                at /rustc/82e1608dfa6e0b5569232559e3d385fea5a93112/library/std/src/io/mod.rs:1762:15
[INFO] [stdout]    7:     0x55a42e421184 - std::sys_common::backtrace::_print::h894006fb5c6f3d45
[INFO] [stdout]                                at /rustc/82e1608dfa6e0b5569232559e3d385fea5a93112/library/std/src/sys_common/backtrace.rs:47:5
[INFO] [stdout]    8:     0x55a42e421184 - std::sys_common::backtrace::print::h23a2d212c6fff936
[INFO] [stdout]                                at /rustc/82e1608dfa6e0b5569232559e3d385fea5a93112/library/std/src/sys_common/backtrace.rs:34:9
[INFO] [stdout]    9:     0x55a42e422e47 - std::panicking::default_hook::{{closure}}::h8a1d2ee00185001a
[INFO] [stdout]   10:     0x55a42e422b33 - std::panicking::default_hook::h6038f2eba384e475
[INFO] [stdout]                                at /rustc/82e1608dfa6e0b5569232559e3d385fea5a93112/library/std/src/panicking.rs:289:9
[INFO] [stdout]   11:     0x55a42d3ae9b7 - <alloc::boxed::Box<F,A> as core::ops::function::Fn<Args>>::call::h0ad024c9bdc6d768
[INFO] [stdout]                                at /rustc/82e1608dfa6e0b5569232559e3d385fea5a93112/library/alloc/src/boxed.rs:2021:9
[INFO] [stdout]   12:     0x55a42d3ae9b7 - test::test_main::{{closure}}::h7500b54257359db6
[INFO] [stdout]                                at /rustc/82e1608dfa6e0b5569232559e3d385fea5a93112/library/test/src/lib.rs:138:21
[INFO] [stdout]   13:     0x55a42e423458 - <alloc::boxed::Box<F,A> as core::ops::function::Fn<Args>>::call::h1f8f335eaa9cfaee
[INFO] [stdout]                                at /rustc/82e1608dfa6e0b5569232559e3d385fea5a93112/library/alloc/src/boxed.rs:2021:9
[INFO] [stdout]   14:     0x55a42e423458 - std::panicking::rust_panic_with_hook::h2b5517d590cab22e
[INFO] [stdout]                                at /rustc/82e1608dfa6e0b5569232559e3d385fea5a93112/library/std/src/panicking.rs:783:13
[INFO] [stdout]   15:     0x55a42e4231ae - std::panicking::begin_panic_handler::{{closure}}::h233112c06e0ef43e
[INFO] [stdout]                                at /rustc/82e1608dfa6e0b5569232559e3d385fea5a93112/library/std/src/panicking.rs:657:13
[INFO] [stdout]   16:     0x55a42e421866 - std::sys_common::backtrace::__rust_end_short_backtrace::h6e893f24d7ebbff8
[INFO] [stdout]                                at /rustc/82e1608dfa6e0b5569232559e3d385fea5a93112/library/std/src/sys_common/backtrace.rs:170:18
[INFO] [stdout]   17:     0x55a42e422f12 - rust_begin_unwind
[INFO] [stdout]                                at /rustc/82e1608dfa6e0b5569232559e3d385fea5a93112/library/std/src/panicking.rs:645:5
[INFO] [stdout]   18:     0x55a42d2f1c35 - core::panicking::panic_fmt::hbf0e066aabfa482c
[INFO] [stdout]                                at /rustc/82e1608dfa6e0b5569232559e3d385fea5a93112/library/core/src/panicking.rs:72:14
[INFO] [stdout]   19:     0x55a42d2f2203 - core::result::unwrap_failed::hddb4fea594200c52
[INFO] [stdout]                                at /rustc/82e1608dfa6e0b5569232559e3d385fea5a93112/library/core/src/result.rs:1653:5
[INFO] [stdout]   20:     0x55a42d34d687 - core::result::Result<T,E>::expect::h7d0eb3ceeefede87
[INFO] [stdout]                                at /rustc/82e1608dfa6e0b5569232559e3d385fea5a93112/library/core/src/result.rs:1034:23
[INFO] [stdout]   21:     0x55a42d33b6b3 - register::tests_integration::db_utils::drop_all_collections::{{closure}}::h5c1196827b3a50b7
[INFO] [stdout]                                at /opt/rustwide/workdir/src/tests_integration/db_utils.rs:25:5
[INFO] [stdout]   22:     0x55a42d36fc66 - register::tests_integration::register::get_float_sensor_value::{{closure}}::h2e342f4aa84f4c5e
[INFO] [stdout]                                at /opt/rustwide/workdir/src/tests_integration/register.rs:109:31
[INFO] [stdout]   23:     0x55a42d368e04 - tokio::runtime::park::CachedParkThread::block_on::{{closure}}::hdfe78627ea9fd171
[INFO] [stdout]                                at /opt/rustwide/cargo-home/registry/src/index.crates.io-6f17d22bba15001f/tokio-1.25.0/src/runtime/park.rs:283:63
[INFO] [stdout]   24:     0x55a42d368817 - tokio::runtime::coop::with_budget::hf08469580b41b123
[INFO] [stdout]                                at /opt/rustwide/cargo-home/registry/src/index.crates.io-6f17d22bba15001f/tokio-1.25.0/src/runtime/coop.rs:102:5
[INFO] [stdout]   25:     0x55a42d368817 - tokio::runtime::coop::budget::hcdd80fe195ee89ba
[INFO] [stdout]                                at /opt/rustwide/cargo-home/registry/src/index.crates.io-6f17d22bba15001f/tokio-1.25.0/src/runtime/coop.rs:68:5
[INFO] [stdout]   26:     0x55a42d368817 - tokio::runtime::park::CachedParkThread::block_on::hf5607019f92168d4
[INFO] [stdout]                                at /opt/rustwide/cargo-home/registry/src/index.crates.io-6f17d22bba15001f/tokio-1.25.0/src/runtime/park.rs:283:31
[INFO] [stdout]   27:     0x55a42d341923 - tokio::runtime::context::BlockingRegionGuard::block_on::h03a6c5917def2749
[INFO] [stdout]                                at /opt/rustwide/cargo-home/registry/src/index.crates.io-6f17d22bba15001f/tokio-1.25.0/src/runtime/context.rs:315:13
[INFO] [stdout]   28:     0x55a42d34322b - tokio::runtime::scheduler::multi_thread::MultiThread::block_on::hae5b1b0d65cbf943
[INFO] [stdout]                                at /opt/rustwide/cargo-home/registry/src/index.crates.io-6f17d22bba15001f/tokio-1.25.0/src/runtime/scheduler/multi_thread/mod.rs:66:9
[INFO] [stdout]   29:     0x55a42d3510a7 - tokio::runtime::runtime::Runtime::block_on::ha7841d07fc78d3aa
[INFO] [stdout]                                at /opt/rustwide/cargo-home/registry/src/index.crates.io-6f17d22bba15001f/tokio-1.25.0/src/runtime/runtime.rs:284:45
[INFO] [stdout]   30:     0x55a42d334692 - rocket::async_run::hb7f3dbf352690dce
[INFO] [stdout]                                at /opt/rustwide/cargo-home/registry/src/index.crates.io-6f17d22bba15001f/rocket-0.5.0-rc.2/src/lib.rs:246:18
[INFO] [stdout]   31:     0x55a42d3330ad - rocket::async_test::ha1cc50e7eded2e6b
[INFO] [stdout]                                at /opt/rustwide/cargo-home/registry/src/index.crates.io-6f17d22bba15001f/rocket-0.5.0-rc.2/src/lib.rs:257:5
[INFO] [stdout]   32:     0x55a42d36f5e7 - register::tests_integration::register::get_float_sensor_value::hdbc466154b98a67d
[INFO] [stdout]                                at /opt/rustwide/workdir/src/tests_integration/register.rs:105:35
[INFO] [stdout]   33:     0x55a42d36f597 - register::tests_integration::register::get_float_sensor_value::{{closure}}::h5af2c9d74a699f20
[INFO] [stdout]                                at /opt/rustwide/workdir/src/tests_integration/register.rs:105:34
[INFO] [stdout]   34:     0x55a42d308216 - core::ops::function::FnOnce::call_once::h46ae1c73a3b2320f
[INFO] [stdout]                                at /rustc/82e1608dfa6e0b5569232559e3d385fea5a93112/library/core/src/ops/function.rs:250:5
[INFO] [stdout]   35:     0x55a42d3b400f - core::ops::function::FnOnce::call_once::h2b5d431d5046312d
[INFO] [stdout]                                at /rustc/82e1608dfa6e0b5569232559e3d385fea5a93112/library/core/src/ops/function.rs:250:5
[INFO] [stdout]   36:     0x55a42d3b400f - test::__rust_begin_short_backtrace::h7714669af176e207
[INFO] [stdout]                                at /rustc/82e1608dfa6e0b5569232559e3d385fea5a93112/library/test/src/lib.rs:628:18
[INFO] [stdout]   37:     0x55a42d3b3025 - test::run_test_in_process::{{closure}}::h85218797dcbcec12
[INFO] [stdout]                                at /rustc/82e1608dfa6e0b5569232559e3d385fea5a93112/library/test/src/lib.rs:651:60
[INFO] [stdout]   38:     0x55a42d3b3025 - <core::panic::unwind_safe::AssertUnwindSafe<F> as core::ops::function::FnOnce<()>>::call_once::h76c106ea31c14d7b
[INFO] [stdout]                                at /rustc/82e1608dfa6e0b5569232559e3d385fea5a93112/library/core/src/panic/unwind_safe.rs:272:9
[INFO] [stdout]   39:     0x55a42d3b3025 - std::panicking::try::do_call::h3bd5d0f6620ee946
[INFO] [stdout]                                at /rustc/82e1608dfa6e0b5569232559e3d385fea5a93112/library/std/src/panicking.rs:552:40
[INFO] [stdout]   40:     0x55a42d3b3025 - std::panicking::try::h232e535e4744fe31
[INFO] [stdout]                                at /rustc/82e1608dfa6e0b5569232559e3d385fea5a93112/library/std/src/panicking.rs:516:19
[INFO] [stdout]   41:     0x55a42d3b3025 - std::panic::catch_unwind::h3ce3bd6ca8dbac68
[INFO] [stdout]                                at /rustc/82e1608dfa6e0b5569232559e3d385fea5a93112/library/std/src/panic.rs:142:14
[INFO] [stdout]   42:     0x55a42d3b3025 - test::run_test_in_process::hc97b257c9621286a
[INFO] [stdout]                                at /rustc/82e1608dfa6e0b5569232559e3d385fea5a93112/library/test/src/lib.rs:651:27
[INFO] [stdout]   43:     0x55a42d3b3025 - test::run_test::{{closure}}::h2aa798823a438d38
[INFO] [stdout]                                at /rustc/82e1608dfa6e0b5569232559e3d385fea5a93112/library/test/src/lib.rs:574:43
[INFO] [stdout]   44:     0x55a42d37b2e6 - test::run_test::{{closure}}::h87d231c78fb59832
[INFO] [stdout]                                at /rustc/82e1608dfa6e0b5569232559e3d385fea5a93112/library/test/src/lib.rs:602:41
[INFO] [stdout]   45:     0x55a42d37b2e6 - std::sys_common::backtrace::__rust_begin_short_backtrace::he6df152596625789
[INFO] [stdout]                                at /rustc/82e1608dfa6e0b5569232559e3d385fea5a93112/library/std/src/sys_common/backtrace.rs:154:18
[INFO] [stdout]   46:     0x55a42d380397 - std::thread::Builder::spawn_unchecked_::{{closure}}::{{closure}}::ha94be15d1e0acf36
[INFO] [stdout]                                at /rustc/82e1608dfa6e0b5569232559e3d385fea5a93112/library/std/src/thread/mod.rs:529:17
[INFO] [stdout]   47:     0x55a42d380397 - <core::panic::unwind_safe::AssertUnwindSafe<F> as core::ops::function::FnOnce<()>>::call_once::h9dc6bd6372f16606
[INFO] [stdout]                                at /rustc/82e1608dfa6e0b5569232559e3d385fea5a93112/library/core/src/panic/unwind_safe.rs:272:9
[INFO] [stdout]   48:     0x55a42d380397 - std::panicking::try::do_call::h9057517f80303cd4
[INFO] [stdout]                                at /rustc/82e1608dfa6e0b5569232559e3d385fea5a93112/library/std/src/panicking.rs:552:40
[INFO] [stdout]   49:     0x55a42d380397 - std::panicking::try::he3a30b11ee45340c
[INFO] [stdout]                                at /rustc/82e1608dfa6e0b5569232559e3d385fea5a93112/library/std/src/panicking.rs:516:19
[INFO] [stdout]   50:     0x55a42d380397 - std::panic::catch_unwind::h410458cfd3528b8b
[INFO] [stdout]                                at /rustc/82e1608dfa6e0b5569232559e3d385fea5a93112/library/std/src/panic.rs:142:14
[INFO] [stdout]   51:     0x55a42d380397 - std::thread::Builder::spawn_unchecked_::{{closure}}::h72ac3bdb567b737b
[INFO] [stdout]                                at /rustc/82e1608dfa6e0b5569232559e3d385fea5a93112/library/std/src/thread/mod.rs:528:30
[INFO] [stdout]   52:     0x55a42d380397 - core::ops::function::FnOnce::call_once{{vtable.shim}}::h38f34da3654a8344
[INFO] [stdout]                                at /rustc/82e1608dfa6e0b5569232559e3d385fea5a93112/library/core/src/ops/function.rs:250:5
[INFO] [stdout]   53:     0x55a42e429145 - <alloc::boxed::Box<F,A> as core::ops::function::FnOnce<Args>>::call_once::hc7eafaff61e32df9
[INFO] [stdout]                                at /rustc/82e1608dfa6e0b5569232559e3d385fea5a93112/library/alloc/src/boxed.rs:2007:9
[INFO] [stdout]   54:     0x55a42e429145 - <alloc::boxed::Box<F,A> as core::ops::function::FnOnce<Args>>::call_once::h6ba4a5de48dd2304
[INFO] [stdout]                                at /rustc/82e1608dfa6e0b5569232559e3d385fea5a93112/library/alloc/src/boxed.rs:2007:9
[INFO] [stdout]   55:     0x55a42e429145 - std::sys::unix::thread::Thread::new::thread_start::he469335aef763e45
[INFO] [stdout]                                at /rustc/82e1608dfa6e0b5569232559e3d385fea5a93112/library/std/src/sys/unix/thread.rs:108:17
[INFO] [stdout]   56:     0x7f1797d0dac3 - <unknown>
[INFO] [stdout]   57:     0x7f1797d9ebf4 - __clone
[INFO] [stdout]   58:                0x0 - <unknown>
[INFO] [stdout] 
[INFO] [stdout] ---- tests_integration::register::register_sensor stdout ----
[INFO] [stdout] thread 'tests_integration::register::register_sensor' panicked at src/tests_integration/db_utils.rs:28:10:
[INFO] [stdout] drop 'temperature' collection: Error { kind: ServerSelection { message: "Server selection timeout: No available servers. Topology: { Type: Unknown, Servers: [ { Address: localhost:27017, Type: Unknown, Error: Cannot assign requested address (os error 99) }, ] }" }, labels: {}, wire_version: None, source: None }
[INFO] [stdout] stack backtrace:
[INFO] [stdout]    0:     0x55a42e42139c - std::backtrace_rs::backtrace::libunwind::trace::ha637c64ce894333a
[INFO] [stdout]                                at /rustc/82e1608dfa6e0b5569232559e3d385fea5a93112/library/std/src/../../backtrace/src/backtrace/libunwind.rs:104:5
[INFO] [stdout]    1:     0x55a42e42139c - std::backtrace_rs::backtrace::trace_unsynchronized::h47f62dea28e0c88d
[INFO] [stdout]                                at /rustc/82e1608dfa6e0b5569232559e3d385fea5a93112/library/std/src/../../backtrace/src/backtrace/mod.rs:66:5
[INFO] [stdout]    2:     0x55a42e42139c - std::sys_common::backtrace::_print_fmt::h9eef0abe20ede486
[INFO] [stdout]                                at /rustc/82e1608dfa6e0b5569232559e3d385fea5a93112/library/std/src/sys_common/backtrace.rs:67:5
[INFO] [stdout]    3:     0x55a42e42139c - <std::sys_common::backtrace::_print::DisplayBacktrace as core::fmt::Display>::fmt::hed7f999df88cc644
[INFO] [stdout]                                at /rustc/82e1608dfa6e0b5569232559e3d385fea5a93112/library/std/src/sys_common/backtrace.rs:44:22
[INFO] [stdout]    4:     0x55a42e452b80 - core::fmt::rt::Argument::fmt::h1539a9308b8d058d
[INFO] [stdout]                                at /rustc/82e1608dfa6e0b5569232559e3d385fea5a93112/library/core/src/fmt/rt.rs:142:9
[INFO] [stdout]    5:     0x55a42e452b80 - core::fmt::write::h3a39390d8560d9c9
[INFO] [stdout]                                at /rustc/82e1608dfa6e0b5569232559e3d385fea5a93112/library/core/src/fmt/mod.rs:1120:17
[INFO] [stdout]    6:     0x55a42e41e13f - std::io::Write::write_fmt::h040b369f3a0f9cbc
[INFO] [stdout]                                at /rustc/82e1608dfa6e0b5569232559e3d385fea5a93112/library/std/src/io/mod.rs:1762:15
[INFO] [stdout]    7:     0x55a42e421184 - std::sys_common::backtrace::_print::h894006fb5c6f3d45
[INFO] [stdout]                                at /rustc/82e1608dfa6e0b5569232559e3d385fea5a93112/library/std/src/sys_common/backtrace.rs:47:5
[INFO] [stdout]    8:     0x55a42e421184 - std::sys_common::backtrace::print::h23a2d212c6fff936
[INFO] [stdout]                                at /rustc/82e1608dfa6e0b5569232559e3d385fea5a93112/library/std/src/sys_common/backtrace.rs:34:9
[INFO] [stdout]    9:     0x55a42e422e47 - std::panicking::default_hook::{{closure}}::h8a1d2ee00185001a
[INFO] [stdout]   10:     0x55a42e422b33 - std::panicking::default_hook::h6038f2eba384e475
[INFO] [stdout]                                at /rustc/82e1608dfa6e0b5569232559e3d385fea5a93112/library/std/src/panicking.rs:289:9
[INFO] [stdout]   11:     0x55a42d3ae9b7 - <alloc::boxed::Box<F,A> as core::ops::function::Fn<Args>>::call::h0ad024c9bdc6d768
[INFO] [stdout]                                at /rustc/82e1608dfa6e0b5569232559e3d385fea5a93112/library/alloc/src/boxed.rs:2021:9
[INFO] [stdout]   12:     0x55a42d3ae9b7 - test::test_main::{{closure}}::h7500b54257359db6
[INFO] [stdout]                                at /rustc/82e1608dfa6e0b5569232559e3d385fea5a93112/library/test/src/lib.rs:138:21
[INFO] [stdout]   13:     0x55a42e423458 - <alloc::boxed::Box<F,A> as core::ops::function::Fn<Args>>::call::h1f8f335eaa9cfaee
[INFO] [stdout]                                at /rustc/82e1608dfa6e0b5569232559e3d385fea5a93112/library/alloc/src/boxed.rs:2021:9
[INFO] [stdout]   14:     0x55a42e423458 - std::panicking::rust_panic_with_hook::h2b5517d590cab22e
[INFO] [stdout]                                at /rustc/82e1608dfa6e0b5569232559e3d385fea5a93112/library/std/src/panicking.rs:783:13
[INFO] [stdout]   15:     0x55a42e4231ae - std::panicking::begin_panic_handler::{{closure}}::h233112c06e0ef43e
[INFO] [stdout]                                at /rustc/82e1608dfa6e0b5569232559e3d385fea5a93112/library/std/src/panicking.rs:657:13
[INFO] [stdout]   16:     0x55a42e421866 - std::sys_common::backtrace::__rust_end_short_backtrace::h6e893f24d7ebbff8
[INFO] [stdout]                                at /rustc/82e1608dfa6e0b5569232559e3d385fea5a93112/library/std/src/sys_common/backtrace.rs:170:18
[INFO] [stdout]   17:     0x55a42e422f12 - rust_begin_unwind
[INFO] [stdout]                                at /rustc/82e1608dfa6e0b5569232559e3d385fea5a93112/library/std/src/panicking.rs:645:5
[INFO] [stdout]   18:     0x55a42d2f1c35 - core::panicking::panic_fmt::hbf0e066aabfa482c
[INFO] [stdout]                                at /rustc/82e1608dfa6e0b5569232559e3d385fea5a93112/library/core/src/panicking.rs:72:14
[INFO] [stdout]   19:     0x55a42d2f2203 - core::result::unwrap_failed::hddb4fea594200c52
[INFO] [stdout]                                at /rustc/82e1608dfa6e0b5569232559e3d385fea5a93112/library/core/src/result.rs:1653:5
[INFO] [stdout]   20:     0x55a42d34d687 - core::result::Result<T,E>::expect::h7d0eb3ceeefede87
[INFO] [stdout]                                at /rustc/82e1608dfa6e0b5569232559e3d385fea5a93112/library/core/src/result.rs:1034:23
[INFO] [stdout]   21:     0x55a42d33b6b3 - register::tests_integration::db_utils::drop_all_collections::{{closure}}::h5c1196827b3a50b7
[INFO] [stdout]                                at /opt/rustwide/workdir/src/tests_integration/db_utils.rs:25:5
[INFO] [stdout]   22:     0x55a42d36d150 - register::tests_integration::register::register_sensor::{{closure}}::h0b526272b5d95ab0
[INFO] [stdout]                                at /opt/rustwide/workdir/src/tests_integration/register.rs:24:31
[INFO] [stdout]   23:     0x55a42d368d44 - tokio::runtime::park::CachedParkThread::block_on::{{closure}}::hc1c6dbb083b58412
[INFO] [stdout]                                at /opt/rustwide/cargo-home/registry/src/index.crates.io-6f17d22bba15001f/tokio-1.25.0/src/runtime/park.rs:283:63
[INFO] [stdout]   24:     0x55a42d365811 - tokio::runtime::coop::with_budget::he81da1b7ed1af6d6
[INFO] [stdout]                                at /opt/rustwide/cargo-home/registry/src/index.crates.io-6f17d22bba15001f/tokio-1.25.0/src/runtime/coop.rs:102:5
[INFO] [stdout]   25:     0x55a42d365811 - tokio::runtime::coop::budget::h2df8d11844d2c26a
[INFO] [stdout]                                at /opt/rustwide/cargo-home/registry/src/index.crates.io-6f17d22bba15001f/tokio-1.25.0/src/runtime/coop.rs:68:5
[INFO] [stdout]   26:     0x55a42d365811 - tokio::runtime::park::CachedParkThread::block_on::h298de63b38a2e34b
[INFO] [stdout]                                at /opt/rustwide/cargo-home/registry/src/index.crates.io-6f17d22bba15001f/tokio-1.25.0/src/runtime/park.rs:283:31
[INFO] [stdout]   27:     0x55a42d341f21 - tokio::runtime::context::BlockingRegionGuard::block_on::h886a8558aca3320b
[INFO] [stdout]                                at /opt/rustwide/cargo-home/registry/src/index.crates.io-6f17d22bba15001f/tokio-1.25.0/src/runtime/context.rs:315:13
[INFO] [stdout]   28:     0x55a42d34338d - tokio::runtime::scheduler::multi_thread::MultiThread::block_on::hb3eb1a454581444a
[INFO] [stdout]                                at /opt/rustwide/cargo-home/registry/src/index.crates.io-6f17d22bba15001f/tokio-1.25.0/src/runtime/scheduler/multi_thread/mod.rs:66:9
[INFO] [stdout]   29:     0x55a42d350cd7 - tokio::runtime::runtime::Runtime::block_on::h98066084bb12bc18
[INFO] [stdout]                                at /opt/rustwide/cargo-home/registry/src/index.crates.io-6f17d22bba15001f/tokio-1.25.0/src/runtime/runtime.rs:284:45
[INFO] [stdout]   30:     0x55a42d3335b2 - rocket::async_run::h563b99874357ca85
[INFO] [stdout]                                at /opt/rustwide/cargo-home/registry/src/index.crates.io-6f17d22bba15001f/rocket-0.5.0-rc.2/src/lib.rs:246:18
[INFO] [stdout]   31:     0x55a42d33308d - rocket::async_test::h83edcb375e1db2a1
[INFO] [stdout]                                at /opt/rustwide/cargo-home/registry/src/index.crates.io-6f17d22bba15001f/rocket-0.5.0-rc.2/src/lib.rs:257:5
[INFO] [stdout]   32:     0x55a42d36cb15 - register::tests_integration::register::register_sensor::h06081dba2f570df3
[INFO] [stdout]                                at /opt/rustwide/workdir/src/tests_integration/register.rs:20:28
[INFO] [stdout]   33:     0x55a42d36cac7 - register::tests_integration::register::register_sensor::{{closure}}::h504164d646d9b560
[INFO] [stdout]                                at /opt/rustwide/workdir/src/tests_integration/register.rs:20:27
[INFO] [stdout]   34:     0x55a42d308666 - core::ops::function::FnOnce::call_once::hfdfc7f28c9efcf06
[INFO] [stdout]                                at /rustc/82e1608dfa6e0b5569232559e3d385fea5a93112/library/core/src/ops/function.rs:250:5
[INFO] [stdout]   35:     0x55a42d3b400f - core::ops::function::FnOnce::call_once::h2b5d431d5046312d
[INFO] [stdout]                                at /rustc/82e1608dfa6e0b5569232559e3d385fea5a93112/library/core/src/ops/function.rs:250:5
[INFO] [stdout]   36:     0x55a42d3b400f - test::__rust_begin_short_backtrace::h7714669af176e207
[INFO] [stdout]                                at /rustc/82e1608dfa6e0b5569232559e3d385fea5a93112/library/test/src/lib.rs:628:18
[INFO] [stdout]   37:     0x55a42d3b3025 - test::run_test_in_process::{{closure}}::h85218797dcbcec12
[INFO] [stdout]                                at /rustc/82e1608dfa6e0b5569232559e3d385fea5a93112/library/test/src/lib.rs:651:60
[INFO] [stdout]   38:     0x55a42d3b3025 - <core::panic::unwind_safe::AssertUnwindSafe<F> as core::ops::function::FnOnce<()>>::call_once::h76c106ea31c14d7b
[INFO] [stdout]                                at /rustc/82e1608dfa6e0b5569232559e3d385fea5a93112/library/core/src/panic/unwind_safe.rs:272:9
[INFO] [stdout]   39:     0x55a42d3b3025 - std::panicking::try::do_call::h3bd5d0f6620ee946
[INFO] [stdout]                                at /rustc/82e1608dfa6e0b5569232559e3d385fea5a93112/library/std/src/panicking.rs:552:40
[INFO] [stdout]   40:     0x55a42d3b3025 - std::panicking::try::h232e535e4744fe31
[INFO] [stdout]                                at /rustc/82e1608dfa6e0b5569232559e3d385fea5a93112/library/std/src/panicking.rs:516:19
[INFO] [stdout]   41:     0x55a42d3b3025 - std::panic::catch_unwind::h3ce3bd6ca8dbac68
[INFO] [stdout]                                at /rustc/82e1608dfa6e0b5569232559e3d385fea5a93112/library/std/src/panic.rs:142:14
[INFO] [stdout]   42:     0x55a42d3b3025 - test::run_test_in_process::hc97b257c9621286a
[INFO] [stdout]                                at /rustc/82e1608dfa6e0b5569232559e3d385fea5a93112/library/test/src/lib.rs:651:27
[INFO] [stdout]   43:     0x55a42d3b3025 - test::run_test::{{closure}}::h2aa798823a438d38
[INFO] [stdout]                                at /rustc/82e1608dfa6e0b5569232559e3d385fea5a93112/library/test/src/lib.rs:574:43
[INFO] [stdout]   44:     0x55a42d37b2e6 - test::run_test::{{closure}}::h87d231c78fb59832
[INFO] [stdout]                                at /rustc/82e1608dfa6e0b5569232559e3d385fea5a93112/library/test/src/lib.rs:602:41
[INFO] [stdout]   45:     0x55a42d37b2e6 - std::sys_common::backtrace::__rust_begin_short_backtrace::he6df152596625789
[INFO] [stdout]                                at /rustc/82e1608dfa6e0b5569232559e3d385fea5a93112/library/std/src/sys_common/backtrace.rs:154:18
[INFO] [stdout]   46:     0x55a42d380397 - std::thread::Builder::spawn_unchecked_::{{closure}}::{{closure}}::ha94be15d1e0acf36
[INFO] [stdout]                                at /rustc/82e1608dfa6e0b5569232559e3d385fea5a93112/library/std/src/thread/mod.rs:529:17
[INFO] [stdout]   47:     0x55a42d380397 - <core::panic::unwind_safe::AssertUnwindSafe<F> as core::ops::function::FnOnce<()>>::call_once::h9dc6bd6372f16606
[INFO] [stdout]                                at /rustc/82e1608dfa6e0b5569232559e3d385fea5a93112/library/core/src/panic/unwind_safe.rs:272:9
[INFO] [stdout]   48:     0x55a42d380397 - std::panicking::try::do_call::h9057517f80303cd4
[INFO] [stdout]                                at /rustc/82e1608dfa6e0b5569232559e3d385fea5a93112/library/std/src/panicking.rs:552:40
[INFO] [stdout]   49:     0x55a42d380397 - std::panicking::try::he3a30b11ee45340c
[INFO] [stdout]                                at /rustc/82e1608dfa6e0b5569232559e3d385fea5a93112/library/std/src/panicking.rs:516:19
[INFO] [stdout]   50:     0x55a42d380397 - std::panic::catch_unwind::h410458cfd3528b8b
[INFO] [stdout]                                at /rustc/82e1608dfa6e0b5569232559e3d385fea5a93112/library/std/src/panic.rs:142:14
[INFO] [stdout]   51:     0x55a42d380397 - std::thread::Builder::spawn_unchecked_::{{closure}}::h72ac3bdb567b737b
[INFO] [stdout]                                at /rustc/82e1608dfa6e0b5569232559e3d385fea5a93112/library/std/src/thread/mod.rs:528:30
[INFO] [stdout]   52:     0x55a42d380397 - core::ops::function::FnOnce::call_once{{vtable.shim}}::h38f34da3654a8344
[INFO] [stdout]                                at /rustc/82e1608dfa6e0b5569232559e3d385fea5a93112/library/core/src/ops/function.rs:250:5
[INFO] [stdout]   53:     0x55a42e429145 - <alloc::boxed::Box<F,A> as core::ops::function::FnOnce<Args>>::call_once::hc7eafaff61e32df9
[INFO] [stdout]                                at /rustc/82e1608dfa6e0b5569232559e3d385fea5a93112/library/alloc/src/boxed.rs:2007:9
[INFO] [stdout]   54:     0x55a42e429145 - <alloc::boxed::Box<F,A> as core::ops::function::FnOnce<Args>>::call_once::h6ba4a5de48dd2304
[INFO] [stdout]                                at /rustc/82e1608dfa6e0b5569232559e3d385fea5a93112/library/alloc/src/boxed.rs:2007:9
[INFO] [stdout]   55:     0x55a42e429145 - std::sys::unix::thread::Thread::new::thread_start::he469335aef763e45
[INFO] [stdout]                                at /rustc/82e1608dfa6e0b5569232559e3d385fea5a93112/library/std/src/sys/unix/thread.rs:108:17
[INFO] [stdout]   56:     0x7f1797d0dac3 - <unknown>
[INFO] [stdout]   57:     0x7f1797d9ebf4 - __clone
[INFO] [stdout]   58:                0x0 - <unknown>
[INFO] [stdout] 
[INFO] [stdout] 
[INFO] [stdout] failures:
[INFO] [stdout]     tests_integration::register::get_float_sensor_value
[INFO] [stdout]     tests_integration::register::get_int_sensor_value
[INFO] [stdout]     tests_integration::register::register_sensor
[INFO] [stdout]     tests_integration::register::register_sensor_error
[INFO] [stdout] 
[INFO] [stdout] test result: FAILED. 3 passed; 4 failed; 0 ignored; 0 measured; 0 filtered out; finished in 30.07s
[INFO] [stdout] 
[INFO] [stderr] error: test failed, to rerun pass `--bin register`
[INFO] running `Command { std: "docker" "inspect" "d347aed845d52def93956cbca95d1b62e34c09617eaa1fd0a43b642ae46267fe", kill_on_drop: false }`
[INFO] running `Command { std: "docker" "rm" "-f" "d347aed845d52def93956cbca95d1b62e34c09617eaa1fd0a43b642ae46267fe", kill_on_drop: false }`
[INFO] [stdout] d347aed845d52def93956cbca95d1b62e34c09617eaa1fd0a43b642ae46267fe
