[INFO] cloning repository https://github.com/hollowness-inside/phyphox-rust-api
[INFO] running `Command { std: "git" "-c" "credential.helper=" "-c" "credential.helper=/workspace/cargo-home/bin/git-credential-null" "clone" "--bare" "https://github.com/hollowness-inside/phyphox-rust-api" "/workspace/cache/git-repos/https%3A%2F%2Fgithub.com%2Fhollowness-inside%2Fphyphox-rust-api", kill_on_drop: false }`
[INFO] [stderr] Cloning into bare repository '/workspace/cache/git-repos/https%3A%2F%2Fgithub.com%2Fhollowness-inside%2Fphyphox-rust-api'...
[INFO] running `Command { std: "git" "rev-parse" "HEAD", kill_on_drop: false }`
[INFO] [stdout] bc1b885fd175a7b9777a06977b494989cb6bf6c2
[INFO] testing hollowness-inside/phyphox-rust-api against 1.75.0 for beta-1.76-1
[INFO] running `Command { std: "git" "clone" "/workspace/cache/git-repos/https%3A%2F%2Fgithub.com%2Fhollowness-inside%2Fphyphox-rust-api" "/workspace/builds/worker-3-tc1/source", kill_on_drop: false }`
[INFO] [stderr] Cloning into '/workspace/builds/worker-3-tc1/source'...
[INFO] [stderr] done.
[INFO] validating manifest of git repo https://github.com/hollowness-inside/phyphox-rust-api on toolchain 1.75.0
[INFO] running `Command { std: CARGO_HOME="/workspace/cargo-home" RUSTUP_HOME="/workspace/rustup-home" "/workspace/cargo-home/bin/cargo" "+1.75.0" "metadata" "--manifest-path" "Cargo.toml" "--no-deps", kill_on_drop: false }`
[INFO] started tweaking git repo https://github.com/hollowness-inside/phyphox-rust-api
[INFO] finished tweaking git repo https://github.com/hollowness-inside/phyphox-rust-api
[INFO] tweaked toml for git repo https://github.com/hollowness-inside/phyphox-rust-api written to /workspace/builds/worker-3-tc1/source/Cargo.toml
[INFO] crate git repo https://github.com/hollowness-inside/phyphox-rust-api already has a lockfile, it will not be regenerated
[INFO] running `Command { std: CARGO_HOME="/workspace/cargo-home" RUSTUP_HOME="/workspace/rustup-home" "/workspace/cargo-home/bin/cargo" "+1.75.0" "fetch" "--manifest-path" "Cargo.toml", kill_on_drop: false }`
[INFO] running `Command { std: "docker" "create" "-v" "/var/lib/crater-agent-workspace/builds/worker-3-tc1/target:/opt/rustwide/target:rw,Z" "-v" "/var/lib/crater-agent-workspace/builds/worker-3-tc1/source:/opt/rustwide/workdir:ro,Z" "-v" "/var/lib/crater-agent-workspace/cargo-home:/opt/rustwide/cargo-home:ro,Z" "-v" "/var/lib/crater-agent-workspace/rustup-home:/opt/rustwide/rustup-home:ro,Z" "-e" "SOURCE_DIR=/opt/rustwide/workdir" "-e" "CARGO_TARGET_DIR=/opt/rustwide/target" "-e" "CARGO_HOME=/opt/rustwide/cargo-home" "-e" "RUSTUP_HOME=/opt/rustwide/rustup-home" "-w" "/opt/rustwide/workdir" "-m" "1610612736" "--user" "0:0" "--network" "none" "ghcr.io/rust-lang/crates-build-env/linux@sha256:2788e3201cd34a07e3172128adcd8b3090168a8e3bcc40d7c032b9dda1df7d1c" "/opt/rustwide/cargo-home/bin/cargo" "+1.75.0" "metadata" "--no-deps" "--format-version=1", kill_on_drop: false }`
[INFO] [stdout] b3740ff3fc96d4c4b4cbcd10841cbd3cf6d27ed4c0790ad3f6ffa7d7e4b9a3eb
[INFO] running `Command { std: "docker" "start" "-a" "b3740ff3fc96d4c4b4cbcd10841cbd3cf6d27ed4c0790ad3f6ffa7d7e4b9a3eb", kill_on_drop: false }`
[INFO] running `Command { std: "docker" "inspect" "b3740ff3fc96d4c4b4cbcd10841cbd3cf6d27ed4c0790ad3f6ffa7d7e4b9a3eb", kill_on_drop: false }`
[INFO] running `Command { std: "docker" "rm" "-f" "b3740ff3fc96d4c4b4cbcd10841cbd3cf6d27ed4c0790ad3f6ffa7d7e4b9a3eb", kill_on_drop: false }`
[INFO] [stdout] b3740ff3fc96d4c4b4cbcd10841cbd3cf6d27ed4c0790ad3f6ffa7d7e4b9a3eb
[INFO] running `Command { std: "docker" "create" "-v" "/var/lib/crater-agent-workspace/builds/worker-3-tc1/target:/opt/rustwide/target:rw,Z" "-v" "/var/lib/crater-agent-workspace/builds/worker-3-tc1/source:/opt/rustwide/workdir:ro,Z" "-v" "/var/lib/crater-agent-workspace/cargo-home:/opt/rustwide/cargo-home:ro,Z" "-v" "/var/lib/crater-agent-workspace/rustup-home:/opt/rustwide/rustup-home:ro,Z" "-e" "SOURCE_DIR=/opt/rustwide/workdir" "-e" "CARGO_TARGET_DIR=/opt/rustwide/target" "-e" "CARGO_INCREMENTAL=0" "-e" "RUST_BACKTRACE=full" "-e" "RUSTFLAGS=--cap-lints=warn" "-e" "RUSTDOCFLAGS=--cap-lints=warn" "-e" "CARGO_HOME=/opt/rustwide/cargo-home" "-e" "RUSTUP_HOME=/opt/rustwide/rustup-home" "-w" "/opt/rustwide/workdir" "-m" "1610612736" "--user" "0:0" "--network" "none" "ghcr.io/rust-lang/crates-build-env/linux@sha256:2788e3201cd34a07e3172128adcd8b3090168a8e3bcc40d7c032b9dda1df7d1c" "/opt/rustwide/cargo-home/bin/cargo" "+1.75.0" "build" "--frozen" "--message-format=json", kill_on_drop: false }`
[INFO] [stdout] c6c1b98bd34fb5a9c269aa237345fac592ab28f138c67d0afae01154c1362967
[INFO] running `Command { std: "docker" "start" "-a" "c6c1b98bd34fb5a9c269aa237345fac592ab28f138c67d0afae01154c1362967", kill_on_drop: false }`
[INFO] [stderr]    Compiling tokio v1.29.1
[INFO] [stderr]    Compiling futures-util v0.3.28
[INFO] [stderr]    Compiling tracing v0.1.37
[INFO] [stderr]    Compiling serde v1.0.176
[INFO] [stderr]    Compiling futures-io v0.3.28
[INFO] [stderr]    Compiling syn v2.0.27
[INFO] [stderr]    Compiling serde_json v1.0.104
[INFO] [stderr]    Compiling url v2.4.0
[INFO] [stderr]    Compiling openssl-macros v0.1.1
[INFO] [stderr]    Compiling serde_urlencoded v0.7.1
[INFO] [stderr]    Compiling openssl v0.10.55
[INFO] [stderr]    Compiling tokio-util v0.7.8
[INFO] [stderr]    Compiling h2 v0.3.20
[INFO] [stderr]    Compiling native-tls v0.2.11
[INFO] [stderr]    Compiling tokio-native-tls v0.3.1
[INFO] [stderr]    Compiling hyper v0.14.27
[INFO] [stderr]    Compiling hyper-tls v0.5.0
[INFO] [stderr]    Compiling reqwest v0.11.18
[INFO] [stderr]    Compiling phyphox_api v0.1.0 (/opt/rustwide/workdir)
[INFO] [stderr]     Finished dev [unoptimized + debuginfo] target(s) in 11.01s
[INFO] running `Command { std: "docker" "inspect" "c6c1b98bd34fb5a9c269aa237345fac592ab28f138c67d0afae01154c1362967", kill_on_drop: false }`
[INFO] running `Command { std: "docker" "rm" "-f" "c6c1b98bd34fb5a9c269aa237345fac592ab28f138c67d0afae01154c1362967", kill_on_drop: false }`
[INFO] [stdout] c6c1b98bd34fb5a9c269aa237345fac592ab28f138c67d0afae01154c1362967
[INFO] running `Command { std: "docker" "create" "-v" "/var/lib/crater-agent-workspace/builds/worker-3-tc1/target:/opt/rustwide/target:rw,Z" "-v" "/var/lib/crater-agent-workspace/builds/worker-3-tc1/source:/opt/rustwide/workdir:ro,Z" "-v" "/var/lib/crater-agent-workspace/cargo-home:/opt/rustwide/cargo-home:ro,Z" "-v" "/var/lib/crater-agent-workspace/rustup-home:/opt/rustwide/rustup-home:ro,Z" "-e" "SOURCE_DIR=/opt/rustwide/workdir" "-e" "CARGO_TARGET_DIR=/opt/rustwide/target" "-e" "CARGO_INCREMENTAL=0" "-e" "RUST_BACKTRACE=full" "-e" "RUSTFLAGS=--cap-lints=warn" "-e" "RUSTDOCFLAGS=--cap-lints=warn" "-e" "CARGO_HOME=/opt/rustwide/cargo-home" "-e" "RUSTUP_HOME=/opt/rustwide/rustup-home" "-w" "/opt/rustwide/workdir" "-m" "1610612736" "--user" "0:0" "--network" "none" "ghcr.io/rust-lang/crates-build-env/linux@sha256:2788e3201cd34a07e3172128adcd8b3090168a8e3bcc40d7c032b9dda1df7d1c" "/opt/rustwide/cargo-home/bin/cargo" "+1.75.0" "test" "--frozen" "--no-run" "--message-format=json", kill_on_drop: false }`
[INFO] [stdout] 9aa3c8db459ee7688570e6fdd7b82252632786fc42bb384f44469dbad8b23ca6
[INFO] running `Command { std: "docker" "start" "-a" "9aa3c8db459ee7688570e6fdd7b82252632786fc42bb384f44469dbad8b23ca6", kill_on_drop: false }`
[INFO] [stderr]    Compiling phyphox_api v0.1.0 (/opt/rustwide/workdir)
[INFO] [stderr]     Finished test [unoptimized + debuginfo] target(s) in 2.24s
[INFO] running `Command { std: "docker" "inspect" "9aa3c8db459ee7688570e6fdd7b82252632786fc42bb384f44469dbad8b23ca6", kill_on_drop: false }`
[INFO] running `Command { std: "docker" "rm" "-f" "9aa3c8db459ee7688570e6fdd7b82252632786fc42bb384f44469dbad8b23ca6", kill_on_drop: false }`
[INFO] [stdout] 9aa3c8db459ee7688570e6fdd7b82252632786fc42bb384f44469dbad8b23ca6
[INFO] running `Command { std: "docker" "create" "-v" "/var/lib/crater-agent-workspace/builds/worker-3-tc1/target:/opt/rustwide/target:rw,Z" "-v" "/var/lib/crater-agent-workspace/builds/worker-3-tc1/source:/opt/rustwide/workdir:ro,Z" "-v" "/var/lib/crater-agent-workspace/cargo-home:/opt/rustwide/cargo-home:ro,Z" "-v" "/var/lib/crater-agent-workspace/rustup-home:/opt/rustwide/rustup-home:ro,Z" "-e" "SOURCE_DIR=/opt/rustwide/workdir" "-e" "CARGO_TARGET_DIR=/opt/rustwide/target" "-e" "CARGO_INCREMENTAL=0" "-e" "RUST_BACKTRACE=full" "-e" "RUSTFLAGS=--cap-lints=warn" "-e" "RUSTDOCFLAGS=--cap-lints=warn" "-e" "CARGO_HOME=/opt/rustwide/cargo-home" "-e" "RUSTUP_HOME=/opt/rustwide/rustup-home" "-w" "/opt/rustwide/workdir" "-m" "1610612736" "--user" "0:0" "--network" "none" "ghcr.io/rust-lang/crates-build-env/linux@sha256:2788e3201cd34a07e3172128adcd8b3090168a8e3bcc40d7c032b9dda1df7d1c" "/opt/rustwide/cargo-home/bin/cargo" "+1.75.0" "test" "--frozen", kill_on_drop: false }`
[INFO] [stdout] 8dcfa6b1c8ea671524d126ef2c84451e07d163c276f01ca86acd2366bf11b63a
[INFO] running `Command { std: "docker" "start" "-a" "8dcfa6b1c8ea671524d126ef2c84451e07d163c276f01ca86acd2366bf11b63a", kill_on_drop: false }`
[INFO] [stderr]     Finished test [unoptimized + debuginfo] target(s) in 0.06s
[INFO] [stderr]      Running unittests src/lib.rs (/opt/rustwide/target/debug/deps/phyphox_api-c3eeebb87f1fa9af)
[INFO] [stdout] 
[INFO] [stdout] running 0 tests
[INFO] [stdout] 
[INFO] [stdout] test result: ok. 0 passed; 0 failed; 0 ignored; 0 measured; 0 filtered out; finished in 0.00s
[INFO] [stdout] 
[INFO] [stderr]    Doc-tests phyphox_api
[INFO] [stdout] 
[INFO] [stdout] running 6 tests
[INFO] [stdout] test src/phyphox.rs - phyphox::Phyphox::retrieve (line 46) ... FAILED
[INFO] [stdout] test src/phyphox.rs - phyphox::Phyphox::control (line 123) ... FAILED
[INFO] [stdout] test src/client.rs - client::PhyphoxClient::register (line 27) ... FAILED
[INFO] [stdout] test src/client.rs - client::PhyphoxClient::get (line 95) ... FAILED
[INFO] [stdout] test src/client.rs - client::PhyphoxClient::control (line 112) ... FAILED
[INFO] [stdout] test src/client.rs - client::PhyphoxClient::retrieve (line 47) ... FAILED
[INFO] [stdout] 
[INFO] [stdout] failures:
[INFO] [stdout] 
[INFO] [stdout] ---- src/phyphox.rs - phyphox::Phyphox::retrieve (line 46) stdout ----
[INFO] [stdout] error[E0433]: failed to resolve: use of undeclared type `Phyphox`
[INFO] [stdout]  --> src/phyphox.rs:47:19
[INFO] [stdout]   |
[INFO] [stdout] 3 | let mut phyphox = Phyphox::new("127.0.0.1:8080");
[INFO] [stdout]   |                   ^^^^^^^ use of undeclared type `Phyphox`
[INFO] [stdout]   |
[INFO] [stdout] help: consider importing this struct
[INFO] [stdout]   |
[INFO] [stdout] 2 + use phyphox_api::Phyphox;
[INFO] [stdout]   |
[INFO] [stdout] 
[INFO] [stdout] error[E0433]: failed to resolve: use of undeclared type `XYZSensorName`
[INFO] [stdout]  --> src/phyphox.rs:49:30
[INFO] [stdout]   |
[INFO] [stdout] 5 | let mag = phyphox.xyz_sensor(XYZSensorName::Magnetometer);
[INFO] [stdout]   |                              ^^^^^^^^^^^^^ use of undeclared type `XYZSensorName`
[INFO] [stdout]   |
[INFO] [stdout] help: consider importing this enum
[INFO] [stdout]   |
[INFO] [stdout] 2 + use phyphox_api::sensors::XYZSensorName;
[INFO] [stdout]   |
[INFO] [stdout] 
[INFO] [stdout] error: aborting due to 2 previous errors
[INFO] [stdout] 
[INFO] [stdout] For more information about this error, try `rustc --explain E0433`.
[INFO] [stdout] Couldn't compile the test.
[INFO] [stdout] ---- src/phyphox.rs - phyphox::Phyphox::control (line 123) stdout ----
[INFO] [stdout] error[E0433]: failed to resolve: use of undeclared type `Phyphox`
[INFO] [stdout]  --> src/phyphox.rs:124:19
[INFO] [stdout]   |
[INFO] [stdout] 3 | let mut phyphox = Phyphox::new("127.0.0.1:8080");
[INFO] [stdout]   |                   ^^^^^^^ use of undeclared type `Phyphox`
[INFO] [stdout]   |
[INFO] [stdout] help: consider importing this struct
[INFO] [stdout]   |
[INFO] [stdout] 2 + use phyphox_api::Phyphox;
[INFO] [stdout]   |
[INFO] [stdout] 
[INFO] [stdout] error: aborting due to previous error
[INFO] [stdout] 
[INFO] [stdout] For more information about this error, try `rustc --explain E0433`.
[INFO] [stdout] Couldn't compile the test.
[INFO] [stdout] ---- src/client.rs - client::PhyphoxClient::register (line 27) stdout ----
[INFO] [stdout] error[E0433]: failed to resolve: use of undeclared type `PhyphoxClient`
[INFO] [stdout]  --> src/client.rs:28:19
[INFO] [stdout]   |
[INFO] [stdout] 3 | let mut phyphox = PhyphoxClient::new("127.0.0.1:8080");
[INFO] [stdout]   |                   ^^^^^^^^^^^^^ use of undeclared type `PhyphoxClient`
[INFO] [stdout]   |
[INFO] [stdout] help: consider importing this struct
[INFO] [stdout]   |
[INFO] [stdout] 2 + use phyphox_api::PhyphoxClient;
[INFO] [stdout]   |
[INFO] [stdout] 
[INFO] [stdout] error[E0433]: failed to resolve: use of undeclared type `Variables`
[INFO] [stdout]  --> src/client.rs:29:18
[INFO] [stdout]   |
[INFO] [stdout] 4 | phyphox.register(Variables::AccelerationX);
[INFO] [stdout]   |                  ^^^^^^^^^ use of undeclared type `Variables`
[INFO] [stdout]   |
[INFO] [stdout] help: consider importing this enum
[INFO] [stdout]   |
[INFO] [stdout] 2 + use phyphox_api::Variables;
[INFO] [stdout]   |
[INFO] [stdout] 
[INFO] [stdout] error[E0433]: failed to resolve: use of undeclared type `Variables`
[INFO] [stdout]  --> src/client.rs:30:18
[INFO] [stdout]   |
[INFO] [stdout] 5 | phyphox.register(Variables::AccelerationY);
[INFO] [stdout]   |                  ^^^^^^^^^ use of undeclared type `Variables`
[INFO] [stdout]   |
[INFO] [stdout] help: consider importing this enum
[INFO] [stdout]   |
[INFO] [stdout] 2 + use phyphox_api::Variables;
[INFO] [stdout]   |
[INFO] [stdout] 
[INFO] [stdout] error: aborting due to 3 previous errors
[INFO] [stdout] 
[INFO] [stdout] For more information about this error, try `rustc --explain E0433`.
[INFO] [stdout] Couldn't compile the test.
[INFO] [stdout] ---- src/client.rs - client::PhyphoxClient::get (line 95) stdout ----
[INFO] [stdout] error[E0433]: failed to resolve: use of undeclared type `PhyphoxClient`
[INFO] [stdout]  --> src/client.rs:96:19
[INFO] [stdout]   |
[INFO] [stdout] 3 | let mut phyphox = PhyphoxClient::new("127.0.0.1:8080");
[INFO] [stdout]   |                   ^^^^^^^^^^^^^ use of undeclared type `PhyphoxClient`
[INFO] [stdout]   |
[INFO] [stdout] help: consider importing this struct
[INFO] [stdout]   |
[INFO] [stdout] 2 + use phyphox_api::PhyphoxClient;
[INFO] [stdout]   |
[INFO] [stdout] 
[INFO] [stdout] error[E0433]: failed to resolve: use of undeclared type `Variables`
[INFO] [stdout]  --> src/client.rs:97:18
[INFO] [stdout]   |
[INFO] [stdout] 4 | phyphox.register(Variables::Light);
[INFO] [stdout]   |                  ^^^^^^^^^ use of undeclared type `Variables`
[INFO] [stdout]   |
[INFO] [stdout] help: consider importing this enum
[INFO] [stdout]   |
[INFO] [stdout] 2 + use phyphox_api::Variables;
[INFO] [stdout]   |
[INFO] [stdout] 
[INFO] [stdout] error[E0433]: failed to resolve: use of undeclared type `Variables`
[INFO] [stdout]  --> src/client.rs:100:25
[INFO] [stdout]   |
[INFO] [stdout] 7 | let light = phyphox.get(Variables::Light)?;
[INFO] [stdout]   |                         ^^^^^^^^^ use of undeclared type `Variables`
[INFO] [stdout]   |
[INFO] [stdout] help: consider importing this enum
[INFO] [stdout]   |
[INFO] [stdout] 2 + use phyphox_api::Variables;
[INFO] [stdout]   |
[INFO] [stdout] 
[INFO] [stdout] error: aborting due to 3 previous errors
[INFO] [stdout] 
[INFO] [stdout] For more information about this error, try `rustc --explain E0433`.
[INFO] [stdout] Couldn't compile the test.
[INFO] [stdout] ---- src/client.rs - client::PhyphoxClient::control (line 112) stdout ----
[INFO] [stdout] error[E0433]: failed to resolve: use of undeclared type `PhyphoxClient`
[INFO] [stdout]  --> src/client.rs:113:19
[INFO] [stdout]   |
[INFO] [stdout] 3 | let mut phyphox = PhyphoxClient::new("127.0.0.1:8080");
[INFO] [stdout]   |                   ^^^^^^^^^^^^^ use of undeclared type `PhyphoxClient`
[INFO] [stdout]   |
[INFO] [stdout] help: consider importing this struct
[INFO] [stdout]   |
[INFO] [stdout] 2 + use phyphox_api::PhyphoxClient;
[INFO] [stdout]   |
[INFO] [stdout] 
[INFO] [stdout] error: aborting due to previous error
[INFO] [stdout] 
[INFO] [stdout] For more information about this error, try `rustc --explain E0433`.
[INFO] [stdout] Couldn't compile the test.
[INFO] [stdout] ---- src/client.rs - client::PhyphoxClient::retrieve (line 47) stdout ----
[INFO] [stdout] error[E0433]: failed to resolve: use of undeclared type `PhyphoxClient`
[INFO] [stdout]  --> src/client.rs:48:19
[INFO] [stdout]   |
[INFO] [stdout] 3 | let mut phyphox = PhyphoxClient::new("127.0.0.1:8080");
[INFO] [stdout]   |                   ^^^^^^^^^^^^^ use of undeclared type `PhyphoxClient`
[INFO] [stdout]   |
[INFO] [stdout] help: consider importing this struct
[INFO] [stdout]   |
[INFO] [stdout] 2 + use phyphox_api::PhyphoxClient;
[INFO] [stdout]   |
[INFO] [stdout] 
[INFO] [stdout] error[E0433]: failed to resolve: use of undeclared type `Variables`
[INFO] [stdout]  --> src/client.rs:49:18
[INFO] [stdout]   |
[INFO] [stdout] 4 | phyphox.register(Variables::AccelerationX);
[INFO] [stdout]   |                  ^^^^^^^^^ use of undeclared type `Variables`
[INFO] [stdout]   |
[INFO] [stdout] help: consider importing this enum
[INFO] [stdout]   |
[INFO] [stdout] 2 + use phyphox_api::Variables;
[INFO] [stdout]   |
[INFO] [stdout] 
[INFO] [stdout] error[E0433]: failed to resolve: use of undeclared type `Variables`
[INFO] [stdout]  --> src/client.rs:50:18
[INFO] [stdout]   |
[INFO] [stdout] 5 | phyphox.register(Variables::AccelerationY);
[INFO] [stdout]   |                  ^^^^^^^^^ use of undeclared type `Variables`
[INFO] [stdout]   |
[INFO] [stdout] help: consider importing this enum
[INFO] [stdout]   |
[INFO] [stdout] 2 + use phyphox_api::Variables;
[INFO] [stdout]   |
[INFO] [stdout] 
[INFO] [stdout] error[E0433]: failed to resolve: use of undeclared type `Variables`
[INFO] [stdout]   --> src/client.rs:56:25
[INFO] [stdout]    |
[INFO] [stdout] 11 |     let x = phyphox.get(Variables::AccelerationX)?;
[INFO] [stdout]    |                         ^^^^^^^^^ use of undeclared type `Variables`
[INFO] [stdout]    |
[INFO] [stdout] help: consider importing this enum
[INFO] [stdout]    |
[INFO] [stdout] 2  + use phyphox_api::Variables;
[INFO] [stdout]    |
[INFO] [stdout] 
[INFO] [stdout] error[E0433]: failed to resolve: use of undeclared type `Variables`
[INFO] [stdout]   --> src/client.rs:57:25
[INFO] [stdout]    |
[INFO] [stdout] 12 |     let y = phyphox.get(Variables::AccelerationY)?;
[INFO] [stdout]    |                         ^^^^^^^^^ use of undeclared type `Variables`
[INFO] [stdout]    |
[INFO] [stdout] help: consider importing this enum
[INFO] [stdout]    |
[INFO] [stdout] 2  + use phyphox_api::Variables;
[INFO] [stdout]    |
[INFO] [stdout] 
[INFO] [stdout] error: aborting due to 5 previous errors
[INFO] [stdout] 
[INFO] [stdout] For more information about this error, try `rustc --explain E0433`.
[INFO] [stdout] Couldn't compile the test.
[INFO] [stdout] 
[INFO] [stdout] failures:
[INFO] [stdout]     src/client.rs - client::PhyphoxClient::control (line 112)
[INFO] [stdout]     src/client.rs - client::PhyphoxClient::get (line 95)
[INFO] [stdout]     src/client.rs - client::PhyphoxClient::register (line 27)
[INFO] [stdout]     src/client.rs - client::PhyphoxClient::retrieve (line 47)
[INFO] [stdout]     src/phyphox.rs - phyphox::Phyphox::control (line 123)
[INFO] [stdout]     src/phyphox.rs - phyphox::Phyphox::retrieve (line 46)
[INFO] [stdout] 
[INFO] [stdout] test result: FAILED. 0 passed; 6 failed; 0 ignored; 0 measured; 0 filtered out; finished in 0.06s
[INFO] [stdout] 
[INFO] [stderr] error: doctest failed, to rerun pass `--doc`
[INFO] running `Command { std: "docker" "inspect" "8dcfa6b1c8ea671524d126ef2c84451e07d163c276f01ca86acd2366bf11b63a", kill_on_drop: false }`
[INFO] running `Command { std: "docker" "rm" "-f" "8dcfa6b1c8ea671524d126ef2c84451e07d163c276f01ca86acd2366bf11b63a", kill_on_drop: false }`
[INFO] [stdout] 8dcfa6b1c8ea671524d126ef2c84451e07d163c276f01ca86acd2366bf11b63a
[INFO] testing hollowness-inside/phyphox-rust-api against beta-2023-12-22 for beta-1.76-1
[INFO] running `Command { std: "git" "clone" "/workspace/cache/git-repos/https%3A%2F%2Fgithub.com%2Fhollowness-inside%2Fphyphox-rust-api" "/workspace/builds/worker-3-tc2/source", kill_on_drop: false }`
[INFO] [stderr] Cloning into '/workspace/builds/worker-3-tc2/source'...
[INFO] [stderr] done.
[INFO] validating manifest of git repo https://github.com/hollowness-inside/phyphox-rust-api on toolchain beta-2023-12-22
[INFO] running `Command { std: CARGO_HOME="/workspace/cargo-home" RUSTUP_HOME="/workspace/rustup-home" "/workspace/cargo-home/bin/cargo" "+beta-2023-12-22" "metadata" "--manifest-path" "Cargo.toml" "--no-deps", kill_on_drop: false }`
[INFO] started tweaking git repo https://github.com/hollowness-inside/phyphox-rust-api
[INFO] finished tweaking git repo https://github.com/hollowness-inside/phyphox-rust-api
[INFO] tweaked toml for git repo https://github.com/hollowness-inside/phyphox-rust-api written to /workspace/builds/worker-3-tc2/source/Cargo.toml
[INFO] crate git repo https://github.com/hollowness-inside/phyphox-rust-api already has a lockfile, it will not be regenerated
[INFO] running `Command { std: CARGO_HOME="/workspace/cargo-home" RUSTUP_HOME="/workspace/rustup-home" "/workspace/cargo-home/bin/cargo" "+beta-2023-12-22" "fetch" "--manifest-path" "Cargo.toml", kill_on_drop: false }`
[INFO] running `Command { std: "docker" "create" "-v" "/var/lib/crater-agent-workspace/builds/worker-3-tc2/target:/opt/rustwide/target:rw,Z" "-v" "/var/lib/crater-agent-workspace/builds/worker-3-tc2/source:/opt/rustwide/workdir:ro,Z" "-v" "/var/lib/crater-agent-workspace/cargo-home:/opt/rustwide/cargo-home:ro,Z" "-v" "/var/lib/crater-agent-workspace/rustup-home:/opt/rustwide/rustup-home:ro,Z" "-e" "SOURCE_DIR=/opt/rustwide/workdir" "-e" "CARGO_TARGET_DIR=/opt/rustwide/target" "-e" "CARGO_HOME=/opt/rustwide/cargo-home" "-e" "RUSTUP_HOME=/opt/rustwide/rustup-home" "-w" "/opt/rustwide/workdir" "-m" "1610612736" "--user" "0:0" "--network" "none" "ghcr.io/rust-lang/crates-build-env/linux@sha256:2788e3201cd34a07e3172128adcd8b3090168a8e3bcc40d7c032b9dda1df7d1c" "/opt/rustwide/cargo-home/bin/cargo" "+beta-2023-12-22" "metadata" "--no-deps" "--format-version=1", kill_on_drop: false }`
[INFO] [stdout] 8e282d60e2973964265f0320f166fb015f0edac11e2d5eea2c80aa98206c089d
[INFO] running `Command { std: "docker" "start" "-a" "8e282d60e2973964265f0320f166fb015f0edac11e2d5eea2c80aa98206c089d", kill_on_drop: false }`
[INFO] running `Command { std: "docker" "inspect" "8e282d60e2973964265f0320f166fb015f0edac11e2d5eea2c80aa98206c089d", kill_on_drop: false }`
[INFO] running `Command { std: "docker" "rm" "-f" "8e282d60e2973964265f0320f166fb015f0edac11e2d5eea2c80aa98206c089d", kill_on_drop: false }`
[INFO] [stdout] 8e282d60e2973964265f0320f166fb015f0edac11e2d5eea2c80aa98206c089d
[INFO] running `Command { std: "docker" "create" "-v" "/var/lib/crater-agent-workspace/builds/worker-3-tc2/target:/opt/rustwide/target:rw,Z" "-v" "/var/lib/crater-agent-workspace/builds/worker-3-tc2/source:/opt/rustwide/workdir:ro,Z" "-v" "/var/lib/crater-agent-workspace/cargo-home:/opt/rustwide/cargo-home:ro,Z" "-v" "/var/lib/crater-agent-workspace/rustup-home:/opt/rustwide/rustup-home:ro,Z" "-e" "SOURCE_DIR=/opt/rustwide/workdir" "-e" "CARGO_TARGET_DIR=/opt/rustwide/target" "-e" "CARGO_INCREMENTAL=0" "-e" "RUST_BACKTRACE=full" "-e" "RUSTFLAGS=--cap-lints=warn" "-e" "RUSTDOCFLAGS=--cap-lints=warn" "-e" "CARGO_HOME=/opt/rustwide/cargo-home" "-e" "RUSTUP_HOME=/opt/rustwide/rustup-home" "-w" "/opt/rustwide/workdir" "-m" "1610612736" "--user" "0:0" "--network" "none" "ghcr.io/rust-lang/crates-build-env/linux@sha256:2788e3201cd34a07e3172128adcd8b3090168a8e3bcc40d7c032b9dda1df7d1c" "/opt/rustwide/cargo-home/bin/cargo" "+beta-2023-12-22" "build" "--frozen" "--message-format=json", kill_on_drop: false }`
[INFO] [stdout] 871d6ca2daa9762db2f4968eafe4ff71b92fff2a3e9345027e8379eb2a5dcea7
[INFO] running `Command { std: "docker" "start" "-a" "871d6ca2daa9762db2f4968eafe4ff71b92fff2a3e9345027e8379eb2a5dcea7", kill_on_drop: false }`
[INFO] [stderr]    Compiling tokio v1.29.1
[INFO] [stderr]    Compiling futures-util v0.3.28
[INFO] [stderr]    Compiling tracing v0.1.37
[INFO] [stderr]    Compiling futures-io v0.3.28
[INFO] [stderr]    Compiling serde v1.0.176
[INFO] [stderr]    Compiling syn v2.0.27
[INFO] [stderr]    Compiling serde_json v1.0.104
[INFO] [stderr]    Compiling url v2.4.0
[INFO] [stderr]    Compiling serde_urlencoded v0.7.1
[INFO] [stderr]    Compiling openssl-macros v0.1.1
[INFO] [stderr]    Compiling openssl v0.10.55
[INFO] [stderr]    Compiling tokio-util v0.7.8
[INFO] [stderr]    Compiling h2 v0.3.20
[INFO] [stderr]    Compiling native-tls v0.2.11
[INFO] [stderr]    Compiling tokio-native-tls v0.3.1
[INFO] [stderr]    Compiling hyper v0.14.27
[INFO] [stderr]    Compiling hyper-tls v0.5.0
[INFO] [stderr]    Compiling reqwest v0.11.18
[INFO] [stderr]    Compiling phyphox_api v0.1.0 (/opt/rustwide/workdir)
[INFO] [stderr]     Finished dev [unoptimized + debuginfo] target(s) in 12.35s
[INFO] running `Command { std: "docker" "inspect" "871d6ca2daa9762db2f4968eafe4ff71b92fff2a3e9345027e8379eb2a5dcea7", kill_on_drop: false }`
[INFO] running `Command { std: "docker" "rm" "-f" "871d6ca2daa9762db2f4968eafe4ff71b92fff2a3e9345027e8379eb2a5dcea7", kill_on_drop: false }`
[INFO] [stdout] 871d6ca2daa9762db2f4968eafe4ff71b92fff2a3e9345027e8379eb2a5dcea7
[INFO] running `Command { std: "docker" "create" "-v" "/var/lib/crater-agent-workspace/builds/worker-3-tc2/target:/opt/rustwide/target:rw,Z" "-v" "/var/lib/crater-agent-workspace/builds/worker-3-tc2/source:/opt/rustwide/workdir:ro,Z" "-v" "/var/lib/crater-agent-workspace/cargo-home:/opt/rustwide/cargo-home:ro,Z" "-v" "/var/lib/crater-agent-workspace/rustup-home:/opt/rustwide/rustup-home:ro,Z" "-e" "SOURCE_DIR=/opt/rustwide/workdir" "-e" "CARGO_TARGET_DIR=/opt/rustwide/target" "-e" "CARGO_INCREMENTAL=0" "-e" "RUST_BACKTRACE=full" "-e" "RUSTFLAGS=--cap-lints=warn" "-e" "RUSTDOCFLAGS=--cap-lints=warn" "-e" "CARGO_HOME=/opt/rustwide/cargo-home" "-e" "RUSTUP_HOME=/opt/rustwide/rustup-home" "-w" "/opt/rustwide/workdir" "-m" "1610612736" "--user" "0:0" "--network" "none" "ghcr.io/rust-lang/crates-build-env/linux@sha256:2788e3201cd34a07e3172128adcd8b3090168a8e3bcc40d7c032b9dda1df7d1c" "/opt/rustwide/cargo-home/bin/cargo" "+beta-2023-12-22" "test" "--frozen" "--no-run" "--message-format=json", kill_on_drop: false }`
[INFO] [stdout] f220d4ebc4dfd02c04068a012bd4ac0f8f08cd86db32e987ccac24999358134b
[INFO] running `Command { std: "docker" "start" "-a" "f220d4ebc4dfd02c04068a012bd4ac0f8f08cd86db32e987ccac24999358134b", kill_on_drop: false }`
[INFO] [stderr]    Compiling phyphox_api v0.1.0 (/opt/rustwide/workdir)
[INFO] [stderr]     Finished test [unoptimized + debuginfo] target(s) in 1.92s
[INFO] running `Command { std: "docker" "inspect" "f220d4ebc4dfd02c04068a012bd4ac0f8f08cd86db32e987ccac24999358134b", kill_on_drop: false }`
[INFO] running `Command { std: "docker" "rm" "-f" "f220d4ebc4dfd02c04068a012bd4ac0f8f08cd86db32e987ccac24999358134b", kill_on_drop: false }`
[INFO] [stdout] f220d4ebc4dfd02c04068a012bd4ac0f8f08cd86db32e987ccac24999358134b
[INFO] running `Command { std: "docker" "create" "-v" "/var/lib/crater-agent-workspace/builds/worker-3-tc2/target:/opt/rustwide/target:rw,Z" "-v" "/var/lib/crater-agent-workspace/builds/worker-3-tc2/source:/opt/rustwide/workdir:ro,Z" "-v" "/var/lib/crater-agent-workspace/cargo-home:/opt/rustwide/cargo-home:ro,Z" "-v" "/var/lib/crater-agent-workspace/rustup-home:/opt/rustwide/rustup-home:ro,Z" "-e" "SOURCE_DIR=/opt/rustwide/workdir" "-e" "CARGO_TARGET_DIR=/opt/rustwide/target" "-e" "CARGO_INCREMENTAL=0" "-e" "RUST_BACKTRACE=full" "-e" "RUSTFLAGS=--cap-lints=warn" "-e" "RUSTDOCFLAGS=--cap-lints=warn" "-e" "CARGO_HOME=/opt/rustwide/cargo-home" "-e" "RUSTUP_HOME=/opt/rustwide/rustup-home" "-w" "/opt/rustwide/workdir" "-m" "1610612736" "--user" "0:0" "--network" "none" "ghcr.io/rust-lang/crates-build-env/linux@sha256:2788e3201cd34a07e3172128adcd8b3090168a8e3bcc40d7c032b9dda1df7d1c" "/opt/rustwide/cargo-home/bin/cargo" "+beta-2023-12-22" "test" "--frozen", kill_on_drop: false }`
[INFO] [stdout] 35f6edec78a89dd37c399cb69f73ba0b8942199004883d9e1b4db45db489a17d
[INFO] running `Command { std: "docker" "start" "-a" "35f6edec78a89dd37c399cb69f73ba0b8942199004883d9e1b4db45db489a17d", kill_on_drop: false }`
[INFO] [stderr]     Finished test [unoptimized + debuginfo] target(s) in 0.09s
[INFO] [stderr]      Running unittests src/lib.rs (/opt/rustwide/target/debug/deps/phyphox_api-7db0953aa5b1c549)
[INFO] [stdout] 
[INFO] [stdout] running 0 tests
[INFO] [stdout] 
[INFO] [stdout] test result: ok. 0 passed; 0 failed; 0 ignored; 0 measured; 0 filtered out; finished in 0.00s
[INFO] [stdout] 
[INFO] [stderr]    Doc-tests phyphox_api
[INFO] [stdout] 
[INFO] [stdout] running 6 tests
[INFO] [stdout] test src/client.rs - client::PhyphoxClient::control (line 112) ... FAILED
[INFO] [stdout] test src/client.rs - client::PhyphoxClient::register (line 27) ... FAILED
[INFO] [stdout] test src/phyphox.rs - phyphox::Phyphox::control (line 123) ... FAILED
[INFO] [stdout] test src/client.rs - client::PhyphoxClient::retrieve (line 47) ... FAILED
[INFO] [stdout] test src/client.rs - client::PhyphoxClient::get (line 95) ... FAILED
[INFO] [stdout] test src/phyphox.rs - phyphox::Phyphox::retrieve (line 46) ... FAILED
[INFO] [stdout] 
[INFO] [stdout] failures:
[INFO] [stdout] 
[INFO] [stdout] ---- src/client.rs - client::PhyphoxClient::control (line 112) stdout ----
[INFO] [stdout] error[E0433]: failed to resolve: use of undeclared type `PhyphoxClient`
[INFO] [stdout]  --> src/client.rs:113:19
[INFO] [stdout]   |
[INFO] [stdout] 3 | let mut phyphox = PhyphoxClient::new("127.0.0.1:8080");
[INFO] [stdout]   |                   ^^^^^^^^^^^^^ use of undeclared type `PhyphoxClient`
[INFO] [stdout]   |
[INFO] [stdout] help: consider importing this struct
[INFO] [stdout]   |
[INFO] [stdout] 2 + use phyphox_api::PhyphoxClient;
[INFO] [stdout]   |
[INFO] [stdout] 
[INFO] [stdout] error: aborting due to 1 previous error
[INFO] [stdout] 
[INFO] [stdout] For more information about this error, try `rustc --explain E0433`.
[INFO] [stdout] Couldn't compile the test.
[INFO] [stdout] ---- src/client.rs - client::PhyphoxClient::register (line 27) stdout ----
[INFO] [stdout] error[E0433]: failed to resolve: use of undeclared type `PhyphoxClient`
[INFO] [stdout]  --> src/client.rs:28:19
[INFO] [stdout]   |
[INFO] [stdout] 3 | let mut phyphox = PhyphoxClient::new("127.0.0.1:8080");
[INFO] [stdout]   |                   ^^^^^^^^^^^^^ use of undeclared type `PhyphoxClient`
[INFO] [stdout]   |
[INFO] [stdout] help: consider importing this struct
[INFO] [stdout]   |
[INFO] [stdout] 2 + use phyphox_api::PhyphoxClient;
[INFO] [stdout]   |
[INFO] [stdout] 
[INFO] [stdout] error[E0433]: failed to resolve: use of undeclared type `Variables`
[INFO] [stdout]  --> src/client.rs:29:18
[INFO] [stdout]   |
[INFO] [stdout] 4 | phyphox.register(Variables::AccelerationX);
[INFO] [stdout]   |                  ^^^^^^^^^ use of undeclared type `Variables`
[INFO] [stdout]   |
[INFO] [stdout] help: consider importing this enum
[INFO] [stdout]   |
[INFO] [stdout] 2 + use phyphox_api::Variables;
[INFO] [stdout]   |
[INFO] [stdout] 
[INFO] [stdout] error[E0433]: failed to resolve: use of undeclared type `Variables`
[INFO] [stdout]  --> src/client.rs:30:18
[INFO] [stdout]   |
[INFO] [stdout] 5 | phyphox.register(Variables::AccelerationY);
[INFO] [stdout]   |                  ^^^^^^^^^ use of undeclared type `Variables`
[INFO] [stdout]   |
[INFO] [stdout] help: consider importing this enum
[INFO] [stdout]   |
[INFO] [stdout] 2 + use phyphox_api::Variables;
[INFO] [stdout]   |
[INFO] [stdout] 
[INFO] [stdout] error: aborting due to 3 previous errors
[INFO] [stdout] 
[INFO] [stdout] For more information about this error, try `rustc --explain E0433`.
[INFO] [stdout] Couldn't compile the test.
[INFO] [stdout] ---- src/phyphox.rs - phyphox::Phyphox::control (line 123) stdout ----
[INFO] [stdout] error[E0433]: failed to resolve: use of undeclared type `Phyphox`
[INFO] [stdout]  --> src/phyphox.rs:124:19
[INFO] [stdout]   |
[INFO] [stdout] 3 | let mut phyphox = Phyphox::new("127.0.0.1:8080");
[INFO] [stdout]   |                   ^^^^^^^ use of undeclared type `Phyphox`
[INFO] [stdout]   |
[INFO] [stdout] help: consider importing this struct
[INFO] [stdout]   |
[INFO] [stdout] 2 + use phyphox_api::Phyphox;
[INFO] [stdout]   |
[INFO] [stdout] 
[INFO] [stdout] error: aborting due to 1 previous error
[INFO] [stdout] 
[INFO] [stdout] For more information about this error, try `rustc --explain E0433`.
[INFO] [stdout] Couldn't compile the test.
[INFO] [stdout] ---- src/client.rs - client::PhyphoxClient::retrieve (line 47) stdout ----
[INFO] [stdout] error[E0433]: failed to resolve: use of undeclared type `PhyphoxClient`
[INFO] [stdout]  --> src/client.rs:48:19
[INFO] [stdout]   |
[INFO] [stdout] 3 | let mut phyphox = PhyphoxClient::new("127.0.0.1:8080");
[INFO] [stdout]   |                   ^^^^^^^^^^^^^ use of undeclared type `PhyphoxClient`
[INFO] [stdout]   |
[INFO] [stdout] help: consider importing this struct
[INFO] [stdout]   |
[INFO] [stdout] 2 + use phyphox_api::PhyphoxClient;
[INFO] [stdout]   |
[INFO] [stdout] 
[INFO] [stdout] error[E0433]: failed to resolve: use of undeclared type `Variables`
[INFO] [stdout]  --> src/client.rs:49:18
[INFO] [stdout]   |
[INFO] [stdout] 4 | phyphox.register(Variables::AccelerationX);
[INFO] [stdout]   |                  ^^^^^^^^^ use of undeclared type `Variables`
[INFO] [stdout]   |
[INFO] [stdout] help: consider importing this enum
[INFO] [stdout]   |
[INFO] [stdout] 2 + use phyphox_api::Variables;
[INFO] [stdout]   |
[INFO] [stdout] 
[INFO] [stdout] error[E0433]: failed to resolve: use of undeclared type `Variables`
[INFO] [stdout]  --> src/client.rs:50:18
[INFO] [stdout]   |
[INFO] [stdout] 5 | phyphox.register(Variables::AccelerationY);
[INFO] [stdout]   |                  ^^^^^^^^^ use of undeclared type `Variables`
[INFO] [stdout]   |
[INFO] [stdout] help: consider importing this enum
[INFO] [stdout]   |
[INFO] [stdout] 2 + use phyphox_api::Variables;
[INFO] [stdout]   |
[INFO] [stdout] 
[INFO] [stdout] error[E0433]: failed to resolve: use of undeclared type `Variables`
[INFO] [stdout]   --> src/client.rs:56:25
[INFO] [stdout]    |
[INFO] [stdout] 11 |     let x = phyphox.get(Variables::AccelerationX)?;
[INFO] [stdout]    |                         ^^^^^^^^^ use of undeclared type `Variables`
[INFO] [stdout]    |
[INFO] [stdout] help: consider importing this enum
[INFO] [stdout]    |
[INFO] [stdout] 2  + use phyphox_api::Variables;
[INFO] [stdout]    |
[INFO] [stdout] 
[INFO] [stdout] error[E0433]: failed to resolve: use of undeclared type `Variables`
[INFO] [stdout]   --> src/client.rs:57:25
[INFO] [stdout]    |
[INFO] [stdout] 12 |     let y = phyphox.get(Variables::AccelerationY)?;
[INFO] [stdout]    |                         ^^^^^^^^^ use of undeclared type `Variables`
[INFO] [stdout]    |
[INFO] [stdout] help: consider importing this enum
[INFO] [stdout]    |
[INFO] [stdout] 2  + use phyphox_api::Variables;
[INFO] [stdout]    |
[INFO] [stdout] 
[INFO] [stdout] error: aborting due to 5 previous errors
[INFO] [stdout] 
[INFO] [stdout] For more information about this error, try `rustc --explain E0433`.
[INFO] [stdout] Couldn't compile the test.
[INFO] [stdout] ---- src/client.rs - client::PhyphoxClient::get (line 95) stdout ----
[INFO] [stdout] error[E0433]: failed to resolve: use of undeclared type `PhyphoxClient`
[INFO] [stdout]  --> src/client.rs:96:19
[INFO] [stdout]   |
[INFO] [stdout] 3 | let mut phyphox = PhyphoxClient::new("127.0.0.1:8080");
[INFO] [stdout]   |                   ^^^^^^^^^^^^^ use of undeclared type `PhyphoxClient`
[INFO] [stdout]   |
[INFO] [stdout] help: consider importing this struct
[INFO] [stdout]   |
[INFO] [stdout] 2 + use phyphox_api::PhyphoxClient;
[INFO] [stdout]   |
[INFO] [stdout] 
[INFO] [stdout] error[E0433]: failed to resolve: use of undeclared type `Variables`
[INFO] [stdout]  --> src/client.rs:97:18
[INFO] [stdout]   |
[INFO] [stdout] 4 | phyphox.register(Variables::Light);
[INFO] [stdout]   |                  ^^^^^^^^^ use of undeclared type `Variables`
[INFO] [stdout]   |
[INFO] [stdout] help: consider importing this enum
[INFO] [stdout]   |
[INFO] [stdout] 2 + use phyphox_api::Variables;
[INFO] [stdout]   |
[INFO] [stdout] 
[INFO] [stdout] error[E0433]: failed to resolve: use of undeclared type `Variables`
[INFO] [stdout]  --> src/client.rs:100:25
[INFO] [stdout]   |
[INFO] [stdout] 7 | let light = phyphox.get(Variables::Light)?;
[INFO] [stdout]   |                         ^^^^^^^^^ use of undeclared type `Variables`
[INFO] [stdout]   |
[INFO] [stdout] help: consider importing this enum
[INFO] [stdout]   |
[INFO] [stdout] 2 + use phyphox_api::Variables;
[INFO] [stdout]   |
[INFO] [stdout] 
[INFO] [stdout] error: aborting due to 3 previous errors
[INFO] [stdout] 
[INFO] [stdout] For more information about this error, try `rustc --explain E0433`.
[INFO] [stdout] Couldn't compile the test.
[INFO] [stdout] ---- src/phyphox.rs - phyphox::Phyphox::retrieve (line 46) stdout ----
[INFO] [stdout] error[E0433]: failed to resolve: use of undeclared type `Phyphox`
[INFO] [stdout]  --> src/phyphox.rs:47:19
[INFO] [stdout]   |
[INFO] [stdout] 3 | let mut phyphox = Phyphox::new("127.0.0.1:8080");
[INFO] [stdout]   |                   ^^^^^^^ use of undeclared type `Phyphox`
[INFO] [stdout]   |
[INFO] [stdout] help: consider importing this struct
[INFO] [stdout]   |
[INFO] [stdout] 2 + use phyphox_api::Phyphox;
[INFO] [stdout]   |
[INFO] [stdout] 
[INFO] [stdout] error[E0433]: failed to resolve: use of undeclared type `XYZSensorName`
[INFO] [stdout]  --> src/phyphox.rs:49:30
[INFO] [stdout]   |
[INFO] [stdout] 5 | let mag = phyphox.xyz_sensor(XYZSensorName::Magnetometer);
[INFO] [stdout]   |                              ^^^^^^^^^^^^^ use of undeclared type `XYZSensorName`
[INFO] [stdout]   |
[INFO] [stdout] help: consider importing this enum
[INFO] [stdout]   |
[INFO] [stdout] 2 + use phyphox_api::sensors::XYZSensorName;
[INFO] [stdout]   |
[INFO] [stdout] 
[INFO] [stdout] error: aborting due to 2 previous errors
[INFO] [stdout] 
[INFO] [stdout] For more information about this error, try `rustc --explain E0433`.
[INFO] [stdout] Couldn't compile the test.
[INFO] [stdout] 
[INFO] [stdout] failures:
[INFO] [stdout]     src/client.rs - client::PhyphoxClient::control (line 112)
[INFO] [stdout]     src/client.rs - client::PhyphoxClient::get (line 95)
[INFO] [stdout]     src/client.rs - client::PhyphoxClient::register (line 27)
[INFO] [stdout]     src/client.rs - client::PhyphoxClient::retrieve (line 47)
[INFO] [stdout]     src/phyphox.rs - phyphox::Phyphox::control (line 123)
[INFO] [stdout]     src/phyphox.rs - phyphox::Phyphox::retrieve (line 46)
[INFO] [stdout] 
[INFO] [stdout] test result: FAILED. 0 passed; 6 failed; 0 ignored; 0 measured; 0 filtered out; finished in 0.06s
[INFO] [stdout] 
[INFO] [stderr] error: doctest failed, to rerun pass `--doc`
[INFO] running `Command { std: "docker" "inspect" "35f6edec78a89dd37c399cb69f73ba0b8942199004883d9e1b4db45db489a17d", kill_on_drop: false }`
[INFO] running `Command { std: "docker" "rm" "-f" "35f6edec78a89dd37c399cb69f73ba0b8942199004883d9e1b4db45db489a17d", kill_on_drop: false }`
[INFO] [stdout] 35f6edec78a89dd37c399cb69f73ba0b8942199004883d9e1b4db45db489a17d
