[INFO] cloning repository https://github.com/herrsmitty8128/rusty_buckets
[INFO] running `Command { std: "git" "-c" "credential.helper=" "-c" "credential.helper=/workspace/cargo-home/bin/git-credential-null" "clone" "--bare" "https://github.com/herrsmitty8128/rusty_buckets" "/workspace/cache/git-repos/https%3A%2F%2Fgithub.com%2Fherrsmitty8128%2Frusty_buckets", kill_on_drop: false }`
[INFO] [stderr] Cloning into bare repository '/workspace/cache/git-repos/https%3A%2F%2Fgithub.com%2Fherrsmitty8128%2Frusty_buckets'...
[INFO] running `Command { std: "git" "rev-parse" "HEAD", kill_on_drop: false }`
[INFO] [stdout] 08d0a85fd412b5c4a44c52cf25f87551a34de7d9
[INFO] testing herrsmitty8128/rusty_buckets against 1.75.0 for beta-1.76-1
[INFO] running `Command { std: "git" "clone" "/workspace/cache/git-repos/https%3A%2F%2Fgithub.com%2Fherrsmitty8128%2Frusty_buckets" "/workspace/builds/worker-3-tc1/source", kill_on_drop: false }`
[INFO] [stderr] Cloning into '/workspace/builds/worker-3-tc1/source'...
[INFO] [stderr] done.
[INFO] validating manifest of git repo https://github.com/herrsmitty8128/rusty_buckets on toolchain 1.75.0
[INFO] running `Command { std: CARGO_HOME="/workspace/cargo-home" RUSTUP_HOME="/workspace/rustup-home" "/workspace/cargo-home/bin/cargo" "+1.75.0" "metadata" "--manifest-path" "Cargo.toml" "--no-deps", kill_on_drop: false }`
[INFO] started tweaking git repo https://github.com/herrsmitty8128/rusty_buckets
[INFO] finished tweaking git repo https://github.com/herrsmitty8128/rusty_buckets
[INFO] tweaked toml for git repo https://github.com/herrsmitty8128/rusty_buckets written to /workspace/builds/worker-3-tc1/source/Cargo.toml
[INFO] crate git repo https://github.com/herrsmitty8128/rusty_buckets already has a lockfile, it will not be regenerated
[INFO] running `Command { std: CARGO_HOME="/workspace/cargo-home" RUSTUP_HOME="/workspace/rustup-home" "/workspace/cargo-home/bin/cargo" "+1.75.0" "fetch" "--manifest-path" "Cargo.toml", kill_on_drop: false }`
[INFO] [stderr]     Updating crates.io index
[INFO] [stderr]  Downloading crates ...
[INFO] [stderr]   Downloaded benchmarking v0.4.11
[INFO] running `Command { std: "docker" "create" "-v" "/var/lib/crater-agent-workspace/builds/worker-3-tc1/target:/opt/rustwide/target:rw,Z" "-v" "/var/lib/crater-agent-workspace/builds/worker-3-tc1/source:/opt/rustwide/workdir:ro,Z" "-v" "/var/lib/crater-agent-workspace/cargo-home:/opt/rustwide/cargo-home:ro,Z" "-v" "/var/lib/crater-agent-workspace/rustup-home:/opt/rustwide/rustup-home:ro,Z" "-e" "SOURCE_DIR=/opt/rustwide/workdir" "-e" "CARGO_TARGET_DIR=/opt/rustwide/target" "-e" "CARGO_HOME=/opt/rustwide/cargo-home" "-e" "RUSTUP_HOME=/opt/rustwide/rustup-home" "-w" "/opt/rustwide/workdir" "-m" "1610612736" "--user" "0:0" "--network" "none" "ghcr.io/rust-lang/crates-build-env/linux@sha256:2788e3201cd34a07e3172128adcd8b3090168a8e3bcc40d7c032b9dda1df7d1c" "/opt/rustwide/cargo-home/bin/cargo" "+1.75.0" "metadata" "--no-deps" "--format-version=1", kill_on_drop: false }`
[INFO] [stdout] 9017404a6e573d00229cc4c4b2472455457ad0aacda77e264683d9a4a3bf68fa
[INFO] running `Command { std: "docker" "start" "-a" "9017404a6e573d00229cc4c4b2472455457ad0aacda77e264683d9a4a3bf68fa", kill_on_drop: false }`
[INFO] running `Command { std: "docker" "inspect" "9017404a6e573d00229cc4c4b2472455457ad0aacda77e264683d9a4a3bf68fa", kill_on_drop: false }`
[INFO] running `Command { std: "docker" "rm" "-f" "9017404a6e573d00229cc4c4b2472455457ad0aacda77e264683d9a4a3bf68fa", kill_on_drop: false }`
[INFO] [stdout] 9017404a6e573d00229cc4c4b2472455457ad0aacda77e264683d9a4a3bf68fa
[INFO] running `Command { std: "docker" "create" "-v" "/var/lib/crater-agent-workspace/builds/worker-3-tc1/target:/opt/rustwide/target:rw,Z" "-v" "/var/lib/crater-agent-workspace/builds/worker-3-tc1/source:/opt/rustwide/workdir:ro,Z" "-v" "/var/lib/crater-agent-workspace/cargo-home:/opt/rustwide/cargo-home:ro,Z" "-v" "/var/lib/crater-agent-workspace/rustup-home:/opt/rustwide/rustup-home:ro,Z" "-e" "SOURCE_DIR=/opt/rustwide/workdir" "-e" "CARGO_TARGET_DIR=/opt/rustwide/target" "-e" "CARGO_INCREMENTAL=0" "-e" "RUST_BACKTRACE=full" "-e" "RUSTFLAGS=--cap-lints=warn" "-e" "RUSTDOCFLAGS=--cap-lints=warn" "-e" "CARGO_HOME=/opt/rustwide/cargo-home" "-e" "RUSTUP_HOME=/opt/rustwide/rustup-home" "-w" "/opt/rustwide/workdir" "-m" "1610612736" "--user" "0:0" "--network" "none" "ghcr.io/rust-lang/crates-build-env/linux@sha256:2788e3201cd34a07e3172128adcd8b3090168a8e3bcc40d7c032b9dda1df7d1c" "/opt/rustwide/cargo-home/bin/cargo" "+1.75.0" "build" "--frozen" "--message-format=json", kill_on_drop: false }`
[INFO] [stdout] f17a8d82abb41e7405373552b2622d4bfe1fbd04fc7b5c98fe32d3ce34d976ad
[INFO] running `Command { std: "docker" "start" "-a" "f17a8d82abb41e7405373552b2622d4bfe1fbd04fc7b5c98fe32d3ce34d976ad", kill_on_drop: false }`
[INFO] [stderr]    Compiling libc v0.2.139
[INFO] [stderr]    Compiling cfg-if v1.0.0
[INFO] [stderr]    Compiling ppv-lite86 v0.2.17
[INFO] [stderr]    Compiling benchmarking v0.4.11
[INFO] [stderr]    Compiling getrandom v0.2.8
[INFO] [stderr]    Compiling rand_core v0.6.4
[INFO] [stderr]    Compiling rand_chacha v0.3.1
[INFO] [stderr]    Compiling rand v0.8.5
[INFO] [stderr]    Compiling rusty_buckets v0.1.0 (/opt/rustwide/workdir)
[INFO] [stdout] warning: variable does not need to be mutable
[INFO] [stdout]    --> src/hash2.rs:174:25
[INFO] [stdout]     |
[INFO] [stdout] 174 |                     let mut new_ptr: *mut InnerHashTable<T> =
[INFO] [stdout]     |                         ----^^^^^^^
[INFO] [stdout]     |                         |
[INFO] [stdout]     |                         help: remove this `mut`
[INFO] [stdout]     |
[INFO] [stdout]     = note: `#[warn(unused_mut)]` on by default
[INFO] [stdout] 
[INFO] [stdout] 
[INFO] [stdout] warning: 1 warning emitted
[INFO] [stdout] 
[INFO] [stdout] 
[INFO] [stderr]     Finished dev [unoptimized + debuginfo] target(s) in 1.36s
[INFO] running `Command { std: "docker" "inspect" "f17a8d82abb41e7405373552b2622d4bfe1fbd04fc7b5c98fe32d3ce34d976ad", kill_on_drop: false }`
[INFO] running `Command { std: "docker" "rm" "-f" "f17a8d82abb41e7405373552b2622d4bfe1fbd04fc7b5c98fe32d3ce34d976ad", kill_on_drop: false }`
[INFO] [stdout] f17a8d82abb41e7405373552b2622d4bfe1fbd04fc7b5c98fe32d3ce34d976ad
[INFO] running `Command { std: "docker" "create" "-v" "/var/lib/crater-agent-workspace/builds/worker-3-tc1/target:/opt/rustwide/target:rw,Z" "-v" "/var/lib/crater-agent-workspace/builds/worker-3-tc1/source:/opt/rustwide/workdir:ro,Z" "-v" "/var/lib/crater-agent-workspace/cargo-home:/opt/rustwide/cargo-home:ro,Z" "-v" "/var/lib/crater-agent-workspace/rustup-home:/opt/rustwide/rustup-home:ro,Z" "-e" "SOURCE_DIR=/opt/rustwide/workdir" "-e" "CARGO_TARGET_DIR=/opt/rustwide/target" "-e" "CARGO_INCREMENTAL=0" "-e" "RUST_BACKTRACE=full" "-e" "RUSTFLAGS=--cap-lints=warn" "-e" "RUSTDOCFLAGS=--cap-lints=warn" "-e" "CARGO_HOME=/opt/rustwide/cargo-home" "-e" "RUSTUP_HOME=/opt/rustwide/rustup-home" "-w" "/opt/rustwide/workdir" "-m" "1610612736" "--user" "0:0" "--network" "none" "ghcr.io/rust-lang/crates-build-env/linux@sha256:2788e3201cd34a07e3172128adcd8b3090168a8e3bcc40d7c032b9dda1df7d1c" "/opt/rustwide/cargo-home/bin/cargo" "+1.75.0" "test" "--frozen" "--no-run" "--message-format=json", kill_on_drop: false }`
[INFO] [stdout] c23cb64d2401ab76e4e81ad9d963faa07a45b79df8b2b8e8ce628ead70e12933
[INFO] running `Command { std: "docker" "start" "-a" "c23cb64d2401ab76e4e81ad9d963faa07a45b79df8b2b8e8ce628ead70e12933", kill_on_drop: false }`
[INFO] [stdout] warning: variable does not need to be mutable
[INFO] [stdout]    --> src/hash2.rs:174:25
[INFO] [stdout]     |
[INFO] [stdout] 174 |                     let mut new_ptr: *mut InnerHashTable<T> =
[INFO] [stdout]     |                         ----^^^^^^^
[INFO] [stdout]     |                         |
[INFO] [stdout]     |                         help: remove this `mut`
[INFO] [stdout]     |
[INFO] [stdout]     = note: `#[warn(unused_mut)]` on by default
[INFO] [stdout] 
[INFO] [stdout] 
[INFO] [stderr]    Compiling rusty_buckets v0.1.0 (/opt/rustwide/workdir)
[INFO] [stdout] warning: 1 warning emitted
[INFO] [stdout] 
[INFO] [stdout] 
[INFO] [stdout] warning: variable does not need to be mutable
[INFO] [stdout]    --> src/hash2.rs:174:25
[INFO] [stdout]     |
[INFO] [stdout] 174 |                     let mut new_ptr: *mut InnerHashTable<T> =
[INFO] [stdout]     |                         ----^^^^^^^
[INFO] [stdout]     |                         |
[INFO] [stdout]     |                         help: remove this `mut`
[INFO] [stdout]     |
[INFO] [stdout]     = note: `#[warn(unused_mut)]` on by default
[INFO] [stdout] 
[INFO] [stdout] 
[INFO] [stdout] warning: 1 warning emitted
[INFO] [stdout] 
[INFO] [stdout] 
[INFO] [stderr]     Finished test [unoptimized + debuginfo] target(s) in 0.20s
[INFO] running `Command { std: "docker" "inspect" "c23cb64d2401ab76e4e81ad9d963faa07a45b79df8b2b8e8ce628ead70e12933", kill_on_drop: false }`
[INFO] running `Command { std: "docker" "rm" "-f" "c23cb64d2401ab76e4e81ad9d963faa07a45b79df8b2b8e8ce628ead70e12933", kill_on_drop: false }`
[INFO] [stdout] c23cb64d2401ab76e4e81ad9d963faa07a45b79df8b2b8e8ce628ead70e12933
[INFO] running `Command { std: "docker" "create" "-v" "/var/lib/crater-agent-workspace/builds/worker-3-tc1/target:/opt/rustwide/target:rw,Z" "-v" "/var/lib/crater-agent-workspace/builds/worker-3-tc1/source:/opt/rustwide/workdir:ro,Z" "-v" "/var/lib/crater-agent-workspace/cargo-home:/opt/rustwide/cargo-home:ro,Z" "-v" "/var/lib/crater-agent-workspace/rustup-home:/opt/rustwide/rustup-home:ro,Z" "-e" "SOURCE_DIR=/opt/rustwide/workdir" "-e" "CARGO_TARGET_DIR=/opt/rustwide/target" "-e" "CARGO_INCREMENTAL=0" "-e" "RUST_BACKTRACE=full" "-e" "RUSTFLAGS=--cap-lints=warn" "-e" "RUSTDOCFLAGS=--cap-lints=warn" "-e" "CARGO_HOME=/opt/rustwide/cargo-home" "-e" "RUSTUP_HOME=/opt/rustwide/rustup-home" "-w" "/opt/rustwide/workdir" "-m" "1610612736" "--user" "0:0" "--network" "none" "ghcr.io/rust-lang/crates-build-env/linux@sha256:2788e3201cd34a07e3172128adcd8b3090168a8e3bcc40d7c032b9dda1df7d1c" "/opt/rustwide/cargo-home/bin/cargo" "+1.75.0" "test" "--frozen", kill_on_drop: false }`
[INFO] [stdout] 2d5dcfb61dfb10dbf8c71cac5119825ed9164a1c45a1b37a8ba8f9ca79cc630f
[INFO] running `Command { std: "docker" "start" "-a" "2d5dcfb61dfb10dbf8c71cac5119825ed9164a1c45a1b37a8ba8f9ca79cc630f", kill_on_drop: false }`
[INFO] [stderr] warning: variable does not need to be mutable
[INFO] [stderr]    --> src/hash2.rs:174:25
[INFO] [stderr]     |
[INFO] [stderr] 174 |                     let mut new_ptr: *mut InnerHashTable<T> =
[INFO] [stderr]     |                         ----^^^^^^^
[INFO] [stderr]     |                         |
[INFO] [stderr]     |                         help: remove this `mut`
[INFO] [stderr]     |
[INFO] [stderr]     = note: `#[warn(unused_mut)]` on by default
[INFO] [stderr] 
[INFO] [stderr] warning: `rusty_buckets` (lib) generated 1 warning (run `cargo fix --lib -p rusty_buckets` to apply 1 suggestion)
[INFO] [stderr] warning: `rusty_buckets` (lib test) generated 1 warning (1 duplicate)
[INFO] [stderr]     Finished test [unoptimized + debuginfo] target(s) in 0.01s
[INFO] [stderr]      Running unittests src/lib.rs (/opt/rustwide/target/debug/deps/rusty_buckets-7c5c977dd7a75ddf)
[INFO] [stdout] 
[INFO] [stdout] running 0 tests
[INFO] [stdout] 
[INFO] [stdout] test result: ok. 0 passed; 0 failed; 0 ignored; 0 measured; 0 filtered out; finished in 0.00s
[INFO] [stdout] 
[INFO] [stderr]      Running unittests src/main.rs (/opt/rustwide/target/debug/deps/rusty_buckets-e10fe7031a1e8a81)
[INFO] [stdout] 
[INFO] [stdout] running 0 tests
[INFO] [stdout] 
[INFO] [stdout] test result: ok. 0 passed; 0 failed; 0 ignored; 0 measured; 0 filtered out; finished in 0.00s
[INFO] [stdout] 
[INFO] [stderr]    Doc-tests rusty_buckets
[INFO] [stdout] 
[INFO] [stdout] running 2 tests
[INFO] [stdout] test src/hash2.rs - hash2::hash::HASH_MULTIPLIER (line 11) ... FAILED
[INFO] [stdout] test src/hash3.rs - hash3::hash::HASH_MULTIPLIER (line 11) ... FAILED
[INFO] [stdout] 
[INFO] [stdout] failures:
[INFO] [stdout] 
[INFO] [stdout] ---- src/hash2.rs - hash2::hash::HASH_MULTIPLIER (line 11) stdout ----
[INFO] [stdout] error: expected one of `!`, `.`, `::`, `;`, `?`, `{`, `}`, or an operator, found `decimal`
[INFO] [stdout]  --> src/hash2.rs:12:6
[INFO] [stdout]   |
[INFO] [stdout] 3 | from decimal import Decimal
[INFO] [stdout]   |      ^^^^^^^ expected one of 8 possible tokens
[INFO] [stdout] 
[INFO] [stdout] error: aborting due to previous error
[INFO] [stdout] 
[INFO] [stdout] Couldn't compile the test.
[INFO] [stdout] ---- src/hash3.rs - hash3::hash::HASH_MULTIPLIER (line 11) stdout ----
[INFO] [stdout] error: expected one of `!`, `.`, `::`, `;`, `?`, `{`, `}`, or an operator, found `decimal`
[INFO] [stdout]  --> src/hash3.rs:12:6
[INFO] [stdout]   |
[INFO] [stdout] 3 | from decimal import Decimal
[INFO] [stdout]   |      ^^^^^^^ expected one of 8 possible tokens
[INFO] [stdout] 
[INFO] [stdout] error: aborting due to previous error
[INFO] [stdout] 
[INFO] [stdout] Couldn't compile the test.
[INFO] [stdout] 
[INFO] [stdout] failures:
[INFO] [stdout]     src/hash2.rs - hash2::hash::HASH_MULTIPLIER (line 11)
[INFO] [stdout]     src/hash3.rs - hash3::hash::HASH_MULTIPLIER (line 11)
[INFO] [stdout] 
[INFO] [stdout] test result: FAILED. 0 passed; 2 failed; 0 ignored; 0 measured; 0 filtered out; finished in 0.02s
[INFO] [stdout] 
[INFO] [stderr] error: doctest failed, to rerun pass `--doc`
[INFO] running `Command { std: "docker" "inspect" "2d5dcfb61dfb10dbf8c71cac5119825ed9164a1c45a1b37a8ba8f9ca79cc630f", kill_on_drop: false }`
[INFO] running `Command { std: "docker" "rm" "-f" "2d5dcfb61dfb10dbf8c71cac5119825ed9164a1c45a1b37a8ba8f9ca79cc630f", kill_on_drop: false }`
[INFO] [stdout] 2d5dcfb61dfb10dbf8c71cac5119825ed9164a1c45a1b37a8ba8f9ca79cc630f
[INFO] testing herrsmitty8128/rusty_buckets against beta-2023-12-22 for beta-1.76-1
[INFO] running `Command { std: "git" "clone" "/workspace/cache/git-repos/https%3A%2F%2Fgithub.com%2Fherrsmitty8128%2Frusty_buckets" "/workspace/builds/worker-3-tc2/source", kill_on_drop: false }`
[INFO] [stderr] Cloning into '/workspace/builds/worker-3-tc2/source'...
[INFO] [stderr] done.
[INFO] validating manifest of git repo https://github.com/herrsmitty8128/rusty_buckets on toolchain beta-2023-12-22
[INFO] running `Command { std: CARGO_HOME="/workspace/cargo-home" RUSTUP_HOME="/workspace/rustup-home" "/workspace/cargo-home/bin/cargo" "+beta-2023-12-22" "metadata" "--manifest-path" "Cargo.toml" "--no-deps", kill_on_drop: false }`
[INFO] started tweaking git repo https://github.com/herrsmitty8128/rusty_buckets
[INFO] finished tweaking git repo https://github.com/herrsmitty8128/rusty_buckets
[INFO] tweaked toml for git repo https://github.com/herrsmitty8128/rusty_buckets written to /workspace/builds/worker-3-tc2/source/Cargo.toml
[INFO] crate git repo https://github.com/herrsmitty8128/rusty_buckets already has a lockfile, it will not be regenerated
[INFO] running `Command { std: CARGO_HOME="/workspace/cargo-home" RUSTUP_HOME="/workspace/rustup-home" "/workspace/cargo-home/bin/cargo" "+beta-2023-12-22" "fetch" "--manifest-path" "Cargo.toml", kill_on_drop: false }`
[INFO] running `Command { std: "docker" "create" "-v" "/var/lib/crater-agent-workspace/builds/worker-3-tc2/target:/opt/rustwide/target:rw,Z" "-v" "/var/lib/crater-agent-workspace/builds/worker-3-tc2/source:/opt/rustwide/workdir:ro,Z" "-v" "/var/lib/crater-agent-workspace/cargo-home:/opt/rustwide/cargo-home:ro,Z" "-v" "/var/lib/crater-agent-workspace/rustup-home:/opt/rustwide/rustup-home:ro,Z" "-e" "SOURCE_DIR=/opt/rustwide/workdir" "-e" "CARGO_TARGET_DIR=/opt/rustwide/target" "-e" "CARGO_HOME=/opt/rustwide/cargo-home" "-e" "RUSTUP_HOME=/opt/rustwide/rustup-home" "-w" "/opt/rustwide/workdir" "-m" "1610612736" "--user" "0:0" "--network" "none" "ghcr.io/rust-lang/crates-build-env/linux@sha256:2788e3201cd34a07e3172128adcd8b3090168a8e3bcc40d7c032b9dda1df7d1c" "/opt/rustwide/cargo-home/bin/cargo" "+beta-2023-12-22" "metadata" "--no-deps" "--format-version=1", kill_on_drop: false }`
[INFO] [stdout] 61c6d5b446f333b721ffec0d184f74bc74f4b9c304c8c3516ef8ac9f0579a262
[INFO] running `Command { std: "docker" "start" "-a" "61c6d5b446f333b721ffec0d184f74bc74f4b9c304c8c3516ef8ac9f0579a262", kill_on_drop: false }`
[INFO] running `Command { std: "docker" "inspect" "61c6d5b446f333b721ffec0d184f74bc74f4b9c304c8c3516ef8ac9f0579a262", kill_on_drop: false }`
[INFO] running `Command { std: "docker" "rm" "-f" "61c6d5b446f333b721ffec0d184f74bc74f4b9c304c8c3516ef8ac9f0579a262", kill_on_drop: false }`
[INFO] [stdout] 61c6d5b446f333b721ffec0d184f74bc74f4b9c304c8c3516ef8ac9f0579a262
[INFO] running `Command { std: "docker" "create" "-v" "/var/lib/crater-agent-workspace/builds/worker-3-tc2/target:/opt/rustwide/target:rw,Z" "-v" "/var/lib/crater-agent-workspace/builds/worker-3-tc2/source:/opt/rustwide/workdir:ro,Z" "-v" "/var/lib/crater-agent-workspace/cargo-home:/opt/rustwide/cargo-home:ro,Z" "-v" "/var/lib/crater-agent-workspace/rustup-home:/opt/rustwide/rustup-home:ro,Z" "-e" "SOURCE_DIR=/opt/rustwide/workdir" "-e" "CARGO_TARGET_DIR=/opt/rustwide/target" "-e" "CARGO_INCREMENTAL=0" "-e" "RUST_BACKTRACE=full" "-e" "RUSTFLAGS=--cap-lints=warn" "-e" "RUSTDOCFLAGS=--cap-lints=warn" "-e" "CARGO_HOME=/opt/rustwide/cargo-home" "-e" "RUSTUP_HOME=/opt/rustwide/rustup-home" "-w" "/opt/rustwide/workdir" "-m" "1610612736" "--user" "0:0" "--network" "none" "ghcr.io/rust-lang/crates-build-env/linux@sha256:2788e3201cd34a07e3172128adcd8b3090168a8e3bcc40d7c032b9dda1df7d1c" "/opt/rustwide/cargo-home/bin/cargo" "+beta-2023-12-22" "build" "--frozen" "--message-format=json", kill_on_drop: false }`
[INFO] [stdout] cce6342df99edeacae8f230198dadee5bede341c69065d42042a3959333aa36d
[INFO] running `Command { std: "docker" "start" "-a" "cce6342df99edeacae8f230198dadee5bede341c69065d42042a3959333aa36d", kill_on_drop: false }`
[INFO] [stderr]    Compiling libc v0.2.139
[INFO] [stderr]    Compiling cfg-if v1.0.0
[INFO] [stderr]    Compiling ppv-lite86 v0.2.17
[INFO] [stderr]    Compiling benchmarking v0.4.11
[INFO] [stderr]    Compiling getrandom v0.2.8
[INFO] [stderr]    Compiling rand_core v0.6.4
[INFO] [stderr]    Compiling rand_chacha v0.3.1
[INFO] [stderr]    Compiling rand v0.8.5
[INFO] [stderr]    Compiling rusty_buckets v0.1.0 (/opt/rustwide/workdir)
[INFO] [stdout] warning: variable does not need to be mutable
[INFO] [stdout]    --> src/hash2.rs:174:25
[INFO] [stdout]     |
[INFO] [stdout] 174 |                     let mut new_ptr: *mut InnerHashTable<T> =
[INFO] [stdout]     |                         ----^^^^^^^
[INFO] [stdout]     |                         |
[INFO] [stdout]     |                         help: remove this `mut`
[INFO] [stdout]     |
[INFO] [stdout]     = note: `#[warn(unused_mut)]` on by default
[INFO] [stdout] 
[INFO] [stdout] 
[INFO] [stdout] warning: 1 warning emitted
[INFO] [stdout] 
[INFO] [stdout] 
[INFO] [stderr]     Finished dev [unoptimized + debuginfo] target(s) in 1.41s
[INFO] running `Command { std: "docker" "inspect" "cce6342df99edeacae8f230198dadee5bede341c69065d42042a3959333aa36d", kill_on_drop: false }`
[INFO] running `Command { std: "docker" "rm" "-f" "cce6342df99edeacae8f230198dadee5bede341c69065d42042a3959333aa36d", kill_on_drop: false }`
[INFO] [stdout] cce6342df99edeacae8f230198dadee5bede341c69065d42042a3959333aa36d
[INFO] running `Command { std: "docker" "create" "-v" "/var/lib/crater-agent-workspace/builds/worker-3-tc2/target:/opt/rustwide/target:rw,Z" "-v" "/var/lib/crater-agent-workspace/builds/worker-3-tc2/source:/opt/rustwide/workdir:ro,Z" "-v" "/var/lib/crater-agent-workspace/cargo-home:/opt/rustwide/cargo-home:ro,Z" "-v" "/var/lib/crater-agent-workspace/rustup-home:/opt/rustwide/rustup-home:ro,Z" "-e" "SOURCE_DIR=/opt/rustwide/workdir" "-e" "CARGO_TARGET_DIR=/opt/rustwide/target" "-e" "CARGO_INCREMENTAL=0" "-e" "RUST_BACKTRACE=full" "-e" "RUSTFLAGS=--cap-lints=warn" "-e" "RUSTDOCFLAGS=--cap-lints=warn" "-e" "CARGO_HOME=/opt/rustwide/cargo-home" "-e" "RUSTUP_HOME=/opt/rustwide/rustup-home" "-w" "/opt/rustwide/workdir" "-m" "1610612736" "--user" "0:0" "--network" "none" "ghcr.io/rust-lang/crates-build-env/linux@sha256:2788e3201cd34a07e3172128adcd8b3090168a8e3bcc40d7c032b9dda1df7d1c" "/opt/rustwide/cargo-home/bin/cargo" "+beta-2023-12-22" "test" "--frozen" "--no-run" "--message-format=json", kill_on_drop: false }`
[INFO] [stdout] 394fc9c03822ac97373a8a3745f55158acd18d4520074779d777d7d35640f2a9
[INFO] running `Command { std: "docker" "start" "-a" "394fc9c03822ac97373a8a3745f55158acd18d4520074779d777d7d35640f2a9", kill_on_drop: false }`
[INFO] [stdout] warning: variable does not need to be mutable
[INFO] [stdout]    --> src/hash2.rs:174:25
[INFO] [stdout]     |
[INFO] [stdout] 174 |                     let mut new_ptr: *mut InnerHashTable<T> =
[INFO] [stdout]     |                         ----^^^^^^^
[INFO] [stdout]     |                         |
[INFO] [stdout]     |                         help: remove this `mut`
[INFO] [stdout]     |
[INFO] [stdout]     = note: `#[warn(unused_mut)]` on by default
[INFO] [stdout] 
[INFO] [stdout] 
[INFO] [stderr]    Compiling rusty_buckets v0.1.0 (/opt/rustwide/workdir)
[INFO] [stdout] warning: 1 warning emitted
[INFO] [stdout] 
[INFO] [stdout] 
[INFO] [stdout] warning: variable does not need to be mutable
[INFO] [stdout]    --> src/hash2.rs:174:25
[INFO] [stdout]     |
[INFO] [stdout] 174 |                     let mut new_ptr: *mut InnerHashTable<T> =
[INFO] [stdout]     |                         ----^^^^^^^
[INFO] [stdout]     |                         |
[INFO] [stdout]     |                         help: remove this `mut`
[INFO] [stdout]     |
[INFO] [stdout]     = note: `#[warn(unused_mut)]` on by default
[INFO] [stdout] 
[INFO] [stdout] 
[INFO] [stdout] warning: 1 warning emitted
[INFO] [stdout] 
[INFO] [stdout] 
[INFO] [stderr]     Finished test [unoptimized + debuginfo] target(s) in 0.19s
[INFO] running `Command { std: "docker" "inspect" "394fc9c03822ac97373a8a3745f55158acd18d4520074779d777d7d35640f2a9", kill_on_drop: false }`
[INFO] running `Command { std: "docker" "rm" "-f" "394fc9c03822ac97373a8a3745f55158acd18d4520074779d777d7d35640f2a9", kill_on_drop: false }`
[INFO] [stdout] 394fc9c03822ac97373a8a3745f55158acd18d4520074779d777d7d35640f2a9
[INFO] running `Command { std: "docker" "create" "-v" "/var/lib/crater-agent-workspace/builds/worker-3-tc2/target:/opt/rustwide/target:rw,Z" "-v" "/var/lib/crater-agent-workspace/builds/worker-3-tc2/source:/opt/rustwide/workdir:ro,Z" "-v" "/var/lib/crater-agent-workspace/cargo-home:/opt/rustwide/cargo-home:ro,Z" "-v" "/var/lib/crater-agent-workspace/rustup-home:/opt/rustwide/rustup-home:ro,Z" "-e" "SOURCE_DIR=/opt/rustwide/workdir" "-e" "CARGO_TARGET_DIR=/opt/rustwide/target" "-e" "CARGO_INCREMENTAL=0" "-e" "RUST_BACKTRACE=full" "-e" "RUSTFLAGS=--cap-lints=warn" "-e" "RUSTDOCFLAGS=--cap-lints=warn" "-e" "CARGO_HOME=/opt/rustwide/cargo-home" "-e" "RUSTUP_HOME=/opt/rustwide/rustup-home" "-w" "/opt/rustwide/workdir" "-m" "1610612736" "--user" "0:0" "--network" "none" "ghcr.io/rust-lang/crates-build-env/linux@sha256:2788e3201cd34a07e3172128adcd8b3090168a8e3bcc40d7c032b9dda1df7d1c" "/opt/rustwide/cargo-home/bin/cargo" "+beta-2023-12-22" "test" "--frozen", kill_on_drop: false }`
[INFO] [stdout] 2428a3bfa615fe4d53177268d1466a424b571e8fba16c3cf4281a50610876939
[INFO] running `Command { std: "docker" "start" "-a" "2428a3bfa615fe4d53177268d1466a424b571e8fba16c3cf4281a50610876939", kill_on_drop: false }`
[INFO] [stderr] warning: variable does not need to be mutable
[INFO] [stderr]    --> src/hash2.rs:174:25
[INFO] [stderr]     |
[INFO] [stderr] 174 |                     let mut new_ptr: *mut InnerHashTable<T> =
[INFO] [stderr]     |                         ----^^^^^^^
[INFO] [stderr]     |                         |
[INFO] [stderr]     |                         help: remove this `mut`
[INFO] [stderr]     |
[INFO] [stderr]     = note: `#[warn(unused_mut)]` on by default
[INFO] [stderr] 
[INFO] [stderr] warning: `rusty_buckets` (lib) generated 1 warning (run `cargo fix --lib -p rusty_buckets` to apply 1 suggestion)
[INFO] [stderr] warning: `rusty_buckets` (lib test) generated 1 warning (1 duplicate)
[INFO] [stderr]     Finished test [unoptimized + debuginfo] target(s) in 0.01s
[INFO] [stderr]      Running unittests src/lib.rs (/opt/rustwide/target/debug/deps/rusty_buckets-62454a6506218d10)
[INFO] [stdout] 
[INFO] [stdout] running 0 tests
[INFO] [stdout] 
[INFO] [stdout] test result: ok. 0 passed; 0 failed; 0 ignored; 0 measured; 0 filtered out; finished in 0.00s
[INFO] [stdout] 
[INFO] [stderr]      Running unittests src/main.rs (/opt/rustwide/target/debug/deps/rusty_buckets-7b28d93d33f408e4)
[INFO] [stdout] 
[INFO] [stdout] running 0 tests
[INFO] [stdout] 
[INFO] [stdout] test result: ok. 0 passed; 0 failed; 0 ignored; 0 measured; 0 filtered out; finished in 0.00s
[INFO] [stdout] 
[INFO] [stderr]    Doc-tests rusty_buckets
[INFO] [stdout] 
[INFO] [stdout] running 2 tests
[INFO] [stdout] test src/hash3.rs - hash3::hash::HASH_MULTIPLIER (line 11) ... FAILED
[INFO] [stdout] test src/hash2.rs - hash2::hash::HASH_MULTIPLIER (line 11) ... FAILED
[INFO] [stdout] 
[INFO] [stdout] failures:
[INFO] [stdout] 
[INFO] [stdout] ---- src/hash3.rs - hash3::hash::HASH_MULTIPLIER (line 11) stdout ----
[INFO] [stdout] error: expected one of `!`, `.`, `::`, `;`, `?`, `{`, `}`, or an operator, found `decimal`
[INFO] [stdout]  --> src/hash3.rs:12:6
[INFO] [stdout]   |
[INFO] [stdout] 3 | from decimal import Decimal
[INFO] [stdout]   |      ^^^^^^^ expected one of 8 possible tokens
[INFO] [stdout] 
[INFO] [stdout] error: aborting due to 1 previous error
[INFO] [stdout] 
[INFO] [stdout] Couldn't compile the test.
[INFO] [stdout] ---- src/hash2.rs - hash2::hash::HASH_MULTIPLIER (line 11) stdout ----
[INFO] [stdout] error: expected one of `!`, `.`, `::`, `;`, `?`, `{`, `}`, or an operator, found `decimal`
[INFO] [stdout]  --> src/hash2.rs:12:6
[INFO] [stdout]   |
[INFO] [stdout] 3 | from decimal import Decimal
[INFO] [stdout]   |      ^^^^^^^ expected one of 8 possible tokens
[INFO] [stdout] 
[INFO] [stdout] error: aborting due to 1 previous error
[INFO] [stdout] 
[INFO] [stdout] Couldn't compile the test.
[INFO] [stdout] 
[INFO] [stdout] failures:
[INFO] [stdout]     src/hash2.rs - hash2::hash::HASH_MULTIPLIER (line 11)
[INFO] [stdout]     src/hash3.rs - hash3::hash::HASH_MULTIPLIER (line 11)
[INFO] [stdout] 
[INFO] [stdout] test result: FAILED. 0 passed; 2 failed; 0 ignored; 0 measured; 0 filtered out; finished in 0.02s
[INFO] [stdout] 
[INFO] [stderr] error: doctest failed, to rerun pass `--doc`
[INFO] running `Command { std: "docker" "inspect" "2428a3bfa615fe4d53177268d1466a424b571e8fba16c3cf4281a50610876939", kill_on_drop: false }`
[INFO] running `Command { std: "docker" "rm" "-f" "2428a3bfa615fe4d53177268d1466a424b571e8fba16c3cf4281a50610876939", kill_on_drop: false }`
[INFO] [stdout] 2428a3bfa615fe4d53177268d1466a424b571e8fba16c3cf4281a50610876939
